WebService-Simple-Google-Chart v0.05 Perl 5 v5.24.3 x86_64-linux-ld
- Status
- Fail
- From
- Andreas J. König (ANDK)
- Dist
-
WebService-Simple-Google-Chart v0.05
- Platform
- Perl 5 v5.24.3 x86_64-linux-ld
- Date
- 2017-11-13 08:40:02
- ID
- 3dc1f9fc-c84e-11e7-9b0f-47b2e2a4d81f
This distribution has been tested as part of the CPAN Testers
project, supporting the Perl programming language. See
http://wiki.cpantesters.org/ for more information or email
questions to cpan-testers-discuss@perl.org
--
Dear Yusuke Wada,
This is a computer-generated report for WebService-Simple-Google-Chart-0.05
on perl 5.24.3, created by CPAN-Reporter-1.2018.
Thank you for uploading your work to CPAN. However, there was a problem
testing your distribution.
If you think this report is invalid, please consult the CPAN Testers Wiki
for suggestions on how to avoid getting FAIL reports for missing library
or binary dependencies, unsupported operating systems, and so on:
http://wiki.cpantesters.org/wiki/CPANAuthorNotes
Sections of this report:
* Tester comments
* Program output
* Prerequisites
* Environment and other context
------------------------------
TESTER COMMENTS
------------------------------
Additional comments from tester:
this report is from an automated smoke testing program
and was not reviewed by a human for accuracy
------------------------------
PROGRAM OUTPUT
------------------------------
Output from '/usr/bin/make test':
PERL_DL_NONLAZY=1 "/home/sand/src/perl/repoperls/installed-perls/host/k93msid/v5.24.3/2d7c/bin/perl" "-MExtUtils::Command::MM" "-MTest::Harness" "-e" "undef *Test::Harness::Switches; test_harness(0, 'inc', 'blib/lib', 'blib/arch')" t/*.t
Possible precedence issue with control flow operator at /tmp/loop_over_bdir-8213-D5A2F4/WebService-Simple-Google-Chart-0.05-0/inc/Test/Builder.pm line 506.
t/00_compile.t .... ok
Possible precedence issue with control flow operator at /tmp/loop_over_bdir-8213-D5A2F4/WebService-Simple-Google-Chart-0.05-0/inc/Test/Builder.pm line 506.
# Failed test 'chl parameter ok'
# at t/01_basic.t line 31.
# Failed test 'chd parameter ok'
# at t/01_basic.t line 32.
# Looks like you failed 2 tests of 7.
t/01_basic.t ......
Dubious, test returned 2 (wstat 512, 0x200)
Failed 2/7 subtests
Possible precedence issue with control flow operator at /tmp/loop_over_bdir-8213-D5A2F4/WebService-Simple-Google-Chart-0.05-0/inc/Test/Builder.pm line 506.
t/pod.t ........... ok
Possible precedence issue with control flow operator at /tmp/loop_over_bdir-8213-D5A2F4/WebService-Simple-Google-Chart-0.05-0/inc/Test/Builder.pm line 506.
t/pod_coverage.t .. ok
Test Summary Report
-------------------
t/01_basic.t (Wstat: 512 Tests: 7 Failed: 2)
Failed tests: 6-7
Non-zero exit status: 2
Files=4, Tests=10, 2 wallclock secs ( 0.03 usr 0.02 sys + 0.32 cusr 0.04 csys = 0.41 CPU)
Result: FAIL
Failed 1/4 test programs. 2/10 subtests failed.
Makefile:776: recipe for target 'test_dynamic' failed
make: *** [test_dynamic] Error 255
------------------------------
PREREQUISITES
------------------------------
Prerequisite modules loaded:
requires:
Module Need Have
------------------- ---- --------
Filter::Util::Call 0 1.55
Pod::Coverage 0 0.23
Test::More 0 1.302106
Test::Pod 0 1.51
WebService::Simple 0.12 0.25
build_requires:
Module Need Have
------------------- ---- --------
ExtUtils::MakeMaker 0 7.30
------------------------------
ENVIRONMENT AND OTHER CONTEXT
------------------------------
Environment variables:
AUTOMATED_TESTING = 1
LANG = en_US.UTF-8
PATH = /home/sand/bin:/usr/local/bin:/usr/bin:/bin:/usr/games:/usr/local/perl/bin:/usr/X11/bin:/sbin:/usr/sbin
PERL5LIB = /tmp/loop_over_bdir-8213-D5A2F4/WebService-Simple-0.25-0/blib/arch:/tmp/loop_over_bdir-8213-D5A2F4/WebService-Simple-0.25-0/blib/lib:/tmp/loop_over_bdir-8213-D5A2F4/Class-Data-ConfigHash-0.00002-0/blib/arch:/tmp/loop_over_bdir-8213-D5A2F4/Class-Data-ConfigHash-0.00002-0/blib/lib
PERL5OPT =
PERL5_CPANPLUS_IS_RUNNING = 8214
PERL5_CPAN_IS_RUNNING = 8214
PERL5_CPAN_IS_RUNNING_IN_RECURSION = 10675,8214
PERL_CANARY_STABILITY_NOPROMPT = 1
PERL_MM_USE_DEFAULT = 1
PERL_USE_UNSAFE_INC = 1
SHELL = /usr/bin/zsh
TERM = screen
Perl special variables (and OS-specific diagnostics, for MSWin32):
$^X = /home/sand/src/perl/repoperls/installed-perls/host/k93msid/v5.24.3/2d7c/bin/perl
$UID/$EUID = 1005 / 1005
$GID = 1005 1005
$EGID = 1005 1005
Perl module toolchain versions installed:
Module Have
------------------- --------
CPAN 2.18
CPAN::Meta 2.150010
Cwd 3.63_01
ExtUtils::CBuilder 0.280226
ExtUtils::Command 7.30
ExtUtils::Install 2.06
ExtUtils::MakeMaker 7.30
ExtUtils::Manifest 1.70
ExtUtils::ParseXS 3.31
File::Spec 3.63_01
JSON 2.94
JSON::PP 2.94
Module::Build 0.4224
Module::Signature 0.81
Parse::CPAN::Meta 2.150010
Test::Harness 3.39
Test::More 1.302106
YAML 1.23
YAML::Syck 1.30
version 0.9916
--
Summary of my perl5 (revision 5 version 24 subversion 3) configuration:
Derived from: 9f1d3884c227a955e9ecaaadba4cba3280c47e3a
Platform:
osname=linux, osvers=4.12.0-2-amd64, archname=x86_64-linux-ld
uname='linux k93msid 4.12.0-2-amd64 #1 smp debian 4.12.13-1 (2017-09-19) x86_64 gnulinux '
config_args='-Dprefix=/home/sand/src/perl/repoperls/installed-perls/host/k93msid/v5.24.3/2d7c -Dmyhostname=k93msid -Dinstallusrbinperl=n -Uversiononly -Dusedevel -des -Ui_db -Dlibswanted=cl pthread socket inet nsl gdbm dbm malloc dl ld sun m crypt sec util c cposix posix ucb BSD gdbm_compat -Uuseithreads -Duselongdouble -DDEBUGGING=-g'
hint=recommended, useposix=true, d_sigaction=define
useithreads=undef, usemultiplicity=undef
use64bitint=define, use64bitall=define, uselongdouble=define
usemymalloc=n, bincompat5005=undef
Compiler:
cc='cc', ccflags ='-fwrapv -fno-strict-aliasing -pipe -fstack-protector-strong -I/usr/local/include -D_LARGEFILE_SOURCE -D_FILE_OFFSET_BITS=64 -D_FORTIFY_SOURCE=2',
optimize='-O2 -g',
cppflags='-fwrapv -fno-strict-aliasing -pipe -fstack-protector-strong -I/usr/local/include'
ccversion='', gccversion='7.2.0', gccosandvers=''
intsize=4, longsize=8, ptrsize=8, doublesize=8, byteorder=12345678, doublekind=3
d_longlong=define, longlongsize=8, d_longdbl=define, longdblsize=16, longdblkind=3
ivtype='long', ivsize=8, nvtype='long double', nvsize=16, Off_t='off_t', lseeksize=8
alignbytes=16, prototype=define
Linker and Libraries:
ld='cc', ldflags =' -fstack-protector-strong -L/usr/local/lib'
libpth=/usr/local/lib /usr/lib/gcc/x86_64-linux-gnu/7/include-fixed /usr/include/x86_64-linux-gnu /usr/lib /lib/x86_64-linux-gnu /lib/../lib /usr/lib/x86_64-linux-gnu /usr/lib/../lib /lib
libs=-lpthread -lnsl -ldl -lm -lcrypt -lutil -lc
perllibs=-lpthread -lnsl -ldl -lm -lcrypt -lutil -lc
libc=libc-2.24.so, so=so, useshrplib=false, libperl=libperl.a
gnulibc_version='2.24'
Dynamic Linking:
dlsrc=dl_dlopen.xs, dlext=so, d_dlsymun=undef, ccdlflags='-Wl,-E'
cccdlflags='-fPIC', lddlflags='-shared -O2 -g -L/usr/local/lib -fstack-protector-strong'
Characteristics of this binary (from libperl):
Compile-time options: HAS_TIMES PERLIO_LAYERS PERL_COPY_ON_WRITE
PERL_DONT_CREATE_GVSV
PERL_HASH_FUNC_ONE_AT_A_TIME_HARD PERL_MALLOC_WRAP
PERL_PRESERVE_IVUV PERL_USE_DEVEL USE_64_BIT_ALL
USE_64_BIT_INT USE_LARGE_FILES USE_LOCALE
USE_LOCALE_COLLATE USE_LOCALE_CTYPE
USE_LOCALE_NUMERIC USE_LOCALE_TIME USE_LONG_DOUBLE
USE_PERLIO USE_PERL_ATOF
Locally applied patches:
uncommitted-changes
Built under linux
Compiled at Oct 2 2017 05:47:06
%ENV:
PERL5LIB="/tmp/loop_over_bdir-8213-D5A2F4/WebService-Simple-0.25-0/blib/arch:/tmp/loop_over_bdir-8213-D5A2F4/WebService-Simple-0.25-0/blib/lib:/tmp/loop_over_bdir-8213-D5A2F4/Class-Data-ConfigHash-0.00002-0/blib/arch:/tmp/loop_over_bdir-8213-D5A2F4/Class-Data-ConfigHash-0.00002-0/blib/lib"
PERL5OPT=""
PERL5_CPANPLUS_IS_RUNNING="8214"
PERL5_CPAN_IS_RUNNING="8214"
PERL5_CPAN_IS_RUNNING_IN_RECURSION="10675,8214"
PERL_CANARY_STABILITY_NOPROMPT="1"
PERL_MM_USE_DEFAULT="1"
PERL_USE_UNSAFE_INC="1"
@INC:
/tmp/loop_over_bdir-8213-D5A2F4/WebService-Simple-0.25-0/blib/arch
/tmp/loop_over_bdir-8213-D5A2F4/WebService-Simple-0.25-0/blib/lib
/tmp/loop_over_bdir-8213-D5A2F4/Class-Data-ConfigHash-0.00002-0/blib/arch
/tmp/loop_over_bdir-8213-D5A2F4/Class-Data-ConfigHash-0.00002-0/blib/lib
/home/sand/src/perl/repoperls/installed-perls/host/k93msid/v5.24.3/2d7c/lib/site_perl/5.24.3/x86_64-linux-ld
/home/sand/src/perl/repoperls/installed-perls/host/k93msid/v5.24.3/2d7c/lib/site_perl/5.24.3
/home/sand/src/perl/repoperls/installed-perls/host/k93msid/v5.24.3/2d7c/lib/5.24.3/x86_64-linux-ld
/home/sand/src/perl/repoperls/installed-perls/host/k93msid/v5.24.3/2d7c/lib/5.24.3
.