Back
From: metabase:user:9820532a-708b-1014-9a05-b18a96298da1
Subject: FAIL Statistics-LineFit-0.07 v5.15.0 GNU/Linux
Date: 2011-07-08T00:00:06Z
This distribution has been tested as part of the CPAN Testers
project, supporting the Perl programming language. See
http://wiki.cpantesters.org/ for more information or email
questions to cpan-testers-discuss@perl.org
--
Dear Richard Anderson,
This is a computer-generated report for Statistics-LineFit-0.07
on perl 5.15.0, created by CPAN-Reporter-1.1902.
Thank you for uploading your work to CPAN. However, there was a problem
testing your distribution.
If you think this report is invalid, please consult the CPAN Testers Wiki
for suggestions on how to avoid getting FAIL reports for missing library
or binary dependencies, unsupported operating systems, and so on:
http://wiki.cpantesters.org/wiki/CPANAuthorNotes
Sections of this report:
* Tester comments
* Program output
* Prerequisites
* Environment and other context
------------------------------
TESTER COMMENTS
------------------------------
Additional comments from tester:
this report is from an automated smoke testing program
and was not reviewed by a human for accuracy
------------------------------
PROGRAM OUTPUT
------------------------------
Output from '/usr/bin/make test':
PERL_DL_NONLAZY=1 /home/test/perl5/perlbrew/perls/perl-5.15.0/bin/perl5.15.0 "-MExtUtils::Command::MM" "-e" "test_harness(0, 'blib/lib', 'blib/arch')" t/*.t
t/01_load.t ........... ok
t/02_R5ptsU1-D.t ...... ok
t/03_R5ptsW1-D.t ...... ok
t/04_4ptsU1-D.t ....... ok
t/05_4ptsU2-D.t ....... ok
# Failed test 'tStatistics[0]'
# at t/06_4ptsW1-D.t line 27.
# '1.00564348515241875e-12'
# <
# '1e-12'
# Looks like you failed 1 test of 21.
t/06_4ptsW1-D.t .......
Dubious, test returned 1 (wstat 256, 0x100)
Failed 1/21 subtests
# Failed test 'tStatistics[0]'
# at t/07_4ptsW2-D.t line 40.
# '1.00564348515241875e-12'
# <
# '1e-12'
# Looks like you failed 1 test of 21.
t/07_4ptsW2-D.t .......
Dubious, test returned 1 (wstat 256, 0x100)
Failed 1/21 subtests
t/08_3ptsU1-D.t ....... ok
t/09_2ptsU1-D.t ....... ok
t/10_bad_data.t ....... ok
t/11_no_data.t ........ ok
t/12_idempotent.t ..... ok
# Failed test 'meanSqError()'
# at t/13_long_array.t line 27.
# '5.07640846025836368e-10'
# <
# '1e-10'
# Failed test 'tStatistics[0]'
# at t/13_long_array.t line 34.
# '1.0737739586375028e-09'
# <
# '1e-10'
# Failed test 'tStatistics[0]'
# at t/13_long_array.t line 36.
# '1.7330953339111943e-09'
# <
# '1e-10'
# Looks like you failed 3 tests of 12.
t/13_long_array.t .....
Dubious, test returned 3 (wstat 768, 0x300)
Failed 3/12 subtests
t/14_scale_weights.t .. ok
Test Summary Report
-------------------
t/06_4ptsW1-D.t (Wstat: 256 Tests: 21 Failed: 1)
Failed test: 5
Non-zero exit status: 1
t/07_4ptsW2-D.t (Wstat: 256 Tests: 21 Failed: 1)
Failed test: 11
Non-zero exit status: 1
t/13_long_array.t (Wstat: 768 Tests: 12 Failed: 3)
Failed tests: 5, 8-9
Non-zero exit status: 3
Files=14, Tests=244, 1 wallclock secs ( 0.07 usr 0.04 sys + 1.06 cusr 0.18 csys = 1.35 CPU)
Result: FAIL
Failed 3/14 test programs. 5/244 subtests failed.
make: *** [test_dynamic] Error 255
------------------------------
PREREQUISITES
------------------------------
Prerequisite modules loaded:
requires:
Module Need Have
------------------- ---- -------
Test::Simple 0.44 0.98
build_requires:
Module Need Have
------------------- ---- -------
ExtUtils::MakeMaker 0 6.57_05
------------------------------
ENVIRONMENT AND OTHER CONTEXT
------------------------------
Environment variables:
AUTOMATED_TESTING = 1
LANG = C
LC_ALL = C
PATH = /home/test/bin:/home/test/perl5/perlbrew/bin:/home/test/perl5/perlbrew/perls/perl-5.15.0/bin:~/bin:/usr/bin:/bin
PATH_WITHOUT_PERLBREW = ~/bin:/usr/bin:/bin
PERL5LIB =
PERL5OPT =
PERL5_CPANPLUS_IS_RUNNING = 9643
PERL5_CPAN_IS_RUNNING = 9643
PERL5_CPAN_IS_RUNNING_IN_RECURSION = 27060,9643
PERLBREW_HOME = /home/test/.perlbrew
PERLBREW_PATH = /home/test/perl5/perlbrew/bin:/home/test/perl5/perlbrew/perls/perl-5.15.0/bin
PERLBREW_PERL = perl-5.15.0
PERLBREW_ROOT = /home/test/perl5/perlbrew
PERLBREW_VERSION = 0.25
PERL_CR_SMOKER_CURRENT = Statistics-LineFit-0.07
PERL_EXTUTILS_AUTOINSTALL = --defaultdeps
PERL_MM_USE_DEFAULT = 1
SHELL = /bin/bash
TERM = linux
Perl special variables (and OS-specific diagnostics, for MSWin32):
$^X = /home/test/perl5/perlbrew/perls/perl-5.15.0/bin/perl5.15.0
$UID/$EUID = 1001 / 1001
$GID = 1001 1001
$EGID = 1001 1001
Perl module toolchain versions installed:
Module Have
------------------- --------
CPAN 1.9600
Cwd 3.36
ExtUtils::CBuilder 0.280204
ExtUtils::Command 1.17
ExtUtils::Install 1.56
ExtUtils::MakeMaker 6.57_05
ExtUtils::Manifest 1.58
ExtUtils::ParseXS 2.2210
File::Spec 3.33
Module::Build 0.3800
Module::Signature n/a
Test::Harness 3.23
Test::More 0.98
YAML 0.73
YAML::Syck n/a
version 0.91
--
Summary of my perl5 (revision 5 version 15 subversion 0) configuration:
Platform:
osname=linux, osvers=2.6.35-28-generic, archname=x86_64-linux-thread-multi-ld
uname='linux zippy 2.6.35-28-generic #50-ubuntu smp fri mar 18 18:42:20 utc 2011 x86_64 gnulinux '
config_args='-de -Dprefix=/home/test/perl5/perlbrew/perls/perl-5.15.0 -Duselongdouble -Duse64bitall -Dusethreads -Dusedevel'
hint=recommended, useposix=true, d_sigaction=define
useithreads=define, usemultiplicity=define
useperlio=define, d_sfio=undef, uselargefiles=define, usesocks=undef
use64bitint=define, use64bitall=define, uselongdouble=define
usemymalloc=n, bincompat5005=undef
Compiler:
cc='cc', ccflags ='-D_REENTRANT -D_GNU_SOURCE -fno-strict-aliasing -pipe -fstack-protector -I/usr/local/include -D_LARGEFILE_SOURCE -D_FILE_OFFSET_BITS=64',
optimize='-O2',
cppflags='-D_REENTRANT -D_GNU_SOURCE -fno-strict-aliasing -pipe -fstack-protector -I/usr/local/include'
ccversion='', gccversion='4.4.5', gccosandvers=''
intsize=4, longsize=8, ptrsize=8, doublesize=8, byteorder=12345678
d_longlong=define, longlongsize=8, d_longdbl=define, longdblsize=16
ivtype='long', ivsize=8, nvtype='long double', nvsize=16, Off_t='off_t', lseeksize=8
alignbytes=16, prototype=define
Linker and Libraries:
ld='cc', ldflags =' -fstack-protector -L/usr/local/lib'
libpth=/usr/local/lib /lib/../lib /usr/lib/../lib /lib /usr/lib /usr/lib/x86_64-linux-gnu /lib64 /usr/lib64
libs=-lnsl -ldl -lm -lcrypt -lutil -lpthread -lc
perllibs=-lnsl -ldl -lm -lcrypt -lutil -lpthread -lc
libc=/lib/libc-2.12.1.so, so=so, useshrplib=false, libperl=libperl.a
gnulibc_version='2.12.1'
Dynamic Linking:
dlsrc=dl_dlopen.xs, dlext=so, d_dlsymun=undef, ccdlflags='-Wl,-E'
cccdlflags='-fPIC', lddlflags='-shared -O2 -L/usr/local/lib -fstack-protector'
Characteristics of this binary (from libperl):
Compile-time options: MULTIPLICITY PERL_DONT_CREATE_GVSV
PERL_IMPLICIT_CONTEXT PERL_MALLOC_WRAP
PERL_PRESERVE_IVUV PERL_USE_DEVEL USE_64_BIT_ALL
USE_64_BIT_INT USE_ITHREADS USE_LARGE_FILES
USE_LOCALE USE_LOCALE_COLLATE USE_LOCALE_CTYPE
USE_LOCALE_NUMERIC USE_LONG_DOUBLE USE_PERLIO
USE_PERL_ATOF USE_REENTRANT_API
Built under linux
Compiled at Jun 24 2011 00:28:50
%ENV:
PERL5LIB=""
PERL5OPT=""
PERL5_CPANPLUS_IS_RUNNING="9643"
PERL5_CPAN_IS_RUNNING="9643"
PERL5_CPAN_IS_RUNNING_IN_RECURSION="27060,9643"
PERLBREW_HOME="/home/test/.perlbrew"
PERLBREW_PATH="/home/test/perl5/perlbrew/bin:/home/test/perl5/perlbrew/perls/perl-5.15.0/bin"
PERLBREW_PERL="perl-5.15.0"
PERLBREW_ROOT="/home/test/perl5/perlbrew"
PERLBREW_VERSION="0.25"
PERL_CR_SMOKER_CURRENT="Statistics-LineFit-0.07"
PERL_EXTUTILS_AUTOINSTALL="--defaultdeps"
PERL_MM_USE_DEFAULT="1"
@INC:
/home/test/perl5/perlbrew/perls/perl-5.15.0/lib/site_perl/5.15.0/x86_64-linux-thread-multi-ld
/home/test/perl5/perlbrew/perls/perl-5.15.0/lib/site_perl/5.15.0
/home/test/perl5/perlbrew/perls/perl-5.15.0/lib/5.15.0/x86_64-linux-thread-multi-ld
/home/test/perl5/perlbrew/perls/perl-5.15.0/lib/5.15.0
.