CHI-Driver-Memcached v0.16 Perl 5 v5.22.4 x86_64-linux-ld

Status
Fail
From
Andreas J. König (ANDK)
Dist
CHI-Driver-Memcached v0.16
Platform
Perl 5 v5.22.4 x86_64-linux-ld
Date
2017-08-20 14:09:53
ID
3d1275ca-85b1-11e7-8851-3d00721d39b6
This distribution has been tested as part of the CPAN Testers
project, supporting the Perl programming language.  See
http://wiki.cpantesters.org/ for more information or email
questions to cpan-testers-discuss@perl.org


--
Dear Jonathan Swartz,

This is a computer-generated report for CHI-Driver-Memcached-0.16
on perl 5.22.4, created by CPAN-Reporter-1.2018.

Thank you for uploading your work to CPAN.  However, there was a problem
testing your distribution.

If you think this report is invalid, please consult the CPAN Testers Wiki
for suggestions on how to avoid getting FAIL reports for missing library
or binary dependencies, unsupported operating systems, and so on:

http://wiki.cpantesters.org/wiki/CPANAuthorNotes

Sections of this report:

    * Tester comments
    * Program output
    * Prerequisites
    * Environment and other context

------------------------------
TESTER COMMENTS
------------------------------

Additional comments from tester:

this report is from an automated smoke testing program
and was not reviewed by a human for accuracy

------------------------------
PROGRAM OUTPUT
------------------------------

Output from '/usr/bin/make test':

PERL_DL_NONLAZY=1 "/home/sand/src/perl/repoperls/installed-perls/host/k93msid/v5.22.4/0a29/bin/perl" "-MExtUtils::Command::MM" "-MTest::Harness" "-e" "undef *Test::Harness::Switches; test_harness(0, 'blib/lib', 'blib/arch')" t/*.t
# Testing CHI::Driver::Memcached 0.16, Perl 5.022004, /home/sand/src/perl/repoperls/installed-perls/host/k93msid/v5.22.4/0a29/bin/perl
t/00-load.t ...................... ok

#   Failed test 'test_expires_on_backend died (Can't call method "is_expired" on an undefined value at /home/sand/src/perl/repoperls/installed-perls/host/k93msid/v5.22.4/0a29/lib/site_perl/5.22.4/CHI/t/Driver.pm line 1828.)'
#   at /home/sand/src/perl/repoperls/installed-perls/host/k93msid/v5.22.4/0a29/lib/site_perl/5.22.4/CHI/Test/Class.pm line 25.
#   (in CHI::Driver::Memcached::t::CHIDriverTests::Fast->test_expires_on_backend)

#   Failed test 'get_multi_arrayref'
#   at /home/sand/src/perl/repoperls/installed-perls/host/k93msid/v5.22.4/0a29/lib/site_perl/5.22.4/CHI/t/Driver.pm line 751.
#   (in CHI::Driver::Memcached::t::CHIDriverTests::Fast->test_multi)
# Compared $data->[2]
#    got : undef
# expect : 'muidem'

#   Failed test 'get one after set_multi'
#   at /home/sand/src/perl/repoperls/installed-perls/host/k93msid/v5.22.4/0a29/lib/site_perl/5.22.4/CHI/t/Driver.pm line 753.
#   (in CHI::Driver::Memcached::t::CHIDriverTests::Fast->test_multi)
# Compared reftype($data)
#    got : undef
# expect : 'HASH'

#   Failed test 'get_multi_arrayref'
#   at /home/sand/src/perl/repoperls/installed-perls/host/k93msid/v5.22.4/0a29/lib/site_perl/5.22.4/CHI/t/Driver.pm line 755.
#   (in CHI::Driver::Memcached::t::CHIDriverTests::Fast->test_multi)
# Compared $data->[0]
#    got : undef
# expect : '0'

#   Failed test 'get_multi_hashref'
#   at /home/sand/src/perl/repoperls/installed-perls/host/k93msid/v5.22.4/0a29/lib/site_perl/5.22.4/CHI/t/Driver.pm line 761.
#   (in CHI::Driver::Memcached::t::CHIDriverTests::Fast->test_multi)
# Compared reftype($data->{"arrayref"})
#    got : undef
# expect : 'ARRAY'

#   Failed test 'get_keys after set_multi'
#   at /home/sand/src/perl/repoperls/installed-perls/host/k93msid/v5.22.4/0a29/lib/site_perl/5.22.4/CHI/t/Driver.pm line 763.
#   (in CHI::Driver::Memcached::t::CHIDriverTests::Fast->test_multi)
# Comparing $data as a Set
# Missing: '0', '1', 'a', 'abababababababababababababababababababababababababababababababababababababababababababababababababababababababababababababababababababababababababababababababababababababababababababababababababababab', 'arrayref', 'binary', 'empty', 'hashref', 'mixed', 'newline', 'space', 'utf8'

#   Failed test 'hit for key 'arrayref''
#   at /home/sand/src/perl/repoperls/installed-perls/host/k93msid/v5.22.4/0a29/lib/site_perl/5.22.4/CHI/t/Driver.pm line 645.
#   (in CHI::Driver::Memcached::t::CHIDriverTests::Fast->test_serializers)
# Compared reftype($data)
#    got : undef
# expect : 'ARRAY'

#   Failed test 'size is about 20 with one value - got 0, expected 20'
#   at /home/sand/src/perl/repoperls/installed-perls/host/k93msid/v5.22.4/0a29/lib/site_perl/5.22.4/CHI/t/Driver.pm line 1611.
#   (in CHI::Driver::Memcached::t::CHIDriverTests::Fast->test_size_awareness)

#   Failed test 'size is 45 after overwrite - got 24, expected 45'
#   at /home/sand/src/perl/repoperls/installed-perls/host/k93msid/v5.22.4/0a29/lib/site_perl/5.22.4/CHI/t/Driver.pm line 1611.
#   (in CHI::Driver::Memcached::t::CHIDriverTests::Fast->test_size_awareness)

#   Failed test 'size is still 45 after same overwrite - got 24, expected 45'
#   at /home/sand/src/perl/repoperls/installed-perls/host/k93msid/v5.22.4/0a29/lib/site_perl/5.22.4/CHI/t/Driver.pm line 1611.
#   (in CHI::Driver::Memcached::t::CHIDriverTests::Fast->test_size_awareness)

#   Failed test 'size is 26 after overwrite - got 6, expected 26'
#   at /home/sand/src/perl/repoperls/installed-perls/host/k93msid/v5.22.4/0a29/lib/site_perl/5.22.4/CHI/t/Driver.pm line 1611.
#   (in CHI::Driver::Memcached::t::CHIDriverTests::Fast->test_size_awareness)

#   Failed test 'size is 0 again after removing key'
#   at /home/sand/src/perl/repoperls/installed-perls/host/k93msid/v5.22.4/0a29/lib/site_perl/5.22.4/CHI/t/Driver.pm line 1404.
#   (in CHI::Driver::Memcached::t::CHIDriverTests::Fast->test_size_awareness)
#          got: '-20'
#     expected: '0'

#   Failed test 'size is about 20 with one value - got 0, expected 20'
#   at /home/sand/src/perl/repoperls/installed-perls/host/k93msid/v5.22.4/0a29/lib/site_perl/5.22.4/CHI/t/Driver.pm line 1611.
#   (in CHI::Driver::Memcached::t::CHIDriverTests::Fast->test_size_awareness)
# Looks like you failed 13 tests of 875.
t/CHIDriverTests-Fast.t .......... 
Dubious, test returned 13 (wstat 3328, 0xd00)
Failed 13/875 subtests 
t/CHIDriverTests-libmemcached.t .. skipped: one of required modules not installed: Cache::Memcached::libmemcached

#   Failed test 'test append'
#   at /home/sand/src/perl/repoperls/installed-perls/host/k93msid/v5.22.4/0a29/lib/site_perl/5.22.4/CHI/t/Driver.pm line 1855.
#   (in CHI::Driver::Memcached::t::CHIDriverTests::Memcached->test_append)
#          got: undef
#     expected: 'muidemmuidemmuidem'

#   Failed test '5 lowest'
#   at /home/sand/src/perl/repoperls/installed-perls/host/k93msid/v5.22.4/0a29/lib/site_perl/5.22.4/CHI/t/Driver.pm line 1502.
#   (in CHI::Driver::Memcached::t::CHIDriverTests::Memcached->test_custom_discard_policy)
# Comparing $data as a Set
# Extra: 'medium'

#   Failed test '1 lowest'
#   at /home/sand/src/perl/repoperls/installed-perls/host/k93msid/v5.22.4/0a29/lib/site_perl/5.22.4/CHI/t/Driver.pm line 1506.
#   (in CHI::Driver::Memcached::t::CHIDriverTests::Memcached->test_custom_discard_policy)
# Comparing $data as a Set
# Extra: 'medium', 'medium2'

#   Failed test '5 lowest'
#   at /home/sand/src/perl/repoperls/installed-perls/host/k93msid/v5.22.4/0a29/lib/site_perl/5.22.4/CHI/t/Driver.pm line 1502.
#   (in CHI::Driver::Memcached::t::CHIDriverTests::Memcached->test_custom_discard_policy)
# Comparing $data as a Set
# Missing: 'key0', 'key1', 'key2', 'key3', 'key4'

#   Failed test '1 lowest'
#   at /home/sand/src/perl/repoperls/installed-perls/host/k93msid/v5.22.4/0a29/lib/site_perl/5.22.4/CHI/t/Driver.pm line 1506.
#   (in CHI::Driver::Memcached::t::CHIDriverTests::Memcached->test_custom_discard_policy)
# Comparing $data as a Set
# Missing: 'key0'

#   Failed test '5 lowest'
#   at /home/sand/src/perl/repoperls/installed-perls/host/k93msid/v5.22.4/0a29/lib/site_perl/5.22.4/CHI/t/Driver.pm line 1502.
#   (in CHI::Driver::Memcached::t::CHIDriverTests::Memcached->test_custom_discard_policy)
# Comparing $data as a Set
# Missing: 'key0', 'key1', 'key2', 'key3', 'key4'

#   Failed test '1 lowest'
#   at /home/sand/src/perl/repoperls/installed-perls/host/k93msid/v5.22.4/0a29/lib/site_perl/5.22.4/CHI/t/Driver.pm line 1506.
#   (in CHI::Driver::Memcached::t::CHIDriverTests::Memcached->test_custom_discard_policy)
# Comparing $data as a Set
# Missing: 'key0'

#   Failed test '5 lowest'
#   at /home/sand/src/perl/repoperls/installed-perls/host/k93msid/v5.22.4/0a29/lib/site_perl/5.22.4/CHI/t/Driver.pm line 1502.
#   (in CHI::Driver::Memcached::t::CHIDriverTests::Memcached->test_custom_discard_policy)
# Comparing $data as a Set
# Extra: 'key5', 'key6'

#   Failed test 'test_custom_discard_policy died (Assertion (iterator returned undef, cache should be empty) failed!
#  at /home/sand/src/perl/repoperls/installed-perls/host/k93msid/v5.22.4/0a29/lib/site_perl/5.22.4/Carp/Assert.pm line 341.
# 	Carp::Assert::affirm(CODE(0x55b396af8290), "iterator returned undef, cache should be empty") called at /home/sand/src/perl/repoperls/installed-perls/host/k93msid/v5.22.4/0a29/lib/site_perl/5.22.4/CHI/Driver/Role/IsSizeAware.pm line 128
# 	eval {...} called at /home/sand/src/perl/repoperls/installed-perls/host/k93msid/v5.22.4/0a29/lib/site_perl/5.22.4/CHI/Driver/Role/IsSizeAware.pm line 118
# 	CHI::Driver::Role::IsSizeAware::discard_to_size(CHI::Driver::Memcached::Test::Driver::Memcached__WITH__CHI::Driver::Role::Universal__AND__CHI::Driver::Role::IsSizeAware=HASH(0x55b396aae3e0), 20) called at /home/sand/src/perl/repoperls/installed-perls/host/k93msid/v5.22.4/0a29/lib/site_perl/5.22.4/CHI/t/Driver.pm line 1505
# 	CHI::t::Driver::test_custom_discard_policy(CHI::Driver::Memcached::t::CHIDriverTests::Memcached=HASH(0x55b394208878)) called at /home/sand/src/perl/repoperls/installed-perls/host/k93msid/v5.22.4/0a29/lib/site_perl/5.22.4/Test/Class.pm line 293
# 	Test::Class::try {...} () called at /home/sand/src/perl/repoperls/installed-perls/host/k93msid/v5.22.4/0a29/lib/site_perl/5.22.4/Try/Tiny.pm line 101
# 	eval {...} called at /home/sand/src/perl/repoperls/installed-perls/host/k93msid/v5.22.4/0a29/lib/site_perl/5.22.4/Try/Tiny.pm line 94
# 	Try::Tiny::try(CODE(0x55b3969e9700), Try::Tiny::Catch=REF(0x55b396a58040)) called at /home/sand/src/perl/repoperls/installed-perls/host/k93msid/v5.22.4/0a29/lib/site_perl/5.22.4/Test/Class.pm line 293
# 	Test::Class::_run_method(CHI::Driver::Memcached::t::CHIDriverTests::Memcached=HASH(0x55b394208878), "test_custom_discard_policy", ARRAY(0x55b395568180)) called at /home/sand/src/perl/repoperls/installed-perls/host/k93msid/v5.22.4/0a29/lib/site_perl/5.22.4/Test/Class.pm line 395
# 	Test::Class::runtests(CHI::Driver::Memcached::t::CHIDriverTests::Memcached=HASH(0x55b394208878)) called at /home/sand/src/perl/repoperls/installed-perls/host/k93msid/v5.22.4/0a29/lib/site_perl/5.22.4/CHI/Test/Class.pm line 25
# 	CHI::Test::Class::runtests("CHI::Driver::Memcached::t::CHIDriverTests::Memcached") called at t/CHIDriverTests-Memcached.t line 5)'
#   at /home/sand/src/perl/repoperls/installed-perls/host/k93msid/v5.22.4/0a29/lib/site_perl/5.22.4/CHI/Test/Class.pm line 25.
#   (in CHI::Driver::Memcached::t::CHIDriverTests::Memcached->test_custom_discard_policy)

#   Failed test 'hit key1 before expire'
#   at /home/sand/src/perl/repoperls/installed-perls/host/k93msid/v5.22.4/0a29/lib/site_perl/5.22.4/CHI/t/Driver.pm line 1812.
#   (in CHI::Driver::Memcached::t::CHIDriverTests::Memcached->test_expires_on_backend)
#          got: undef
#     expected: '6'

#   Failed test 'test_expires_on_backend died (Can't call method "is_expired" on an undefined value at /home/sand/src/perl/repoperls/installed-perls/host/k93msid/v5.22.4/0a29/lib/site_perl/5.22.4/CHI/t/Driver.pm line 1828.)'
#   at /home/sand/src/perl/repoperls/installed-perls/host/k93msid/v5.22.4/0a29/lib/site_perl/5.22.4/CHI/Test/Class.pm line 25.
#   (in CHI::Driver::Memcached::t::CHIDriverTests::Memcached->test_expires_on_backend)
# Looks like you failed 11 tests of 873.
t/CHIDriverTests-Memcached.t ..... 
Dubious, test returned 11 (wstat 2816, 0xb00)
Failed 11/873 subtests 
t/pod.t .......................... ok

Test Summary Report
-------------------
t/CHIDriverTests-Fast.t        (Wstat: 3328 Tests: 875 Failed: 13)
  Failed tests:  119, 677-681, 837, 861-866
  Non-zero exit status: 13
t/CHIDriverTests-Memcached.t   (Wstat: 2816 Tests: 873 Failed: 11)
  Failed tests:  10, 75-82, 116, 119
  Non-zero exit status: 11
Files=5, Tests=1762, 13 wallclock secs ( 0.17 usr  0.04 sys +  3.22 cusr  0.52 csys =  3.95 CPU)
Result: FAIL
Failed 2/5 test programs. 24/1762 subtests failed.
Makefile:872: recipe for target 'test_dynamic' failed
make: *** [test_dynamic] Error 255

------------------------------
PREREQUISITES
------------------------------

Prerequisite modules loaded:

requires:

    Module              Need Have    
    ------------------- ---- --------
    CHI                 0.33 0.60    
    Moose               0.66 2.2006  

build_requires:

    Module              Need Have    
    ------------------- ---- --------
    ExtUtils::MakeMaker 0    7.30    
    Test::Class         0    0.50    
    Test::More          0    1.302086

configure_requires:

    Module              Need Have    
    ------------------- ---- --------
    ExtUtils::MakeMaker 0    7.30    


------------------------------
ENVIRONMENT AND OTHER CONTEXT
------------------------------

Environment variables:

    AUTOMATED_TESTING = 1
    LANG = en_US.UTF-8
    PATH = /home/sand/bin:/usr/local/bin:/usr/bin:/bin:/usr/games:/usr/local/perl/bin:/usr/X11/bin:/sbin:/usr/sbin
    PERL5LIB = 
    PERL5OPT = 
    PERL5_CPANPLUS_IS_RUNNING = 24733
    PERL5_CPAN_IS_RUNNING = 24733
    PERL_CANARY_STABILITY_NOPROMPT = 1
    PERL_MM_USE_DEFAULT = 1
    PERL_USE_UNSAFE_INC = 1
    SHELL = /usr/bin/zsh
    TERM = screen

Perl special variables (and OS-specific diagnostics, for MSWin32):

    $^X = /home/sand/src/perl/repoperls/installed-perls/host/k93msid/v5.22.4/0a29/bin/perl
    $UID/$EUID = 1005 / 1005
    $GID = 1005 1005
    $EGID = 1005 1005

Perl module toolchain versions installed:

    Module              Have      
    ------------------- ----------
    CPAN                2.18      
    CPAN::Meta          2.150010  
    Cwd                 3.62      
    ExtUtils::CBuilder  0.280226  
    ExtUtils::Command   7.30      
    ExtUtils::Install   2.14      
    ExtUtils::MakeMaker 7.30      
    ExtUtils::Manifest  1.70      
    ExtUtils::ParseXS   3.35      
    File::Spec          3.62      
    JSON                2.94      
    JSON::PP            2.27300_01
    Module::Build       0.4224    
    Module::Signature   0.81      
    Parse::CPAN::Meta   2.150010  
    Test::Harness       3.39      
    Test::More          1.302086  
    YAML                1.23      
    YAML::Syck          1.30      
    version             0.9918    


--

Summary of my perl5 (revision 5 version 22 subversion 4) configuration:
  Derived from: a26666a1317770d8a2228ac3657ba58020c3511f
  Platform:
    osname=linux, osvers=4.9.0-2-amd64, archname=x86_64-linux-ld
    uname='linux k93msid 4.9.0-2-amd64 #1 smp debian 4.9.18-1 (2017-03-30) x86_64 gnulinux '
    config_args='-Dprefix=/home/sand/src/perl/repoperls/installed-perls/host/k93msid/v5.22.4/0a29 -Dmyhostname=k93msid -Dinstallusrbinperl=n -Uversiononly -Dusedevel -des -Ui_db -Dlibswanted=cl pthread socket inet nsl gdbm dbm malloc dl ld sun m crypt sec util c cposix posix ucb BSD gdbm_compat -Uuseithreads -Duselongdouble -DDEBUGGING=both'
    hint=recommended, useposix=true, d_sigaction=define
    useithreads=undef, usemultiplicity=undef
    use64bitint=define, use64bitall=define, uselongdouble=define
    usemymalloc=n, bincompat5005=undef
  Compiler:
    cc='cc', ccflags ='-fwrapv -DDEBUGGING -fno-strict-aliasing -pipe -fstack-protector-strong -I/usr/local/include -D_LARGEFILE_SOURCE -D_FILE_OFFSET_BITS=64',
    optimize='-O2 -g',
    cppflags='-fwrapv -DDEBUGGING -fno-strict-aliasing -pipe -fstack-protector-strong -I/usr/local/include'
    ccversion='', gccversion='6.3.0 20170406', gccosandvers=''
    intsize=4, longsize=8, ptrsize=8, doublesize=8, byteorder=12345678, doublekind=3
    d_longlong=define, longlongsize=8, d_longdbl=define, longdblsize=16, longdblkind=3
    ivtype='long', ivsize=8, nvtype='long double', nvsize=16, Off_t='off_t', lseeksize=8
    alignbytes=16, prototype=define
  Linker and Libraries:
    ld='cc', ldflags =' -fstack-protector-strong -L/usr/local/lib'
    libpth=/usr/local/lib /usr/lib/gcc/x86_64-linux-gnu/6/include-fixed /usr/include/x86_64-linux-gnu /usr/lib /lib/x86_64-linux-gnu /lib/../lib /usr/lib/x86_64-linux-gnu /usr/lib/../lib /lib
    libs=-lpthread -lnsl -ldl -lm -lcrypt -lutil -lc
    perllibs=-lpthread -lnsl -ldl -lm -lcrypt -lutil -lc
    libc=libc-2.24.so, so=so, useshrplib=false, libperl=libperl.a
    gnulibc_version='2.24'
  Dynamic Linking:
    dlsrc=dl_dlopen.xs, dlext=so, d_dlsymun=undef, ccdlflags='-Wl,-E'
    cccdlflags='-fPIC', lddlflags='-shared -O2 -g -L/usr/local/lib -fstack-protector-strong'


Characteristics of this binary (from libperl): 
  Compile-time options: DEBUGGING HAS_TIMES PERLIO_LAYERS
                        PERL_DONT_CREATE_GVSV
                        PERL_HASH_FUNC_ONE_AT_A_TIME_HARD PERL_MALLOC_WRAP
                        PERL_NEW_COPY_ON_WRITE PERL_PRESERVE_IVUV
                        PERL_USE_DEVEL USE_64_BIT_ALL USE_64_BIT_INT
                        USE_LARGE_FILES USE_LOCALE USE_LOCALE_COLLATE
                        USE_LOCALE_CTYPE USE_LOCALE_NUMERIC USE_LOCALE_TIME
                        USE_LONG_DOUBLE USE_PERLIO USE_PERL_ATOF
  Locally applied patches:
	uncommitted-changes
  Built under linux
  Compiled at Jul 19 2017 09:53:38
  %ENV:
    PERL5LIB=""
    PERL5OPT=""
    PERL5_CPANPLUS_IS_RUNNING="24733"
    PERL5_CPAN_IS_RUNNING="24733"
    PERL_CANARY_STABILITY_NOPROMPT="1"
    PERL_MM_USE_DEFAULT="1"
    PERL_USE_UNSAFE_INC="1"
  @INC:
    /home/sand/src/perl/repoperls/installed-perls/host/k93msid/v5.22.4/0a29/lib/site_perl/5.22.4/x86_64-linux-ld
    /home/sand/src/perl/repoperls/installed-perls/host/k93msid/v5.22.4/0a29/lib/site_perl/5.22.4
    /home/sand/src/perl/repoperls/installed-perls/host/k93msid/v5.22.4/0a29/lib/5.22.4/x86_64-linux-ld
    /home/sand/src/perl/repoperls/installed-perls/host/k93msid/v5.22.4/0a29/lib/5.22.4
    .