Back
From: metabase:user:320bfe00-2aae-11df-837a-5e0a49663a4f
Subject: FAIL Perlbal-1.80 v5.17.9 GNU/Linux
Date: 2013-03-18T06:08:22Z
This distribution has been tested as part of the CPAN Testers
project, supporting the Perl programming language. See
http://wiki.cpantesters.org/ for more information or email
questions to cpan-testers-discuss@perl.org
--
Dear Alan Kasindorf,
This is a computer-generated report for Perlbal-1.80
on perl 5.17.9, created by CPAN-Reporter-1.2009.
Thank you for uploading your work to CPAN. However, there was a problem
testing your distribution.
If you think this report is invalid, please consult the CPAN Testers Wiki
for suggestions on how to avoid getting FAIL reports for missing library
or binary dependencies, unsupported operating systems, and so on:
http://wiki.cpantesters.org/wiki/CPANAuthorNotes
Sections of this report:
* Tester comments
* Program output
* Prerequisites
* Environment and other context
------------------------------
TESTER COMMENTS
------------------------------
Additional comments from tester:
this report is from an automated smoke testing program
and was not reviewed by a human for accuracy
------------------------------
PROGRAM OUTPUT
------------------------------
Output from '/usr/bin/make test':
PERL_DL_NONLAZY=1 /home/sand/src/perl/repoperls/installed-perls/perl/v5.17.9/127e/bin/perl "-MExtUtils::Command::MM" "-e" "test_harness(0, 'blib/lib', 'blib/arch')" t/*.t
t/00-use.t ............... ok
t/10-testharness.t ....... ok
t/12-headers.t ........... ok
t/13-server-tokens.t ..... ok
t/15-webserver.t ......... ok
t/17-webserver-concat.t .. ok
Manage command failed: 'SERVER aio_mode = ioaio' 'ERROR: IO::AIO not available
'
Manage command failed: 'SERVER aio_mode = ioaio' 'ERROR: IO::AIO not available
'
Manage command failed: 'SERVER aio_mode = ioaio' 'ERROR: IO::AIO not available
'
t/20-put.t ............... ok
# Writing: 500
# Writing: 5
# Writing: 5
# Writing: 5
# Writing: 100000
# Writing: 60000
# Writing: 1000
# Writing: 338485
t/22-chunked-put.t ....... ok
t/30-reverseproxy.t ...... ok
t/31-realworld.t ......... ok
Use of uninitialized value $this in pattern match (m//) at t/32-pipelining.t line 54.
# Failed test '200 OK on post w/ correct len'
# at t/32-pipelining.t line 54.
# undef
# doesn't match '(?^:200 OK)'
Can't use an undefined value as a symbol reference at t/32-pipelining.t line 57.
# Looks like you planned 12 tests but ran 3.
# Looks like you failed 1 test of 3 run.
# Looks like your test exited with 111 just after 3.
t/32-pipelining.t ........
Dubious, test returned 111 (wstat 28416, 0x6f00)
Failed 10/12 subtests
t/32-selector.t .......... ok
Configuration error at /tmp/loop_over_bdir-29135-kO27t4/Perlbal-1.80-F8fD0A/blib/lib/Perlbal/Test.pm line 290, <GEN45> line 1.
Child process (webserver) died.
# Looks like your test exited with 29 just after 1.
Can't use an undefined value as a symbol reference at /tmp/loop_over_bdir-29135-kO27t4/Perlbal-1.80-F8fD0A/blib/lib/Perlbal/Test.pm line 173.
END failed--call queue aborted at t/35-reproxy.t line 346.
t/35-reproxy.t ...........
Dubious, test returned 22 (wstat 5632, 0x1600)
All 1 subtests passed
Configuration error at /tmp/loop_over_bdir-29135-kO27t4/Perlbal-1.80-F8fD0A/blib/lib/Perlbal/Test.pm line 290, <GEN46> line 1.
Child process (webserver) died.
# Looks like your test exited with 29 before it could output anything.
Can't use an undefined value as a symbol reference at /tmp/loop_over_bdir-29135-kO27t4/Perlbal-1.80-F8fD0A/blib/lib/Perlbal/Test.pm line 173.
END failed--call queue aborted at t/40-ranges.t line 346.
t/40-ranges.t ............
Dubious, test returned 22 (wstat 5632, 0x1600)
Failed 35/35 subtests
t/45-buffereduploads.t ... ok
t/50-plugins.t ........... ok
Configuration error at /tmp/loop_over_bdir-29135-kO27t4/Perlbal-1.80-F8fD0A/blib/lib/Perlbal/Test.pm line 290, <GEN4> line 1.
Child process (webserver) died.
# Looks like your test exited with 29 just after 1.
Can't use an undefined value as a symbol reference at /tmp/loop_over_bdir-29135-kO27t4/Perlbal-1.80-F8fD0A/blib/lib/Perlbal/Test.pm line 173.
END failed--call queue aborted at t/52-chunked-upload.t line 346.
t/52-chunked-upload.t ....
Dubious, test returned 22 (wstat 5632, 0x1600)
All 1 subtests passed
t/60-child-httpd.t ....... skipped: Alpha feature; test skipped without $ENV{PERLBAL_TEST_ALPHA}
Configuration error at /tmp/loop_over_bdir-29135-kO27t4/Perlbal-1.80-F8fD0A/blib/lib/Perlbal/Test.pm line 290.
Child process (webserver) died.
# Looks like your test exited with 111 before it could output anything.
Can't use an undefined value as a symbol reference at /tmp/loop_over_bdir-29135-kO27t4/Perlbal-1.80-F8fD0A/blib/lib/Perlbal/Test.pm line 173.
END failed--call queue aborted at t/75-plugin-include.t line 346.
t/75-plugin-include.t ....
Dubious, test returned 22 (wstat 5632, 0x1600)
Failed 8/8 subtests
t/76-plugin-redirect.t ... ok
t/77-plugin-throttle.t ... ok
t/78-plugin-xffextras.t .. ok
t/90-accesscontrol.t ..... ok
t/91-fields.t ............ ok
(warning: too few iterations for a reliable count)
(warning: too few iterations for a reliable count)
t/99-benchmark-bool.t .... ok
Test Summary Report
-------------------
t/32-pipelining.t (Wstat: 28416 Tests: 3 Failed: 1)
Failed test: 3
Non-zero exit status: 111
Parse errors: Bad plan. You planned 12 tests but ran 3.
t/35-reproxy.t (Wstat: 5632 Tests: 1 Failed: 0)
Non-zero exit status: 22
t/40-ranges.t (Wstat: 5632 Tests: 0 Failed: 0)
Non-zero exit status: 22
Parse errors: Bad plan. You planned 35 tests but ran 0.
t/52-chunked-upload.t (Wstat: 5632 Tests: 1 Failed: 0)
Non-zero exit status: 22
t/75-plugin-include.t (Wstat: 5632 Tests: 0 Failed: 0)
Non-zero exit status: 22
Parse errors: Bad plan. You planned 8 tests but ran 0.
Files=25, Tests=408, 72 wallclock secs ( 0.15 usr 0.01 sys + 5.05 cusr 0.50 csys = 5.71 CPU)
Result: FAIL
Failed 5/25 test programs. 1/408 subtests failed.
make: *** [test_dynamic] Error 255
------------------------------
PREREQUISITES
------------------------------
Prerequisite modules loaded:
requires:
Module Need Have
------------------- ---- ------
base 0 2.18
BSD::Resource 0 1.2904
Carp 0 1.28
constant 0 1.25
Danga::Socket 1.44 1.61
Errno 0 1.18
Exporter 0 5.67
Fcntl 0 1.11
fields 0 2.16
File::Path 0 2.09
File::Temp 0 0.23
FindBin 0 1.51
Getopt::Long 0 2.39
Hash::Util 0 0.14
HTTP::Date 0 6.02
HTTP::Request 0 6.00
HTTP::Response 0 6.04
IO::File 0 1.16
IO::Handle 0 1.33
IO::Select 0 1.21
IO::Socket::INET 0 1.33
lib 0 0.63
LWP::UserAgent 0 6.05
Scalar::Util 0 1.27
Socket 0 2.009
strict 0 1.07
Sys::Syscall 0 0.25
Test::More 0.94 0.98
Time::HiRes 0 1.9725
vars 0 1.03
warnings 0 1.17
build_requires:
Module Need Have
------------------- ---- ------
ExtUtils::MakeMaker 0 6.64
configure_requires:
Module Need Have
------------------- ---- ------
ExtUtils::MakeMaker 0 6.64
------------------------------
ENVIRONMENT AND OTHER CONTEXT
------------------------------
Environment variables:
AUTOMATED_TESTING = 1
LANG = en_US.UTF-8
LANGUAGE = en_US:en
PATH = /usr/lib/ccache:/home/sand/bin:/usr/local/bin:/usr/bin:/bin:/usr/bin/X11:/usr/games:/usr/local/perl/bin:/usr/X11/bin:/sbin:/usr/sbin
PERL5LIB =
PERL5OPT =
PERL5_CPANPLUS_IS_RUNNING = 29136
PERL5_CPAN_IS_RUNNING = 29136
PERLBAL_DEBUG = 1
PERLBAL_DEBUG_OBJ = 1
PERLBAL_TRACK_STATES = 1
PERL_MM_USE_DEFAULT = 1
SHELL = /usr/bin/zsh
TERM = screen
Perl special variables (and OS-specific diagnostics, for MSWin32):
$^X = /home/sand/src/perl/repoperls/installed-perls/perl/v5.17.9/127e/bin/perl
$UID/$EUID = 1005 / 1005
$GID = 1005 1005
$EGID = 1005 1005
Perl module toolchain versions installed:
Module Have
------------------- --------
CPAN 2.00
CPAN::Meta 2.120921
Cwd 3.40
ExtUtils::CBuilder 0.280209
ExtUtils::Command 1.17
ExtUtils::Install 1.59
ExtUtils::MakeMaker 6.64
ExtUtils::Manifest 1.63
ExtUtils::ParseXS 3.18
File::Spec 3.40
JSON 2.53
JSON::PP 2.27202
Module::Build 0.4003
Module::Signature 0.70
Parse::CPAN::Meta 1.4404
Test::Harness 3.26
Test::More 0.98
YAML 0.84
YAML::Syck 1.25
version 0.9902
--
Summary of my perl5 (revision 5 version 17 subversion 9) configuration:
Commit id: 2426c3948e1fc088396e28ef9155a2e95fccd2a9
Platform:
osname=linux, osvers=3.2.0-4-amd64, archname=x86_64-linux-ld
uname='linux k83 3.2.0-4-amd64 #1 smp debian 3.2.35-2 x86_64 gnulinux '
config_args='-Dprefix=/home/src/perl/repoperls/installed-perls/perl/v5.17.9/127e -Dmyhostname=k83 -Dinstallusrbinperl=n -Uversiononly -Dusedevel -des -Ui_db -Uuseithreads -Duselongdouble -DDEBUGGING=-g'
hint=recommended, useposix=true, d_sigaction=define
useithreads=undef, usemultiplicity=undef
useperlio=define, d_sfio=undef, uselargefiles=define, usesocks=undef
use64bitint=define, use64bitall=define, uselongdouble=define
usemymalloc=n, bincompat5005=undef
Compiler:
cc='cc', ccflags ='-fno-strict-aliasing -pipe -fstack-protector -I/usr/local/include -D_LARGEFILE_SOURCE -D_FILE_OFFSET_BITS=64',
optimize='-O2 -g',
cppflags='-fno-strict-aliasing -pipe -fstack-protector -I/usr/local/include'
ccversion='', gccversion='4.7.2', gccosandvers=''
intsize=4, longsize=8, ptrsize=8, doublesize=8, byteorder=12345678
d_longlong=define, longlongsize=8, d_longdbl=define, longdblsize=16
ivtype='long', ivsize=8, nvtype='long double', nvsize=16, Off_t='off_t', lseeksize=8
alignbytes=16, prototype=define
Linker and Libraries:
ld='cc', ldflags =' -fstack-protector -L/usr/local/lib'
libpth=/usr/local/lib /lib/x86_64-linux-gnu /lib/../lib /usr/lib/x86_64-linux-gnu /usr/lib/../lib /lib /usr/lib
libs=-lnsl -lgdbm -ldb -ldl -lm -lcrypt -lutil -lc -lgdbm_compat
perllibs=-lnsl -ldl -lm -lcrypt -lutil -lc
libc=, so=so, useshrplib=false, libperl=libperl.a
gnulibc_version='2.13'
Dynamic Linking:
dlsrc=dl_dlopen.xs, dlext=so, d_dlsymun=undef, ccdlflags='-Wl,-E'
cccdlflags='-fPIC', lddlflags='-shared -O2 -g -L/usr/local/lib -fstack-protector'
Characteristics of this binary (from libperl):
Compile-time options: HAS_TIMES PERLIO_LAYERS PERL_DONT_CREATE_GVSV
PERL_MALLOC_WRAP PERL_NEW_COPY_ON_WRITE
PERL_PRESERVE_IVUV PERL_USE_DEVEL USE_64_BIT_ALL
USE_64_BIT_INT USE_LARGE_FILES USE_LOCALE
USE_LOCALE_COLLATE USE_LOCALE_CTYPE
USE_LOCALE_NUMERIC USE_LONG_DOUBLE USE_PERLIO
USE_PERL_ATOF
Built under linux
Compiled at Feb 20 2013 23:53:45
%ENV:
PERL5LIB=""
PERL5OPT=""
PERL5_CPANPLUS_IS_RUNNING="29136"
PERL5_CPAN_IS_RUNNING="29136"
PERLBAL_DEBUG="1"
PERLBAL_DEBUG_OBJ="1"
PERLBAL_TRACK_STATES="1"
PERL_MM_USE_DEFAULT="1"
@INC:
/home/src/perl/repoperls/installed-perls/perl/v5.17.9/127e/lib/site_perl/5.17.9/x86_64-linux-ld
/home/src/perl/repoperls/installed-perls/perl/v5.17.9/127e/lib/site_perl/5.17.9
/home/src/perl/repoperls/installed-perls/perl/v5.17.9/127e/lib/5.17.9/x86_64-linux-ld
/home/src/perl/repoperls/installed-perls/perl/v5.17.9/127e/lib/5.17.9
.