Report for CSS-Simple-3220

Back
From: metabase:user:320bfe00-2aae-11df-837a-5e0a49663a4f
Subject: FAIL CSS-Simple-3220 v5.8.1 GNU/Linux
Date: 2016-02-15T12:32:55Z

This distribution has been tested as part of the CPAN Testers
project, supporting the Perl programming language.  See
http://wiki.cpantesters.org/ for more information or email
questions to cpan-testers-discuss@perl.org


--
Dear Kevin Hatim Kamel,

This is a computer-generated report for CSS-Simple-3220
on perl 5.8.1, created by CPAN-Reporter-1.2015.

Thank you for uploading your work to CPAN.  However, there was a problem
testing your distribution.

If you think this report is invalid, please consult the CPAN Testers Wiki
for suggestions on how to avoid getting FAIL reports for missing library
or binary dependencies, unsupported operating systems, and so on:

http://wiki.cpantesters.org/wiki/CPANAuthorNotes

Sections of this report:

    * Tester comments
    * Program output
    * Prerequisites
    * Environment and other context

------------------------------
TESTER COMMENTS
------------------------------

Additional comments from tester:

this report is from an automated smoke testing program
and was not reviewed by a human for accuracy

------------------------------
PROGRAM OUTPUT
------------------------------

Output from '/usr/bin/make test':

PERL_DL_NONLAZY=1 "/tmp/basesmoker-reloperl-G0fp/bin/perl" "-MExtUtils::Command::MM" "-MTest::Harness" "-e" "undef *Test::Harness::Switches; test_harness(0, 'blib/lib', 'blib/arch')" t/basic.t t/browser_specific_properties.t t/create.t t/fail.t t/hacks.t t/modify.t t/pod.t
t/basic.t ........................ ok
Type of arg 1 to keys must be hash (not subroutine entry) at t/browser_specific_properties.t line 30, near ")]"
Type of arg 1 to keys must be hash (not subroutine entry) at t/browser_specific_properties.t line 40, near ")]"
Type of arg 1 to keys must be hash (not subroutine entry) at t/browser_specific_properties.t line 50, near ")]"
Execution of t/browser_specific_properties.t aborted due to compilation errors.
t/browser_specific_properties.t .. 
Dubious, test returned 255 (wstat 65280, 0xff00)
No subtests run 
t/create.t ....................... ok
t/fail.t ......................... ok
t/hacks.t ........................ ok
t/modify.t ....................... ok
t/pod.t .......................... ok

Test Summary Report
-------------------
t/browser_specific_properties.t (Wstat: 65280 Tests: 0 Failed: 0)
  Non-zero exit status: 255
  Parse errors: No plan found in TAP output
Files=7, Tests=14,  0 wallclock secs ( 0.04 usr  0.04 sys +  0.24 cusr  0.05 csys =  0.37 CPU)
Result: FAIL
Failed 1/7 test programs. 0/14 subtests failed.
Makefile:840: recipe for target 'test_dynamic' failed
make: *** [test_dynamic] Error 255

------------------------------
PREREQUISITES
------------------------------

Prerequisite modules loaded:

requires:

    Module              Need Have
    ------------------- ---- ----
    Carp                0    1.38
    Tie::IxHash         0    1.23

build_requires:

    Module              Need Have
    ------------------- ---- ----
    ExtUtils::MakeMaker 0    7.10

configure_requires:

    Module              Need Have
    ------------------- ---- ----
    ExtUtils::MakeMaker 0    7.10


------------------------------
ENVIRONMENT AND OTHER CONTEXT
------------------------------

Environment variables:

    AUTOMATED_TESTING = 1
    LANG = en_US.UTF-8
    LANGUAGE = en_US:en
    PATH = /usr/lib/ccache:/home/sand/bin:/usr/local/bin:/usr/lib/ccache:/usr/bin:/bin:/usr/games:/usr/local/perl/bin:/usr/X11/bin:/sbin:/usr/sbin
    PERL = /tmp/basesmoker-reloperl-G0fp/bin/perl
    PERL5LIB = 
    PERL5OPT = 
    PERL5_CPANPLUS_IS_RUNNING = 10980
    PERL5_CPAN_IS_RUNNING = 10980
    PERL_MM_USE_DEFAULT = 1
    SHELL = /usr/bin/zsh
    TERM = screen

Perl special variables (and OS-specific diagnostics, for MSWin32):

    $^X = /tmp/basesmoker-reloperl-G0fp/bin/perl
    $UID/$EUID = 1005 / 1005
    $GID = 1005 1005
    $EGID = 1005 1005

Perl module toolchain versions installed:

    Module              Have    
    ------------------- --------
    CPAN                2.12    
    CPAN::Meta          2.150005
    Cwd                 3.62    
    ExtUtils::CBuilder  0.280224
    ExtUtils::Command   7.10    
    ExtUtils::Install   1.54    
    ExtUtils::MakeMaker 7.10    
    ExtUtils::Manifest  1.65    
    ExtUtils::ParseXS   3.30    
    File::Spec          3.62    
    JSON                2.90    
    JSON::PP            2.27300 
    Module::Build       0.4216  
    Module::Signature   0.79    
    Parse::CPAN::Meta   1.4417  
    Test::Harness       3.36    
    Test::More          1.001014
    YAML                1.15    
    YAML::Syck          1.29    
    version             0.9912  


--

Summary of my perl5 (revision 5.0 version 8 subversion 1) configuration:
  Platform:
    osname=linux, osvers=4.3.0-1-amd64, archname=x86_64-linux-thread-multi
    uname='linux k83 4.3.0-1-amd64 #1 smp debian 4.3.3-7 (2016-01-19) x86_64 gnulinux '
    config_args='-Dprefix=/home/sand/src/perl/repoperls/installed-perls/perl/perl-5.8.1/13e0 -Dmyhostname=k83 -Dinstallusrbinperl=n -Uversiononly -Dusedevel -des -Ui_db -Dlibswanted=cl pthread socket inet nsl gdbm dbm malloc dl ld sun m crypt sec util c cposix posix ucb BSD gdbm_compat -Duseithreads -Uuselongdouble'
    hint=recommended, useposix=true, d_sigaction=define
    usethreads=define use5005threads=undef useithreads=define usemultiplicity=define
    useperlio=define d_sfio=undef uselargefiles=define usesocks=undef
    use64bitint=define use64bitall=define uselongdouble=undef
    usemymalloc=n, bincompat5005=undef
  Compiler:
    cc='cc', ccflags ='-D_REENTRANT -D_GNU_SOURCE -fno-strict-aliasing -I/usr/local/include -D_LARGEFILE_SOURCE -D_FILE_OFFSET_BITS=64',
    optimize='-O2',
    cppflags='-D_REENTRANT -D_GNU_SOURCE -fno-strict-aliasing -I/usr/local/include'
    ccversion='', gccversion='5.3.1 20160121', gccosandvers=''
    intsize=4, longsize=8, ptrsize=8, doublesize=8, byteorder=12345678
    d_longlong=define, longlongsize=8, d_longdbl=define, longdblsize=16
    ivtype='long', ivsize=8, nvtype='double', nvsize=8, Off_t='off_t', lseeksize=8
    alignbytes=8, prototype=define
  Linker and Libraries:
    ld='cc', ldflags =' -L/usr/local/lib'
    libpth=/usr/local/lib /lib/x86_64-linux-gnu /lib/../lib /usr/lib/x86_64-linux-gnu /usr/lib/../lib /lib /usr/lib
    libs=-lpthread -lnsl -lgdbm -ldl -lm -lcrypt -lutil -lc -lgdbm_compat
    perllibs=-lpthread -lnsl -ldl -lm -lcrypt -lutil -lc -lgdbm_compat
    libc=libc-2.21.so, so=so, useshrplib=false, libperl=libperl.a
    gnulibc_version='2.21'
  Dynamic Linking:
    dlsrc=dl_dlopen.xs, dlext=so, d_dlsymun=undef, ccdlflags='-rdynamic'
    cccdlflags='-fpic', lddlflags='-shared -L/usr/local/lib'


Characteristics of this binary (from libperl): 
  Compile-time options: MULTIPLICITY USE_ITHREADS USE_64_BIT_INT USE_64_BIT_ALL USE_LARGE_FILES PERL_IMPLICIT_CONTEXT
  Locally applied patches:
  	Devel::PatchPerl 1.40
  Built under linux
  Compiled at Feb 12 2016 08:07:50
  %ENV:
    PERL="/tmp/basesmoker-reloperl-G0fp/bin/perl"
    PERL5LIB=""
    PERL5OPT=""
    PERL5_CPANPLUS_IS_RUNNING="10980"
    PERL5_CPAN_IS_RUNNING="10980"
    PERL_MM_USE_DEFAULT="1"
  @INC:
    /home/sand/src/perl/repoperls/installed-perls/perl/perl-5.8.1/13e0/lib/5.8.1/x86_64-linux-thread-multi
    /home/sand/src/perl/repoperls/installed-perls/perl/perl-5.8.1/13e0/lib/5.8.1
    /home/sand/src/perl/repoperls/installed-perls/perl/perl-5.8.1/13e0/lib/site_perl/5.8.1/x86_64-linux-thread-multi
    /home/sand/src/perl/repoperls/installed-perls/perl/perl-5.8.1/13e0/lib/site_perl/5.8.1
    /home/sand/src/perl/repoperls/installed-perls/perl/perl-5.8.1/13e0/lib/site_perl
    .