Test-Run-Plugin-TrimDisplayedFilenames v0.0126 Perl 5 v5.12.1 i86pc-solaris-64

Status
Na
From
Chris Williams (BINGOS)
Dist
Test-Run-Plugin-TrimDisplayedFilenames v0.0126
Platform
Perl 5 v5.12.1 i86pc-solaris-64
Date
2020-10-23 22:29:38
ID
3ccb349c-157f-11eb-a9f9-f9eb91108de4
This distribution has been tested as part of the CPAN Testers
project, supporting the Perl programming language.  See
http://wiki.cpantesters.org/ for more information or email
questions to cpan-testers-discuss@perl.org


--

Dear Shlomi Fish,

This is a computer-generated error report created automatically by
CPANPLUS, version 0.9908. Testers personal comments may appear
at the end of this report.


Thank you for uploading your work to CPAN.  However, it appears that
there were some problems testing your distribution.

TEST RESULTS:

Below is the error stack from stage 'make test':


#   Failed test 'use Test::Run::Plugin::TrimDisplayedFilenames;'
#   at t/00-load.t line 6.
#     Tried to use 'Test::Run::Plugin::TrimDisplayedFilenames'.
#     Error:  Perl v5.14.0 required--this is only v5.12.1, stopped at /home/cpan/pit/bare/conf/perl-5.12.1/.cpanplus/5.12.1/build/UtjUUO4D4X/Test-Run-Plugin-TrimDisplayedFilenames-0.0126/blib/lib/Test/Run/Plugin/TrimDisplayedFilenames.pm line 6.
# BEGIN failed--compilation aborted at /home/cpan/pit/bare/conf/perl-5.12.1/.cpanplus/5.12.1/build/UtjUUO4D4X/Test-Run-Plugin-TrimDisplayedFilenames-0.0126/blib/lib/Test/Run/Plugin/TrimDisplayedFilenames.pm line 6.
# Compilation failed in require at t/00-load.t line 6.
# BEGIN failed--compilation aborted at t/00-load.t line 6.
# Testing Test::Run::Plugin::TrimDisplayedFilenames , Perl 5.012001, /home/cpan/pit/bare/perl-5.12.1/bin/perl
# Looks like you failed 1 test of 1.
t/00-load.t ............... 
Dubious, test returned 1 (wstat 256, 0x100)
Failed 1/1 subtests 
Perl v5.14.0 required--this is only v5.12.1, stopped at /home/cpan/pit/bare/conf/perl-5.12.1/.cpanplus/5.12.1/build/UtjUUO4D4X/Test-Run-Plugin-TrimDisplayedFilenames-0.0126/blib/lib/Test/Run/Plugin/TrimDisplayedFilenames.pm line 6.
BEGIN failed--compilation aborted at /home/cpan/pit/bare/conf/perl-5.12.1/.cpanplus/5.12.1/build/UtjUUO4D4X/Test-Run-Plugin-TrimDisplayedFilenames-0.0126/blib/lib/Test/Run/Plugin/TrimDisplayedFilenames.pm line 6.
Compilation failed in require at t/01-run.t line 9.
BEGIN failed--compilation aborted at t/01-run.t line 9.
t/01-run.t ................ 
Dubious, test returned 255 (wstat 65280, 0xff00)
No subtests run 

#   Failed test 'one-ok.t appears alone without the long path.'
#   at t/02-cmdline-run.t line 59.
#                   ''
#     doesn't match '(?ms-xi:^one-ok \.{2})'
# die ===
# {{{{{{
# 
# }}}}}}
# 
# exit ===
# {{{{{{
# 
# }}}}}}
# 
# leaveby ===
# {{{{{{
# return
# }}}}}}
# 
# return ===
# {{{{{{
# $VAR1 = [];
# 
# }}}}}}
# 
# stderr ===
# {{{{{{
# Perl v5.14.0 required--this is only v5.12.1, stopped at /home/cpan/pit/bare/conf/perl-5.12.1/.cpanplus/5.12.1/build/UtjUUO4D4X/Test-Run-Plugin-TrimDisplayedFilenames-0.0126/blib/lib/Test/Run/CmdLine/Plugin/TrimDisplayedFilenames.pm line 6.
# BEGIN failed--compilation aborted at /home/cpan/pit/bare/conf/perl-5.12.1/.cpanplus/5.12.1/build/UtjUUO4D4X/Test-Run-Plugin-TrimDisplayedFilenames-0.0126/blib/lib/Test/Run/CmdLine/Plugin/TrimDisplayedFilenames.pm line 6.
# Compilation failed in require at /home/cpan/pit/jail/phi170qA18/lib/perl5/Test/Run/CmdLine/Iface.pm line 141.
# 
# }}}}}}
# 
# stdout ===
# {{{{{{
# 
# }}}}}}
# 
# wantarray ===
# {{{{{{
# 
# }}}}}}
# 
# warn ===
# {{{{{{
# $VAR1 = [];
# 
# }}}}}}
# 
# run_func ===
# {{{{{{
# 
# }}}}}}
# 

#   Failed test 'several-oks.t appears alone without the long path.'
#   at t/02-cmdline-run.t line 64.
#                   ''
#     doesn't match '(?ms-xi:^several-oks \.{2})'
# die ===
# {{{{{{
# 
# }}}}}}
# 
# exit ===
# {{{{{{
# 
# }}}}}}
# 
# leaveby ===
# {{{{{{
# return
# }}}}}}
# 
# return ===
# {{{{{{
# $VAR1 = [];
# 
# }}}}}}
# 
# stderr ===
# {{{{{{
# Perl v5.14.0 required--this is only v5.12.1, stopped at /home/cpan/pit/bare/conf/perl-5.12.1/.cpanplus/5.12.1/build/UtjUUO4D4X/Test-Run-Plugin-TrimDisplayedFilenames-0.0126/blib/lib/Test/Run/CmdLine/Plugin/TrimDisplayedFilenames.pm line 6.
# BEGIN failed--compilation aborted at /home/cpan/pit/bare/conf/perl-5.12.1/.cpanplus/5.12.1/build/UtjUUO4D4X/Test-Run-Plugin-TrimDisplayedFilenames-0.0126/blib/lib/Test/Run/CmdLine/Plugin/TrimDisplayedFilenames.pm line 6.
# Compilation failed in require at /home/cpan/pit/jail/phi170qA18/lib/perl5/Test/Run/CmdLine/Iface.pm line 141.
# 
# }}}}}}
# 
# stdout ===
# {{{{{{
# 
# }}}}}}
# 
# wantarray ===
# {{{{{{
# 
# }}}}}}
# 
# warn ===
# {{{{{{
# $VAR1 = [];
# 
# }}}}}}
# 
# run_func ===
# {{{{{{
# 
# }}}}}}
# 
# Looks like you failed 2 tests of 2.
t/02-cmdline-run.t ........ 
Dubious, test returned 2 (wstat 512, 0x200)
Failed 2/2 subtests 
t/boilerplate.t ........... ok
t/cpan-changes.t .......... skipped: Test::CPAN::Changes required for this test
t/pod-coverage.t .......... skipped: Test::Pod::Coverage 1.04 required for testing POD coverage
t/pod.t ................... skipped: Test::Pod 1.14 required for testing POD
t/style-trailing-space.t .. skipped: Test::TrailingSpace required for trailing space test.

Test Summary Report
-------------------
t/00-load.t             (Wstat: 256 Tests: 1 Failed: 1)
  Failed test:  1
  Non-zero exit status: 1
t/01-run.t              (Wstat: 65280 Tests: 0 Failed: 0)
  Non-zero exit status: 255
  Parse errors: No plan found in TAP output
t/02-cmdline-run.t      (Wstat: 512 Tests: 2 Failed: 2)
  Failed tests:  1-2
  Non-zero exit status: 2
Files=8, Tests=6,  4 wallclock secs ( 0.06 usr  0.05 sys +  3.14 cusr  0.73 csys =  3.98 CPU)
Result: FAIL
Failed 3/8 test programs. 3/6 subtests failed.

[MSG] [Fri Oct 23 23:29:38 2020] 'Test::Run::CmdLine::Plugin::TrimDisplayedFilenames' requires a higher version of perl than your current version -- sending N/A grade.

PREREQUISITES:

Here is a list of prerequisites you specified and versions we
managed to load:

	  Module Name                        Have     Want
	  MRO::Compat                        0.13        0
	  Moose                            2.2013        0
	  Test::More                     1.302181        0
	  Test::Run::CmdLine               0.0132   0.0121
	  Test::Run::CmdLine::Trap::ProveApp   0.0132        0
	  Test::Run::Core                  0.0305   0.0122
	  Test::Trap                        0.3.4        0
	  YAML::XS                           0.82        0

Perl module toolchain versions installed:
	Module Name                        Have
	CPANPLUS                         0.9908
	CPANPLUS::Dist::Build              0.90
	Cwd                                3.75
	ExtUtils::CBuilder             0.280234
	ExtUtils::Command                  7.48
	ExtUtils::Install                  2.18
	ExtUtils::MakeMaker                7.48
	ExtUtils::Manifest                 1.72
	ExtUtils::ParseXS                  3.35
	File::Spec                         3.75
	Module::Build                    0.4231
	Pod::Parser                        1.37
	Pod::Simple                        3.14
	Test2                          1.302181
	Test::Harness                      3.42
	Test::More                     1.302181
	version                          0.9928

******************************** NOTE ********************************
The comments above are created mechanically, possibly without manual
checking by the sender.  As there are many people performing automatic
tests on each upload to CPAN, it is likely that you will receive
identical messages about the same problem.

If you believe that the message is mistaken, please reply to the first
one with correction and/or additional informations, and do not take
it personally.  We appreciate your patience. :)
**********************************************************************

Additional comments:


This report was machine-generated by CPANPLUS::Dist::YACSmoke 1.08.
Powered by minismokebox version 0.68

CPANPLUS is prefering Build.PL

------------------------------
ENVIRONMENT AND OTHER CONTEXT
------------------------------

Environment variables:

    AUTOMATED_TESTING = 1
    LANG = en_GB.UTF-8
    NONINTERACTIVE_TESTING = 1
    PATH = /home/cpan/pit/bare/conf/perl-5.12.1/.cpanplus/5.12.1/build/7GZt2LC2Z7/Test-Run-CmdLine-0.0132/blib/script:/usr/bin:/usr/sbin:/sbin:/opt/ooce/bin:/usr/gnu/bin
    PERL5LIB = /home/cpan/pit/jail/phi170qA18/lib/perl5:/home/cpan/pit/bare/conf/perl-5.12.1/.cpanplus/5.12.1/build/7GZt2LC2Z7/Test-Run-CmdLine-0.0132/blib/lib:/home/cpan/pit/bare/conf/perl-5.12.1/.cpanplus/5.12.1/build/7GZt2LC2Z7/Test-Run-CmdLine-0.0132/blib/arch:/home/cpan/pit/bare/conf/perl-5.12.1/.cpanplus/5.12.1/build/hhxXsOmebO/Test-Run-Plugin-AlternateInterpreters-0.0125/blib/lib:/home/cpan/pit/bare/conf/perl-5.12.1/.cpanplus/5.12.1/build/hhxXsOmebO/Test-Run-Plugin-AlternateInterpreters-0.0125/blib/arch:/home/cpan/pit/bare/conf/perl-5.12.1/.cpanplus/5.12.1/build/27pOsA6vLD/Test-Run-Plugin-BreakOnFailure-v0.0.6/blib/lib:/home/cpan/pit/bare/conf/perl-5.12.1/.cpanplus/5.12.1/build/27pOsA6vLD/Test-Run-Plugin-BreakOnFailure-v0.0.6/blib/arch:/home/cpan/pit/bare/conf/perl-5.12.1/.cpanplus/5.12.1/build/1UsJVrkbIZ/Test-Run-Plugin-ColorFileVerdicts-0.0125/blib/lib:/home/cpan/pit/bare/conf/perl-5.12.1/.cpanplus/5.12.1/build/1UsJVrkbIZ/Test-Run-Plugin-ColorFileVerdicts-0.0125/blib/arch:/home/cpan/pit/bare/conf/perl-5.12.1/.cpanplus/5.12.1/build/_aoPVQQAqL/Test-Run-Plugin-ColorSummary-0.0203/blib/lib:/home/cpan/pit/bare/conf/perl-5.12.1/.cpanplus/5.12.1/build/_aoPVQQAqL/Test-Run-Plugin-ColorSummary-0.0203/blib/arch:/home/cpan/pit/bare/conf/perl-5.12.1/.cpanplus/5.12.1/build/UtjUUO4D4X/Test-Run-Plugin-TrimDisplayedFilenames-0.0126/blib/lib:/home/cpan/pit/bare/conf/perl-5.12.1/.cpanplus/5.12.1/build/UtjUUO4D4X/Test-Run-Plugin-TrimDisplayedFilenames-0.0126/blib/arch
    PERL5_CPANPLUS_IS_RUNNING = 21464
    PERL5_CPANPLUS_IS_VERSION = 0.9908
    PERL5_MINISMOKEBOX = 0.68
    PERL5_YACSMOKE_BASE = /home/cpan/pit/bare/conf/perl-5.12.1
    PERL_EXTUTILS_AUTOINSTALL = --defaultdeps
    PERL_LOCAL_LIB_ROOT = /home/cpan/pit/jail/phi170qA18
    PERL_MB_OPT = --install_base "/home/cpan/pit/jail/phi170qA18"
    PERL_MM_OPT = INSTALL_BASE=/home/cpan/pit/jail/phi170qA18
    PERL_MM_USE_DEFAULT = 1
    SHELL = /bin/bash
    TERM = screen

Perl special variables (and OS-specific diagnostics, for MSWin32):

    Perl: $^X = /home/cpan/pit/bare/perl-5.12.1/bin/perl
    UID:  $<  = 101
    EUID: $>  = 101
    GID:  $(  = 101 101
    EGID: $)  = 101 101


-------------------------------


--

Summary of my perl5 (revision 5 version 12 subversion 1) configuration:
   
  Platform:
    osname=solaris, osvers=2.11, archname=i86pc-solaris-64
    uname='sunos ouzel 5.11 omnios-r151034-0d278a0cc5 i86pc i386 i86pc '
    config_args='-des -Dprefix=/home/cpan/pit/bare/perl-5.12.1 -Duse64bitall -Dcc=gcc'
    hint=recommended, useposix=true, d_sigaction=define
    useithreads=undef, usemultiplicity=undef
    useperlio=define, d_sfio=undef, uselargefiles=define, usesocks=undef
    use64bitint=define, use64bitall=define, uselongdouble=undef
    usemymalloc=n, bincompat5005=undef
  Compiler:
    cc='gcc', ccflags ='-m64 -fwrapv -fno-strict-aliasing -pipe -fstack-protector -D_LARGEFILE_SOURCE -D_FILE_OFFSET_BITS=64 -DPERL_USE_SAFE_PUTENV',
    optimize='-O',
    cppflags='-m64 -fwrapv -fno-strict-aliasing -pipe -fstack-protector'
    ccversion='', gccversion='9.3.0', gccosandvers=''
    intsize=4, longsize=8, ptrsize=8, doublesize=8, byteorder=12345678
    d_longlong=define, longlongsize=8, d_longdbl=define, longdblsize=16
    ivtype='long', ivsize=8, nvtype='double', nvsize=8, Off_t='off_t', lseeksize=8
    alignbytes=8, prototype=define
  Linker and Libraries:
    ld='gcc', ldflags =' -m64 -fstack-protector -L/usr/gnu/lib '
    libpth=/usr/gnu/lib /usr/lib /usr/ccs/lib
    libs=-lsocket -lnsl -ldl -lm -lc
    perllibs=-lsocket -lnsl -ldl -lm -lc
    libc=/lib/libc.so, so=so, useshrplib=true, libperl=libperl.so
    gnulibc_version=''
  Dynamic Linking:
    dlsrc=dl_dlopen.xs, dlext=so, d_dlsymun=undef, ccdlflags='  -R /home/cpan/pit/bare/perl-5.12.1/lib/5.12.1/i86pc-solaris-64/CORE'
    cccdlflags='-fPIC', lddlflags=' -shared -m64 -L/usr/gnu/lib -fstack-protector'


Characteristics of this binary (from libperl): 
  Compile-time options: PERL_DONT_CREATE_GVSV PERL_MALLOC_WRAP
                        PERL_USE_SAFE_PUTENV USE_64_BIT_ALL USE_64_BIT_INT
                        USE_LARGE_FILES USE_PERLIO USE_PERL_ATOF
  Locally applied patches:
	Devel::PatchPerl 2.00
  Built under solaris
  Compiled at Aug 19 2020 02:34:13
  %ENV:
    PERL5LIB="/home/cpan/pit/jail/phi170qA18/lib/perl5:/home/cpan/pit/bare/conf/perl-5.12.1/.cpanplus/5.12.1/build/7GZt2LC2Z7/Test-Run-CmdLine-0.0132/blib/lib:/home/cpan/pit/bare/conf/perl-5.12.1/.cpanplus/5.12.1/build/7GZt2LC2Z7/Test-Run-CmdLine-0.0132/blib/arch:/home/cpan/pit/bare/conf/perl-5.12.1/.cpanplus/5.12.1/build/hhxXsOmebO/Test-Run-Plugin-AlternateInterpreters-0.0125/blib/lib:/home/cpan/pit/bare/conf/perl-5.12.1/.cpanplus/5.12.1/build/hhxXsOmebO/Test-Run-Plugin-AlternateInterpreters-0.0125/blib/arch:/home/cpan/pit/bare/conf/perl-5.12.1/.cpanplus/5.12.1/build/27pOsA6vLD/Test-Run-Plugin-BreakOnFailure-v0.0.6/blib/lib:/home/cpan/pit/bare/conf/perl-5.12.1/.cpanplus/5.12.1/build/27pOsA6vLD/Test-Run-Plugin-BreakOnFailure-v0.0.6/blib/arch:/home/cpan/pit/bare/conf/perl-5.12.1/.cpanplus/5.12.1/build/1UsJVrkbIZ/Test-Run-Plugin-ColorFileVerdicts-0.0125/blib/lib:/home/cpan/pit/bare/conf/perl-5.12.1/.cpanplus/5.12.1/build/1UsJVrkbIZ/Test-Run-Plugin-ColorFileVerdicts-0.0125/blib/arch:/home/cpan/pit/bare/conf/perl-5.12.1/.cpanplus/5.12.1/build/_aoPVQQAqL/Test-Run-Plugin-ColorSummary-0.0203/blib/lib:/home/cpan/pit/bare/conf/perl-5.12.1/.cpanplus/5.12.1/build/_aoPVQQAqL/Test-Run-Plugin-ColorSummary-0.0203/blib/arch:/home/cpan/pit/bare/conf/perl-5.12.1/.cpanplus/5.12.1/build/UtjUUO4D4X/Test-Run-Plugin-TrimDisplayedFilenames-0.0126/blib/lib:/home/cpan/pit/bare/conf/perl-5.12.1/.cpanplus/5.12.1/build/UtjUUO4D4X/Test-Run-Plugin-TrimDisplayedFilenames-0.0126/blib/arch"
    PERL5_CPANPLUS_IS_RUNNING="21464"
    PERL5_CPANPLUS_IS_VERSION="0.9908"
    PERL5_MINISMOKEBOX="0.68"
    PERL5_YACSMOKE_BASE="/home/cpan/pit/bare/conf/perl-5.12.1"
    PERL_EXTUTILS_AUTOINSTALL="--defaultdeps"
    PERL_LOCAL_LIB_ROOT="/home/cpan/pit/jail/phi170qA18"
    PERL_MB_OPT="--install_base "/home/cpan/pit/jail/phi170qA18""
    PERL_MM_OPT="INSTALL_BASE=/home/cpan/pit/jail/phi170qA18"
    PERL_MM_USE_DEFAULT="1"
  @INC:
    /home/cpan/pit/jail/phi170qA18/lib/perl5/5.12.1/i86pc-solaris-64
    /home/cpan/pit/jail/phi170qA18/lib/perl5/5.12.1
    /home/cpan/pit/jail/phi170qA18/lib/perl5/i86pc-solaris-64
    /home/cpan/pit/jail/phi170qA18/lib/perl5
    /home/cpan/pit/bare/conf/perl-5.12.1/.cpanplus/5.12.1/build/7GZt2LC2Z7/Test-Run-CmdLine-0.0132/blib/lib
    /home/cpan/pit/bare/conf/perl-5.12.1/.cpanplus/5.12.1/build/7GZt2LC2Z7/Test-Run-CmdLine-0.0132/blib/arch
    /home/cpan/pit/bare/conf/perl-5.12.1/.cpanplus/5.12.1/build/hhxXsOmebO/Test-Run-Plugin-AlternateInterpreters-0.0125/blib/lib
    /home/cpan/pit/bare/conf/perl-5.12.1/.cpanplus/5.12.1/build/hhxXsOmebO/Test-Run-Plugin-AlternateInterpreters-0.0125/blib/arch
    /home/cpan/pit/bare/conf/perl-5.12.1/.cpanplus/5.12.1/build/27pOsA6vLD/Test-Run-Plugin-BreakOnFailure-v0.0.6/blib/lib
    /home/cpan/pit/bare/conf/perl-5.12.1/.cpanplus/5.12.1/build/27pOsA6vLD/Test-Run-Plugin-BreakOnFailure-v0.0.6/blib/arch
    /home/cpan/pit/bare/conf/perl-5.12.1/.cpanplus/5.12.1/build/1UsJVrkbIZ/Test-Run-Plugin-ColorFileVerdicts-0.0125/blib/lib
    /home/cpan/pit/bare/conf/perl-5.12.1/.cpanplus/5.12.1/build/1UsJVrkbIZ/Test-Run-Plugin-ColorFileVerdicts-0.0125/blib/arch
    /home/cpan/pit/bare/conf/perl-5.12.1/.cpanplus/5.12.1/build/_aoPVQQAqL/Test-Run-Plugin-ColorSummary-0.0203/blib/lib
    /home/cpan/pit/bare/conf/perl-5.12.1/.cpanplus/5.12.1/build/_aoPVQQAqL/Test-Run-Plugin-ColorSummary-0.0203/blib/arch
    /home/cpan/pit/bare/conf/perl-5.12.1/.cpanplus/5.12.1/build/UtjUUO4D4X/Test-Run-Plugin-TrimDisplayedFilenames-0.0126/blib/lib
    /home/cpan/pit/bare/conf/perl-5.12.1/.cpanplus/5.12.1/build/UtjUUO4D4X/Test-Run-Plugin-TrimDisplayedFilenames-0.0126/blib/arch
    /home/cpan/pit/bare/perl-5.12.1/lib/site_perl/5.12.1/i86pc-solaris-64
    /home/cpan/pit/bare/perl-5.12.1/lib/site_perl/5.12.1
    /home/cpan/pit/bare/perl-5.12.1/lib/5.12.1/i86pc-solaris-64
    /home/cpan/pit/bare/perl-5.12.1/lib/5.12.1
    .