Report for Class-OWL-0.0.6

Back
From: metabase:user:c3c0e594-9be7-11e0-ab6b-65b017dc0771
Subject: FAIL Class-OWL-0.0.6 v5.12.4 Mac OS X
Date: 2011-07-07T01:55:49Z

This distribution has been tested as part of the CPAN Testers
project, supporting the Perl programming language.  See
http://wiki.cpantesters.org/ for more information or email
questions to cpan-testers-discuss@perl.org


--
Dear Leif Johansson,

This is a computer-generated report for Class-OWL-0.0.6
on perl 5.12.4, created by CPAN-Reporter-1.1902.

Thank you for uploading your work to CPAN.  However, there was a problem
testing your distribution.

If you think this report is invalid, please consult the CPAN Testers Wiki
for suggestions on how to avoid getting FAIL reports for missing library
or binary dependencies, unsupported operating systems, and so on:

http://wiki.cpantesters.org/wiki/CPANAuthorNotes

Sections of this report:

    * Tester comments
    * Program output
    * Prerequisites
    * Environment and other context

------------------------------
TESTER COMMENTS
------------------------------

Additional comments from tester:

this report is from an automated smoke testing program
and was not reviewed by a human for accuracy

------------------------------
PROGRAM OUTPUT
------------------------------

Output from './Build test':


#   Failed test 'use Class::OWL;'
#   at t/00.load.t line 4.
#     Tried to use 'Class::OWL'.
#     Error:  Can't locate object method "initialize" via package "Class::MOP::Class" at /Users/fh/perl5/perlbrew/perls/perl-5.12.4/lib/site_perl/5.12.4/darwin-2level/Class/MOP/Mixin.pm line 16.
# Compilation failed in require at /Users/fh/perl5/perlbrew/perls/perl-5.12.4/lib/site_perl/5.12.4/darwin-2level/Class/MOP/MiniTrait.pm line 36.
# Compilation failed in require at /Users/fh/perl5/perlbrew/perls/perl-5.12.4/lib/site_perl/5.12.4/darwin-2level/Class/MOP/Class.pm line 17.
# BEGIN failed--compilation aborted at /Users/fh/perl5/perlbrew/perls/perl-5.12.4/lib/site_perl/5.12.4/darwin-2level/Class/MOP/Class.pm line 17.
# Compilation failed in require at (eval 6) line 2.
# 	...propagated at /Users/fh/perl5/perlbrew/perls/perl-5.12.4/lib/5.12.4/base.pm line 94.
# BEGIN failed--compilation aborted at /Users/fh/.cpan/build/Class-OWL-0.0.6-1O8HO8/blib/lib/Class/OWL.pm line 2.
# Compilation failed in require at (eval 4) line 2.
# BEGIN failed--compilation aborted at (eval 4) line 2.
Use of uninitialized value $Class::OWL::VERSION in concatenation (.) or string at t/00.load.t line 7.
# Testing Class::OWL 
# Looks like you failed 1 test of 1.
t/00.load.t ............... 
Dubious, test returned 1 (wstat 256, 0x100)
Failed 1/1 subtests 
Can't locate object method "initialize" via package "Class::MOP::Class" at /Users/fh/perl5/perlbrew/perls/perl-5.12.4/lib/site_perl/5.12.4/darwin-2level/Class/MOP/Mixin.pm line 16.
Compilation failed in require at /Users/fh/perl5/perlbrew/perls/perl-5.12.4/lib/site_perl/5.12.4/darwin-2level/Class/MOP/MiniTrait.pm line 36.
Compilation failed in require at /Users/fh/perl5/perlbrew/perls/perl-5.12.4/lib/site_perl/5.12.4/darwin-2level/Class/MOP/Class.pm line 17.
BEGIN failed--compilation aborted at /Users/fh/perl5/perlbrew/perls/perl-5.12.4/lib/site_perl/5.12.4/darwin-2level/Class/MOP/Class.pm line 17.
Compilation failed in require at (eval 5) line 2.
	...propagated at /Users/fh/perl5/perlbrew/perls/perl-5.12.4/lib/5.12.4/base.pm line 94.
BEGIN failed--compilation aborted at /Users/fh/.cpan/build/Class-OWL-0.0.6-1O8HO8/blib/lib/Class/OWL.pm line 2.
Compilation failed in require at t/01.wine.t line 7.
BEGIN failed--compilation aborted at t/01.wine.t line 7.
# Looks like your test exited with 2 before it could output anything.
t/01.wine.t ............... 
Dubious, test returned 2 (wstat 512, 0x200)
Failed 1/1 subtests 

#   Failed test 'use Class::OWL;'
#   at t/02.classinstance-new.t line 3.
#     Tried to use 'Class::OWL'.
#     Error:  Can't locate object method "initialize" via package "Class::MOP::Class" at /Users/fh/perl5/perlbrew/perls/perl-5.12.4/lib/site_perl/5.12.4/darwin-2level/Class/MOP/Mixin.pm line 16.
# Compilation failed in require at /Users/fh/perl5/perlbrew/perls/perl-5.12.4/lib/site_perl/5.12.4/darwin-2level/Class/MOP/MiniTrait.pm line 36.
# Compilation failed in require at /Users/fh/perl5/perlbrew/perls/perl-5.12.4/lib/site_perl/5.12.4/darwin-2level/Class/MOP/Class.pm line 17.
# BEGIN failed--compilation aborted at /Users/fh/perl5/perlbrew/perls/perl-5.12.4/lib/site_perl/5.12.4/darwin-2level/Class/MOP/Class.pm line 17.
# Compilation failed in require at (eval 6) line 2.
# 	...propagated at /Users/fh/perl5/perlbrew/perls/perl-5.12.4/lib/5.12.4/base.pm line 94.
# BEGIN failed--compilation aborted at /Users/fh/.cpan/build/Class-OWL-0.0.6-1O8HO8/blib/lib/Class/OWL.pm line 2.
# Compilation failed in require at (eval 4) line 2.
# BEGIN failed--compilation aborted at (eval 4) line 2.
Can't locate object method "new" via package "OM2::Message" (perhaps you forgot to load "OM2::Message"?) at t/02.classinstance-new.t line 4.
# Looks like you planned 2 tests but ran 1.
# Looks like you failed 1 test of 1 run.
# Looks like your test exited with 255 just after 1.
t/02.classinstance-new.t .. 
Dubious, test returned 255 (wstat 65280, 0xff00)
Failed 2/2 subtests 

#   Failed test 'use Class::OWL;'
#   at t/02.classinstance.t line 3.
#     Tried to use 'Class::OWL'.
#     Error:  Can't locate object method "initialize" via package "Class::MOP::Class" at /Users/fh/perl5/perlbrew/perls/perl-5.12.4/lib/site_perl/5.12.4/darwin-2level/Class/MOP/Mixin.pm line 16.
# Compilation failed in require at /Users/fh/perl5/perlbrew/perls/perl-5.12.4/lib/site_perl/5.12.4/darwin-2level/Class/MOP/MiniTrait.pm line 36.
# Compilation failed in require at /Users/fh/perl5/perlbrew/perls/perl-5.12.4/lib/site_perl/5.12.4/darwin-2level/Class/MOP/Class.pm line 17.
# BEGIN failed--compilation aborted at /Users/fh/perl5/perlbrew/perls/perl-5.12.4/lib/site_perl/5.12.4/darwin-2level/Class/MOP/Class.pm line 17.
# Compilation failed in require at (eval 6) line 2.
# 	...propagated at /Users/fh/perl5/perlbrew/perls/perl-5.12.4/lib/5.12.4/base.pm line 94.
# BEGIN failed--compilation aborted at /Users/fh/.cpan/build/Class-OWL-0.0.6-1O8HO8/blib/lib/Class/OWL.pm line 2.
# Compilation failed in require at (eval 4) line 2.
# BEGIN failed--compilation aborted at (eval 4) line 2.
Can't locate object method "meta" via package "OM2::Message" (perhaps you forgot to load "OM2::Message"?) at t/02.classinstance.t line 4.
# Looks like you planned 2 tests but ran 1.
# Looks like you failed 1 test of 1 run.
# Looks like your test exited with 255 just after 1.
t/02.classinstance.t ...... 
Dubious, test returned 255 (wstat 65280, 0xff00)
Failed 2/2 subtests 

#   Failed test 'use Class::OWL;'
#   at t/03.emptyvalue.t line 3.
#     Tried to use 'Class::OWL'.
#     Error:  Can't locate object method "initialize" via package "Class::MOP::Class" at /Users/fh/perl5/perlbrew/perls/perl-5.12.4/lib/site_perl/5.12.4/darwin-2level/Class/MOP/Mixin.pm line 16.
# Compilation failed in require at /Users/fh/perl5/perlbrew/perls/perl-5.12.4/lib/site_perl/5.12.4/darwin-2level/Class/MOP/MiniTrait.pm line 36.
# Compilation failed in require at /Users/fh/perl5/perlbrew/perls/perl-5.12.4/lib/site_perl/5.12.4/darwin-2level/Class/MOP/Class.pm line 17.
# BEGIN failed--compilation aborted at /Users/fh/perl5/perlbrew/perls/perl-5.12.4/lib/site_perl/5.12.4/darwin-2level/Class/MOP/Class.pm line 17.
# Compilation failed in require at (eval 6) line 2.
# 	...propagated at /Users/fh/perl5/perlbrew/perls/perl-5.12.4/lib/5.12.4/base.pm line 94.
# BEGIN failed--compilation aborted at /Users/fh/.cpan/build/Class-OWL-0.0.6-1O8HO8/blib/lib/Class/OWL.pm line 2.
# Compilation failed in require at (eval 4) line 2.
# BEGIN failed--compilation aborted at (eval 4) line 2.
Can't locate object method "meta" via package "OM2::Message" (perhaps you forgot to load "OM2::Message"?) at t/03.emptyvalue.t line 4.
# Looks like you failed 1 test of 1.
# Looks like your test exited with 255 just after 1.
t/03.emptyvalue.t ......... 
Dubious, test returned 255 (wstat 65280, 0xff00)
Failed 1/1 subtests 

#   Failed test 'use Class::OWL;'
#   at t/04.multibnode.t line 3.
#     Tried to use 'Class::OWL'.
#     Error:  Can't locate object method "initialize" via package "Class::MOP::Class" at /Users/fh/perl5/perlbrew/perls/perl-5.12.4/lib/site_perl/5.12.4/darwin-2level/Class/MOP/Mixin.pm line 16.
# Compilation failed in require at /Users/fh/perl5/perlbrew/perls/perl-5.12.4/lib/site_perl/5.12.4/darwin-2level/Class/MOP/MiniTrait.pm line 36.
# Compilation failed in require at /Users/fh/perl5/perlbrew/perls/perl-5.12.4/lib/site_perl/5.12.4/darwin-2level/Class/MOP/Class.pm line 17.
# BEGIN failed--compilation aborted at /Users/fh/perl5/perlbrew/perls/perl-5.12.4/lib/site_perl/5.12.4/darwin-2level/Class/MOP/Class.pm line 17.
# Compilation failed in require at (eval 6) line 2.
# 	...propagated at /Users/fh/perl5/perlbrew/perls/perl-5.12.4/lib/5.12.4/base.pm line 94.
# BEGIN failed--compilation aborted at /Users/fh/.cpan/build/Class-OWL-0.0.6-1O8HO8/blib/lib/Class/OWL.pm line 2.
# Compilation failed in require at (eval 4) line 2.
# BEGIN failed--compilation aborted at (eval 4) line 2.
Can't locate object method "meta" via package "OM2::User" (perhaps you forgot to load "OM2::User"?) at t/04.multibnode.t line 4.
# Looks like you failed 1 test of 1.
# Looks like your test exited with 255 just after 1.
t/04.multibnode.t ......... 
Dubious, test returned 255 (wstat 65280, 0xff00)
Failed 1/1 subtests 
t/pod-coverage.t .......... skipped: rsn
t/pod.t ................... ok

Test Summary Report
-------------------
t/00.load.t             (Wstat: 256 Tests: 1 Failed: 1)
  Failed test:  1
  Non-zero exit status: 1
t/01.wine.t             (Wstat: 512 Tests: 0 Failed: 0)
  Non-zero exit status: 2
  Parse errors: Bad plan.  You planned 1 tests but ran 0.
t/02.classinstance-new.t (Wstat: 65280 Tests: 1 Failed: 1)
  Failed test:  1
  Non-zero exit status: 255
  Parse errors: Bad plan.  You planned 2 tests but ran 1.
t/02.classinstance.t    (Wstat: 65280 Tests: 1 Failed: 1)
  Failed test:  1
  Non-zero exit status: 255
  Parse errors: Bad plan.  You planned 2 tests but ran 1.
t/03.emptyvalue.t       (Wstat: 65280 Tests: 1 Failed: 1)
  Failed test:  1
  Non-zero exit status: 255
t/04.multibnode.t       (Wstat: 65280 Tests: 1 Failed: 1)
  Failed test:  1
  Non-zero exit status: 255
Files=8, Tests=6,  1 wallclock secs ( 0.04 usr  0.03 sys +  0.35 cusr  0.13 csys =  0.55 CPU)
Result: FAIL
Failed 6/8 test programs. 5/6 subtests failed.

------------------------------
PREREQUISITES
------------------------------

Prerequisite modules loaded:

requires:

    Module        Need Have  
    ------------- ---- ------
    Class::MOP    0    2.0009
    Data::Dumper  0    2.131 
    LWP::Simple   0    6.00  
    RDF::Helper   0    2.0   
    Test::More    0    0.98  
    version       0    0.82  
    XML::CommonNS 0    0.06  


------------------------------
ENVIRONMENT AND OTHER CONTEXT
------------------------------

Environment variables:

    AUTOMATED_TESTING = 1
    LANG = de_AT.UTF-8
    PATH = /Users/fh/perl5/perlbrew/bin:/Users/fh/perl5/perlbrew/perls/current/bin:/opt/local/bin:/opt/local/sbin:/usr/bin:/bin:/usr/sbin:/sbin:/usr/local/bin:/usr/X11/bin
    PATH_WITHOUT_PERLBREW = /opt/local/bin:/opt/local/sbin:/usr/bin:/bin:/usr/sbin:/sbin:/usr/local/bin:/usr/X11/bin
    PERL5LIB = /Users/fh/.cpan/build/RDF-Helper-2.0-k4myld/blib/arch:/Users/fh/.cpan/build/RDF-Helper-2.0-k4myld/blib/lib:/Users/fh/.cpan/build/RDF-Query-2.907-GBj5eI/blib/arch:/Users/fh/.cpan/build/RDF-Query-2.907-GBj5eI/blib/lib:/Users/fh/.cpan/build/DateTime-Format-W3CDTF-0.06-hJD8m4/blib/arch:/Users/fh/.cpan/build/DateTime-Format-W3CDTF-0.06-hJD8m4/blib/lib:/Users/fh/.cpan/build/RDF-Trine-0.135-vYk2Sq/blib/arch:/Users/fh/.cpan/build/RDF-Trine-0.135-vYk2Sq/blib/lib:/Users/fh/.cpan/build/Set-Scalar-1.25-VcDW8w/blib/arch:/Users/fh/.cpan/build/Set-Scalar-1.25-VcDW8w/blib/lib:/Users/fh/.cpan/build/Math-Combinatorics-0.09-yELnCs/blib/arch:/Users/fh/.cpan/build/Math-Combinatorics-0.09-yELnCs/blib/lib:/Users/fh/.cpan/build/XML-Namespace-0.02-N7TreI/blib/arch:/Users/fh/.cpan/build/XML-Namespace-0.02-N7TreI/blib/lib:/Users/fh/.cpan/build/Test-JSON-0.11-KotIoZ/blib/arch:/Users/fh/.cpan/build/Test-JSON-0.11-KotIoZ/blib/lib:/Users/fh/.cpan/build/Unicode-Escape-0.0.2-q7m4K8/blib/arch:/Users/fh/.cpan/build/Unicode-Escape-0.0.2-q7m4K8/blib/lib:/Users/fh/.cpan/build/Text-Table-1.123-xlqeyA/blib/arch:/Users/fh/.cpan/build/Text-Table-1.123-xlqeyA/blib/lib:/Users/fh/.cpan/build/Text-Aligner-0.07-u1DtSo/blib/arch:/Users/fh/.cpan/build/Text-Aligner-0.07-u1DtSo/blib/lib:/Users/fh/.cpan/build/XML-CommonNS-0.06-gPAAqC/blib/arch:/Users/fh/.cpan/build/XML-CommonNS-0.06-gPAAqC/blib/lib:/Users/fh/.cpan/build/XML-NamespaceFactory-1.00-bwpXoZ/blib/arch:/Users/fh/.cpan/build/XML-NamespaceFactory-1.00-bwpXoZ/blib/lib:/Users/fh/.cpan/build/Text-CSV-1.21-zW7rcK/blib/arch:/Users/fh/.cpan/build/Text-CSV-1.21-zW7rcK/blib/lib:/Users/fh/.cpan/build/Unicode-String-2.09-xugmdy/blib/arch:/Users/fh/.cpan/build/Unicode-String-2.09-xugmdy/blib/lib
    PERL5OPT = 
    PERL5_CPANPLUS_IS_RUNNING = 28882
    PERL5_CPAN_IS_RUNNING = 28882
    PERL5_CPAN_IS_RUNNING_IN_RECURSION = 352,28882
    PERLBREW_PATH = /Users/fh/perl5/perlbrew/bin:/Users/fh/perl5/perlbrew/perls/current/bin
    PERLBREW_PERL = perl-5.12.4
    PERLBREW_ROOT = /Users/fh/perl5/perlbrew
    PERLBREW_VERSION = 0.19
    PERL_CR_SMOKER_CURRENT = Class-OWL-0.0.6
    PERL_EXTUTILS_AUTOINSTALL = --defaultdeps
    PERL_MM_USE_DEFAULT = 1
    SHELL = /bin/bash
    TERM = screen.linux
    TMPDIR = /var/folders/zk/zkvqmgtoEAWHIV1swpIMnk+++TI/-Tmp-/

Perl special variables (and OS-specific diagnostics, for MSWin32):

    $^X = /Users/fh/perl5/perlbrew/perls/perl-5.12.4/bin/perl
    $UID/$EUID = 501 / 501
    $GID = 20 20 402 204 100 98 81 80 79 61 12 401
    $EGID = 20 20 402 204 100 98 81 80 79 61 12 401

Perl module toolchain versions installed:

    Module              Have  
    ------------------- ------
    CPAN                1.9600
    Cwd                 3.33  
    ExtUtils::CBuilder  0.27  
    ExtUtils::Command   1.16  
    ExtUtils::Install   1.55  
    ExtUtils::MakeMaker 6.56  
    ExtUtils::Manifest  1.57  
    ExtUtils::ParseXS   2.21  
    File::Spec          3.33  
    Module::Build       0.3603
    Module::Signature   n/a   
    Test::Harness       3.17  
    Test::More          0.98  
    YAML                0.73  
    YAML::Syck          1.17  
    version             0.82  


--

Summary of my perl5 (revision 5 version 12 subversion 4) configuration:
   
  Platform:
    osname=darwin, osvers=10.7.0, archname=darwin-2level
    uname='darwin lerchenferse.local 10.7.0 darwin kernel version 10.7.0: sat jan 29 15:17:16 pst 2011; root:xnu-1504.9.37~1release_i386 i386 '
    config_args='-de -Dprefix=/Users/fh/perl5/perlbrew/perls/perl-5.12.4'
    hint=recommended, useposix=true, d_sigaction=define
    useithreads=undef, usemultiplicity=undef
    useperlio=define, d_sfio=undef, uselargefiles=define, usesocks=undef
    use64bitint=define, use64bitall=define, uselongdouble=undef
    usemymalloc=n, bincompat5005=undef
  Compiler:
    cc='cc', ccflags ='-fno-common -DPERL_DARWIN -no-cpp-precomp -fno-strict-aliasing -pipe -fstack-protector -I/opt/local/include',
    optimize='-O3',
    cppflags='-no-cpp-precomp -fno-common -DPERL_DARWIN -no-cpp-precomp -fno-strict-aliasing -pipe -fstack-protector -I/opt/local/include'
    ccversion='', gccversion='4.2.1 (Based on Apple Inc. build 5658) (LLVM build 2335.9)', gccosandvers=''
    intsize=4, longsize=8, ptrsize=8, doublesize=8, byteorder=12345678
    d_longlong=define, longlongsize=8, d_longdbl=define, longdblsize=16
    ivtype='long', ivsize=8, nvtype='double', nvsize=8, Off_t='off_t', lseeksize=8
    alignbytes=8, prototype=define
  Linker and Libraries:
    ld='env MACOSX_DEPLOYMENT_TARGET=10.3 cc', ldflags =' -fstack-protector -L/opt/local/lib'
    libpth=/opt/local/lib /usr/lib
    libs=-lgdbm -ldbm -ldl -lm -lutil -lc
    perllibs=-ldl -lm -lutil -lc
    libc=/usr/lib/libc.dylib, so=dylib, useshrplib=false, libperl=libperl.a
    gnulibc_version=''
  Dynamic Linking:
    dlsrc=dl_dlopen.xs, dlext=bundle, d_dlsymun=undef, ccdlflags=' '
    cccdlflags=' ', lddlflags=' -bundle -undefined dynamic_lookup -L/opt/local/lib -fstack-protector'


Characteristics of this binary (from libperl): 
  Compile-time options: PERL_DONT_CREATE_GVSV PERL_MALLOC_WRAP USE_64_BIT_ALL
                        USE_64_BIT_INT USE_LARGE_FILES USE_PERLIO
                        USE_PERL_ATOF
  Built under darwin
  Compiled at Jun 20 2011 14:51:14
  %ENV:
    PERL5LIB="/Users/fh/.cpan/build/RDF-Helper-2.0-k4myld/blib/arch:/Users/fh/.cpan/build/RDF-Helper-2.0-k4myld/blib/lib:/Users/fh/.cpan/build/RDF-Query-2.907-GBj5eI/blib/arch:/Users/fh/.cpan/build/RDF-Query-2.907-GBj5eI/blib/lib:/Users/fh/.cpan/build/DateTime-Format-W3CDTF-0.06-hJD8m4/blib/arch:/Users/fh/.cpan/build/DateTime-Format-W3CDTF-0.06-hJD8m4/blib/lib:/Users/fh/.cpan/build/RDF-Trine-0.135-vYk2Sq/blib/arch:/Users/fh/.cpan/build/RDF-Trine-0.135-vYk2Sq/blib/lib:/Users/fh/.cpan/build/Set-Scalar-1.25-VcDW8w/blib/arch:/Users/fh/.cpan/build/Set-Scalar-1.25-VcDW8w/blib/lib:/Users/fh/.cpan/build/Math-Combinatorics-0.09-yELnCs/blib/arch:/Users/fh/.cpan/build/Math-Combinatorics-0.09-yELnCs/blib/lib:/Users/fh/.cpan/build/XML-Namespace-0.02-N7TreI/blib/arch:/Users/fh/.cpan/build/XML-Namespace-0.02-N7TreI/blib/lib:/Users/fh/.cpan/build/Test-JSON-0.11-KotIoZ/blib/arch:/Users/fh/.cpan/build/Test-JSON-0.11-KotIoZ/blib/lib:/Users/fh/.cpan/build/Unicode-Escape-0.0.2-q7m4K8/blib/arch:/Users/fh/.cpan/build/Unicode-Escape-0.0.2-q7m4K8/blib/lib:/Users/fh/.cpan/build/Text-Table-1.123-xlqeyA/blib/arch:/Users/fh/.cpan/build/Text-Table-1.123-xlqeyA/blib/lib:/Users/fh/.cpan/build/Text-Aligner-0.07-u1DtSo/blib/arch:/Users/fh/.cpan/build/Text-Aligner-0.07-u1DtSo/blib/lib:/Users/fh/.cpan/build/XML-CommonNS-0.06-gPAAqC/blib/arch:/Users/fh/.cpan/build/XML-CommonNS-0.06-gPAAqC/blib/lib:/Users/fh/.cpan/build/XML-NamespaceFactory-1.00-bwpXoZ/blib/arch:/Users/fh/.cpan/build/XML-NamespaceFactory-1.00-bwpXoZ/blib/lib:/Users/fh/.cpan/build/Text-CSV-1.21-zW7rcK/blib/arch:/Users/fh/.cpan/build/Text-CSV-1.21-zW7rcK/blib/lib:/Users/fh/.cpan/build/Unicode-String-2.09-xugmdy/blib/arch:/Users/fh/.cpan/build/Unicode-String-2.09-xugmdy/blib/lib"
    PERL5OPT=""
    PERL5_CPANPLUS_IS_RUNNING="28882"
    PERL5_CPAN_IS_RUNNING="28882"
    PERL5_CPAN_IS_RUNNING_IN_RECURSION="352,28882"
    PERLBREW_PATH="/Users/fh/perl5/perlbrew/bin:/Users/fh/perl5/perlbrew/perls/current/bin"
    PERLBREW_PERL="perl-5.12.4"
    PERLBREW_ROOT="/Users/fh/perl5/perlbrew"
    PERLBREW_VERSION="0.19"
    PERL_CR_SMOKER_CURRENT="Class-OWL-0.0.6"
    PERL_EXTUTILS_AUTOINSTALL="--defaultdeps"
    PERL_MM_USE_DEFAULT="1"
  @INC:
    /Users/fh/.cpan/build/RDF-Helper-2.0-k4myld/blib/arch
    /Users/fh/.cpan/build/RDF-Helper-2.0-k4myld/blib/lib
    /Users/fh/.cpan/build/RDF-Query-2.907-GBj5eI/blib/arch
    /Users/fh/.cpan/build/RDF-Query-2.907-GBj5eI/blib/lib
    /Users/fh/.cpan/build/DateTime-Format-W3CDTF-0.06-hJD8m4/blib/arch
    /Users/fh/.cpan/build/DateTime-Format-W3CDTF-0.06-hJD8m4/blib/lib
    /Users/fh/.cpan/build/RDF-Trine-0.135-vYk2Sq/blib/arch
    /Users/fh/.cpan/build/RDF-Trine-0.135-vYk2Sq/blib/lib
    /Users/fh/.cpan/build/Set-Scalar-1.25-VcDW8w/blib/arch
    /Users/fh/.cpan/build/Set-Scalar-1.25-VcDW8w/blib/lib
    /Users/fh/.cpan/build/Math-Combinatorics-0.09-yELnCs/blib/arch
    /Users/fh/.cpan/build/Math-Combinatorics-0.09-yELnCs/blib/lib
    /Users/fh/.cpan/build/XML-Namespace-0.02-N7TreI/blib/arch
    /Users/fh/.cpan/build/XML-Namespace-0.02-N7TreI/blib/lib
    /Users/fh/.cpan/build/Test-JSON-0.11-KotIoZ/blib/arch
    /Users/fh/.cpan/build/Test-JSON-0.11-KotIoZ/blib/lib
    /Users/fh/.cpan/build/Unicode-Escape-0.0.2-q7m4K8/blib/arch
    /Users/fh/.cpan/build/Unicode-Escape-0.0.2-q7m4K8/blib/lib
    /Users/fh/.cpan/build/Text-Table-1.123-xlqeyA/blib/arch
    /Users/fh/.cpan/build/Text-Table-1.123-xlqeyA/blib/lib
    /Users/fh/.cpan/build/Text-Aligner-0.07-u1DtSo/blib/arch
    /Users/fh/.cpan/build/Text-Aligner-0.07-u1DtSo/blib/lib
    /Users/fh/.cpan/build/XML-CommonNS-0.06-gPAAqC/blib/arch
    /Users/fh/.cpan/build/XML-CommonNS-0.06-gPAAqC/blib/lib
    /Users/fh/.cpan/build/XML-NamespaceFactory-1.00-bwpXoZ/blib/arch
    /Users/fh/.cpan/build/XML-NamespaceFactory-1.00-bwpXoZ/blib/lib
    /Users/fh/.cpan/build/Text-CSV-1.21-zW7rcK/blib/arch
    /Users/fh/.cpan/build/Text-CSV-1.21-zW7rcK/blib/lib
    /Users/fh/.cpan/build/Unicode-String-2.09-xugmdy/blib/arch
    /Users/fh/.cpan/build/Unicode-String-2.09-xugmdy/blib/lib
    /Users/fh/perl5/perlbrew/perls/perl-5.12.4/lib/site_perl/5.12.4/darwin-2level
    /Users/fh/perl5/perlbrew/perls/perl-5.12.4/lib/site_perl/5.12.4
    /Users/fh/perl5/perlbrew/perls/perl-5.12.4/lib/5.12.4/darwin-2level
    /Users/fh/perl5/perlbrew/perls/perl-5.12.4/lib/5.12.4
    .