Report for DBIx-Class-OptimisticLocking-0.02

Back
From: metabase:user:00e8548a-0e72-11e3-8ee3-df0a9c418065
Subject: FAIL DBIx-Class-OptimisticLocking-0.02 v5.18.2 GNU/Linux
Date: 2014-04-06T05:49:36Z

This distribution has been tested as part of the CPAN Testers
project, supporting the Perl programming language.  See
http://wiki.cpantesters.org/ for more information or email
questions to cpan-testers-discuss@perl.org


--
Dear Brian Phillips,

This is a computer-generated report for DBIx-Class-OptimisticLocking-0.02
on perl 5.18.2, created by CPAN-Reporter-1.2011.

Thank you for uploading your work to CPAN.  However, there was a problem
testing your distribution.

If you think this report is invalid, please consult the CPAN Testers Wiki
for suggestions on how to avoid getting FAIL reports for missing library
or binary dependencies, unsupported operating systems, and so on:

http://wiki.cpantesters.org/wiki/CPANAuthorNotes

Sections of this report:

    * Tester comments
    * Program output
    * Prerequisites
    * Environment and other context

------------------------------
TESTER COMMENTS
------------------------------

Additional comments from tester:

this report is from an automated smoke testing program
and was not reviewed by a human for accuracy

------------------------------
PROGRAM OUTPUT
------------------------------

Output from '/usr/bin/make test':

PERL_DL_NONLAZY=1 /root/perl5/perlbrew/perls/perl-5.18.2/bin/perl "-MExtUtils::Command::MM" "-MTest::Harness" "-e" "undef *Test::Harness::Switches; test_harness(0, 'blib/lib', 'blib/arch')" t/*.t
t/00-compile.t ................ ok
invalid key result_class in hash passed to _order_by_to_dq at /root/perl5/perlbrew/perls/perl-5.18.2/lib/site_perl/5.18.2/SQL/Abstract/Converter.pm line 679.
# Looks like you planned 9 tests but ran 3.
# Looks like your test exited with 255 just after 3.
t/01-dirty.t .................. 
Dubious, test returned 255 (wstat 65280, 0xff00)
Failed 6/9 subtests 
invalid key where in hash passed to _order_by_to_dq at /root/perl5/perlbrew/perls/perl-5.18.2/lib/site_perl/5.18.2/SQL/Abstract/Converter.pm line 679.
# Looks like you planned 7 tests but ran 3.
# Looks like your test exited with 255 just after 3.
t/02-dirty-ignored.t .......... 
Dubious, test returned 255 (wstat 65280, 0xff00)
Failed 4/7 subtests 
invalid key result_class in hash passed to _order_by_to_dq at /root/perl5/perlbrew/perls/perl-5.18.2/lib/site_perl/5.18.2/SQL/Abstract/Converter.pm line 679.
# Looks like you planned 7 tests but ran 3.
# Looks like your test exited with 255 just after 3.
t/03-all.t .................... 
Dubious, test returned 255 (wstat 65280, 0xff00)
Failed 4/7 subtests 
invalid key select in hash passed to _order_by_to_dq at /root/perl5/perlbrew/perls/perl-5.18.2/lib/site_perl/5.18.2/SQL/Abstract/Converter.pm line 679.
# Looks like you planned 7 tests but ran 3.
# Looks like your test exited with 255 just after 3.
t/04-all-ignored.t ............ 
Dubious, test returned 255 (wstat 65280, 0xff00)
Failed 4/7 subtests 
invalid key force_pool in hash passed to _order_by_to_dq at /root/perl5/perlbrew/perls/perl-5.18.2/lib/site_perl/5.18.2/SQL/Abstract/Converter.pm line 679.
# Looks like you planned 12 tests but ran 3.
# Looks like your test exited with 255 just after 3.
t/05-version.t ................ 
Dubious, test returned 255 (wstat 65280, 0xff00)
Failed 9/12 subtests 
invalid key where in hash passed to _order_by_to_dq at /root/perl5/perlbrew/perls/perl-5.18.2/lib/site_perl/5.18.2/SQL/Abstract/Converter.pm line 679.
# Looks like you planned 5 tests but ran 3.
# Looks like your test exited with 255 just after 3.
t/06-version-custom-column.t .. 
Dubious, test returned 255 (wstat 65280, 0xff00)
Failed 2/5 subtests 
invalid key alias in hash passed to _order_by_to_dq at /root/perl5/perlbrew/perls/perl-5.18.2/lib/site_perl/5.18.2/SQL/Abstract/Converter.pm line 679.
# Looks like you planned 7 tests but ran 3.
# Looks like your test exited with 255 just after 3.
t/07-version-with-ignored.t ... 
Dubious, test returned 255 (wstat 65280, 0xff00)
Failed 4/7 subtests 
invalid key result_class in hash passed to _order_by_to_dq at /root/perl5/perlbrew/perls/perl-5.18.2/lib/site_perl/5.18.2/SQL/Abstract/Converter.pm line 679.
# Looks like you planned 6 tests but ran 4.
# Looks like your test exited with 255 just after 4.
t/08-none.t ................... 
Dubious, test returned 255 (wstat 65280, 0xff00)
Failed 2/6 subtests 
t/release-pod-coverage.t ...... skipped: these tests are for release candidate testing
t/release-pod-syntax.t ........ skipped: these tests are for release candidate testing

Test Summary Report
-------------------
t/01-dirty.t                (Wstat: 65280 Tests: 3 Failed: 0)
  Non-zero exit status: 255
  Parse errors: Bad plan.  You planned 9 tests but ran 3.
t/02-dirty-ignored.t        (Wstat: 65280 Tests: 3 Failed: 0)
  Non-zero exit status: 255
  Parse errors: Bad plan.  You planned 7 tests but ran 3.
t/03-all.t                  (Wstat: 65280 Tests: 3 Failed: 0)
  Non-zero exit status: 255
  Parse errors: Bad plan.  You planned 7 tests but ran 3.
t/04-all-ignored.t          (Wstat: 65280 Tests: 3 Failed: 0)
  Non-zero exit status: 255
  Parse errors: Bad plan.  You planned 7 tests but ran 3.
t/05-version.t              (Wstat: 65280 Tests: 3 Failed: 0)
  Non-zero exit status: 255
  Parse errors: Bad plan.  You planned 12 tests but ran 3.
t/06-version-custom-column.t (Wstat: 65280 Tests: 3 Failed: 0)
  Non-zero exit status: 255
  Parse errors: Bad plan.  You planned 5 tests but ran 3.
t/07-version-with-ignored.t (Wstat: 65280 Tests: 3 Failed: 0)
  Non-zero exit status: 255
  Parse errors: Bad plan.  You planned 7 tests but ran 3.
t/08-none.t                 (Wstat: 65280 Tests: 4 Failed: 0)
  Non-zero exit status: 255
  Parse errors: Bad plan.  You planned 6 tests but ran 4.
Files=11, Tests=26,  2 wallclock secs ( 0.04 usr  0.01 sys +  2.25 cusr  0.15 csys =  2.45 CPU)
Result: FAIL
Failed 8/11 test programs. 0/26 subtests failed.
make: *** [test_dynamic] Error 255

------------------------------
PREREQUISITES
------------------------------

Prerequisite modules loaded:

requires:

    Module              Need    Have    
    ------------------- ------- --------
    Carp                0       1.3301  
    DBIx::Class         0.08195 0.08270 
    List::Util          0       1.38    

build_requires:

    Module              Need    Have    
    ------------------- ------- --------
    Cwd                 0       3.40    
    DBIx::Class::Schema 0       0       
    File::Find          0       1.23    
    File::Spec          0       3.40    
    File::Temp          0       0.2304  
    Test::More          0       1.001003

configure_requires:

    Module              Need    Have    
    ------------------- ------- --------
    ExtUtils::MakeMaker 6.30    6.94    


------------------------------
ENVIRONMENT AND OTHER CONTEXT
------------------------------

Environment variables:

    AUTOMATED_TESTING = 1
    LANG = en_US.UTF-8
    PATH = /root/perl5/perlbrew/bin:/root/perl5/perlbrew/perls/perl-5.18.2/bin:/usr/kerberos/sbin:/usr/kerberos/bin:/usr/local/sbin:/usr/local/bin:/sbin:/bin:/usr/sbin:/usr/bin:/root/bin
    PERL5LIB = 
    PERL5OPT = 
    PERL5_CPANPLUS_IS_RUNNING = 28526
    PERL5_CPAN_IS_RUNNING = 28526
    PERL5_CPAN_IS_RUNNING_IN_RECURSION = 12098,28526
    PERLBREW_BASHRC_VERSION = 0.67
    PERLBREW_HOME = /root/.perlbrew
    PERLBREW_MANPATH = /root/perl5/perlbrew/perls/perl-5.18.2/man
    PERLBREW_PATH = /root/perl5/perlbrew/bin:/root/perl5/perlbrew/perls/perl-5.18.2/bin
    PERLBREW_PERL = perl-5.18.2
    PERLBREW_ROOT = /root/perl5/perlbrew
    PERLBREW_VERSION = 0.67
    PERL_CR_SMOKER_CURRENT = XAS-0.05
    PERL_EXTUTILS_AUTOINSTALL = --defaultdeps
    PERL_MM_USE_DEFAULT = 1
    SHELL = /bin/bash
    TERM = linux

Perl special variables (and OS-specific diagnostics, for MSWin32):

    $^X = /root/perl5/perlbrew/perls/perl-5.18.2/bin/perl
    $UID/$EUID = 0 / 0
    $GID = 0 0 1 2 3 4 6 10
    $EGID = 0 0 1 2 3 4 6 10

Perl module toolchain versions installed:

    Module              Have    
    ------------------- --------
    CPAN                2.05    
    CPAN::Meta          2.140640
    Cwd                 3.40    
    ExtUtils::CBuilder  0.280216
    ExtUtils::Command   1.18    
    ExtUtils::Install   1.64    
    ExtUtils::MakeMaker 6.94    
    ExtUtils::Manifest  1.63    
    ExtUtils::ParseXS   3.24    
    File::Spec          3.40    
    JSON                2.90    
    JSON::PP            2.27203 
    Module::Build       0.4205  
    Module::Signature   n/a     
    Parse::CPAN::Meta   1.4414  
    Test::Harness       3.30    
    Test::More          1.001003
    YAML                0.90    
    YAML::Syck          1.27    
    version             0.9908  


--

Summary of my perl5 (revision 5 version 18 subversion 2) configuration:
   
  Platform:
    osname=linux, osvers=2.6.18_14.20.2-custom, archname=x86_64-linux
    uname='linux mh4500 2.6.18_14.20.2-custom #1 smp mon feb 17 11:07:21 gmt 2014 x86_64 x86_64 x86_64 gnulinux '
    config_args='-de -Dprefix=/root/perl5/perlbrew/perls/perl-5.18.2 -Aeval:scriptdir=/root/perl5/perlbrew/perls/perl-5.18.2/bin'
    hint=recommended, useposix=true, d_sigaction=define
    useithreads=undef, usemultiplicity=undef
    useperlio=define, d_sfio=undef, uselargefiles=define, usesocks=undef
    use64bitint=define, use64bitall=define, uselongdouble=undef
    usemymalloc=n, bincompat5005=undef
  Compiler:
    cc='cc', ccflags ='-fno-strict-aliasing -pipe -fstack-protector -I/usr/local/include -D_LARGEFILE_SOURCE -D_FILE_OFFSET_BITS=64',
    optimize='-O2',
    cppflags='-fno-strict-aliasing -pipe -fstack-protector -I/usr/local/include'
    ccversion='', gccversion='4.1.2 20080704 (Red Hat 4.1.2-54)', gccosandvers=''
    intsize=4, longsize=8, ptrsize=8, doublesize=8, byteorder=12345678
    d_longlong=define, longlongsize=8, d_longdbl=define, longdblsize=16
    ivtype='long', ivsize=8, nvtype='double', nvsize=8, Off_t='off_t', lseeksize=8
    alignbytes=8, prototype=define
  Linker and Libraries:
    ld='cc', ldflags =' -fstack-protector -L/usr/local/lib'
    libpth=/usr/local/lib /lib /usr/lib /lib64 /usr/lib64 /usr/local/lib64
    libs=-lnsl -ldl -lm -lcrypt -lutil -lc
    perllibs=-lnsl -ldl -lm -lcrypt -lutil -lc
    libc=libc-2.5.so, so=so, useshrplib=false, libperl=libperl.a
    gnulibc_version='2.5'
  Dynamic Linking:
    dlsrc=dl_dlopen.xs, dlext=so, d_dlsymun=undef, ccdlflags='-Wl,-E'
    cccdlflags='-fPIC', lddlflags='-shared -O2 -L/usr/local/lib -fstack-protector'


Characteristics of this binary (from libperl): 
  Compile-time options: HAS_TIMES PERLIO_LAYERS PERL_DONT_CREATE_GVSV
                        PERL_HASH_FUNC_ONE_AT_A_TIME_HARD PERL_MALLOC_WRAP
                        PERL_PRESERVE_IVUV PERL_SAWAMPERSAND USE_64_BIT_ALL
                        USE_64_BIT_INT USE_LARGE_FILES USE_LOCALE
                        USE_LOCALE_COLLATE USE_LOCALE_CTYPE
                        USE_LOCALE_NUMERIC USE_PERLIO USE_PERL_ATOF
  Built under linux
  Compiled at Apr  3 2014 09:37:24
  %ENV:
    PERL5LIB=""
    PERL5OPT=""
    PERL5_CPANPLUS_IS_RUNNING="28526"
    PERL5_CPAN_IS_RUNNING="28526"
    PERL5_CPAN_IS_RUNNING_IN_RECURSION="12098,28526"
    PERLBREW_BASHRC_VERSION="0.67"
    PERLBREW_HOME="/root/.perlbrew"
    PERLBREW_MANPATH="/root/perl5/perlbrew/perls/perl-5.18.2/man"
    PERLBREW_PATH="/root/perl5/perlbrew/bin:/root/perl5/perlbrew/perls/perl-5.18.2/bin"
    PERLBREW_PERL="perl-5.18.2"
    PERLBREW_ROOT="/root/perl5/perlbrew"
    PERLBREW_VERSION="0.67"
    PERL_CR_SMOKER_CURRENT="XAS-0.05"
    PERL_EXTUTILS_AUTOINSTALL="--defaultdeps"
    PERL_MM_USE_DEFAULT="1"
  @INC:
    /root/perl5/perlbrew/perls/perl-5.18.2/lib/site_perl/5.18.2/x86_64-linux
    /root/perl5/perlbrew/perls/perl-5.18.2/lib/site_perl/5.18.2
    /root/perl5/perlbrew/perls/perl-5.18.2/lib/5.18.2/x86_64-linux
    /root/perl5/perlbrew/perls/perl-5.18.2/lib/5.18.2
    .