HTML-CalendarMonth v2.04 Perl 5 v5.32.0 i686-linux-64int-quadmath
- Status
- Fail
- From
- David Cantrell (DCANTRELL)
- Dist
-
HTML-CalendarMonth v2.04
- Platform
- Perl 5 v5.32.0 i686-linux-64int-quadmath
- Date
- 2022-05-30 15:21:53
- ID
- 3c6adee8-e02c-11ec-b487-a6b79c9e5db9
This distribution has been tested as part of the CPAN Testers
project, supporting the Perl programming language. See
http://wiki.cpantesters.org/ for more information or email
questions to cpan-testers-discuss@perl.org
--
Dear Matt Sisk,
This is a computer-generated report for HTML-CalendarMonth-2.04
on perl 5.32.0, created by CPAN-Reporter-1.2018.
Thank you for uploading your work to CPAN. However, there was a problem
testing your distribution.
If you think this report is invalid, please consult the CPAN Testers Wiki
for suggestions on how to avoid getting FAIL reports for missing library
or binary dependencies, unsupported operating systems, and so on:
http://wiki.cpantesters.org/wiki/CPANAuthorNotes
Sections of this report:
* Tester comments
* Program output
* Prerequisites
* Environment and other context
------------------------------
TESTER COMMENTS
------------------------------
Additional comments from tester:
this report is from an automated smoke testing program
and was not reviewed by a human for accuracy
------------------------------
PROGRAM OUTPUT
------------------------------
Output from '/usr/bin/make test':
PERL_DL_NONLAZY=1 "/home/david/cpantesting/perl-5.32.0-quadmath-int64/bin/perl" "-MExtUtils::Command::MM" "-MTest::Harness" "-e" "undef *Test::Harness::Switches; test_harness(0, 'blib/lib', 'blib/arch')" t/*.t
t/00_basic.t ....... ok
t/01_autodetect.t .. ok
t/02_timelocal.t ... ok
t/03_datetime.t .... ok
t/04_datemanip.t ... ok
t/05_datecalc.t .... ok
t/06_cal.t ......... ok
t/07_ncal.t ........ ok
# Failed test '(2010/03 i8n) Irish Ireland (wb:2) using auto-detect'
# at /home/david/cpantesting/perl-5.32.0-quadmath-int64/.cpan/build/HTML-CalendarMonth-2.04-0/t/testload.pm line 246.
# got: '<table class="hcm-table"><tr><td class="hcm-month-head" colspan=5>Márta</td><td class="hcm-year-head" colspan=2>2010</td></tr><tr><td class="hcm-day-head">Luan</td><td class="hcm-day-head">Máirt</td><td class="hcm-day-head">Céad</td><td class="hcm-day-head">Déar</td><td class="hcm-day-head">Aoine</td><td class="hcm-day-head">Sath</td><td class="hcm-day-head">Domh</td></tr><tr><td>1</td><td>2</td><td>3</td><td>4</td><td>5</td><td>6</td><td>7</td></tr><tr><td>8</td><td>9</td><td>10</td><td>11</td><td>12</td><td>13</td><td>14</td></tr><tr><td>15</td><td>16</td><td>17</td><td>18</td><td>19</td><td>20</td><td>21</td></tr><tr><td>22</td><td>23</td><td>24</td><td>25</td><td>26</td><td>27</td><td>28</td></tr><tr><td>29</td><td>30</td><td>31</td><td></td><td></td><td></td><td></td></tr></table>'
# expected: '<table class="hcm-table"><tr><td class="hcm-month-head" colspan=5>Márta</td><td class="hcm-year-head" colspan=2>2010</td></tr><tr><td class="hcm-day-head">Domh</td><td class="hcm-day-head">Luan</td><td class="hcm-day-head">Máirt</td><td class="hcm-day-head">Céad</td><td class="hcm-day-head">Déar</td><td class="hcm-day-head">Aoine</td><td class="hcm-day-head">Sath</td></tr><tr><td></td><td>1</td><td>2</td><td>3</td><td>4</td><td>5</td><td>6</td></tr><tr><td>7</td><td>8</td><td>9</td><td>10</td><td>11</td><td>12</td><td>13</td></tr><tr><td>14</td><td>15</td><td>16</td><td>17</td><td>18</td><td>19</td><td>20</td></tr><tr><td>21</td><td>22</td><td>23</td><td>24</td><td>25</td><td>26</td><td>27</td></tr><tr><td>28</td><td>29</td><td>30</td><td>31</td><td></td><td></td><td></td></tr></table>'
# Failed test '(2010/03 i8n) Spanish Mexico (wb:1) using auto-detect'
# at /home/david/cpantesting/perl-5.32.0-quadmath-int64/.cpan/build/HTML-CalendarMonth-2.04-0/t/testload.pm line 246.
# got: '<table class="hcm-table"><tr><td class="hcm-month-head" colspan=5>marzo</td><td class="hcm-year-head" colspan=2>2010</td></tr><tr><td class="hcm-day-head">dom</td><td class="hcm-day-head">lun</td><td class="hcm-day-head">mar</td><td class="hcm-day-head">mié</td><td class="hcm-day-head">jue</td><td class="hcm-day-head">vie</td><td class="hcm-day-head">sáb</td></tr><tr><td></td><td>1</td><td>2</td><td>3</td><td>4</td><td>5</td><td>6</td></tr><tr><td>7</td><td>8</td><td>9</td><td>10</td><td>11</td><td>12</td><td>13</td></tr><tr><td>14</td><td>15</td><td>16</td><td>17</td><td>18</td><td>19</td><td>20</td></tr><tr><td>21</td><td>22</td><td>23</td><td>24</td><td>25</td><td>26</td><td>27</td></tr><tr><td>28</td><td>29</td><td>30</td><td>31</td><td></td><td></td><td></td></tr></table>'
# expected: '<table class="hcm-table"><tr><td class="hcm-month-head" colspan=5>marzo</td><td class="hcm-year-head" colspan=2>2010</td></tr><tr><td class="hcm-day-head">dom.</td><td class="hcm-day-head">lun.</td><td class="hcm-day-head">mar.</td><td class="hcm-day-head">mié.</td><td class="hcm-day-head">jue.</td><td class="hcm-day-head">vie.</td><td class="hcm-day-head">sáb.</td></tr><tr><td></td><td>1</td><td>2</td><td>3</td><td>4</td><td>5</td><td>6</td></tr><tr><td>7</td><td>8</td><td>9</td><td>10</td><td>11</td><td>12</td><td>13</td></tr><tr><td>14</td><td>15</td><td>16</td><td>17</td><td>18</td><td>19</td><td>20</td></tr><tr><td>21</td><td>22</td><td>23</td><td>24</td><td>25</td><td>26</td><td>27</td></tr><tr><td>28</td><td>29</td><td>30</td><td>31</td><td></td><td></td><td></td></tr></table>'
# Failed test '(2010/03 i8n) Portuguese Brazil (wb:1) using auto-detect'
# at /home/david/cpantesting/perl-5.32.0-quadmath-int64/.cpan/build/HTML-CalendarMonth-2.04-0/t/testload.pm line 246.
# got: '<table class="hcm-table"><tr><td class="hcm-month-head" colspan=5>março</td><td class="hcm-year-head" colspan=2>2010</td></tr><tr><td class="hcm-day-head">dom.</td><td class="hcm-day-head">seg.</td><td class="hcm-day-head">ter.</td><td class="hcm-day-head">qua.</td><td class="hcm-day-head">qui.</td><td class="hcm-day-head">sex.</td><td class="hcm-day-head">sáb.</td></tr><tr><td></td><td>1</td><td>2</td><td>3</td><td>4</td><td>5</td><td>6</td></tr><tr><td>7</td><td>8</td><td>9</td><td>10</td><td>11</td><td>12</td><td>13</td></tr><tr><td>14</td><td>15</td><td>16</td><td>17</td><td>18</td><td>19</td><td>20</td></tr><tr><td>21</td><td>22</td><td>23</td><td>24</td><td>25</td><td>26</td><td>27</td></tr><tr><td>28</td><td>29</td><td>30</td><td>31</td><td></td><td></td><td></td></tr></table>'
# expected: '<table class="hcm-table"><tr><td class="hcm-month-head" colspan=5>março</td><td class="hcm-year-head" colspan=2>2010</td></tr><tr><td class="hcm-day-head">dom</td><td class="hcm-day-head">seg</td><td class="hcm-day-head">ter</td><td class="hcm-day-head">qua</td><td class="hcm-day-head">qui</td><td class="hcm-day-head">sex</td><td class="hcm-day-head">sáb</td></tr><tr><td></td><td>1</td><td>2</td><td>3</td><td>4</td><td>5</td><td>6</td></tr><tr><td>7</td><td>8</td><td>9</td><td>10</td><td>11</td><td>12</td><td>13</td></tr><tr><td>14</td><td>15</td><td>16</td><td>17</td><td>18</td><td>19</td><td>20</td></tr><tr><td>21</td><td>22</td><td>23</td><td>24</td><td>25</td><td>26</td><td>27</td></tr><tr><td>28</td><td>29</td><td>30</td><td>31</td><td></td><td></td><td></td></tr></table>'
# Looks like you failed 3 tests of 8.
t/20_i8n.t .........
Dubious, test returned 3 (wstat 768, 0x300)
Failed 3/8 subtests
t/21_narrow.t ...... ok
Test Summary Report
-------------------
t/20_i8n.t (Wstat: 768 Tests: 8 Failed: 3)
Failed tests: 2-3, 7
Non-zero exit status: 3
Files=10, Tests=1096, 22 wallclock secs ( 0.23 usr 0.06 sys + 11.97 cusr 0.41 csys = 12.67 CPU)
Result: FAIL
Failed 1/10 test programs. 3/1096 subtests failed.
make: *** [Makefile:862: test_dynamic] Error 255
------------------------------
PREREQUISITES
------------------------------
Prerequisite modules loaded:
requires:
Module Need Have
------------------- ---- ----
Class::Accessor 0 0.51
DateTime::Locale 0.45 1.35
File::Which 0 1.27
HTML::ElementTable 1.18 1.18
Time::Local 0 1.28
build_requires:
Module Need Have
------------------- ---- ----
ExtUtils::MakeMaker 0 7.44
configure_requires:
Module Need Have
------------------- ---- ----
ExtUtils::MakeMaker 0 7.44
------------------------------
ENVIRONMENT AND OTHER CONTEXT
------------------------------
Environment variables:
AUTOMATED_TESTING = 1
LANG = en_GB.UTF-8
LANGUAGE = en_GB:en
LC_TERMINAL = iTerm2
LC_TERMINAL_VERSION = 3.4.14
NONINTERACTIVE_TESTING = 1
PATH = /home/david/perl5/perlbrew/bin:/home/david/perl5/perlbrew/perls/perl-5.32.0/bin:/home/david/bin:/usr/local/bin:/usr/bin:/bin:/usr/local/games:/usr/games
PERL = 5.32.0-quadmath-int64
PERL5LIB =
PERL5OPT =
PERL5_CPANPLUS_IS_RUNNING = 23092
PERL5_CPAN_IS_RUNNING = 23092
PERLBREW_HOME = /home/david/.perlbrew
PERLBREW_MANPATH = /home/david/perl5/perlbrew/perls/perl-5.32.0/man
PERLBREW_PATH = /home/david/perl5/perlbrew/bin:/home/david/perl5/perlbrew/perls/perl-5.32.0/bin
PERLBREW_PERL = perl-5.32.0
PERLBREW_ROOT = /home/david/perl5/perlbrew
PERLBREW_SHELLRC_VERSION = 0.89
PERLBREW_VERSION = 0.89
PERLVER = 5.32.0-quadmath-int64
PERL_INLINE_DIRECTORY = /home/david/.Inline-5.32.0-quadmath-int64
PERL_MM_USE_DEFAULT = 1
PERL_USE_UNSAFE_INC = 0
SHELL = /bin/bash
TERM = screen
Perl special variables (and OS-specific diagnostics, for MSWin32):
$^X = /home/david/cpantesting/perl-5.32.0-quadmath-int64/bin/perl
$UID/$EUID = 1000 / 1000
$GID = 1000 24 25 27 29 30 44 46 109 1000
$EGID = 1000 24 25 27 29 30 44 46 109 1000
Perl module toolchain versions installed:
Module Have
------------------- --------
CPAN 2.27
CPAN::Meta 2.150010
Cwd 3.78
ExtUtils::CBuilder 0.280234
ExtUtils::Command 7.44
ExtUtils::Install 2.14
ExtUtils::MakeMaker 7.44
ExtUtils::Manifest 1.72
ExtUtils::ParseXS 3.40
File::Spec 3.78
JSON 4.06
JSON::PP 4.04
Module::Build 0.4231
Module::Signature n/a
Parse::CPAN::Meta 2.150010
Test::Harness 3.42
Test::More 1.302190
YAML n/a
YAML::Syck n/a
version 0.9924
--
Summary of my perl5 (revision 5 version 32 subversion 0) configuration:
Platform:
osname=linux
osvers=5.10.0-11-686-pae
archname=i686-linux-64int-quadmath
uname='linux cpantesting-linux-32bit-utm 5.10.0-11-686-pae #1 smp debian 5.10.92-1 (2022-01-18) i686 gnulinux '
config_args='-de -Dusequadmath -Dprefix=/home/david/cpantesting/perl-5.32.0-quadmath-int64 -Duse64bitint'
hint=recommended
useposix=true
d_sigaction=define
useithreads=undef
usemultiplicity=undef
use64bitint=define
use64bitall=undef
uselongdouble=undef
usemymalloc=n
default_inc_excludes_dot=define
bincompat5005=undef
Compiler:
cc='cc'
ccflags ='-fwrapv -fno-strict-aliasing -pipe -fstack-protector-strong -I/usr/local/include -D_LARGEFILE_SOURCE -D_FILE_OFFSET_BITS=64 -D_FORTIFY_SOURCE=2'
optimize='-O2'
cppflags='-fwrapv -fno-strict-aliasing -pipe -fstack-protector-strong -I/usr/local/include'
ccversion=''
gccversion='10.2.1 20210110'
gccosandvers=''
intsize=4
longsize=4
ptrsize=4
doublesize=8
byteorder=12345678
doublekind=3
d_longlong=define
longlongsize=8
d_longdbl=define
longdblsize=12
longdblkind=3
ivtype='long long'
ivsize=8
nvtype='__float128'
nvsize=16
Off_t='off_t'
lseeksize=8
alignbytes=16
prototype=define
Linker and Libraries:
ld='cc'
ldflags =' -fstack-protector-strong -L/usr/local/lib'
libpth=/usr/local/lib /usr/include/i386-linux-gnu /usr/lib /lib/i386-linux-gnu /lib/../lib /usr/lib/i386-linux-gnu /usr/lib/../lib /lib /lib64 /usr/lib64
libs=-lpthread -lnsl -ldl -lm -lcrypt -lutil -lc -lquadmath
perllibs=-lpthread -lnsl -ldl -lm -lcrypt -lutil -lc -lquadmath
libc=libc-2.31.so
so=so
useshrplib=false
libperl=libperl.a
gnulibc_version='2.31'
Dynamic Linking:
dlsrc=dl_dlopen.xs
dlext=so
d_dlsymun=undef
ccdlflags='-Wl,-E'
cccdlflags='-fPIC'
lddlflags='-shared -O2 -L/usr/local/lib -fstack-protector-strong'
Characteristics of this binary (from libperl):
Compile-time options:
HAS_TIMES
PERLIO_LAYERS
PERL_COPY_ON_WRITE
PERL_DONT_CREATE_GVSV
PERL_MALLOC_WRAP
PERL_OP_PARENT
PERL_PRESERVE_IVUV
USE_64_BIT_INT
USE_LARGE_FILES
USE_LOCALE
USE_LOCALE_COLLATE
USE_LOCALE_CTYPE
USE_LOCALE_NUMERIC
USE_LOCALE_TIME
USE_PERLIO
USE_PERL_ATOF
USE_QUADMATH
Built under linux
Compiled at Feb 8 2022 13:00:37
%ENV:
PERL="5.32.0-quadmath-int64"
PERL5LIB=""
PERL5OPT=""
PERL5_CPANPLUS_IS_RUNNING="23092"
PERL5_CPAN_IS_RUNNING="23092"
PERLBREW_HOME="/home/david/.perlbrew"
PERLBREW_MANPATH="/home/david/perl5/perlbrew/perls/perl-5.32.0/man"
PERLBREW_PATH="/home/david/perl5/perlbrew/bin:/home/david/perl5/perlbrew/perls/perl-5.32.0/bin"
PERLBREW_PERL="perl-5.32.0"
PERLBREW_ROOT="/home/david/perl5/perlbrew"
PERLBREW_SHELLRC_VERSION="0.89"
PERLBREW_VERSION="0.89"
PERLVER="5.32.0-quadmath-int64"
PERL_INLINE_DIRECTORY="/home/david/.Inline-5.32.0-quadmath-int64"
PERL_MM_USE_DEFAULT="1"
PERL_USE_UNSAFE_INC="0"
@INC:
/home/david/cpantesting/perl-5.32.0-quadmath-int64/lib/site_perl/5.32.0/i686-linux-64int-quadmath
/home/david/cpantesting/perl-5.32.0-quadmath-int64/lib/site_perl/5.32.0
/home/david/cpantesting/perl-5.32.0-quadmath-int64/lib/5.32.0/i686-linux-64int-quadmath
/home/david/cpantesting/perl-5.32.0-quadmath-int64/lib/5.32.0