Hadoop-HDFS-Command v0.004 Perl 5 v5.20.1 MSWin32-x86-multi-thread-64int
- Status
- Fail
- From
- Alexandr Ciornii (CHORNY)
- Dist
-
Hadoop-HDFS-Command v0.004
- Platform
- Perl 5 v5.20.1 MSWin32-x86-multi-thread-64int
- Date
- 2017-09-16 21:07:45
- ID
- 3b78dca8-6bf4-1014-8c9e-8a1f0c99da7c
This distribution has been tested as part of the CPAN Testers
project, supporting the Perl programming language. See
http://wiki.cpantesters.org/ for more information or email
questions to cpan-testers-discuss@perl.org
--
Dear Pedro Silva,
This is a computer-generated report for Hadoop-HDFS-Command-0.004
on perl 5.20.1, created by CPAN-Reporter-1.2014.
Thank you for uploading your work to CPAN. However, there was a problem
testing your distribution.
If you think this report is invalid, please consult the CPAN Testers Wiki
for suggestions on how to avoid getting FAIL reports for missing library
or binary dependencies, unsupported operating systems, and so on:
http://wiki.cpantesters.org/wiki/CPANAuthorNotes
Sections of this report:
* Tester comments
* Program output
* Prerequisites
* Environment and other context
------------------------------
TESTER COMMENTS
------------------------------
Additional comments from tester:
this report is from an automated smoke testing program
and was not reviewed by a human for accuracy
------------------------------
PROGRAM OUTPUT
------------------------------
Output from 'C:\STRAWB~1\c\bin\dmake.exe test':
"C:\Strawberry201\perl\bin\perl.exe" "-MExtUtils::Command::MM" "-MTest::Harness" "-e" "undef *Test::Harness::Switches; test_harness(0, 'blib\lib', 'blib\arch')" t/*.t
# Failed test 'Hadoop/HDFS/Command.pm loaded ok'
# at t/00-compile.t line 43.
# got: '65280'
# expected: '0'
The getpwuid function is unimplemented at C:\STRAWB~1\cpan\build\Hadoop-HDFS-Command-0.004-RC0psh\blib\lib/Hadoop/HDFS/Command.pm line 39.
Compilation failed in require at -e line 1.
# Looks like you failed 1 test of 1.
t/00-compile.t ...........
Dubious, test returned 1 (wstat 256, 0x100)
Failed 1/1 subtests
#
# Versions for all modules listed in MYMETA.json (including optional ones):
#
# === Configure Requires ===
#
# Module Want Have
# ------------------- ---- ----
# ExtUtils::MakeMaker any 7.04
#
# === Build Requires ===
#
# Module Want Have
# ------------------- ---- ----
# ExtUtils::MakeMaker any 7.04
#
# === Test Requires ===
#
# Module Want Have
# ------------------- ---- --------
# ExtUtils::MakeMaker any 7.04
# File::Spec any 3.48
# IO::Handle any 1.35
# IPC::Open3 any 1.16
# Test::More any 1.001006
# blib 1.01 1.06
#
# === Test Recommends ===
#
# Module Want Have
# ---------- -------- --------
# CPAN::Meta 2.120900 2.142060
#
# === Runtime Requires ===
#
# Module Want Have
# -------------------------- ---- --------
# Capture::Tiny any 0.25
# Carp any 1.36
# Data::Dumper any 2.151
# DateTime any 1.18
# DateTime::Format::Strptime any 1.56
# Getopt::Long any 2.45
# IPC::Cmd any 0.92
# IPC::Open3 any 1.16
# Moo any 2.000001
# Ref::Util any 0.203
# Time::HiRes any 1.9726
# Types::Standard any 1.000005
# strict any 1.08
# warnings any 1.23
#
t/00-report-prereqs.t .... ok
The getpwuid function is unimplemented at C:\STRAWB~1\cpan\build\Hadoop-HDFS-Command-0.004-RC0psh\blib\lib/Hadoop/HDFS/Command.pm line 39.
Compilation failed in require at t/01-use.t line 6.
BEGIN failed--compilation aborted at t/01-use.t line 6.
t/01-use.t ...............
Dubious, test returned 255 (wstat 65280, 0xff00)
No subtests run
t/author-pod-coverage.t .. skipped: these tests are for testing by the author
t/author-pod-syntax.t .... skipped: these tests are for testing by the author
t/release-distmeta.t ..... skipped: these tests are for release candidate testing
Test Summary Report
-------------------
t/00-compile.t (Wstat: 256 Tests: 1 Failed: 1)
Failed test: 1
Non-zero exit status: 1
t/01-use.t (Wstat: 65280 Tests: 0 Failed: 0)
Non-zero exit status: 255
Parse errors: No plan found in TAP output
Files=6, Tests=2, 7 wallclock secs ( 0.08 usr + 0.03 sys = 0.11 CPU)
Result: FAIL
Failed 2/6 test programs. 1/2 subtests failed.
dmake.exe: Error code 255, while making 'test_dynamic'
------------------------------
PREREQUISITES
------------------------------
Prerequisite modules loaded:
requires:
Module Need Have
-------------------------- ----- --------
Capture::Tiny 0 0.25
Carp 0 1.36
Data::Dumper 0 2.151
DateTime 0 1.18
DateTime::Format::Strptime 0 1.56
Getopt::Long 0 2.45
IPC::Cmd 0 0.92
IPC::Open3 0 1.16
Moo 0 2.000001
perl 5.010 5.020001
Ref::Util 0 0.203
strict 0 1.08
Time::HiRes 0 1.9726
Types::Standard 0 1.000005
warnings 0 1.23
build_requires:
Module Need Have
-------------------------- ----- --------
blib 1.01 1.06
ExtUtils::MakeMaker 0 7.04
File::Spec 0 3.48
IO::Handle 0 1.35
IPC::Open3 0 1.16
Test::More 0 1.001006
configure_requires:
Module Need Have
-------------------------- ----- --------
ExtUtils::MakeMaker 0 7.04
------------------------------
ENVIRONMENT AND OTHER CONTEXT
------------------------------
Environment variables:
AUTOMATED_TESTING = 1
COMSPEC = C:\WINDOWS\system32\cmd.exe
NUMBER_OF_PROCESSORS = 1
PATH = C:\WINDOWS\system32;C:\WINDOWS;C:\WINDOWS\System32\Wbem;C:\Strawberry201\c\bin;C:\Strawberry201\perl\site\bin;C:\Strawberry201\perl\bin;C:\Git\cmd
PERL5LIB = C:\STRAWB~1\cpan\build\Ref-Util-0.203-JoEtlC/blib/arch;C:\STRAWB~1\cpan\build\Ref-Util-0.203-JoEtlC/blib/lib;C:\STRAWB~1\cpan\build\Ref-Util-XS-0.116-rwrpvY/blib/arch;C:\STRAWB~1\cpan\build\Ref-Util-XS-0.116-rwrpvY/blib/lib
PERL5OPT =
PERL5_CPANPLUS_IS_RUNNING = 768
PERL5_CPAN_IS_RUNNING = 768
PERL5_CPAN_IS_RUNNING_IN_RECURSION = 1668,768
PERL_CR_SMOKER_CURRENT = Hadoop-HDFS-Command-0.004
PERL_CR_SMOKER_RUNONCE = 1
PERL_EXTUTILS_AUTOINSTALL = --defaultdeps
PERL_MM_USE_DEFAULT = 1
PROCESSOR_IDENTIFIER = x86 Family 16 Model 5 Stepping 3, AuthenticAMD
TEMP = C:\DOCUME~1\c\LOCALS~1\Temp
Perl special variables (and OS-specific diagnostics, for MSWin32):
$^X = C:\Strawberry201\perl\bin\perl.exe
$UID/$EUID = 0 / 0
$GID = 0
$EGID = 0
Win32::GetOSName = WinXP/.Net
Win32::GetOSVersion = Service Pack 3, 5, 1, 2600, 2, 3, 0, 256, 1
Win32::FsType = NTFS
Win32::IsAdminUser = 1
Perl module toolchain versions installed:
Module Have
------------------- --------
CPAN 2.05
CPAN::Meta 2.142060
Cwd 3.48
ExtUtils::CBuilder 0.280219
ExtUtils::Command 1.18
ExtUtils::Install 1.68
ExtUtils::MakeMaker 7.04
ExtUtils::Manifest 1.66
ExtUtils::ParseXS 3.24
File::Spec 3.48
JSON 2.90
JSON::PP 2.27203
Module::Build 0.4211
Module::Signature 0.78
Parse::CPAN::Meta 1.4414
Test::Harness 3.33
Test::More 1.001006
YAML 1.15
YAML::Syck 1.29
version 0.9909
--
Summary of my perl5 (revision 5 version 20 subversion 1) configuration:
Platform:
osname=MSWin32, osvers=6.3, archname=MSWin32-x86-multi-thread-64int
uname='Win32 strawberry-perl 5.20.1.1 #1 Mon Sep 15 18:25:23 2014 i386'
config_args='undef'
hint=recommended, useposix=true, d_sigaction=undef
useithreads=define, usemultiplicity=define
use64bitint=define, use64bitall=undef, uselongdouble=undef
usemymalloc=n, bincompat5005=undef
Compiler:
cc='gcc', ccflags =' -s -O2 -DWIN32 -DPERL_TEXTMODE_SCRIPTS -DPERL_IMPLICIT_CONTEXT -DPERL_IMPLICIT_SYS -DUSE_PERLIO -fwrapv -fno-strict-aliasing -mms-bitfields',
optimize='-s -O2',
cppflags='-DWIN32'
ccversion='', gccversion='4.8.3', gccosandvers=''
intsize=4, longsize=4, ptrsize=4, doublesize=8, byteorder=12345678
d_longlong=define, longlongsize=8, d_longdbl=define, longdblsize=12
ivtype='long long', ivsize=8, nvtype='double', nvsize=8, Off_t='long long', lseeksize=8
alignbytes=8, prototype=define
Linker and Libraries:
ld='g++', ldflags ='-s -L"C:\STRAWB~1\perl\lib\CORE" -L"C:\STRAWB~1\c\lib"'
libpth=C:\STRAWB~1\c\lib C:\STRAWB~1\c\i686-w64-mingw32\lib C:\STRAWB~1\c\lib\gcc\i686-w64-mingw32\4.8.3
libs=-lmoldname -lkernel32 -luser32 -lgdi32 -lwinspool -lcomdlg32 -ladvapi32 -lshell32 -lole32 -loleaut32 -lnetapi32 -luuid -lws2_32 -lmpr -lwinmm -lversion -lodbc32 -lodbccp32 -lcomctl32
perllibs=-lmoldname -lkernel32 -luser32 -lgdi32 -lwinspool -lcomdlg32 -ladvapi32 -lshell32 -lole32 -loleaut32 -lnetapi32 -luuid -lws2_32 -lmpr -lwinmm -lversion -lodbc32 -lodbccp32 -lcomctl32
libc=, so=dll, useshrplib=true, libperl=libperl520.a
gnulibc_version=''
Dynamic Linking:
dlsrc=dl_win32.xs, dlext=xs.dll, d_dlsymun=undef, ccdlflags=' '
cccdlflags=' ', lddlflags='-mdll -s -L"C:\STRAWB~1\perl\lib\CORE" -L"C:\STRAWB~1\c\lib"'
Characteristics of this binary (from libperl):
Compile-time options: HAS_TIMES HAVE_INTERP_INTERN MULTIPLICITY
PERLIO_LAYERS PERL_DONT_CREATE_GVSV
PERL_HASH_FUNC_ONE_AT_A_TIME_HARD
PERL_IMPLICIT_CONTEXT PERL_IMPLICIT_SYS
PERL_MALLOC_WRAP PERL_NEW_COPY_ON_WRITE
PERL_PRESERVE_IVUV USE_64_BIT_INT USE_ITHREADS
USE_LARGE_FILES USE_LOCALE USE_LOCALE_COLLATE
USE_LOCALE_CTYPE USE_LOCALE_NUMERIC USE_PERLIO
USE_PERL_ATOF
Built under MSWin32
Compiled at Sep 15 2014 18:29:20
%ENV:
PERL5LIB="C:\STRAWB~1\cpan\build\Ref-Util-0.203-JoEtlC/blib/arch;C:\STRAWB~1\cpan\build\Ref-Util-0.203-JoEtlC/blib/lib;C:\STRAWB~1\cpan\build\Ref-Util-XS-0.116-rwrpvY/blib/arch;C:\STRAWB~1\cpan\build\Ref-Util-XS-0.116-rwrpvY/blib/lib"
PERL5_CPANPLUS_IS_RUNNING="768"
PERL5_CPAN_IS_RUNNING="768"
PERL5_CPAN_IS_RUNNING_IN_RECURSION="1668,768"
PERL_CR_SMOKER_CURRENT="Hadoop-HDFS-Command-0.004"
PERL_CR_SMOKER_RUNONCE="1"
PERL_EXTUTILS_AUTOINSTALL="--defaultdeps"
PERL_MM_USE_DEFAULT="1"
@INC:
C:\STRAWB~1\cpan\build\Ref-Util-0.203-JoEtlC/blib/arch
C:\STRAWB~1\cpan\build\Ref-Util-0.203-JoEtlC/blib/lib
C:\STRAWB~1\cpan\build\Ref-Util-XS-0.116-rwrpvY/blib/arch
C:\STRAWB~1\cpan\build\Ref-Util-XS-0.116-rwrpvY/blib/lib
C:/Strawberry201/perl/site/lib
C:/Strawberry201/perl/vendor/lib
C:/Strawberry201/perl/lib
.