Report for DBICx-Backend-Move-1.000008

Back
From: metabase:user:31d414ea-2aae-11df-837a-5e0a49663a4f
Subject: FAIL DBICx-Backend-Move-1.000008 v5.14.3 GNU/Linux
Date: 2012-10-17T23:34:43Z

This distribution has been tested as part of the CPAN Testers
project, supporting the Perl programming language.  See
http://wiki.cpantesters.org/ for more information or email
questions to cpan-testers-discuss@perl.org


--
Dear Maik Hentsche,

This is a computer-generated report for DBICx-Backend-Move-1.000008
on perl 5.14.3, created by CPAN-Reporter-1.2006.

Thank you for uploading your work to CPAN.  However, there was a problem
testing your distribution.

If you think this report is invalid, please consult the CPAN Testers Wiki
for suggestions on how to avoid getting FAIL reports for missing library
or binary dependencies, unsupported operating systems, and so on:

http://wiki.cpantesters.org/wiki/CPANAuthorNotes

Sections of this report:

    * Tester comments
    * Program output
    * Prerequisites
    * Environment and other context

------------------------------
TESTER COMMENTS
------------------------------

Additional comments from tester:

this report is from an automated smoke testing program
and was not reviewed by a human for accuracy

------------------------------
PROGRAM OUTPUT
------------------------------

Output from '/usr/bin/make test':

PERL_DL_NONLAZY=1 /home/david/cpantesting/perl-5.14.3/bin/perl "-MExtUtils::Command::MM" "-e" "test_harness(0, 'blib/lib', 'blib/arch')" t/*.t
Use of uninitialized value $DBICx::Backend::Move::Base::VERSION in concatenation (.) or string at t/00-load.t line 11.
# Testing DBICx::Backend::Move , Perl 5.014003, /home/david/cpantesting/perl-5.14.3/bin/perl
t/00-load.t .................... ok
DBIx::Class::Schema::throw_exception(): DBIx::Class::Row::throw_exception(): Can't locate DBIx/Class/TimeStamp.pm in @INC (@INC contains: t/lib /home/david/cpantesting/perl-5.14.3/.cpan/build/DBICx-Backend-Move-1.000008-dXuaI4/blib/lib /home/david/cpantesting/perl-5.14.3/.cpan/build/DBICx-Backend-Move-1.000008-dXuaI4/blib/arch /home/david/cpantesting/perl-5.14.3/lib/site_perl/5.14.3/x86_64-linux-thread-multi /home/david/cpantesting/perl-5.14.3/lib/site_perl/5.14.3 /home/david/cpantesting/perl-5.14.3/lib/5.14.3/x86_64-linux-thread-multi /home/david/cpantesting/perl-5.14.3/lib/5.14.3 .) at /home/david/cpantesting/perl-5.14.3/lib/site_perl/5.14.3/Class/C3/Componentised.pm line 150. at /home/david/cpantesting/perl-5.14.3/lib/site_perl/5.14.3/Class/C3/Componentised.pm line 155
Compilation failed in require at /home/david/cpantesting/perl-5.14.3/lib/site_perl/5.14.3/Class/C3/Componentised.pm line 150. at /home/david/cpantesting/perl-5.14.3/lib/site_perl/5.14.3/Class/C3/Componentised.pm line 155
Compilation failed in require at t/lib/DBICx/Backend/Move/Test/Schema/TestTools.pm line 15.
BEGIN failed--compilation aborted at t/lib/DBICx/Backend/Move/Test/Schema/TestTools.pm line 15.
Compilation failed in require at t/01-dbicx-migration.t line 10.
BEGIN failed--compilation aborted at t/01-dbicx-migration.t line 10.
t/01-dbicx-migration.t ......... 
Dubious, test returned 2 (wstat 512, 0x200)
No subtests run 
DBIx::Class::Schema::throw_exception(): DBIx::Class::Row::throw_exception(): Can't locate DBIx/Class/TimeStamp.pm in @INC (@INC contains: t/lib/ /home/david/cpantesting/perl-5.14.3/.cpan/build/DBICx-Backend-Move-1.000008-dXuaI4/blib/lib /home/david/cpantesting/perl-5.14.3/.cpan/build/DBICx-Backend-Move-1.000008-dXuaI4/blib/arch /home/david/cpantesting/perl-5.14.3/lib/site_perl/5.14.3/x86_64-linux-thread-multi /home/david/cpantesting/perl-5.14.3/lib/site_perl/5.14.3 /home/david/cpantesting/perl-5.14.3/lib/5.14.3/x86_64-linux-thread-multi /home/david/cpantesting/perl-5.14.3/lib/5.14.3 .) at /home/david/cpantesting/perl-5.14.3/lib/site_perl/5.14.3/Class/C3/Componentised.pm line 150. at /home/david/cpantesting/perl-5.14.3/lib/site_perl/5.14.3/Class/C3/Componentised.pm line 155
Compilation failed in require at /home/david/cpantesting/perl-5.14.3/lib/site_perl/5.14.3/Class/C3/Componentised.pm line 150. at /home/david/cpantesting/perl-5.14.3/lib/site_perl/5.14.3/Class/C3/Componentised.pm line 155
Compilation failed in require at t/lib//DBICx/Backend/Move/Test/Schema/TestTools.pm line 15.
BEGIN failed--compilation aborted at t/lib//DBICx/Backend/Move/Test/Schema/TestTools.pm line 15.
Compilation failed in require at t/02-app-dbicx-backend-move.t line 12.
BEGIN failed--compilation aborted at t/02-app-dbicx-backend-move.t line 12.
t/02-app-dbicx-backend-move.t .. 
Dubious, test returned 2 (wstat 512, 0x200)
No subtests run 
t/pod.t ........................ ok

Test Summary Report
-------------------
t/01-dbicx-migration.t       (Wstat: 512 Tests: 0 Failed: 0)
  Non-zero exit status: 2
  Parse errors: No plan found in TAP output
t/02-app-dbicx-backend-move.t (Wstat: 512 Tests: 0 Failed: 0)
  Non-zero exit status: 2
  Parse errors: No plan found in TAP output
Files=4, Tests=9,  0 wallclock secs ( 0.01 usr  0.02 sys +  0.22 cusr  0.04 csys =  0.29 CPU)
Result: FAIL
Failed 2/4 test programs. 0/9 subtests failed.
make: *** [test_dynamic] Error 255

------------------------------
PREREQUISITES
------------------------------

Prerequisite modules loaded:

requires:

    Module                      Need Have    
    --------------------------- ---- --------
    App::Cmd::Simple            0    0.318   
    base                        0    2.16    
    DBI                         0    1.622   
    DBICx::Deploy               0    0.02    
    Module::Load                0    0.18    
    Moo                         0    1.000004
    strict                      0    1.04    
    warnings                    0    1.12    

build_requires:

    Module                      Need Have    
    --------------------------- ---- --------
    Class::C3                   0    0.24    
    DBIx::Class::Core           0    0       
    DBIx::Class::Schema         0    0       
    English                     0    1.04    
    MRO::Compat                 0    0.11    
    parent                      0    0.225   
    Test::Fixture::DBIC::Schema 0    0.03    
    Test::More                  0    0.98    

configure_requires:

    Module                      Need Have    
    --------------------------- ---- --------
    ExtUtils::MakeMaker         6.30 6.62    


------------------------------
ENVIRONMENT AND OTHER CONTEXT
------------------------------

Environment variables:

    AUTOMATED_TESTING = 1
    PATH = /usr/local/bin:/usr/bin:/bin:/usr/games
    PERL = 5.14.3
    PERL5LIB = 
    PERL5OPT = 
    PERL5_CPANPLUS_IS_RUNNING = 32646
    PERL5_CPAN_IS_RUNNING = 32646
    PERLVER = 5.14.3
    PERL_INLINE_DIRECTORY = /home/david/.Inline-5.14.3
    SHELL = /bin/bash
    TERM = screen

Perl special variables (and OS-specific diagnostics, for MSWin32):

    $^X = /home/david/cpantesting/perl-5.14.3/bin/perl
    $UID/$EUID = 1000 / 1000
    $GID = 1000 1000
    $EGID = 1000 1000

Perl module toolchain versions installed:

    Module              Have     
    ------------------- ---------
    CPAN                1.9600_01
    CPAN::Meta          2.112150 
    Cwd                 3.36     
    ExtUtils::CBuilder  0.280203 
    ExtUtils::Command   1.17     
    ExtUtils::Install   1.56     
    ExtUtils::MakeMaker 6.62     
    ExtUtils::Manifest  1.58     
    ExtUtils::ParseXS   2.2210   
    File::Spec          3.33     
    JSON                2.53     
    JSON::PP            2.27105  
    Module::Build       0.4003   
    Module::Signature   n/a      
    Parse::CPAN::Meta   1.4401   
    Test::Harness       3.23     
    Test::More          0.98     
    YAML                0.84     
    YAML::Syck          1.21     
    version             0.88     


--

Summary of my perl5 (revision 5 version 14 subversion 3) configuration:
   
  Platform:
    osname=linux, osvers=2.6.32-5-xen-amd64, archname=x86_64-linux-thread-multi
    uname='linux pigsty.barnyard.co.uk 2.6.32-5-xen-amd64 #1 smp sun may 6 08:57:29 utc 2012 x86_64 gnulinux '
    config_args='-de -Dprefix=/home/david/cpantesting/perl-5.14.3 -Dusethreads -Duse64bitall'
    hint=recommended, useposix=true, d_sigaction=define
    useithreads=define, usemultiplicity=define
    useperlio=define, d_sfio=undef, uselargefiles=define, usesocks=undef
    use64bitint=define, use64bitall=define, uselongdouble=undef
    usemymalloc=n, bincompat5005=undef
  Compiler:
    cc='cc', ccflags ='-D_REENTRANT -D_GNU_SOURCE -fno-strict-aliasing -pipe -fstack-protector -I/usr/local/include -D_LARGEFILE_SOURCE -D_FILE_OFFSET_BITS=64',
    optimize='-O2',
    cppflags='-D_REENTRANT -D_GNU_SOURCE -fno-strict-aliasing -pipe -fstack-protector -I/usr/local/include'
    ccversion='', gccversion='4.1.2 20061115 (prerelease) (Debian 4.1.1-21)', gccosandvers=''
    intsize=4, longsize=8, ptrsize=8, doublesize=8, byteorder=12345678
    d_longlong=define, longlongsize=8, d_longdbl=define, longdblsize=16
    ivtype='long', ivsize=8, nvtype='double', nvsize=8, Off_t='off_t', lseeksize=8
    alignbytes=8, prototype=define
  Linker and Libraries:
    ld='cc', ldflags =' -fstack-protector -L/usr/local/lib'
    libpth=/usr/local/lib /lib /usr/lib /lib64 /usr/lib64
    libs=-lnsl -lgdbm -ldb -ldl -lm -lcrypt -lutil -lpthread -lc -lgdbm_compat
    perllibs=-lnsl -ldl -lm -lcrypt -lutil -lpthread -lc
    libc=/lib/libc-2.3.6.so, so=so, useshrplib=false, libperl=libperl.a
    gnulibc_version='2.3.6'
  Dynamic Linking:
    dlsrc=dl_dlopen.xs, dlext=so, d_dlsymun=undef, ccdlflags='-Wl,-E'
    cccdlflags='-fPIC', lddlflags='-shared -O2 -L/usr/local/lib -fstack-protector'


Characteristics of this binary (from libperl): 
  Compile-time options: MULTIPLICITY PERL_DONT_CREATE_GVSV
                        PERL_IMPLICIT_CONTEXT PERL_MALLOC_WRAP
                        PERL_PRESERVE_IVUV USE_64_BIT_ALL USE_64_BIT_INT
                        USE_ITHREADS USE_LARGE_FILES USE_PERLIO USE_PERL_ATOF
                        USE_REENTRANT_API
  Built under linux
  Compiled at Oct 15 2012 11:59:53
  %ENV:
    PERL="5.14.3"
    PERL5LIB=""
    PERL5OPT=""
    PERL5_CPANPLUS_IS_RUNNING="32646"
    PERL5_CPAN_IS_RUNNING="32646"
    PERLVER="5.14.3"
    PERL_INLINE_DIRECTORY="/home/david/.Inline-5.14.3"
  @INC:
    /home/david/cpantesting/perl-5.14.3/lib/site_perl/5.14.3/x86_64-linux-thread-multi
    /home/david/cpantesting/perl-5.14.3/lib/site_perl/5.14.3
    /home/david/cpantesting/perl-5.14.3/lib/5.14.3/x86_64-linux-thread-multi
    /home/david/cpantesting/perl-5.14.3/lib/5.14.3
    .