Time-Checkpoint v0.36 Perl 5 v5.8.3 x86_64-linux
- Status
- Na
- From
- Andreas J. König (ANDK)
- Dist
-
Time-Checkpoint v0.36
- Platform
- Perl 5 v5.8.3 x86_64-linux
- Date
- 2017-08-13 23:07:50
- ID
- 3a97c2ee-807c-11e7-8a4f-01bfac7dfdb3
This distribution has been tested as part of the CPAN Testers
project, supporting the Perl programming language. See
http://wiki.cpantesters.org/ for more information or email
questions to cpan-testers-discuss@perl.org
--
Dear Jane Arc,
This is a computer-generated report for Time-Checkpoint-0.36
on perl 5.8.3, created by CPAN-Reporter-1.2018.
Thank you for uploading your work to CPAN. While attempting to build or test
this distribution, the distribution signaled that support is not available
either for this operating system or this version of Perl. Nevertheless, any
diagnostic output produced is provided below for reference. If this is not
what you expect, you may wish to consult the CPAN Testers Wiki:
http://wiki.cpantesters.org/wiki/CPANAuthorNotes
Sections of this report:
* Tester comments
* Program output
* Prerequisites
* Environment and other context
------------------------------
TESTER COMMENTS
------------------------------
Additional comments from tester:
this report is from an automated smoke testing program
and was not reviewed by a human for accuracy
------------------------------
PROGRAM OUTPUT
------------------------------
Output from '/usr/bin/make test':
PERL_DL_NONLAZY=1 "/home/sand/src/perl/repoperls/installed-perls/host/k93msid/perl-5.8.3/89ad/bin/perl" "-MExtUtils::Command::MM" "-MTest::Harness" "-e" "undef *Test::Harness::Switches; test_harness(0, 'blib/lib', 'blib/arch')" t/*.t
# Failed test 'use Time::Checkpoint;'
# at t/00_use.t line 3.
# Tried to use 'Time::Checkpoint'.
# Error: Perl v5.12.0 required--this is only v5.8.3, stopped at /tmp/loop_over_bdir-24160-rkqSM3/Time-Checkpoint-0.36-0/blib/lib/Time/Checkpoint.pm line 3.
# BEGIN failed--compilation aborted at /tmp/loop_over_bdir-24160-rkqSM3/Time-Checkpoint-0.36-0/blib/lib/Time/Checkpoint.pm line 3.
# Compilation failed in require at t/00_use.t line 3.
# BEGIN failed--compilation aborted at t/00_use.t line 3.
# Looks like you failed 1 test of 1.
t/00_use.t ....................
Dubious, test returned 1 (wstat 256, 0x100)
Failed 1/1 subtests
# Failed test 'use Time::Checkpoint;'
# at t/01_create.t line 3.
# Tried to use 'Time::Checkpoint'.
# Error: Perl v5.12.0 required--this is only v5.8.3, stopped at /tmp/loop_over_bdir-24160-rkqSM3/Time-Checkpoint-0.36-0/blib/lib/Time/Checkpoint.pm line 3.
# BEGIN failed--compilation aborted at /tmp/loop_over_bdir-24160-rkqSM3/Time-Checkpoint-0.36-0/blib/lib/Time/Checkpoint.pm line 3.
# Compilation failed in require at t/01_create.t line 3.
# BEGIN failed--compilation aborted at t/01_create.t line 3.
Can't locate object method "new" via package "Time::Checkpoint" at t/01_create.t line 5.
# Looks like your test exited with 255 just after 1.
t/01_create.t .................
Dubious, test returned 255 (wstat 65280, 0xff00)
Failed 3/3 subtests
# Failed test 'use Time::Checkpoint;'
# at t/02_create_with_callbacks.t line 3.
# Tried to use 'Time::Checkpoint'.
# Error: Perl v5.12.0 required--this is only v5.8.3, stopped at /tmp/loop_over_bdir-24160-rkqSM3/Time-Checkpoint-0.36-0/blib/lib/Time/Checkpoint.pm line 3.
# BEGIN failed--compilation aborted at /tmp/loop_over_bdir-24160-rkqSM3/Time-Checkpoint-0.36-0/blib/lib/Time/Checkpoint.pm line 3.
# Compilation failed in require at t/02_create_with_callbacks.t line 3.
# BEGIN failed--compilation aborted at t/02_create_with_callbacks.t line 3.
Can't locate object method "new" via package "Time::Checkpoint" at t/02_create_with_callbacks.t line 18.
# Looks like your test exited with 255 just after 1.
t/02_create_with_callbacks.t ..
Dubious, test returned 255 (wstat 65280, 0xff00)
Failed 1/1 subtests
# Failed test 'use Time::Checkpoint;'
# at t/03_create_multiple_cps.t line 3.
# Tried to use 'Time::Checkpoint'.
# Error: Perl v5.12.0 required--this is only v5.8.3, stopped at /tmp/loop_over_bdir-24160-rkqSM3/Time-Checkpoint-0.36-0/blib/lib/Time/Checkpoint.pm line 3.
# BEGIN failed--compilation aborted at /tmp/loop_over_bdir-24160-rkqSM3/Time-Checkpoint-0.36-0/blib/lib/Time/Checkpoint.pm line 3.
# Compilation failed in require at t/03_create_multiple_cps.t line 3.
# BEGIN failed--compilation aborted at t/03_create_multiple_cps.t line 3.
Can't locate object method "new" via package "Time::Checkpoint" at t/03_create_multiple_cps.t line 7.
# Looks like your test exited with 255 just after 1.
t/03_create_multiple_cps.t ....
Dubious, test returned 255 (wstat 65280, 0xff00)
Failed 1/1 subtests
Test Summary Report
-------------------
t/00_use.t (Wstat: 256 Tests: 1 Failed: 1)
Failed test: 1
Non-zero exit status: 1
t/01_create.t (Wstat: 65280 Tests: 1 Failed: 1)
Failed test: 1
Non-zero exit status: 255
Parse errors: Bad plan. You planned 3 tests but ran 1.
t/02_create_with_callbacks.t (Wstat: 65280 Tests: 1 Failed: 1)
Failed test: 1
Non-zero exit status: 255
t/03_create_multiple_cps.t (Wstat: 65280 Tests: 1 Failed: 1)
Failed test: 1
Non-zero exit status: 255
Files=4, Tests=4, 0 wallclock secs ( 0.01 usr 0.02 sys + 0.14 cusr 0.03 csys = 0.20 CPU)
Result: FAIL
Failed 4/4 test programs. 4/4 subtests failed.
Makefile:843: recipe for target 'test_dynamic' failed
make: *** [test_dynamic] Error 255
------------------------------
PREREQUISITES
------------------------------
Prerequisite modules loaded:
requires:
Module Need Have
------------------- ---- --------
Params::Validate 0 1.28
Test::More 0 1.302091
build_requires:
Module Need Have
------------------- ---- --------
ExtUtils::MakeMaker 0 7.28
configure_requires:
Module Need Have
------------------- ---- --------
ExtUtils::MakeMaker 0 7.28
------------------------------
ENVIRONMENT AND OTHER CONTEXT
------------------------------
Environment variables:
AUTOMATED_TESTING = 1
LANG = en_US.UTF-8
PATH = /home/sand/bin:/usr/local/bin:/usr/bin:/bin:/usr/games:/usr/local/perl/bin:/usr/X11/bin:/sbin:/usr/sbin
PERL5LIB =
PERL5OPT =
PERL5_CPANPLUS_IS_RUNNING = 24169
PERL5_CPAN_IS_RUNNING = 24169
PERL_CANARY_STABILITY_NOPROMPT = 1
PERL_MM_USE_DEFAULT = 1
PERL_USE_UNSAFE_INC = 1
SHELL = /usr/bin/zsh
TERM = screen
Perl special variables (and OS-specific diagnostics, for MSWin32):
$^X = /home/sand/src/perl/repoperls/installed-perls/host/k93msid/perl-5.8.3/89ad/bin/perl
$UID/$EUID = 1005 / 1005
$GID = 1005 1005
$EGID = 1005 1005
Perl module toolchain versions installed:
Module Have
------------------- --------
CPAN 2.18
CPAN::Meta 2.150010
Cwd 3.62
ExtUtils::CBuilder 0.280226
ExtUtils::Command 7.28
ExtUtils::Install 2.14
ExtUtils::MakeMaker 7.28
ExtUtils::Manifest 1.70
ExtUtils::ParseXS 3.35
File::Spec 3.62
JSON 2.94
JSON::PP 2.93
Module::Build 0.42_23
Module::Signature 0.81
Parse::CPAN::Meta 1.4422
Test::Harness 3.39
Test::More 1.302091
YAML 1.23
YAML::Syck 1.30
version 0.9917
--
Summary of my perl5 (revision 5.0 version 8 subversion 3) configuration:
Platform:
osname=linux, osvers=4.9.0-2-amd64, archname=x86_64-linux
uname='linux k93msid 4.9.0-2-amd64 #1 smp debian 4.9.18-1 (2017-03-30) x86_64 gnulinux '
config_args='-Dprefix=/home/sand/src/perl/repoperls/installed-perls/host/k93msid/perl-5.8.3/89ad -Dmyhostname=k93msid -Dinstallusrbinperl=n -Uversiononly -Dusedevel -des -Ui_db -Dlibswanted=cl pthread socket inet nsl gdbm dbm malloc dl ld sun m crypt sec util c cposix posix ucb BSD gdbm_compat -Uuseithreads -Uuselongdouble -DDEBUGGING=-g'
hint=recommended, useposix=true, d_sigaction=define
usethreads=undef use5005threads=undef useithreads=undef usemultiplicity=undef
useperlio=define d_sfio=undef uselargefiles=define usesocks=undef
use64bitint=define use64bitall=define uselongdouble=undef
usemymalloc=n, bincompat5005=undef
Compiler:
cc='cc', ccflags ='-fno-strict-aliasing -I/usr/local/include -D_LARGEFILE_SOURCE -D_FILE_OFFSET_BITS=64',
optimize='-O2',
cppflags='-fno-strict-aliasing -I/usr/local/include'
ccversion='', gccversion='6.3.0 20170406', gccosandvers=''
intsize=4, longsize=8, ptrsize=8, doublesize=8, byteorder=12345678
d_longlong=define, longlongsize=8, d_longdbl=define, longdblsize=16
ivtype='long', ivsize=8, nvtype='double', nvsize=8, Off_t='off_t', lseeksize=8
alignbytes=8, prototype=define
Linker and Libraries:
ld='cc', ldflags =' -L/usr/local/lib'
libpth=/usr/local/lib /lib/x86_64-linux-gnu /lib/../lib /usr/lib/x86_64-linux-gnu /usr/lib/../lib /lib /usr/lib
libs=-lpthread -lnsl -ldl -lm -lcrypt -lutil -lc
perllibs=-lpthread -lnsl -ldl -lm -lcrypt -lutil -lc
libc=libc-2.24.so, so=so, useshrplib=false, libperl=libperl.a
gnulibc_version='2.24'
Dynamic Linking:
dlsrc=dl_dlopen.xs, dlext=so, d_dlsymun=undef, ccdlflags='-rdynamic'
cccdlflags='-fpic', lddlflags='-shared -L/usr/local/lib'
Characteristics of this binary (from libperl):
Compile-time options: USE_64_BIT_INT USE_64_BIT_ALL USE_LARGE_FILES
Built under linux
Compiled at Apr 17 2017 11:16:01
%ENV:
PERL5LIB=""
PERL5OPT=""
PERL5_CPANPLUS_IS_RUNNING="24169"
PERL5_CPAN_IS_RUNNING="24169"
PERL_CANARY_STABILITY_NOPROMPT="1"
PERL_MM_USE_DEFAULT="1"
PERL_USE_UNSAFE_INC="1"
@INC:
/home/sand/src/perl/repoperls/installed-perls/host/k93msid/perl-5.8.3/89ad/lib/5.8.3/x86_64-linux
/home/sand/src/perl/repoperls/installed-perls/host/k93msid/perl-5.8.3/89ad/lib/5.8.3
/home/sand/src/perl/repoperls/installed-perls/host/k93msid/perl-5.8.3/89ad/lib/site_perl/5.8.3/x86_64-linux
/home/sand/src/perl/repoperls/installed-perls/host/k93msid/perl-5.8.3/89ad/lib/site_perl/5.8.3
/home/sand/src/perl/repoperls/installed-perls/host/k93msid/perl-5.8.3/89ad/lib/site_perl
.