CodeGen-Protection v0.06 Perl 5 v5.34.1 i686-linux-ld
- Status
- Fail
- From
- D Ruth Holloway
- Dist
-
CodeGen-Protection v0.06
- Platform
- Perl 5 v5.34.1 i686-linux-ld
- Date
- 2022-04-15 08:29:54
- ID
- 3a0f3040-bc96-11ec-a86c-25d2bbc5901e
This distribution has been tested as part of the CPAN Testers
project, supporting the Perl programming language. See
http://wiki.cpantesters.org/ for more information or email
questions to cpan-testers-discuss@perl.org
--
Dear Curtis 'Ovid' Poe,
This is a computer-generated report for CodeGen-Protection-0.06
on perl 5.34.1, created by CPAN-Reporter-1.2018.
Thank you for uploading your work to CPAN. However, there was a problem
testing your distribution.
If you think this report is invalid, please consult the CPAN Testers Wiki
for suggestions on how to avoid getting FAIL reports for missing library
or binary dependencies, unsupported operating systems, and so on:
http://wiki.cpantesters.org/wiki/CPANAuthorNotes
Sections of this report:
* Tester comments
* Program output
* Prerequisites
* Environment and other context
------------------------------
TESTER COMMENTS
------------------------------
Additional comments from tester:
this report is from an automated smoke testing program
and was not reviewed by a human for accuracy
------------------------------
PROGRAM OUTPUT
------------------------------
Output from '/usr/bin/make test':
PERL_DL_NONLAZY=1 "/home/cpantester/perl5/perlbrew/perls/perl-5.34.1-ld/bin/perl" "-MExtUtils::Command::MM" "-MTest::Harness" "-e" "undef *Test::Harness::Switches; test_harness(0, 'blib/lib', 'blib/arch')" t/*.t
#
# Versions for all modules listed in MYMETA.json (including optional ones):
#
# === Configure Requires ===
#
# Module Want Have
# ------------------- ---- ----
# ExtUtils::MakeMaker any 7.62
#
# === Build Requires ===
#
# Module Want Have
# ------------------- ---- ----
# ExtUtils::MakeMaker any 7.62
#
# === Test Requires ===
#
# Module Want Have
# ------------------- ---- --------
# ExtUtils::MakeMaker any 7.62
# File::Spec any 3.80
# Test::More any 1.302190
# Test::Most 0.37 0.37
#
# === Test Recommends ===
#
# Module Want Have
# ---------- -------- --------
# CPAN::Meta 2.120900 2.150010
#
# === Runtime Requires ===
#
# Module Want Have
# --------------- -------- --------
# Carp any 1.52
# Digest::MD5 2.55 2.58
# Module::Runtime 0.016 0.016
# Moo 2.005003 2.005004
# Perl::Tidy 20190601 20220217
# Type::Tiny 1.012001 1.012004
#
t/00-report-prereqs.t .. ok
Can't locate Exporter/Tiny.pm in @INC (you may need to install the Exporter::Tiny module) (@INC contains: lib t/lib /home/cpantester/.cpan/build/CodeGen-Protection-0.06-2/blib/lib /home/cpantester/.cpan/build/CodeGen-Protection-0.06-2/blib/arch /home/cpantester/.cpan/build/Moo-2.005004-2/blib/arch /home/cpantester/.cpan/build/Moo-2.005004-2/blib/lib /home/cpantester/.cpan/build/Type-Tiny-1.012004-3/blib/arch /home/cpantester/.cpan/build/Type-Tiny-1.012004-3/blib/lib /home/cpantester/perl5/perlbrew/perls/perl-5.34.1-ld/lib/site_perl/5.34.1/i686-linux-ld /home/cpantester/perl5/perlbrew/perls/perl-5.34.1-ld/lib/site_perl/5.34.1 /home/cpantester/perl5/perlbrew/perls/perl-5.34.1-ld/lib/5.34.1/i686-linux-ld /home/cpantester/perl5/perlbrew/perls/perl-5.34.1-ld/lib/5.34.1 .) at /home/cpantester/.cpan/build/Type-Tiny-1.012004-3/blib/lib/Eval/TypeTiny.pm line 78.
BEGIN failed--compilation aborted at /home/cpantester/.cpan/build/Type-Tiny-1.012004-3/blib/lib/Type/Library.pm line 14.
Compilation failed in require at lib/CodeGen/Protection/Types.pm line 7.
BEGIN failed--compilation aborted at lib/CodeGen/Protection/Types.pm line 7.
Compilation failed in require at lib/CodeGen/Protection/Role.pm line 8.
BEGIN failed--compilation aborted at lib/CodeGen/Protection/Role.pm line 8.
Compilation failed in require at lib/CodeGen/Protection/Format/Perl.pm line 7.
Compilation failed in require at t/errors.t line 6.
BEGIN failed--compilation aborted at t/errors.t line 6.
t/errors.t .............
Dubious, test returned 2 (wstat 512, 0x200)
No subtests run
Can't locate Exporter/Tiny.pm in @INC (you may need to install the Exporter::Tiny module) (@INC contains: lib t/lib /home/cpantester/.cpan/build/CodeGen-Protection-0.06-2/blib/lib /home/cpantester/.cpan/build/CodeGen-Protection-0.06-2/blib/arch /home/cpantester/.cpan/build/Moo-2.005004-2/blib/arch /home/cpantester/.cpan/build/Moo-2.005004-2/blib/lib /home/cpantester/.cpan/build/Type-Tiny-1.012004-3/blib/arch /home/cpantester/.cpan/build/Type-Tiny-1.012004-3/blib/lib /home/cpantester/perl5/perlbrew/perls/perl-5.34.1-ld/lib/site_perl/5.34.1/i686-linux-ld /home/cpantester/perl5/perlbrew/perls/perl-5.34.1-ld/lib/site_perl/5.34.1 /home/cpantester/perl5/perlbrew/perls/perl-5.34.1-ld/lib/5.34.1/i686-linux-ld /home/cpantester/perl5/perlbrew/perls/perl-5.34.1-ld/lib/5.34.1 .) at /home/cpantester/.cpan/build/Type-Tiny-1.012004-3/blib/lib/Eval/TypeTiny.pm line 78.
BEGIN failed--compilation aborted at /home/cpantester/.cpan/build/Type-Tiny-1.012004-3/blib/lib/Type/Library.pm line 14.
Compilation failed in require at lib/CodeGen/Protection/Types.pm line 7.
BEGIN failed--compilation aborted at lib/CodeGen/Protection/Types.pm line 7.
Compilation failed in require at lib/CodeGen/Protection.pm line 16.
BEGIN failed--compilation aborted at lib/CodeGen/Protection.pm line 16.
Compilation failed in require at t/html.t line 6.
BEGIN failed--compilation aborted at t/html.t line 6.
t/html.t ...............
Dubious, test returned 2 (wstat 512, 0x200)
No subtests run
Can't locate Exporter/Tiny.pm in @INC (you may need to install the Exporter::Tiny module) (@INC contains: lib t/lib /home/cpantester/.cpan/build/CodeGen-Protection-0.06-2/blib/lib /home/cpantester/.cpan/build/CodeGen-Protection-0.06-2/blib/arch /home/cpantester/.cpan/build/Moo-2.005004-2/blib/arch /home/cpantester/.cpan/build/Moo-2.005004-2/blib/lib /home/cpantester/.cpan/build/Type-Tiny-1.012004-3/blib/arch /home/cpantester/.cpan/build/Type-Tiny-1.012004-3/blib/lib /home/cpantester/perl5/perlbrew/perls/perl-5.34.1-ld/lib/site_perl/5.34.1/i686-linux-ld /home/cpantester/perl5/perlbrew/perls/perl-5.34.1-ld/lib/site_perl/5.34.1 /home/cpantester/perl5/perlbrew/perls/perl-5.34.1-ld/lib/5.34.1/i686-linux-ld /home/cpantester/perl5/perlbrew/perls/perl-5.34.1-ld/lib/5.34.1 .) at /home/cpantester/.cpan/build/Type-Tiny-1.012004-3/blib/lib/Eval/TypeTiny.pm line 78.
BEGIN failed--compilation aborted at /home/cpantester/.cpan/build/Type-Tiny-1.012004-3/blib/lib/Type/Library.pm line 14.
Compilation failed in require at lib/CodeGen/Protection/Types.pm line 7.
BEGIN failed--compilation aborted at lib/CodeGen/Protection/Types.pm line 7.
Compilation failed in require at lib/CodeGen/Protection/Role.pm line 8.
BEGIN failed--compilation aborted at lib/CodeGen/Protection/Role.pm line 8.
Compilation failed in require at lib/CodeGen/Protection/Format/Perl.pm line 7.
Compilation failed in require at t/oo-interface.t line 6.
BEGIN failed--compilation aborted at t/oo-interface.t line 6.
t/oo-interface.t .......
Dubious, test returned 2 (wstat 512, 0x200)
No subtests run
Can't locate Exporter/Tiny.pm in @INC (you may need to install the Exporter::Tiny module) (@INC contains: lib t/lib /home/cpantester/.cpan/build/CodeGen-Protection-0.06-2/blib/lib /home/cpantester/.cpan/build/CodeGen-Protection-0.06-2/blib/arch /home/cpantester/.cpan/build/Moo-2.005004-2/blib/arch /home/cpantester/.cpan/build/Moo-2.005004-2/blib/lib /home/cpantester/.cpan/build/Type-Tiny-1.012004-3/blib/arch /home/cpantester/.cpan/build/Type-Tiny-1.012004-3/blib/lib /home/cpantester/perl5/perlbrew/perls/perl-5.34.1-ld/lib/site_perl/5.34.1/i686-linux-ld /home/cpantester/perl5/perlbrew/perls/perl-5.34.1-ld/lib/site_perl/5.34.1 /home/cpantester/perl5/perlbrew/perls/perl-5.34.1-ld/lib/5.34.1/i686-linux-ld /home/cpantester/perl5/perlbrew/perls/perl-5.34.1-ld/lib/5.34.1 .) at /home/cpantester/.cpan/build/Type-Tiny-1.012004-3/blib/lib/Eval/TypeTiny.pm line 78.
BEGIN failed--compilation aborted at /home/cpantester/.cpan/build/Type-Tiny-1.012004-3/blib/lib/Type/Library.pm line 14.
Compilation failed in require at lib/CodeGen/Protection/Types.pm line 7.
BEGIN failed--compilation aborted at lib/CodeGen/Protection/Types.pm line 7.
Compilation failed in require at lib/CodeGen/Protection.pm line 16.
BEGIN failed--compilation aborted at lib/CodeGen/Protection.pm line 16.
Compilation failed in require at t/perl.t line 6.
BEGIN failed--compilation aborted at t/perl.t line 6.
t/perl.t ...............
Dubious, test returned 2 (wstat 512, 0x200)
No subtests run
Can't locate Exporter/Tiny.pm in @INC (you may need to install the Exporter::Tiny module) (@INC contains: lib t/lib /home/cpantester/.cpan/build/CodeGen-Protection-0.06-2/blib/lib /home/cpantester/.cpan/build/CodeGen-Protection-0.06-2/blib/arch /home/cpantester/.cpan/build/Moo-2.005004-2/blib/arch /home/cpantester/.cpan/build/Moo-2.005004-2/blib/lib /home/cpantester/.cpan/build/Type-Tiny-1.012004-3/blib/arch /home/cpantester/.cpan/build/Type-Tiny-1.012004-3/blib/lib /home/cpantester/perl5/perlbrew/perls/perl-5.34.1-ld/lib/site_perl/5.34.1/i686-linux-ld /home/cpantester/perl5/perlbrew/perls/perl-5.34.1-ld/lib/site_perl/5.34.1 /home/cpantester/perl5/perlbrew/perls/perl-5.34.1-ld/lib/5.34.1/i686-linux-ld /home/cpantester/perl5/perlbrew/perls/perl-5.34.1-ld/lib/5.34.1 .) at /home/cpantester/.cpan/build/Type-Tiny-1.012004-3/blib/lib/Eval/TypeTiny.pm line 78.
BEGIN failed--compilation aborted at /home/cpantester/.cpan/build/Type-Tiny-1.012004-3/blib/lib/Type/Library.pm line 14.
Compilation failed in require at lib/CodeGen/Protection/Types.pm line 7.
BEGIN failed--compilation aborted at lib/CodeGen/Protection/Types.pm line 7.
Compilation failed in require at lib/CodeGen/Protection.pm line 16.
BEGIN failed--compilation aborted at lib/CodeGen/Protection.pm line 16.
Compilation failed in require at t/protection.t line 6.
BEGIN failed--compilation aborted at t/protection.t line 6.
t/protection.t .........
Dubious, test returned 2 (wstat 512, 0x200)
No subtests run
Can't locate Exporter/Tiny.pm in @INC (you may need to install the Exporter::Tiny module) (@INC contains: /home/cpantester/.cpan/build/CodeGen-Protection-0.06-2/blib/lib /home/cpantester/.cpan/build/CodeGen-Protection-0.06-2/blib/arch /home/cpantester/.cpan/build/Moo-2.005004-2/blib/arch /home/cpantester/.cpan/build/Moo-2.005004-2/blib/lib /home/cpantester/.cpan/build/Type-Tiny-1.012004-3/blib/arch /home/cpantester/.cpan/build/Type-Tiny-1.012004-3/blib/lib /home/cpantester/.cpan/build/Moo-2.005004-2/blib/arch /home/cpantester/.cpan/build/Moo-2.005004-2/blib/lib /home/cpantester/.cpan/build/Type-Tiny-1.012004-3/blib/arch /home/cpantester/.cpan/build/Type-Tiny-1.012004-3/blib/lib /home/cpantester/perl5/perlbrew/perls/perl-5.34.1-ld/lib/site_perl/5.34.1/i686-linux-ld /home/cpantester/perl5/perlbrew/perls/perl-5.34.1-ld/lib/site_perl/5.34.1 /home/cpantester/perl5/perlbrew/perls/perl-5.34.1-ld/lib/5.34.1/i686-linux-ld /home/cpantester/perl5/perlbrew/perls/perl-5.34.1-ld/lib/5.34.1 .) at /home/cpantester/.cpan/build/Type-Tiny-1.012004-3/blib/lib/Eval/TypeTiny.pm line 78.
BEGIN failed--compilation aborted at /home/cpantester/.cpan/build/Type-Tiny-1.012004-3/blib/lib/Type/Library.pm line 14.
Compilation failed in require at /home/cpantester/.cpan/build/CodeGen-Protection-0.06-2/blib/lib/CodeGen/Protection/Types.pm line 7.
BEGIN failed--compilation aborted at /home/cpantester/.cpan/build/CodeGen-Protection-0.06-2/blib/lib/CodeGen/Protection/Types.pm line 7.
Compilation failed in require at /home/cpantester/.cpan/build/CodeGen-Protection-0.06-2/blib/lib/CodeGen/Protection.pm line 16.
BEGIN failed--compilation aborted at /home/cpantester/.cpan/build/CodeGen-Protection-0.06-2/blib/lib/CodeGen/Protection.pm line 16.
Compilation failed in require at /home/cpantester/.cpan/build/CodeGen-Protection-0.06-2/blib/lib/Test/CodeGen/Protection.pm line 9.
BEGIN failed--compilation aborted at /home/cpantester/.cpan/build/CodeGen-Protection-0.06-2/blib/lib/Test/CodeGen/Protection.pm line 9.
Compilation failed in require at t/test_module.t line 5.
BEGIN failed--compilation aborted at t/test_module.t line 5.
t/test_module.t ........
Dubious, test returned 2 (wstat 512, 0x200)
No subtests run
Test Summary Report
-------------------
t/errors.t (Wstat: 512 Tests: 0 Failed: 0)
Non-zero exit status: 2
Parse errors: No plan found in TAP output
t/html.t (Wstat: 512 Tests: 0 Failed: 0)
Non-zero exit status: 2
Parse errors: No plan found in TAP output
t/oo-interface.t (Wstat: 512 Tests: 0 Failed: 0)
Non-zero exit status: 2
Parse errors: No plan found in TAP output
t/perl.t (Wstat: 512 Tests: 0 Failed: 0)
Non-zero exit status: 2
Parse errors: No plan found in TAP output
t/protection.t (Wstat: 512 Tests: 0 Failed: 0)
Non-zero exit status: 2
Parse errors: No plan found in TAP output
t/test_module.t (Wstat: 512 Tests: 0 Failed: 0)
Non-zero exit status: 2
Parse errors: No plan found in TAP output
Files=7, Tests=1, 1 wallclock secs ( 0.03 usr 0.00 sys + 1.01 cusr 0.09 csys = 1.13 CPU)
Result: FAIL
Failed 6/7 test programs. 0/1 subtests failed.
make: *** [Makefile:871: test_dynamic] Error 2
------------------------------
PREREQUISITES
------------------------------
Prerequisite modules loaded:
requires:
Module Need Have
------------------- -------- --------
Carp 0 1.52
Digest::MD5 2.55 2.58
Module::Runtime 0.016 0.016
Moo 2.005003 2.005004
perl 5.010000 5.034001
Perl::Tidy 20190601 20220217
Type::Tiny 1.012001 1.012004
build_requires:
Module Need Have
------------------- -------- --------
ExtUtils::MakeMaker 0 7.62
File::Spec 0 3.80
Test::More 0 1.302190
Test::Most 0.37 0.37
configure_requires:
Module Need Have
------------------- -------- --------
ExtUtils::MakeMaker 0 7.62
opt_build_requires:
Module Need Have
------------------- -------- --------
CPAN::Meta 2.120900 2.150010
------------------------------
ENVIRONMENT AND OTHER CONTEXT
------------------------------
Environment variables:
AUTOMATED_TESTING = 1
LANG = en_US.UTF-8
PATH = /usr/bin:/bin
PERL5LIB = /home/cpantester/.cpan/build/Moo-2.005004-2/blib/arch:/home/cpantester/.cpan/build/Moo-2.005004-2/blib/lib:/home/cpantester/.cpan/build/Type-Tiny-1.012004-3/blib/arch:/home/cpantester/.cpan/build/Type-Tiny-1.012004-3/blib/lib
PERL5OPT =
PERL5_CPANPLUS_IS_RUNNING = 16431
PERL5_CPAN_IS_RUNNING = 16431
PERL5_CPAN_IS_RUNNING_IN_RECURSION = 2655,16431
PERL5_MINISMOKEBOX = 0.68
PERL_EXTUTILS_AUTOINSTALL = --defaultdeps
PERL_MM_USE_DEFAULT = 1
PERL_USE_UNSAFE_INC = 1
SHELL = /bin/sh
Perl special variables (and OS-specific diagnostics, for MSWin32):
$^X = /home/cpantester/perl5/perlbrew/perls/perl-5.34.1-ld/bin/perl
$UID/$EUID = 1001 / 1001
$GID = 1001 1001
$EGID = 1001 1001
Perl module toolchain versions installed:
Module Have
------------------- --------
CPAN 2.33
CPAN::Meta 2.150010
Cwd 3.80
ExtUtils::CBuilder 0.280236
ExtUtils::Command 7.62
ExtUtils::Install 2.20
ExtUtils::MakeMaker 7.62
ExtUtils::Manifest 1.73
ExtUtils::ParseXS 3.43
File::Spec 3.80
JSON n/a
JSON::PP 4.06
Module::Build 0.4231
Module::Signature n/a
Parse::CPAN::Meta 2.150010
Test::Harness 3.43
Test::More 1.302190
YAML 1.30
YAML::Syck n/a
version 0.9928
--
Summary of my perl5 (revision 5 version 34 subversion 1) configuration:
Platform:
osname=linux
osvers=5.10.0-13-686-pae
archname=i686-linux-ld
uname='linux test-i86 5.10.0-13-686-pae #1 smp debian 5.10.106-1 (2022-03-17) i686 gnulinux '
config_args='-de -Dprefix=/home/cpantester/perl5/perlbrew/perls/perl-5.34.1-ld -Dman1dir=none -Dman3dir=none -Duselongdouble -Aeval:scriptdir=/home/cpantester/perl5/perlbrew/perls/perl-5.34.1-ld/bin'
hint=recommended
useposix=true
d_sigaction=define
useithreads=undef
usemultiplicity=undef
use64bitint=undef
use64bitall=undef
uselongdouble=define
usemymalloc=n
default_inc_excludes_dot=define
Compiler:
cc='cc'
ccflags ='-fwrapv -fno-strict-aliasing -pipe -fstack-protector-strong -I/usr/local/include -D_LARGEFILE_SOURCE -D_FILE_OFFSET_BITS=64 -D_FORTIFY_SOURCE=2'
optimize='-O2'
cppflags='-fwrapv -fno-strict-aliasing -pipe -fstack-protector-strong -I/usr/local/include'
ccversion=''
gccversion='10.2.1 20210110'
gccosandvers=''
intsize=4
longsize=4
ptrsize=4
doublesize=8
byteorder=1234
doublekind=3
d_longlong=define
longlongsize=8
d_longdbl=define
longdblsize=12
longdblkind=3
ivtype='long'
ivsize=4
nvtype='long double'
nvsize=12
Off_t='off_t'
lseeksize=8
alignbytes=4
prototype=define
Linker and Libraries:
ld='cc'
ldflags =' -fstack-protector-strong -L/usr/local/lib'
libpth=/usr/local/lib /usr/lib/i386-linux-gnu /usr/lib /usr/lib64
libs=-lpthread -lnsl -ldl -lm -lcrypt -lutil -lc
perllibs=-lpthread -lnsl -ldl -lm -lcrypt -lutil -lc
libc=libc-2.31.so
so=so
useshrplib=false
libperl=libperl.a
gnulibc_version='2.31'
Dynamic Linking:
dlsrc=dl_dlopen.xs
dlext=so
d_dlsymun=undef
ccdlflags='-Wl,-E'
cccdlflags='-fPIC'
lddlflags='-shared -O2 -L/usr/local/lib -fstack-protector-strong'
Characteristics of this binary (from libperl):
Compile-time options:
HAS_TIMES
PERLIO_LAYERS
PERL_COPY_ON_WRITE
PERL_DONT_CREATE_GVSV
PERL_MALLOC_WRAP
PERL_OP_PARENT
PERL_PRESERVE_IVUV
USE_LARGE_FILES
USE_LOCALE
USE_LOCALE_COLLATE
USE_LOCALE_CTYPE
USE_LOCALE_NUMERIC
USE_LOCALE_TIME
USE_LONG_DOUBLE
USE_PERLIO
USE_PERL_ATOF
Built under linux
Compiled at Apr 4 2022 14:02:19
%ENV:
PERL5LIB="/home/cpantester/.cpan/build/Moo-2.005004-2/blib/arch:/home/cpantester/.cpan/build/Moo-2.005004-2/blib/lib:/home/cpantester/.cpan/build/Type-Tiny-1.012004-3/blib/arch:/home/cpantester/.cpan/build/Type-Tiny-1.012004-3/blib/lib"
PERL5OPT=""
PERL5_CPANPLUS_IS_RUNNING="16431"
PERL5_CPAN_IS_RUNNING="16431"
PERL5_CPAN_IS_RUNNING_IN_RECURSION="2655,16431"
PERL5_MINISMOKEBOX="0.68"
PERL_EXTUTILS_AUTOINSTALL="--defaultdeps"
PERL_MM_USE_DEFAULT="1"
PERL_USE_UNSAFE_INC="1"
@INC:
/home/cpantester/.cpan/build/Moo-2.005004-2/blib/arch
/home/cpantester/.cpan/build/Moo-2.005004-2/blib/lib
/home/cpantester/.cpan/build/Type-Tiny-1.012004-3/blib/arch
/home/cpantester/.cpan/build/Type-Tiny-1.012004-3/blib/lib
/home/cpantester/perl5/perlbrew/perls/perl-5.34.1-ld/lib/site_perl/5.34.1/i686-linux-ld
/home/cpantester/perl5/perlbrew/perls/perl-5.34.1-ld/lib/site_perl/5.34.1
/home/cpantester/perl5/perlbrew/perls/perl-5.34.1-ld/lib/5.34.1/i686-linux-ld
/home/cpantester/perl5/perlbrew/perls/perl-5.34.1-ld/lib/5.34.1
.