Report for Web-oEmbed-Common-0.05

Back
From: metabase:user:30ae4450-2aae-11df-837a-5e0a49663a4f
Subject: FAIL Web-oEmbed-Common-0.05 v5.24.0 
Date: 2017-01-22T18:28:45Z

This distribution has been tested as part of the CPAN Testers
project, supporting the Perl programming language.  See
http://wiki.cpantesters.org/ for more information or email
questions to cpan-testers-discuss@perl.org


--
Dear Matthew Simon Cavalletto,

This is a computer-generated report for Web-oEmbed-Common-0.05
on perl 5.24.0, created by CPAN-Reporter-1.2018.

Thank you for uploading your work to CPAN.  However, there was a problem
testing your distribution.

If you think this report is invalid, please consult the CPAN Testers Wiki
for suggestions on how to avoid getting FAIL reports for missing library
or binary dependencies, unsupported operating systems, and so on:

http://wiki.cpantesters.org/wiki/CPANAuthorNotes

Sections of this report:

    * Tester comments
    * Program output
    * Prerequisites
    * Environment and other context

------------------------------
TESTER COMMENTS
------------------------------

Additional comments from tester:

this report is from an automated smoke testing program
and was not reviewed by a human for accuracy

------------------------------
PROGRAM OUTPUT
------------------------------

Output from 'C:\STRAWB~1\c\bin\dmake.exe test':

"C:\Strawberry240\perl\bin\perl.exe" "-MExtUtils::Command::MM" "-MTest::Harness" "-e" "undef *Test::Harness::Switches; test_harness(0, 'blib\lib', 'blib\arch')" t/*.t
Any::Moose is deprecated. Please use Moo instead at C:\STRAWB~1\cpan\build\Web-oEmbed-Common-0.05-0\blib\lib/Web/oEmbed/Common.pm line 74.
# Testing Web::oEmbed::Common 0.05, Perl 5.024000, C:\Strawberry240\perl\bin\perl.exe
t/00-compile.t ....... ok
Any::Moose is deprecated. Please use Moo instead at C:\STRAWB~1\cpan\build\Web-oEmbed-Common-0.05-0\blib\lib/Web/oEmbed/Common.pm line 74.
t/08-url-patterns.t .. ok
Any::Moose is deprecated. Please use Moo instead at C:\STRAWB~1\cpan\build\Web-oEmbed-Common-0.05-0\blib\lib/Web/oEmbed/Common.pm line 74.

#   Failed test 'Response has embed code'
#   at t/10-youtube.t line 41.
#                   '<iframe width="459" height="344" src="https://www.youtube.com/embed/5iAIM02kv0g?feature=oembed" frameborder="0" allowfullscreen></iframe>'
#     doesn't match '(?^sx:<object .*? movie )'
# Looks like you failed 1 test of 10.
t/10-youtube.t ....... 
Dubious, test returned 1 (wstat 256, 0x100)
Failed 1/10 subtests 
Any::Moose is deprecated. Please use Moo instead at C:\STRAWB~1\cpan\build\Web-oEmbed-Common-0.05-0\blib\lib/Web/oEmbed/Common.pm line 74.

#   Failed test 'Received oEmbed response'
#   at t/50-xkcd.t line 24.

#   Failed test ''Received expected response type' isa 'Web::oEmbed::Response''
#   at t/50-xkcd.t line 25.
#     'Received expected response type' isn't defined

#   Failed test 'No response to check'
#   at t/50-xkcd.t line 31.

#   Failed test 'No response to check'
#   at t/50-xkcd.t line 32.

#   Failed test 'No response to check'
#   at t/50-xkcd.t line 33.
# Looks like you planned 10 tests but ran 9.
# Looks like you failed 5 tests of 9 run.
t/50-xkcd.t .......... 
Dubious, test returned 5 (wstat 1280, 0x500)
Failed 6/10 subtests 

Test Summary Report
-------------------
t/10-youtube.t     (Wstat: 256 Tests: 10 Failed: 1)
  Failed test:  10
  Non-zero exit status: 1
t/50-xkcd.t        (Wstat: 1280 Tests: 9 Failed: 5)
  Failed tests:  5-9
  Non-zero exit status: 5
  Parse errors: Bad plan.  You planned 10 tests but ran 9.
Files=4, Tests=26,  3 wallclock secs ( 0.09 usr +  0.05 sys =  0.14 CPU)
Result: FAIL
Failed 2/4 test programs. 6/26 subtests failed.
dmake.exe:  makefile:  line 908:  Warning: -- More than one prerequisite
for %-target. Use :| ruleop or indirect prerequisites.
dmake.exe:  Error code 133, while making 'test_dynamic'

------------------------------
PREREQUISITES
------------------------------

Prerequisite modules loaded:

requires:

    Module              Need Have
    ------------------- ---- ----
    Web::oEmbed         0.01 0.04

build_requires:

    Module              Need Have
    ------------------- ---- ----
    ExtUtils::MakeMaker 0    7.24

configure_requires:

    Module              Need Have
    ------------------- ---- ----
    ExtUtils::MakeMaker 0    7.24


------------------------------
ENVIRONMENT AND OTHER CONTEXT
------------------------------

Environment variables:

    AUTOMATED_TESTING = 1
    COMSPEC = C:\WINDOWS\system32\cmd.exe
    NUMBER_OF_PROCESSORS = 1
    PATH = C:\WINDOWS\system32;C:\WINDOWS;C:\WINDOWS\System32\Wbem;C:\Git\cmd;C:\Strawberry240\c\bin;C:\Strawberry240\perl\site\bin;C:\Strawberry240\perl\bin
    PERL5LIB = C:\STRAWB~1\cpan\build\Web-oEmbed-0.04-0/blib/arch;C:\STRAWB~1\cpan\build\Web-oEmbed-0.04-0/blib/lib;C:\STRAWB~1\cpan\build\Test-Differences-Color-0.06-0/blib/arch;C:\STRAWB~1\cpan\build\Test-Differences-Color-0.06-0/blib/lib;C:\STRAWB~1\cpan\build\Algorithm-TokenBucket-0.38-0/blib/arch;C:\STRAWB~1\cpan\build\Algorithm-TokenBucket-0.38-0/blib/lib
    PERL5OPT = 
    PERL5_CPANPLUS_IS_RUNNING = 764
    PERL5_CPAN_IS_RUNNING = 764
    PERL5_CPAN_IS_RUNNING_IN_RECURSION = 1180,764
    PERL_CR_SMOKER_CURRENT = App-Twimap-0.03
    PERL_CR_SMOKER_RUNONCE = 1
    PERL_EXTUTILS_AUTOINSTALL = --defaultdeps
    PERL_HASH_SEED = 0x11111111
    PERL_MM_USE_DEFAULT = 1
    PROCESSOR_IDENTIFIER = x86 Family 16 Model 5 Stepping 3, AuthenticAMD
    TEMP = C:\DOCUME~1\a\LOCALS~1\Temp

Perl special variables (and OS-specific diagnostics, for MSWin32):

    $^X = C:\Strawberry240\perl\bin\perl.exe
    $UID/$EUID = 0 / 0
    $GID = 0
    $EGID = 0
    Win32::GetOSName = WinXP/.Net
    Win32::GetOSVersion = Service Pack 3, 5, 1, 2600, 2, 3, 0, 256, 1
    Win32::FsType = NTFS
    Win32::IsAdminUser = 1

Perl module toolchain versions installed:

    Module              Have    
    ------------------- --------
    CPAN                2.14    
    CPAN::Meta          2.150010
    Cwd                 3.63    
    ExtUtils::CBuilder  0.280225
    ExtUtils::Command   7.24    
    ExtUtils::Install   2.04    
    ExtUtils::MakeMaker 7.24    
    ExtUtils::Manifest  1.70    
    ExtUtils::ParseXS   3.31    
    File::Spec          3.63    
    JSON                2.90    
    JSON::PP            2.27400 
    Module::Build       0.4220  
    Module::Signature   0.81    
    Parse::CPAN::Meta   2.150010
    Test::Harness       3.36    
    Test::More          1.302073
    YAML                1.21    
    YAML::Syck          1.29    
    version             0.9917  


--

Summary of my perl5 (revision 5 version 24 subversion 0) configuration:
   
  Platform:
    osname=MSWin32, osvers=4.0, archname=MSWin32-x86-multi-thread
    uname='Win32 strawberry-perl 5.24.0.1-beta1 #1 Thu Dec 29 16:46:05 2016 i386'
    config_args='undef'
    hint=recommended, useposix=true, d_sigaction=undef
    useithreads=define, usemultiplicity=define
    use64bitint=undef, use64bitall=undef, uselongdouble=undef
    usemymalloc=n, bincompat5005=undef
  Compiler:
    cc='gcc', ccflags =' -s -O2 -DWIN32  -DPERL_TEXTMODE_SCRIPTS -DPERL_IMPLICIT_CONTEXT -DPERL_IMPLICIT_SYS -fwrapv -fno-strict-aliasing -mms-bitfields',
    optimize='-s -O2',
    cppflags='-DWIN32'
    ccversion='', gccversion='4.9.2', gccosandvers=''
    intsize=4, longsize=4, ptrsize=4, doublesize=8, byteorder=1234, doublekind=3
    d_longlong=define, longlongsize=8, d_longdbl=define, longdblsize=12, longdblkind=3
    ivtype='long', ivsize=4, nvtype='double', nvsize=8, Off_t='long long', lseeksize=8
    alignbytes=8, prototype=define
  Linker and Libraries:
    ld='g++', ldflags ='-s -L"C:\STRAWB~1\perl\lib\CORE" -L"C:\STRAWB~1\c\lib"'
    libpth=C:\STRAWB~1\c\lib C:\STRAWB~1\c\i686-w64-mingw32\lib C:\STRAWB~1\c\lib\gcc\i686-w64-mingw32\4.9.2
    libs=-lmoldname -lkernel32 -luser32 -lgdi32 -lwinspool -lcomdlg32 -ladvapi32 -lshell32 -lole32 -loleaut32 -lnetapi32 -luuid -lws2_32 -lmpr -lwinmm -lversion -lodbc32 -lodbccp32 -lcomctl32
    perllibs=-lmoldname -lkernel32 -luser32 -lgdi32 -lwinspool -lcomdlg32 -ladvapi32 -lshell32 -lole32 -loleaut32 -lnetapi32 -luuid -lws2_32 -lmpr -lwinmm -lversion -lodbc32 -lodbccp32 -lcomctl32
    libc=, so=dll, useshrplib=true, libperl=libperl524.a
    gnulibc_version=''
  Dynamic Linking:
    dlsrc=dl_win32.xs, dlext=xs.dll, d_dlsymun=undef, ccdlflags=' '
    cccdlflags=' ', lddlflags='-mdll -s -L"C:\STRAWB~1\perl\lib\CORE" -L"C:\STRAWB~1\c\lib"'


Characteristics of this binary (from libperl): 
  Compile-time options: HAS_TIMES HAVE_INTERP_INTERN MULTIPLICITY
                        PERLIO_LAYERS PERL_COPY_ON_WRITE
                        PERL_DONT_CREATE_GVSV
                        PERL_HASH_FUNC_ONE_AT_A_TIME_HARD
                        PERL_IMPLICIT_CONTEXT PERL_IMPLICIT_SYS
                        PERL_MALLOC_WRAP PERL_PRESERVE_IVUV USE_ITHREADS
                        USE_LARGE_FILES USE_LOCALE USE_LOCALE_COLLATE
                        USE_LOCALE_CTYPE USE_LOCALE_NUMERIC USE_LOCALE_TIME
                        USE_PERLIO USE_PERL_ATOF
  Built under MSWin32
  Compiled at Dec 29 2016 16:55:33
  %ENV:
    PERL5LIB="C:\STRAWB~1\cpan\build\Web-oEmbed-0.04-0/blib/arch;C:\STRAWB~1\cpan\build\Web-oEmbed-0.04-0/blib/lib;C:\STRAWB~1\cpan\build\Test-Differences-Color-0.06-0/blib/arch;C:\STRAWB~1\cpan\build\Test-Differences-Color-0.06-0/blib/lib;C:\STRAWB~1\cpan\build\Algorithm-TokenBucket-0.38-0/blib/arch;C:\STRAWB~1\cpan\build\Algorithm-TokenBucket-0.38-0/blib/lib"
    PERL5_CPANPLUS_IS_RUNNING="764"
    PERL5_CPAN_IS_RUNNING="764"
    PERL5_CPAN_IS_RUNNING_IN_RECURSION="1180,764"
    PERL_CR_SMOKER_CURRENT="App-Twimap-0.03"
    PERL_CR_SMOKER_RUNONCE="1"
    PERL_EXTUTILS_AUTOINSTALL="--defaultdeps"
    PERL_HASH_SEED="0x11111111"
    PERL_MM_USE_DEFAULT="1"
  @INC:
    C:\STRAWB~1\cpan\build\Web-oEmbed-0.04-0/blib/arch
    C:\STRAWB~1\cpan\build\Web-oEmbed-0.04-0/blib/lib
    C:\STRAWB~1\cpan\build\Test-Differences-Color-0.06-0/blib/arch
    C:\STRAWB~1\cpan\build\Test-Differences-Color-0.06-0/blib/lib
    C:\STRAWB~1\cpan\build\Algorithm-TokenBucket-0.38-0/blib/arch
    C:\STRAWB~1\cpan\build\Algorithm-TokenBucket-0.38-0/blib/lib
    C:/Strawberry240/perl/site/lib
    C:/Strawberry240/perl/vendor/lib
    C:/Strawberry240/perl/lib
    .