Back
From: metabase:user:30977d10-2aae-11df-837a-5e0a49663a4f
Subject: FAIL Class-DBI-Sweet-0.08 v5.15.5 GNU/Linux
Date: 2011-12-15T03:09:38Z
This distribution has been tested as part of the CPAN Testers
project, supporting the Perl programming language. See
http://wiki.cpantesters.org/ for more information or email
questions to cpan-testers-discuss@perl.org
--
Dear Marcus Ramberg,
This is a computer-generated report for Class-DBI-Sweet-0.08
on perl 5.15.5, created by CPAN-Reporter-1.2003.
Thank you for uploading your work to CPAN. However, there was a problem
testing your distribution.
If you think this report is invalid, please consult the CPAN Testers Wiki
for suggestions on how to avoid getting FAIL reports for missing library
or binary dependencies, unsupported operating systems, and so on:
http://wiki.cpantesters.org/wiki/CPANAuthorNotes
Sections of this report:
* Tester comments
* Program output
* Prerequisites
* Environment and other context
------------------------------
TESTER COMMENTS
------------------------------
Additional comments from tester:
this report is from an automated smoke testing program
and was not reviewed by a human for accuracy
------------------------------
PROGRAM OUTPUT
------------------------------
Output from '/usr/bin/make test':
/home/trushel/perl/perl5155/bin/perl Build --makefile_env_macros 1 test
t/01use.t ................................ ok
t/02pod.t ................................ skipped: set TEST_POD to enable this test
t/03podcoverage.t ........................ skipped: set TEST_POD to enable this test
Can't use string ("5/8") as a HASH ref while "strict refs" in use at /home/trushel/cpan/build/5.15.5/Class-DBI-Sweet-0.08-qiaeWe/blib/lib/Class/DBI/Sweet.pm line 309.
# Looks like you planned 17 tests but ran 1.
# Looks like your test exited with 255 just after 1.
t/04join.t ...............................
Dubious, test returned 255 (wstat 65280, 0xff00)
Failed 16/17 subtests
Can't use string ("4/8") as a HASH ref while "strict refs" in use at /home/trushel/cpan/build/5.15.5/Class-DBI-Sweet-0.08-qiaeWe/blib/lib/Class/DBI/Sweet.pm line 126.
# Looks like you planned 5 tests but ran 1.
# Looks like your test exited with 255 just after 1.
t/05count.t ..............................
Dubious, test returned 255 (wstat 65280, 0xff00)
Failed 4/5 subtests
Can't use string ("4/8") as a HASH ref while "strict refs" in use at /home/trushel/cpan/build/5.15.5/Class-DBI-Sweet-0.08-qiaeWe/blib/lib/Class/DBI/Sweet.pm line 212.
# Looks like you planned 31 tests but ran 1.
# Looks like your test exited with 255 just after 1.
t/06object_cache.t .......................
Dubious, test returned 255 (wstat 65280, 0xff00)
Failed 30/31 subtests
Can't use string ("4/8") as a HASH ref while "strict refs" in use at /home/trushel/cpan/build/5.15.5/Class-DBI-Sweet-0.08-qiaeWe/blib/lib/Class/DBI/Sweet.pm line 212.
# Looks like you planned 7 tests but ran 1.
# Looks like your test exited with 25 just after 1.
t/07prefetch.t ...........................
Dubious, test returned 25 (wstat 6400, 0x1900)
Failed 6/7 subtests
Can't use string ("4/8") as a HASH ref while "strict refs" in use at /home/trushel/cpan/build/5.15.5/Class-DBI-Sweet-0.08-qiaeWe/blib/lib/Class/DBI/Sweet.pm line 126.
# Looks like you planned 10 tests but ran 1.
# Looks like your test exited with 255 just after 1.
t/08pager.t ..............................
Dubious, test returned 255 (wstat 65280, 0xff00)
Failed 9/10 subtests
t/09sequence.t ........................... ok
t/cdbi-t-ocache/01-columns.t ............. ok
t/cdbi-t-ocache/03-subclassing.t ......... ok
t/cdbi-t-ocache/05-Query.t ............... ok
t/cdbi-t-ocache/06-hasa.t ................ ok
t/cdbi-t-ocache/08-inheritcols.t ......... ok
t/cdbi-t-ocache/09-has_many.t ............ ok
DBI connect('test','',...) failed: Can't connect to local MySQL server through socket '/var/run/mysqld/mysqld.sock' (2) at (eval 39) line 2
t/cdbi-t-ocache/10-mysql.t ............... skipped: Need MySQL for this test
mutiple trigger registration in one add_trigger() call is deprecated. at /home/trushel/perl/perl5155/lib/site_perl/5.15.5/Class/DBI.pm line 1019
# Looks like your test exited with 255 before it could output anything.
t/cdbi-t-ocache/11-triggers.t ............
Dubious, test returned 255 (wstat 65280, 0xff00)
Failed 13/13 subtests
t/cdbi-t-ocache/12-filter.t .............. ok
t/cdbi-t-ocache/13-constraint.t .......... ok
t/cdbi-t-ocache/14-might_have.t .......... ok
t/cdbi-t-ocache/16-reserved.t ............ ok
t/cdbi-t-ocache/17-data_type.t ........... skipped: needs DBD::Pg for testing
t/cdbi-t-ocache/18-has_a.t ............... ok
t/cdbi-t-ocache/19-set_sql.t ............. ok
t/cdbi-t-ocache/21-iterator.t ............ ok
t/cdbi-t-ocache/22-deflate_order.t ....... skipped: Need Time::Piece::MySQL for this test
t/cdbi-t-ocache/23-cascade.t ............. ok
t/cdbi-t-ocache/24-meta_info.t ........... ok
DBI connect('test','',...) failed: Can't connect to local MySQL server through socket '/var/run/mysqld/mysqld.sock' (2) at t/cdbi-t-ocache/25-closures_in_meta.t line 13
t/cdbi-t-ocache/25-closures_in_meta.t .... skipped: Need MySQL for this test
t/cdbi-t-ocache/97-pod.t ................. ok
# Failed test 'We failed'
# at t/cdbi-t-ocache/98-failure.t line 31.
# ''
# doesn't match '(?^s:Database died)'
# Failed test 'We still have Bad Taste isa Film'
# at t/cdbi-t-ocache/98-failure.t line 34.
# We still have Bad Taste isn't a 'Film' it's a 'Class::DBI::Object::Has::Been::Deleted'
# Failed test 'We have Bad Taste isa Film'
# at t/cdbi-t-ocache/98-failure.t line 39.
# We have Bad Taste isn't defined
Can't call method "numexplodingsheep" on an undefined value at t/cdbi-t-ocache/98-failure.t line 40.
# Looks like you planned 7 tests but ran 4.
# Looks like you failed 3 tests of 4 run.
# Looks like your test exited with 2 just after 4.
t/cdbi-t-ocache/98-failure.t .............
Dubious, test returned 2 (wstat 512, 0x200)
Failed 6/7 subtests
Use of uninitialized value $name in lc at /home/trushel/perl/perl5155/lib/site_perl/5.15.5/Class/DBI/ColumnGrouper.pm line 91.
t/cdbi-t-ocache/99-misc.t ................ ok
t/cdbi-t-rescache/01-columns.t ........... ok
t/cdbi-t-rescache/03-subclassing.t ....... ok
t/cdbi-t-rescache/05-Query.t ............. ok
t/cdbi-t-rescache/06-hasa.t .............. ok
t/cdbi-t-rescache/08-inheritcols.t ....... ok
t/cdbi-t-rescache/09-has_many.t .......... ok
DBI connect('test','',...) failed: Can't connect to local MySQL server through socket '/var/run/mysqld/mysqld.sock' (2) at (eval 39) line 2
t/cdbi-t-rescache/10-mysql.t ............. skipped: Need MySQL for this test
mutiple trigger registration in one add_trigger() call is deprecated. at /home/trushel/perl/perl5155/lib/site_perl/5.15.5/Class/DBI.pm line 1019
# Looks like your test exited with 255 before it could output anything.
t/cdbi-t-rescache/11-triggers.t ..........
Dubious, test returned 255 (wstat 65280, 0xff00)
Failed 13/13 subtests
t/cdbi-t-rescache/12-filter.t ............ ok
t/cdbi-t-rescache/13-constraint.t ........ ok
t/cdbi-t-rescache/14-might_have.t ........ ok
t/cdbi-t-rescache/16-reserved.t .......... ok
t/cdbi-t-rescache/17-data_type.t ......... skipped: needs DBD::Pg for testing
t/cdbi-t-rescache/18-has_a.t ............. ok
t/cdbi-t-rescache/19-set_sql.t ........... ok
t/cdbi-t-rescache/21-iterator.t .......... ok
t/cdbi-t-rescache/22-deflate_order.t ..... skipped: Need Time::Piece::MySQL for this test
t/cdbi-t-rescache/23-cascade.t ........... ok
t/cdbi-t-rescache/24-meta_info.t ......... ok
DBI connect('test','',...) failed: Can't connect to local MySQL server through socket '/var/run/mysqld/mysqld.sock' (2) at t/cdbi-t-rescache/25-closures_in_meta.t line 13
t/cdbi-t-rescache/25-closures_in_meta.t .. skipped: Need MySQL for this test
t/cdbi-t-rescache/97-pod.t ............... ok
# Failed test 'We failed'
# at t/cdbi-t-rescache/98-failure.t line 31.
# ''
# doesn't match '(?^s:Database died)'
# Failed test 'We still have Bad Taste isa Film'
# at t/cdbi-t-rescache/98-failure.t line 34.
# We still have Bad Taste isn't a 'Film' it's a 'Class::DBI::Object::Has::Been::Deleted'
# Failed test 'We have Bad Taste isa Film'
# at t/cdbi-t-rescache/98-failure.t line 39.
# We have Bad Taste isn't defined
Can't call method "numexplodingsheep" on an undefined value at t/cdbi-t-rescache/98-failure.t line 40.
# Looks like you planned 7 tests but ran 4.
# Looks like you failed 3 tests of 4 run.
# Looks like your test exited with 2 just after 4.
t/cdbi-t-rescache/98-failure.t ...........
Dubious, test returned 2 (wstat 512, 0x200)
Failed 6/7 subtests
Use of uninitialized value $name in lc at /home/trushel/perl/perl5155/lib/site_perl/5.15.5/Class/DBI/ColumnGrouper.pm line 91.
t/cdbi-t-rescache/99-misc.t .............. ok
t/cdbi-t/01-columns.t .................... ok
t/cdbi-t/02-Film.t ....................... ok
t/cdbi-t/03-subclassing.t ................ ok
t/cdbi-t/04-lazy.t ....................... ok
t/cdbi-t/05-Query.t ...................... ok
t/cdbi-t/06-hasa.t ....................... ok
t/cdbi-t/08-inheritcols.t ................ ok
t/cdbi-t/09-has_many.t ................... ok
DBI connect('test','',...) failed: Can't connect to local MySQL server through socket '/var/run/mysqld/mysqld.sock' (2) at (eval 15) line 2
t/cdbi-t/10-mysql.t ...................... skipped: Need MySQL for this test
mutiple trigger registration in one add_trigger() call is deprecated. at /home/trushel/perl/perl5155/lib/site_perl/5.15.5/Class/DBI.pm line 1019
# Looks like your test exited with 255 before it could output anything.
t/cdbi-t/11-triggers.t ...................
Dubious, test returned 255 (wstat 65280, 0xff00)
Failed 13/13 subtests
t/cdbi-t/12-filter.t ..................... ok
t/cdbi-t/13-constraint.t ................. ok
t/cdbi-t/14-might_have.t ................. ok
t/cdbi-t/17-data_type.t .................. skipped: needs DBD::Pg for testing
t/cdbi-t/18-has_a.t ...................... ok
t/cdbi-t/19-set_sql.t .................... ok
t/cdbi-t/21-iterator.t ................... ok
t/cdbi-t/22-deflate_order.t .............. skipped: Need Time::Piece::MySQL for this test
t/cdbi-t/23-cascade.t .................... ok
t/cdbi-t/24-meta_info.t .................. ok
DBI connect('test','',...) failed: Can't connect to local MySQL server through socket '/var/run/mysqld/mysqld.sock' (2) at t/cdbi-t/25-closures_in_meta.t line 7
t/cdbi-t/25-closures_in_meta.t ........... skipped: Need MySQL for this test
t/cdbi-t/97-pod.t ........................ ok
# Failed test 'We failed'
# at t/cdbi-t/98-failure.t line 25.
# ''
# doesn't match '(?^s:Database died)'
# Failed test 'We still have Bad Taste isa Film'
# at t/cdbi-t/98-failure.t line 28.
# We still have Bad Taste isn't a 'Film' it's a 'Class::DBI::Object::Has::Been::Deleted'
# Failed test 'We have Bad Taste isa Film'
# at t/cdbi-t/98-failure.t line 33.
# We have Bad Taste isn't defined
Can't call method "numexplodingsheep" on an undefined value at t/cdbi-t/98-failure.t line 34.
# Looks like you planned 7 tests but ran 4.
# Looks like you failed 3 tests of 4 run.
# Looks like your test exited with 2 just after 4.
t/cdbi-t/98-failure.t ....................
Dubious, test returned 2 (wstat 512, 0x200)
Failed 6/7 subtests
Use of uninitialized value $name in lc at /home/trushel/perl/perl5155/lib/site_perl/5.15.5/Class/DBI/ColumnGrouper.pm line 91.
t/cdbi-t/99-misc.t ....................... ok
Test Summary Report
-------------------
t/04join.t (Wstat: 65280 Tests: 1 Failed: 0)
Non-zero exit status: 255
Parse errors: Bad plan. You planned 17 tests but ran 1.
t/05count.t (Wstat: 65280 Tests: 1 Failed: 0)
Non-zero exit status: 255
Parse errors: Bad plan. You planned 5 tests but ran 1.
t/06object_cache.t (Wstat: 65280 Tests: 1 Failed: 0)
Non-zero exit status: 255
Parse errors: Bad plan. You planned 31 tests but ran 1.
t/07prefetch.t (Wstat: 6400 Tests: 1 Failed: 0)
Non-zero exit status: 25
Parse errors: Bad plan. You planned 7 tests but ran 1.
t/08pager.t (Wstat: 65280 Tests: 1 Failed: 0)
Non-zero exit status: 255
Parse errors: Bad plan. You planned 10 tests but ran 1.
t/cdbi-t-ocache/11-triggers.t (Wstat: 65280 Tests: 0 Failed: 0)
Non-zero exit status: 255
Parse errors: Bad plan. You planned 13 tests but ran 0.
t/cdbi-t-ocache/98-failure.t (Wstat: 512 Tests: 4 Failed: 3)
Failed tests: 2-4
Non-zero exit status: 2
Parse errors: Bad plan. You planned 7 tests but ran 4.
t/cdbi-t-rescache/11-triggers.t (Wstat: 65280 Tests: 0 Failed: 0)
Non-zero exit status: 255
Parse errors: Bad plan. You planned 13 tests but ran 0.
t/cdbi-t-rescache/98-failure.t (Wstat: 512 Tests: 4 Failed: 3)
Failed tests: 2-4
Non-zero exit status: 2
Parse errors: Bad plan. You planned 7 tests but ran 4.
t/cdbi-t/11-triggers.t (Wstat: 65280 Tests: 0 Failed: 0)
Non-zero exit status: 255
Parse errors: Bad plan. You planned 13 tests but ran 0.
t/cdbi-t/98-failure.t (Wstat: 512 Tests: 4 Failed: 3)
Failed tests: 2-4
Non-zero exit status: 2
Parse errors: Bad plan. You planned 7 tests but ran 4.
Files=79, Tests=1167, 130 wallclock secs ( 0.32 usr 0.12 sys + 8.49 cusr 1.54 csys = 10.47 CPU)
Result: FAIL
Failed 11/79 test programs. 9/1167 subtests failed.
make: *** [test] Error 255
------------------------------
PREREQUISITES
------------------------------
Prerequisite modules loaded:
requires:
Module Need Have
------------- ------- ------
Class::DBI v3.0.12 3.0.17
Data::Page 0 2.02
DBD::SQLite 1.08 1.35
DBI 0 1.616
List::Util 0 1.23
SQL::Abstract 1.17 1.72
------------------------------
ENVIRONMENT AND OTHER CONTEXT
------------------------------
Environment variables:
AUTOMATED_TESTING = 1
LANG = en_US.UTF-8
PATH = /usr/local/sbin:/usr/local/bin:/usr/sbin:/usr/bin:/sbin:/bin
PERL5LIB =
PERL5OPT =
PERL5_CPANPLUS_IS_RUNNING = 4944
PERL5_CPAN_IS_RUNNING = 4944
PERL5_CPAN_IS_RUNNING_IN_RECURSION = 29692,4944
PERL_CR_SMOKER_CURRENT = Class-DBI-Sweet-0.08
PERL_EXTUTILS_AUTOINSTALL = --defaultdeps
PERL_MM_USE_DEFAULT = 1
SHELL = /bin/bash
TERM = xterm
Perl special variables (and OS-specific diagnostics, for MSWin32):
$^X = /home/trushel/perl/perl5155/bin/perl
$UID/$EUID = 138375 / 138375
$GID = 5762 4 20 21 24 25 26 30 44 46 104 105 119 122 431 5762
$EGID = 5762 4 20 21 24 25 26 30 44 46 104 105 119 122 431 5762
Perl module toolchain versions installed:
Module Have
------------------- --------
CPAN 1.9800
CPAN::Meta 2.112621
Cwd 3.37
ExtUtils::CBuilder 0.280204
ExtUtils::Command 1.17
ExtUtils::Install 1.57
ExtUtils::MakeMaker 6.63_02
ExtUtils::Manifest 1.60
ExtUtils::ParseXS 3.05
File::Spec 3.34
JSON n/a
JSON::PP 2.27200
Module::Build 0.39_01
Module::Signature n/a
Parse::CPAN::Meta 1.4401
Test::Harness 3.23
Test::More 0.98
YAML 0.77
YAML::Syck 1.19
version 0.93
--
Summary of my perl5 (revision 5 version 15 subversion 5) configuration:
Platform:
osname=linux, osvers=2.6.32-35-generic, archname=x86_64-linux
uname='linux trushel-glaptop 2.6.32-35-generic #78-ubuntu smp tue oct 11 16:11:24 utc 2011 x86_64 gnulinux '
config_args=''
hint=recommended, useposix=true, d_sigaction=define
useithreads=undef, usemultiplicity=undef
useperlio=define, d_sfio=undef, uselargefiles=define, usesocks=undef
use64bitint=define, use64bitall=define, uselongdouble=undef
usemymalloc=n, bincompat5005=undef
Compiler:
cc='cc', ccflags ='-fno-strict-aliasing -pipe -fstack-protector -I/usr/local/include -D_LARGEFILE_SOURCE -D_FILE_OFFSET_BITS=64',
optimize='-O2',
cppflags='-fno-strict-aliasing -pipe -fstack-protector -I/usr/local/include'
ccversion='', gccversion='4.4.3', gccosandvers=''
intsize=4, longsize=8, ptrsize=8, doublesize=8, byteorder=12345678
d_longlong=define, longlongsize=8, d_longdbl=define, longdblsize=16
ivtype='long', ivsize=8, nvtype='double', nvsize=8, Off_t='off_t', lseeksize=8
alignbytes=8, prototype=define
Linker and Libraries:
ld='cc', ldflags =' -fstack-protector -L/usr/local/lib'
libpth=/usr/local/lib /lib/../lib /usr/lib/../lib /lib /usr/lib /usr/lib/x86_64-linux-gnu /lib64 /usr/lib64
libs=-lnsl -ldb -ldl -lm -lcrypt -lutil -lc
perllibs=-lnsl -ldl -lm -lcrypt -lutil -lc
libc=/lib/libc-2.11.1.so, so=so, useshrplib=false, libperl=libperl.a
gnulibc_version='2.11.1'
Dynamic Linking:
dlsrc=dl_dlopen.xs, dlext=so, d_dlsymun=undef, ccdlflags='-Wl,-E'
cccdlflags='-fPIC', lddlflags='-shared -O2 -L/usr/local/lib -fstack-protector'
Characteristics of this binary (from libperl):
Compile-time options: HAS_TIMES PERLIO_LAYERS PERL_DONT_CREATE_GVSV
PERL_MALLOC_WRAP PERL_PRESERVE_IVUV USE_64_BIT_ALL
USE_64_BIT_INT USE_LARGE_FILES USE_LOCALE
USE_LOCALE_COLLATE USE_LOCALE_CTYPE
USE_LOCALE_NUMERIC USE_PERLIO USE_PERL_ATOF
Built under linux
Compiled at Dec 12 2011 22:29:38
%ENV:
PERL5LIB=""
PERL5OPT=""
PERL5_CPANPLUS_IS_RUNNING="4944"
PERL5_CPAN_IS_RUNNING="4944"
PERL5_CPAN_IS_RUNNING_IN_RECURSION="29692,4944"
PERL_CR_SMOKER_CURRENT="Class-DBI-Sweet-0.08"
PERL_EXTUTILS_AUTOINSTALL="--defaultdeps"
PERL_MM_USE_DEFAULT="1"
@INC:
/home/trushel/perl/perl5155/lib/site_perl/5.15.5/x86_64-linux
/home/trushel/perl/perl5155/lib/site_perl/5.15.5
/home/trushel/perl/perl5155/lib/5.15.5/x86_64-linux
/home/trushel/perl/perl5155/lib/5.15.5
.