Report for Music-Tag-0.4103

Back
From: metabase:user:d2c9f356-b46f-11df-9a90-20a83c0b7757
Subject: FAIL Music-Tag-0.4103 v5.14.4 SunOS/Solaris
Date: 2013-04-19T08:50:44Z

This distribution has been tested as part of the CPAN Testers
project, supporting the Perl programming language.  See
http://wiki.cpantesters.org/ for more information or email
questions to cpan-testers-discuss@perl.org


--
Dear Edward J. Allen III,

This is a computer-generated report for Music-Tag-0.4103
on perl 5.14.4, created by CPAN-Reporter-1.2010.

Thank you for uploading your work to CPAN.  However, there was a problem
testing your distribution.

If you think this report is invalid, please consult the CPAN Testers Wiki
for suggestions on how to avoid getting FAIL reports for missing library
or binary dependencies, unsupported operating systems, and so on:

http://wiki.cpantesters.org/wiki/CPANAuthorNotes

Sections of this report:

    * Tester comments
    * Program output
    * Prerequisites
    * Environment and other context

------------------------------
TESTER COMMENTS
------------------------------

Additional comments from tester:

this report is from an automated smoke testing program
and was not reviewed by a human for accuracy

------------------------------
PROGRAM OUTPUT
------------------------------

Output from '/usr/local/bin/make test':

PERL_DL_NONLAZY=1 /export/home/cpant2/perl5/perlbrew/perls/perl-5.14.4/bin/perl5.14.4 "-MExtUtils::Command::MM" "-e" "test_harness(0, 'blib/lib', 'blib/arch')" t/*.t
t/1-general.t ........ ok
t/2-options.t ........ ok
Music::Tag::Auto Sorry, I can't find a plugin for /export/home/cpant2/.cpan/build/Music-Tag-0.4103-ofeCkU/t/fake.music at /export/home/cpant2/.cpan/build/Music-Tag-0.4103-ofeCkU/blib/lib/Music/Tag.pm line 146.
t/3-auto.t ........... ok
t/5-generic.t ........ ok
t/6-unaccent.t ....... skipped: Text::Unaccent::PurePerl required for testing accent changes

#   Failed test 'POD test for blib/lib/Music/Tag.pm'
#   at /export/home/cpant2/perl5/perlbrew/perls/perl-5.14.4/lib/site_perl/5.14.4/Test/Pod.pm line 186.
# blib/lib/Music/Tag.pm (2085): Non-ASCII character seen before =encoding in '©'. Assuming UTF-8

#   Failed test 'POD test for blib/lib/Music/Tag/Test.pm'
#   at /export/home/cpant2/perl5/perlbrew/perls/perl-5.14.4/lib/site_perl/5.14.4/Test/Pod.pm line 186.
# blib/lib/Music/Tag/Test.pm (328): Non-ASCII character seen before =encoding in '©'. Assuming UTF-8

#   Failed test 'POD test for blib/lib/Music/Tag/Option.pm'
#   at /export/home/cpant2/perl5/perlbrew/perls/perl-5.14.4/lib/site_perl/5.14.4/Test/Pod.pm line 186.
# blib/lib/Music/Tag/Option.pm (131): Non-ASCII character seen before =encoding in '©'. Assuming UTF-8

#   Failed test 'POD test for blib/lib/Music/Tag/Generic.pm'
#   at /export/home/cpant2/perl5/perlbrew/perls/perl-5.14.4/lib/site_perl/5.14.4/Test/Pod.pm line 186.
# blib/lib/Music/Tag/Generic.pm (364): Non-ASCII character seen before =encoding in '©'. Assuming UTF-8

#   Failed test 'POD test for blib/lib/Music/Tag/Auto.pm'
#   at /export/home/cpant2/perl5/perlbrew/perls/perl-5.14.4/lib/site_perl/5.14.4/Test/Pod.pm line 186.
# blib/lib/Music/Tag/Auto.pm (175): Non-ASCII character seen before =encoding in '©'. Assuming UTF-8
# Looks like you failed 5 tests of 6.
t/97-pod.t ........... 
Dubious, test returned 5 (wstat 1280, 0x500)
Failed 5/6 subtests 
t/98-pod-coverage.t .. ok

Test Summary Report
-------------------
t/97-pod.t         (Wstat: 1280 Tests: 6 Failed: 5)
  Failed tests:  1-5
  Non-zero exit status: 5
Files=7, Tests=249,  4 wallclock secs ( 0.14 usr  0.06 sys +  3.20 cusr  0.70 csys =  4.10 CPU)
Result: FAIL
Failed 1/7 test programs. 5/249 subtests failed.
make: *** [test_dynamic] Error 255

------------------------------
PREREQUISITES
------------------------------

Prerequisite modules loaded:

requires:

    Module              Need   Have   
    ------------------- ------ -------
    Config::Options     0.07   0.08   
    Data::Dumper        2      2.145  
    DateTimeX::Easy     0.088  0.089  
    Digest::SHA1        2.11   2.13   
    Encode              2.12   2.49   
    File::Copy          2      2.21   
    File::Slurp         1      9999.19
    File::Spec          3.24   3.40   
    File::stat          1      1.05   
    IO::Dir             1      1.08   
    IO::File            1.13   1.15   
    Locale::Country     2.07   3.25   
    Readonly            1      1.03   
    Scalar::Util        1.21   1.27   
    Test::More          0.1    0.98   
    Time::Local         1.1901 1.2300 

build_requires:

    Module              Need   Have   
    ------------------- ------ -------
    ExtUtils::MakeMaker 0      6.64   

configure_requires:

    Module              Need   Have   
    ------------------- ------ -------
    ExtUtils::MakeMaker 0      6.64   


------------------------------
ENVIRONMENT AND OTHER CONTEXT
------------------------------

Environment variables:

    AUTOMATED_TESTING = 1
    LANG = C
    LD_LIBRARY_PATH = /usr/local/lib:
    MANPATH_WITHOUT_PERLBREW = 
    PATH = /export/home/cpant2/perl5/perlbrew/bin:/export/home/cpant2/perl5/perlbrew/perls/perl-5.14.4/bin:/export/home/cpant2/perl5/bin:/usr/local/bin:/usr/bin
    PATH_WITHOUT_PERLBREW = /export/home/cpant2/perl5/bin:/usr/local/bin:/usr/bin
    PERL5LIB = /export/home/cpant2/.cpan/build/DateTimeX-Easy-0.089-o_Rne9/blib/arch:/export/home/cpant2/.cpan/build/DateTimeX-Easy-0.089-o_Rne9/blib/lib:/export/home/cpant2/.cpan/build/DateTime-Format-Flexible-0.25-POVYMB/blib/arch:/export/home/cpant2/.cpan/build/DateTime-Format-Flexible-0.25-POVYMB/blib/lib:/export/home/cpant2/.cpan/build/DateTime-Format-Natural-1.01-ARA2B6/blib/arch:/export/home/cpant2/.cpan/build/DateTime-Format-Natural-1.01-ARA2B6/blib/lib:/export/home/cpant2/.cpan/build/DateTime-Format-ICal-0.09-6hy4sP/blib/arch:/export/home/cpant2/.cpan/build/DateTime-Format-ICal-0.09-6hy4sP/blib/lib:/export/home/cpant2/.cpan/build/DateTime-Event-ICal-0.11-oEf7Gu/blib/arch:/export/home/cpant2/.cpan/build/DateTime-Event-ICal-0.11-oEf7Gu/blib/lib:/export/home/cpant2/.cpan/build/DateTime-Event-Recurrence-0.16-jhSXgT/blib/arch:/export/home/cpant2/.cpan/build/DateTime-Event-Recurrence-0.16-jhSXgT/blib/lib:/export/home/cpant2/.cpan/build/DateTime-Set-0.31-9rqEhq/blib/arch:/export/home/cpant2/.cpan/build/DateTime-Set-0.31-9rqEhq/blib/lib:/export/home/cpant2/.cpan/build/Config-Options-0.08-cljNKs/blib/arch:/export/home/cpant2/.cpan/build/Config-Options-0.08-cljNKs/blib/lib
    PERL5OPT = 
    PERL5_CPANPLUS_IS_RUNNING = 3003
    PERL5_CPAN_IS_RUNNING = 3003
    PERL5_CPAN_IS_RUNNING_IN_RECURSION = 29526,3003
    PERLBREW_BASHRC_VERSION = 0.44
    PERLBREW_HOME = /export/home/cpant2/.perlbrew
    PERLBREW_MANPATH = /export/home/cpant2/perl5/perlbrew/perls/perl-5.14.4/man
    PERLBREW_PATH = /export/home/cpant2/perl5/perlbrew/bin:/export/home/cpant2/perl5/perlbrew/perls/perl-5.14.4/bin
    PERLBREW_PERL = perl-5.14.4
    PERLBREW_ROOT = /export/home/cpant2/perl5/perlbrew
    PERLBREW_VERSION = 0.44
    PERL_CR_SMOKER_CURRENT = Music-Tag-0.4103
    PERL_EXTUTILS_AUTOINSTALL = --defaultdeps
    PERL_MM_USE_DEFAULT = 1
    SHELL = /usr/bin/bash
    TERM = xterm

Perl special variables (and OS-specific diagnostics, for MSWin32):

    $^X = /export/home/cpant2/perl5/perlbrew/perls/perl-5.14.4/bin/perl5.14.4
    $UID/$EUID = 101 / 101
    $GID = 1 1
    $EGID = 1 1

Perl module toolchain versions installed:

    Module              Have    
    ------------------- --------
    CPAN                2.00    
    CPAN::Meta          2.130880
    Cwd                 3.40    
    ExtUtils::CBuilder  0.280205
    ExtUtils::Command   1.17    
    ExtUtils::Install   1.56    
    ExtUtils::MakeMaker 6.64    
    ExtUtils::Manifest  1.61    
    ExtUtils::ParseXS   3.18    
    File::Spec          3.40    
    JSON                2.57    
    JSON::PP            2.27202 
    Module::Build       0.4004  
    Module::Signature   n/a     
    Parse::CPAN::Meta   1.4404  
    Test::Harness       3.26    
    Test::More          0.98    
    YAML                0.84    
    YAML::Syck          1.25    
    version             0.9902  


--

Summary of my perl5 (revision 5 version 14 subversion 4) configuration:
   
  Platform:
    osname=solaris, osvers=2.10, archname=i86pc-solaris-64int
    uname='sunos vmrz0046 5.10 generic_141445-09 i86pc i386 i86pc solaris '
    config_args='-de -Dprefix=/export/home/cpant2/perl5/perlbrew/perls/perl-5.14.4 -Dcc=gcc -Duse64bitint -Dusedevel -Aeval:scriptdir=/export/home/cpant2/perl5/perlbrew/perls/perl-5.14.4/bin'
    hint=recommended, useposix=true, d_sigaction=define
    useithreads=undef, usemultiplicity=undef
    useperlio=define, d_sfio=undef, uselargefiles=define, usesocks=undef
    use64bitint=define, use64bitall=undef, uselongdouble=undef
    usemymalloc=n, bincompat5005=undef
  Compiler:
    cc='gcc', ccflags ='-DPTR_IS_LONG -fno-strict-aliasing -pipe -I/usr/local/include -D_LARGEFILE_SOURCE -D_FILE_OFFSET_BITS=64 -DPERL_USE_SAFE_PUTENV',
    optimize='-O',
    cppflags='-DPTR_IS_LONG -fno-strict-aliasing -pipe -I/usr/local/include'
    ccversion='', gccversion='3.4.6', gccosandvers='solaris2.10'
    intsize=4, longsize=4, ptrsize=4, doublesize=8, byteorder=12345678
    d_longlong=define, longlongsize=8, d_longdbl=define, longdblsize=12
    ivtype='long long', ivsize=8, nvtype='double', nvsize=8, Off_t='off_t', lseeksize=8
    alignbytes=4, prototype=define
  Linker and Libraries:
    ld='gcc', ldflags =' -L/usr/local/lib '
    libpth=/usr/local/lib /usr/lib /usr/ccs/lib
    libs=-lsocket -lnsl -lgdbm -ldl -lm -lc
    perllibs=-lsocket -lnsl -ldl -lm -lc
    libc=/lib/libc.so, so=so, useshrplib=false, libperl=libperl.a
    gnulibc_version=''
  Dynamic Linking:
    dlsrc=dl_dlopen.xs, dlext=so, d_dlsymun=undef, ccdlflags=' '
    cccdlflags='-fPIC', lddlflags='-G -L/usr/local/lib'


Characteristics of this binary (from libperl): 
  Compile-time options: PERL_DONT_CREATE_GVSV PERL_MALLOC_WRAP
                        PERL_PRESERVE_IVUV PERL_USE_DEVEL
                        PERL_USE_SAFE_PUTENV USE_64_BIT_INT USE_LARGE_FILES
                        USE_PERLIO USE_PERL_ATOF
  Built under solaris
  Compiled at Mar 19 2013 21:06:29
  %ENV:
    PERL5LIB="/export/home/cpant2/.cpan/build/DateTimeX-Easy-0.089-o_Rne9/blib/arch:/export/home/cpant2/.cpan/build/DateTimeX-Easy-0.089-o_Rne9/blib/lib:/export/home/cpant2/.cpan/build/DateTime-Format-Flexible-0.25-POVYMB/blib/arch:/export/home/cpant2/.cpan/build/DateTime-Format-Flexible-0.25-POVYMB/blib/lib:/export/home/cpant2/.cpan/build/DateTime-Format-Natural-1.01-ARA2B6/blib/arch:/export/home/cpant2/.cpan/build/DateTime-Format-Natural-1.01-ARA2B6/blib/lib:/export/home/cpant2/.cpan/build/DateTime-Format-ICal-0.09-6hy4sP/blib/arch:/export/home/cpant2/.cpan/build/DateTime-Format-ICal-0.09-6hy4sP/blib/lib:/export/home/cpant2/.cpan/build/DateTime-Event-ICal-0.11-oEf7Gu/blib/arch:/export/home/cpant2/.cpan/build/DateTime-Event-ICal-0.11-oEf7Gu/blib/lib:/export/home/cpant2/.cpan/build/DateTime-Event-Recurrence-0.16-jhSXgT/blib/arch:/export/home/cpant2/.cpan/build/DateTime-Event-Recurrence-0.16-jhSXgT/blib/lib:/export/home/cpant2/.cpan/build/DateTime-Set-0.31-9rqEhq/blib/arch:/export/home/cpant2/.cpan/build/DateTime-Set-0.31-9rqEhq/blib/lib:/export/home/cpant2/.cpan/build/Config-Options-0.08-cljNKs/blib/arch:/export/home/cpant2/.cpan/build/Config-Options-0.08-cljNKs/blib/lib"
    PERL5OPT=""
    PERL5_CPANPLUS_IS_RUNNING="3003"
    PERL5_CPAN_IS_RUNNING="3003"
    PERL5_CPAN_IS_RUNNING_IN_RECURSION="29526,3003"
    PERLBREW_BASHRC_VERSION="0.44"
    PERLBREW_HOME="/export/home/cpant2/.perlbrew"
    PERLBREW_MANPATH="/export/home/cpant2/perl5/perlbrew/perls/perl-5.14.4/man"
    PERLBREW_PATH="/export/home/cpant2/perl5/perlbrew/bin:/export/home/cpant2/perl5/perlbrew/perls/perl-5.14.4/bin"
    PERLBREW_PERL="perl-5.14.4"
    PERLBREW_ROOT="/export/home/cpant2/perl5/perlbrew"
    PERLBREW_VERSION="0.44"
    PERL_CR_SMOKER_CURRENT="Music-Tag-0.4103"
    PERL_EXTUTILS_AUTOINSTALL="--defaultdeps"
    PERL_MM_USE_DEFAULT="1"
  @INC:
    /export/home/cpant2/.cpan/build/DateTimeX-Easy-0.089-o_Rne9/blib/arch
    /export/home/cpant2/.cpan/build/DateTimeX-Easy-0.089-o_Rne9/blib/lib
    /export/home/cpant2/.cpan/build/DateTime-Format-Flexible-0.25-POVYMB/blib/arch
    /export/home/cpant2/.cpan/build/DateTime-Format-Flexible-0.25-POVYMB/blib/lib
    /export/home/cpant2/.cpan/build/DateTime-Format-Natural-1.01-ARA2B6/blib/arch
    /export/home/cpant2/.cpan/build/DateTime-Format-Natural-1.01-ARA2B6/blib/lib
    /export/home/cpant2/.cpan/build/DateTime-Format-ICal-0.09-6hy4sP/blib/arch
    /export/home/cpant2/.cpan/build/DateTime-Format-ICal-0.09-6hy4sP/blib/lib
    /export/home/cpant2/.cpan/build/DateTime-Event-ICal-0.11-oEf7Gu/blib/arch
    /export/home/cpant2/.cpan/build/DateTime-Event-ICal-0.11-oEf7Gu/blib/lib
    /export/home/cpant2/.cpan/build/DateTime-Event-Recurrence-0.16-jhSXgT/blib/arch
    /export/home/cpant2/.cpan/build/DateTime-Event-Recurrence-0.16-jhSXgT/blib/lib
    /export/home/cpant2/.cpan/build/DateTime-Set-0.31-9rqEhq/blib/arch
    /export/home/cpant2/.cpan/build/DateTime-Set-0.31-9rqEhq/blib/lib
    /export/home/cpant2/.cpan/build/Config-Options-0.08-cljNKs/blib/arch
    /export/home/cpant2/.cpan/build/Config-Options-0.08-cljNKs/blib/lib
    /export/home/cpant2/perl5/perlbrew/perls/perl-5.14.4/lib/site_perl/5.14.4/i86pc-solaris-64int
    /export/home/cpant2/perl5/perlbrew/perls/perl-5.14.4/lib/site_perl/5.14.4
    /export/home/cpant2/perl5/perlbrew/perls/perl-5.14.4/lib/5.14.4/i86pc-solaris-64int
    /export/home/cpant2/perl5/perlbrew/perls/perl-5.14.4/lib/5.14.4
    .