B-RecDeparse v0.10 Perl 5 v5.28.2 x86_64-linux

Status
Fail
From
Slaven Rezić (SREZIC)
Dist
B-RecDeparse v0.10
Platform
Perl 5 v5.28.2 x86_64-linux
Date
2019-12-26 22:08:18
ID
38a7a198-282c-11ea-8c5c-b8841f24ea8f
This distribution has been tested as part of the CPAN Testers
project, supporting the Perl programming language.  See
http://wiki.cpantesters.org/ for more information or email
questions to cpan-testers-discuss@perl.org


--
Dear Vincent Pit,

This is a computer-generated report for B-RecDeparse-0.10
on perl 5.28.2, created by CPAN-Reporter-1.2018.

Thank you for uploading your work to CPAN.  However, there was a problem
testing your distribution.

If you think this report is invalid, please consult the CPAN Testers Wiki
for suggestions on how to avoid getting FAIL reports for missing library
or binary dependencies, unsupported operating systems, and so on:

http://wiki.cpantesters.org/wiki/CPANAuthorNotes

Sections of this report:

    * Tester comments
    * Program output
    * Prerequisites
    * Environment and other context

------------------------------
TESTER COMMENTS
------------------------------

Additional comments from tester:

none provided

------------------------------
PROGRAM OUTPUT
------------------------------

Output from '/usr/bin/make test':

PERL_DL_NONLAZY=1 "/opt/perl-5.28.2/bin/perl" "-MExtUtils::Command::MM" "-MTest::Harness" "-e" "undef *Test::Harness::Switches; test_harness(0, 'blib/lib', 'blib/arch')" t/*.t
# Testing B::RecDeparse 0.10, Perl 5.028002, /opt/perl-5.28.2/bin/perl
t/00-load.t .......... ok
t/02-can.t ........... ok
t/10-obj.t ........... ok
t/11-args.t .......... ok

#   Failed test 'expansion at level -1 does not contain fma'
#   at t/12-level.t line 22.
#                   '{
# use warnings;
# use strict;
# fma($_[0], 2, $_[1]);
# }'
#           matches '(?^:\bfma\b)'

#   Failed test 'expansion at level 1 contains add'
#   at t/12-level.t line 19.
#                   '{
# use warnings;
# use strict;
# fma($_[0], 2, $_[1]);
# }'
#     doesn't match '(?^:\badd\b)'

#   Failed test 'expansion at level 1 contains mul'
#   at t/12-level.t line 19.
#                   '{
# use warnings;
# use strict;
# fma($_[0], 2, $_[1]);
# }'
#     doesn't match '(?^:\bmul\b)'

#   Failed test 'expansion at level 1 does not contain fma'
#   at t/12-level.t line 22.
#                   '{
# use warnings;
# use strict;
# fma($_[0], 2, $_[1]);
# }'
#           matches '(?^:\bfma\b)'

#   Failed test 'expansion at level 2 does not contain fma'
#   at t/12-level.t line 22.
#                   '{
# use warnings;
# use strict;
# fma($_[0], 2, $_[1]);
# }'
#           matches '(?^:\bfma\b)'

#   Failed test 'expansion at level 2 does not contain fma'
#   at t/12-level.t line 22.
#                   '{
# use warnings;
# use strict;
# fma($_[0], 2, $_[1]);
# }'
#           matches '(?^:\bfma\b)'
# Looks like you failed 6 tests of 31.
t/12-level.t ......... 
Dubious, test returned 6 (wstat 1536, 0x600)
Failed 6/31 subtests 

#   Failed test 'expansion at level -1 does not contain fma'
#   at t/13-prototypes.t line 22.
#                   '($$) {
# use warnings;
# use strict;
# fma($_[0], 2, $_[1]);
# }'
#           matches '(?^:\bfma\b)'

#   Failed test 'expansion at level 1 contains add'
#   at t/13-prototypes.t line 19.
#                   '($$) {
# use warnings;
# use strict;
# fma($_[0], 2, $_[1]);
# }'
#     doesn't match '(?^:\badd\b)'

#   Failed test 'expansion at level 1 contains mul'
#   at t/13-prototypes.t line 19.
#                   '($$) {
# use warnings;
# use strict;
# fma($_[0], 2, $_[1]);
# }'
#     doesn't match '(?^:\bmul\b)'

#   Failed test 'expansion at level 1 does not contain fma'
#   at t/13-prototypes.t line 22.
#                   '($$) {
# use warnings;
# use strict;
# fma($_[0], 2, $_[1]);
# }'
#           matches '(?^:\bfma\b)'

#   Failed test 'expansion at level 2 does not contain fma'
#   at t/13-prototypes.t line 22.
#                   '($$) {
# use warnings;
# use strict;
# fma($_[0], 2, $_[1]);
# }'
#           matches '(?^:\bfma\b)'

#   Failed test 'expansion at level 2 does not contain fma'
#   at t/13-prototypes.t line 22.
#                   '($$) {
# use warnings;
# use strict;
# fma($_[0], 2, $_[1]);
# }'
#           matches '(?^:\bfma\b)'
# Looks like you failed 6 tests of 30.
t/13-prototypes.t .... 
Dubious, test returned 6 (wstat 1536, 0x600)
Failed 6/30 subtests 

#   Failed test 'expansion at level -1 contains the ref dummy'
#   at t/14-refs.t line 28.
#                   '{
# use warnings;
# use strict 'refs', 'subs';
# call \&add, $_[0], 1;
# }'
#     doesn't match '(?^:\b(?<=\\&)dummy\b)'

#   Failed test 'expansion at level -1 does not contain the function call'
#   at t/14-refs.t line 31.
#                   '{
# use warnings;
# use strict 'refs', 'subs';
# call \&add, $_[0], 1;
# }'
#           matches '(?^:\b(?<!\\&)call\b)'

#   Failed test 'expansion at level 1 contains the ref dummy'
#   at t/14-refs.t line 28.
#                   '{
# use warnings;
# use strict 'refs', 'subs';
# call \&add, $_[0], 1;
# }'
#     doesn't match '(?^:\b(?<=\\&)dummy\b)'

#   Failed test 'expansion at level 1 does not contain the function call'
#   at t/14-refs.t line 31.
#                   '{
# use warnings;
# use strict 'refs', 'subs';
# call \&add, $_[0], 1;
# }'
#           matches '(?^:\b(?<!\\&)call\b)'

#   Failed test 'expansion at level 2 contains the ref dummy'
#   at t/14-refs.t line 28.
#                   '{
# use warnings;
# use strict 'refs', 'subs';
# call \&add, $_[0], 1;
# }'
#     doesn't match '(?^:\b(?<=\\&)dummy\b)'

#   Failed test 'expansion at level 2 does not contain the function call'
#   at t/14-refs.t line 31.
#                   '{
# use warnings;
# use strict 'refs', 'subs';
# call \&add, $_[0], 1;
# }'
#           matches '(?^:\b(?<!\\&)call\b)'
# Looks like you failed 6 tests of 56.
t/14-refs.t .......... 
Dubious, test returned 6 (wstat 1536, 0x600)
Failed 6/56 subtests 

#   Failed test 'expansion at level -1 does not contain Dongs::fma'
#   at t/15-pkg.t line 22.
#                   '{
# use warnings;
# use strict;
# Dongs::fma($_[0], 2, $_[1]);
# }'
#           matches '(?^:\bDongs::fma\b)'

#   Failed test 'expansion at level 1 contains add'
#   at t/15-pkg.t line 19.
#                   '{
# use warnings;
# use strict;
# Dongs::fma($_[0], 2, $_[1]);
# }'
#     doesn't match '(?^:\badd\b)'

#   Failed test 'expansion at level 1 contains mul'
#   at t/15-pkg.t line 19.
#                   '{
# use warnings;
# use strict;
# Dongs::fma($_[0], 2, $_[1]);
# }'
#     doesn't match '(?^:\bmul\b)'

#   Failed test 'expansion at level 1 does not contain Dongs::fma'
#   at t/15-pkg.t line 22.
#                   '{
# use warnings;
# use strict;
# Dongs::fma($_[0], 2, $_[1]);
# }'
#           matches '(?^:\bDongs::fma\b)'

#   Failed test 'expansion at level 2 does not contain Dongs::fma'
#   at t/15-pkg.t line 22.
#                   '{
# use warnings;
# use strict;
# Dongs::fma($_[0], 2, $_[1]);
# }'
#           matches '(?^:\bDongs::fma\b)'

#   Failed test 'expansion at level 2 does not contain Dongs::fma'
#   at t/15-pkg.t line 22.
#                   '{
# use warnings;
# use strict;
# Dongs::fma($_[0], 2, $_[1]);
# }'
#           matches '(?^:\bDongs::fma\b)'
# Looks like you failed 6 tests of 30.
t/15-pkg.t ........... 
Dubious, test returned 6 (wstat 1536, 0x600)
Failed 6/30 subtests 

#   Failed test 'deparsing foo at level 1 correctly'
#   at t/16-recurse.t line 79.
#                   '{
# use warnings;
# use strict;
# bar($_[0] + 1);
# }'
#     doesn't match '(?^:sub\ \{\
# foo\(\$_\[0\]\ \-\ 1\)\;\
# \}\-\>\(\$_\[0\]\ \+\ 1\)\;)'

#   Failed test 'deparsing foo at level 2 correctly'
#   at t/16-recurse.t line 79.
#                   '{
# use warnings;
# use strict;
# bar($_[0] + 1);
# }'
#     doesn't match '(?^:sub\ \{\
# foo\(\$_\[0\]\ \-\ 1\)\;\
# \}\-\>\(\$_\[0\]\ \+\ 1\)\;)'

#   Failed test 'deparsing foo at level 5 correctly'
#   at t/16-recurse.t line 79.
#                   '{
# use warnings;
# use strict;
# bar($_[0] + 1);
# }'
#     doesn't match '(?^:sub\ \{\
# foo\(\$_\[0\]\ \-\ 1\)\;\
# \}\-\>\(\$_\[0\]\ \+\ 1\)\;)'

#   Failed test 'deparsing foo at level -1 correctly'
#   at t/16-recurse.t line 79.
#                   '{
# use warnings;
# use strict;
# bar($_[0] + 1);
# }'
#     doesn't match '(?^:sub\ \{\
# foo\(\$_\[0\]\ \-\ 1\)\;\
# \}\-\>\(\$_\[0\]\ \+\ 1\)\;)'

#   Failed test 'deparsing bar at level 1 correctly'
#   at t/16-recurse.t line 79.
#                   '{
# use warnings;
# use strict;
# foo($_[0] - 1);
# }'
#     doesn't match '(?^:sub\ \{\
# bar\(\$_\[0\]\ \+\ 1\)\;\
# \}\-\>\(\$_\[0\]\ \-\ 1\)\;)'

#   Failed test 'deparsing bar at level 2 correctly'
#   at t/16-recurse.t line 79.
#                   '{
# use warnings;
# use strict;
# foo($_[0] - 1);
# }'
#     doesn't match '(?^:sub\ \{\
# bar\(\$_\[0\]\ \+\ 1\)\;\
# \}\-\>\(\$_\[0\]\ \-\ 1\)\;)'

#   Failed test 'deparsing bar at level 5 correctly'
#   at t/16-recurse.t line 79.
#                   '{
# use warnings;
# use strict;
# foo($_[0] - 1);
# }'
#     doesn't match '(?^:sub\ \{\
# bar\(\$_\[0\]\ \+\ 1\)\;\
# \}\-\>\(\$_\[0\]\ \-\ 1\)\;)'

#   Failed test 'deparsing bar at level -1 correctly'
#   at t/16-recurse.t line 79.
#                   '{
# use warnings;
# use strict;
# foo($_[0] - 1);
# }'
#     doesn't match '(?^:sub\ \{\
# bar\(\$_\[0\]\ \+\ 1\)\;\
# \}\-\>\(\$_\[0\]\ \-\ 1\)\;)'
# Looks like you failed 8 tests of 30.
t/16-recurse.t ....... 
Dubious, test returned 8 (wstat 2048, 0x800)
Failed 8/30 subtests 

#   Failed test 'deparsing sub e1 works as expected'
#   at t/17-calls.t line 74.
#                   '{
#     use warnings;
#     use strict;
#     foo();
# }'
#     doesn't match '(?^:123)'

#   Failed test 'deparsing sub e2 works as expected'
#   at t/17-calls.t line 74.
#                   '{
#     use warnings;
#     use strict;
#     foo(1);
# }'
#     doesn't match '(?^:123)'

#   Failed test 'deparsing sub e3 works as expected'
#   at t/17-calls.t line 74.
#                   '{
#     use warnings;
#     use strict;
#     foo(@_);
# }'
#     doesn't match '(?^:123)'

#   Failed test 'deparsing sub e4 works as expected'
#   at t/17-calls.t line 74.
#                   '{
#     use warnings;
#     use strict;
#     foo(shift());
# }'
#     doesn't match '(?^:123)'
# Looks like you failed 4 tests of 64.
t/17-calls.t ......... 
Dubious, test returned 4 (wstat 1024, 0x400)
Failed 4/64 subtests 
t/20-compile.t ....... ok
t/21-single_delim.t .. ok

Test Summary Report
-------------------
t/12-level.t       (Wstat: 1536 Tests: 31 Failed: 6)
  Failed tests:  3, 13-15, 21, 27
  Non-zero exit status: 6
t/13-prototypes.t  (Wstat: 1536 Tests: 30 Failed: 6)
  Failed tests:  3, 13-15, 21, 27
  Non-zero exit status: 6
t/14-refs.t        (Wstat: 1536 Tests: 56 Failed: 6)
  Failed tests:  2, 4, 30, 32, 44, 46
  Non-zero exit status: 6
t/15-pkg.t         (Wstat: 1536 Tests: 30 Failed: 6)
  Failed tests:  3, 13-15, 21, 27
  Non-zero exit status: 6
t/16-recurse.t     (Wstat: 2048 Tests: 30 Failed: 8)
  Failed tests:  14, 16, 18, 20, 24, 26, 28, 30
  Non-zero exit status: 8
t/17-calls.t       (Wstat: 1024 Tests: 64 Failed: 4)
  Failed tests:  2, 4, 6, 8
  Non-zero exit status: 4
Files=12, Tests=286,  4 wallclock secs ( 0.09 usr  0.01 sys +  1.51 cusr  0.20 csys =  1.81 CPU)
Result: FAIL
Failed 6/12 test programs. 36/286 subtests failed.
make: *** [Makefile:884: test_dynamic] Error 255

------------------------------
PREREQUISITES
------------------------------

Prerequisite modules loaded:

requires:

    Module              Need     Have    
    ------------------- -------- --------
    B::Deparse          0        1.48    
    base                0        2.27    
    Carp                0        1.50    
    Config              0        5.028002
    perl                5.008001 5.028002

build_requires:

    Module              Need     Have    
    ------------------- -------- --------
    ExtUtils::MakeMaker 0        7.34    

configure_requires:

    Module              Need     Have    
    ------------------- -------- --------
    ExtUtils::MakeMaker 0        7.34    


------------------------------
ENVIRONMENT AND OTHER CONTEXT
------------------------------

Environment variables:

    LANG = en_US.UTF-8
    PATH = /usr/local/bin:/usr/bin:/bin:/usr/local/sbin:/usr/sbin:/sbin:/home/cpansand/bin/linux-gnu:/home/cpansand/bin/sh:/home/cpansand/bin:/usr/games:/home/cpansand/devel:/home/eserte/src/srezic-misc/scripts
    PERL5LIB = 
    PERL5OPT = 
    PERL5_CPANPLUS_IS_RUNNING = 31263
    PERL5_CPAN_IS_RUNNING = 31263
    PERL5_CPAN_IS_RUNNING_IN_RECURSION = 30887,31263
    PERLDOC = -MPod::Perldoc::ToTextOverstrike
    PERL_BATCH = yes
    PERL_CANARY_STABILITY_NOPROMPT = 1
    PERL_CPAN_REPORTER_CONFIG = /var/tmp/cpansmoker-1023/2019122622/cpanreporter_000_config.ini
    PERL_EXTUTILS_AUTOINSTALL = --defaultdeps
    PERL_USE_UNSAFE_INC = 1
    SHELL = /usr/bin/zsh
    TERM = screen
    TMPDIR = /var/tmp/cpansmoker-1023/2019122622

Perl special variables (and OS-specific diagnostics, for MSWin32):

    $^X = /opt/perl-5.28.2/bin/perl
    $UID/$EUID = 1023 / 1023
    $GID = 1023 1023
    $EGID = 1023 1023

Perl module toolchain versions installed:

    Module              Have    
    ------------------- --------
    CPAN                2.20    
    CPAN::Meta          2.150010
    Cwd                 3.75    
    ExtUtils::CBuilder  0.280230
    ExtUtils::Command   7.34    
    ExtUtils::Install   2.14    
    ExtUtils::MakeMaker 7.34    
    ExtUtils::Manifest  1.70    
    ExtUtils::ParseXS   3.39    
    File::Spec          3.75    
    JSON                4.02    
    JSON::PP            2.97001 
    Module::Build       0.4229  
    Module::Signature   n/a     
    Parse::CPAN::Meta   2.150010
    Test::Harness       3.42    
    Test::More          1.302170
    YAML                1.29    
    YAML::Syck          1.31    
    version             0.9923  


--

Summary of my perl5 (revision 5 version 28 subversion 2) configuration:
   
  Platform:
    osname=linux
    osvers=5.3.0-24-generic
    archname=x86_64-linux
    uname='linux cloud8.bbbike.org 5.3.0-24-generic #26-ubuntu smp thu nov 14 01:33:18 utc 2019 x86_64 x86_64 x86_64 gnulinux '
    config_args='-ds -e -Dprefix=/opt/perl-5.28.2 -Dcf_email=srezic@cpan.org'
    hint=recommended
    useposix=true
    d_sigaction=define
    useithreads=undef
    usemultiplicity=undef
    use64bitint=define
    use64bitall=define
    uselongdouble=undef
    usemymalloc=n
    default_inc_excludes_dot=define
    bincompat5005=undef
  Compiler:
    cc='cc'
    ccflags ='-fwrapv -fno-strict-aliasing -pipe -fstack-protector-strong -I/usr/local/include -D_LARGEFILE_SOURCE -D_FILE_OFFSET_BITS=64'
    optimize='-O2'
    cppflags='-fwrapv -fno-strict-aliasing -pipe -fstack-protector-strong -I/usr/local/include'
    ccversion=''
    gccversion='9.2.1 20191008'
    gccosandvers=''
    intsize=4
    longsize=8
    ptrsize=8
    doublesize=8
    byteorder=12345678
    doublekind=3
    d_longlong=define
    longlongsize=8
    d_longdbl=define
    longdblsize=16
    longdblkind=3
    ivtype='long'
    ivsize=8
    nvtype='double'
    nvsize=8
    Off_t='off_t'
    lseeksize=8
    alignbytes=8
    prototype=define
  Linker and Libraries:
    ld='cc'
    ldflags =' -fstack-protector-strong -L/usr/local/lib'
    libpth=/usr/local/lib /usr/lib/gcc/x86_64-linux-gnu/9/include-fixed /usr/include/x86_64-linux-gnu /usr/lib /lib/x86_64-linux-gnu /lib/../lib /usr/lib/x86_64-linux-gnu /usr/lib/../lib /lib
    libs=-lpthread -lnsl -lgdbm -ldb -ldl -lm -lcrypt -lutil -lc
    perllibs=-lpthread -lnsl -ldl -lm -lcrypt -lutil -lc
    libc=libc-2.30.so
    so=so
    useshrplib=false
    libperl=libperl.a
    gnulibc_version='2.30'
  Dynamic Linking:
    dlsrc=dl_dlopen.xs
    dlext=so
    d_dlsymun=undef
    ccdlflags='-Wl,-E'
    cccdlflags='-fPIC'
    lddlflags='-shared -O2 -L/usr/local/lib -fstack-protector-strong'


Characteristics of this binary (from libperl): 
  Compile-time options:
    HAS_TIMES
    PERLIO_LAYERS
    PERL_COPY_ON_WRITE
    PERL_DONT_CREATE_GVSV
    PERL_MALLOC_WRAP
    PERL_OP_PARENT
    PERL_PRESERVE_IVUV
    USE_64_BIT_ALL
    USE_64_BIT_INT
    USE_LARGE_FILES
    USE_LOCALE
    USE_LOCALE_COLLATE
    USE_LOCALE_CTYPE
    USE_LOCALE_NUMERIC
    USE_LOCALE_TIME
    USE_PERLIO
    USE_PERL_ATOF
  Built under linux
  Compiled at Dec  7 2019 22:20:03
  %ENV:
    PERL5LIB=""
    PERL5OPT=""
    PERL5_CPANPLUS_IS_RUNNING="31263"
    PERL5_CPAN_IS_RUNNING="31263"
    PERL5_CPAN_IS_RUNNING_IN_RECURSION="30887,31263"
    PERLDOC="-MPod::Perldoc::ToTextOverstrike"
    PERL_BATCH="yes"
    PERL_CANARY_STABILITY_NOPROMPT="1"
    PERL_CPAN_REPORTER_CONFIG="/var/tmp/cpansmoker-1023/2019122622/cpanreporter_000_config.ini"
    PERL_EXTUTILS_AUTOINSTALL="--defaultdeps"
    PERL_USE_UNSAFE_INC="1"
  @INC:
    /opt/perl-5.28.2/lib/site_perl/5.28.2/x86_64-linux
    /opt/perl-5.28.2/lib/site_perl/5.28.2
    /opt/perl-5.28.2/lib/5.28.2/x86_64-linux
    /opt/perl-5.28.2/lib/5.28.2
    .