Back
From: metabase:user:314402c4-2aae-11df-837a-5e0a49663a4f
Subject: FAIL Reaction-0.002005 v5.24.1 GNU/Linux
Date: 2017-02-03T04:50:01Z
This distribution has been tested as part of the CPAN Testers
project, supporting the Perl programming language. See
http://wiki.cpantesters.org/ for more information or email
questions to cpan-testers-discuss@perl.org
--
Dear Justin Hunter,
This is a computer-generated report for Reaction-0.002005
on perl 5.24.1, created by CPAN-Reporter-1.2018.
Thank you for uploading your work to CPAN. However, there was a problem
testing your distribution.
If you think this report is invalid, please consult the CPAN Testers Wiki
for suggestions on how to avoid getting FAIL reports for missing library
or binary dependencies, unsupported operating systems, and so on:
http://wiki.cpantesters.org/wiki/CPANAuthorNotes
Sections of this report:
* Tester comments
* Program output
* Prerequisites
* Environment and other context
------------------------------
TESTER COMMENTS
------------------------------
Additional comments from tester:
none provided
------------------------------
PROGRAM OUTPUT
------------------------------
Output from '/usr/bin/make test':
PERL_DL_NONLAZY=1 "/opt/perl-5.24.1/bin/perl5.24.1" "-MExtUtils::Command::MM" "-MTest::Harness" "-e" "undef *Test::Harness::Switches; test_harness(0, 'inc', 'blib/lib', 'blib/arch')" t/00componentui_compiles.t t/01app.t t/04load_all.t t/05reflect_attr_from.t t/im_dbic.t t/ui_focus_stack.t t/ui_view.t t/ui_viewport.t t/uncheck_bool_field.t
Class::MOP::load_class is deprecated at /opt/perl-5.24.1/lib/site_perl/5.24.1/x86_64-linux/Class/MOP.pm line 69.
Class::MOP::load_class("ComponentUI::TestModel") called at /home/cpansand/.cpan/build/2017020303/Reaction-0.002005-0/blib/lib/Catalyst/Model/Reaction/InterfaceModel/DBIC.pm line 24
Catalyst::Model::Reaction::InterfaceModel::DBIC::COMPONENT("ComponentUI::Model::TestModel", "ComponentUI", HASH(0x7065d78)) called at /opt/perl-5.24.1/lib/site_perl/5.24.1/Catalyst.pm line 3209
eval {...} called at /opt/perl-5.24.1/lib/site_perl/5.24.1/Catalyst.pm line 3210
Catalyst::setup_component("ComponentUI", "ComponentUI::Model::TestModel") called at /opt/perl-5.24.1/lib/site_perl/5.24.1/Catalyst.pm line 3187
Catalyst::__ANON__() called at /opt/perl-5.24.1/lib/site_perl/5.24.1/Catalyst.pm line 3034
Catalyst::setup_components("ComponentUI") called at /opt/perl-5.24.1/lib/site_perl/5.24.1/Catalyst.pm line 1427
Catalyst::setup("ComponentUI") called at /home/cpansand/.cpan/build/2017020303/Reaction-0.002005-0/blib/lib/ComponentUI.pm line 32
require ComponentUI.pm called at t/00componentui_compiles.t line 7
main::BEGIN() called at /home/cpansand/.cpan/build/2017020303/Reaction-0.002005-0/blib/lib/ComponentUI.pm line 0
eval {...} called at /home/cpansand/.cpan/build/2017020303/Reaction-0.002005-0/blib/lib/ComponentUI.pm line 0
eval 'package main;
BEGIN { ${^WARNING_BITS} = $args[-1] if defined $args[-1] }
#line 7 t/00componentui_compiles.t
use ComponentUI @{$args[0]};
1;
' called at /opt/perl-5.24.1/lib/site_perl/5.24.1/Test/More.pm line 1032
Test::More::_eval("package main;\x{a}BEGIN { \${^WARNING_BITS} = \$args[-1] if defined"..., ARRAY(0x1183a00), "UUUUUUUUUUUUUUUU\x{15}") called at /opt/perl-5.24.1/lib/site_perl/5.24.1/Test/More.pm line 1007
Test::More::use_ok("ComponentUI") called at t/00componentui_compiles.t line 7
Class::MOP::load_class is deprecated at /opt/perl-5.24.1/lib/site_perl/5.24.1/x86_64-linux/Class/MOP.pm line 69.
Class::MOP::load_class("Reaction::InterfaceModel::Object") called at /home/cpansand/.cpan/build/2017020303/Reaction-0.002005-0/blib/lib/Reaction/InterfaceModel/Reflector/DBIC.pm line 149
Reaction::InterfaceModel::Reflector::DBIC::reflect_schema(Reaction::InterfaceModel::Reflector::DBIC=HASH(0x7c9b478), "model_class", "ComponentUI::TestModel", "schema_class", "RTest::TestDB", "sources", ARRAY(0x7cad950)) called at /home/cpansand/.cpan/build/2017020303/Reaction-0.002005-0/blib/lib/ComponentUI/TestModel.pm line 10
require ComponentUI/TestModel.pm called at /opt/perl-5.24.1/lib/site_perl/5.24.1/Module/Runtime.pm line 317
Module::Runtime::require_module("ComponentUI::TestModel") called at /opt/perl-5.24.1/lib/site_perl/5.24.1/Class/Load.pm line 174
Class::Load::try {...} () called at /opt/perl-5.24.1/lib/site_perl/5.24.1/Try/Tiny.pm line 99
eval {...} called at /opt/perl-5.24.1/lib/site_perl/5.24.1/Try/Tiny.pm line 94
Try::Tiny::try(CODE(0x70653e8), Try::Tiny::Catch=REF(0x712c1e0)) called at /opt/perl-5.24.1/lib/site_perl/5.24.1/Class/Load.pm line 180
Class::Load::try_load_class("ComponentUI::TestModel", undef) called at /opt/perl-5.24.1/lib/site_perl/5.24.1/Class/Load.pm line 35
Class::Load::load_class("ComponentUI::TestModel") called at /home/cpansand/.cpan/build/2017020303/Reaction-0.002005-0/blib/lib/Catalyst/Model/Reaction/InterfaceModel/DBIC.pm line 24
Catalyst::Model::Reaction::InterfaceModel::DBIC::COMPONENT("ComponentUI::Model::TestModel", "ComponentUI", HASH(0x7065d78)) called at /opt/perl-5.24.1/lib/site_perl/5.24.1/Catalyst.pm line 3209
eval {...} called at /opt/perl-5.24.1/lib/site_perl/5.24.1/Catalyst.pm line 3210
Catalyst::setup_component("ComponentUI", "ComponentUI::Model::TestModel") called at /opt/perl-5.24.1/lib/site_perl/5.24.1/Catalyst.pm line 3187
Catalyst::__ANON__() called at /opt/perl-5.24.1/lib/site_perl/5.24.1/Catalyst.pm line 3034
Catalyst::setup_components("ComponentUI") called at /opt/perl-5.24.1/lib/site_perl/5.24.1/Catalyst.pm line 1427
Catalyst::setup("ComponentUI") called at /home/cpansand/.cpan/build/2017020303/Reaction-0.002005-0/blib/lib/ComponentUI.pm line 32
require ComponentUI.pm called at t/00componentui_compiles.t line 7
main::BEGIN() called at /home/cpansand/.cpan/build/2017020303/Reaction-0.002005-0/blib/lib/ComponentUI/TestModel.pm line 0
eval {...} called at /home/cpansand/.cpan/build/2017020303/Reaction-0.002005-0/blib/lib/ComponentUI/TestModel.pm line 0
eval 'package main;
BEGIN { ${^WARNING_BITS} = $args[-1] if defined $args[-1] }
#line 7 t/00componentui_compiles.t
use ComponentUI @{$args[0]};
1;
' called at /opt/perl-5.24.1/lib/site_perl/5.24.1/Test/More.pm line 1032
Test::More::_eval("package main;\x{a}BEGIN { \${^WARNING_BITS} = \$args[-1] if defined"..., ARRAY(0x1183a00), "UUUUUUUUUUUUUUUU\x{15}") called at /opt/perl-5.24.1/lib/site_perl/5.24.1/Test/More.pm line 1007
Test::More::use_ok("ComponentUI") called at t/00componentui_compiles.t line 7
Class::MOP::load_class is deprecated at /opt/perl-5.24.1/lib/site_perl/5.24.1/x86_64-linux/Class/MOP.pm line 69.
Class::MOP::load_class("Reaction::InterfaceModel::Object") called at /home/cpansand/.cpan/build/2017020303/Reaction-0.002005-0/blib/lib/Reaction/Class.pm line 123
Reaction::Class::do_class_sub("Reaction::Class", "ComponentUI::TestModel::Foo", "ComponentUI::TestModel::Foo", "is", "Reaction::InterfaceModel::Object", "which", CODE(0x7fe2588)) called at /home/cpansand/.cpan/build/2017020303/Reaction-0.002005-0/blib/lib/Reaction/Class.pm line 86
Reaction::Class::("ComponentUI::TestModel::Foo", "is", "Reaction::InterfaceModel::Object", "which", CODE(0x7fe2588)) called at /home/cpansand/.cpan/build/2017020303/Reaction-0.002005-0/blib/lib/ComponentUI/TestModel/Foo.pm line 8
require ComponentUI/TestModel/Foo.pm called at /opt/perl-5.24.1/lib/site_perl/5.24.1/Module/Runtime.pm line 317
Module::Runtime::require_module("ComponentUI::TestModel::Foo") called at /opt/perl-5.24.1/lib/site_perl/5.24.1/Class/Load.pm line 174
Class::Load::try {...} () called at /opt/perl-5.24.1/lib/site_perl/5.24.1/Try/Tiny.pm line 99
eval {...} called at /opt/perl-5.24.1/lib/site_perl/5.24.1/Try/Tiny.pm line 94
Try::Tiny::try(CODE(0x7fa4678), Try::Tiny::Catch=REF(0x7f98e28)) called at /opt/perl-5.24.1/lib/site_perl/5.24.1/Class/Load.pm line 180
Class::Load::try_load_class("ComponentUI::TestModel::Foo", undef) called at /opt/perl-5.24.1/lib/site_perl/5.24.1/Class/Load.pm line 35
Class::Load::load_class("ComponentUI::TestModel::Foo") called at /home/cpansand/.cpan/build/2017020303/Reaction-0.002005-0/blib/lib/Reaction/InterfaceModel/Reflector/DBIC.pm line 892
eval {...} called at /home/cpansand/.cpan/build/2017020303/Reaction-0.002005-0/blib/lib/Reaction/InterfaceModel/Reflector/DBIC.pm line 892
Reaction::InterfaceModel::Reflector::DBIC::_maybe_load_class(Reaction::InterfaceModel::Reflector::DBIC=HASH(0x7c9b478), "ComponentUI::TestModel::Foo") called at /home/cpansand/.cpan/build/2017020303/Reaction-0.002005-0/blib/lib/Reaction/InterfaceModel/Reflector/DBIC.pm line 876
Reaction::InterfaceModel::Reflector::DBIC::_load_or_create(Reaction::InterfaceModel::Reflector::DBIC=HASH(0x7c9b478), "ComponentUI::TestModel::Foo", "superclasses", ARRAY(0x7f44840)) called at /home/cpansand/.cpan/build/2017020303/Reaction-0.002005-0/blib/lib/Reaction/InterfaceModel/Reflector/DBIC.pm line 448
Reaction::InterfaceModel::Reflector::DBIC::reflect_source_object(Reaction::InterfaceModel::Reflector::DBIC=HASH(0x7c9b478), "source_name", "Foo", "parent_domain_model_name", "_rtest_test_db_store", "schema_class", "RTest::TestDB", "source_class", ...) called at /home/cpansand/.cpan/build/2017020303/Reaction-0.002005-0/blib/lib/Reaction/InterfaceModel/Reflector/DBIC.pm line 323
Reaction::InterfaceModel::Reflector::DBIC::reflect_source(Reaction::InterfaceModel::Reflector::DBIC=HASH(0x7c9b478), "source_name", "Foo", "parent_class", "ComponentUI::TestModel", "schema_class", "RTest::TestDB", "source_class", ...) called at /home/cpansand/.cpan/build/2017020303/Reaction-0.002005-0/blib/lib/Reaction/InterfaceModel/Reflector/DBIC.pm line 185
Reaction::InterfaceModel::Reflector::DBIC::reflect_schema(Reaction::InterfaceModel::Reflector::DBIC=HASH(0x7c9b478), "model_class", "ComponentUI::TestModel", "schema_class", "RTest::TestDB", "sources", ARRAY(0x7cad950)) called at /home/cpansand/.cpan/build/2017020303/Reaction-0.002005-0/blib/lib/ComponentUI/TestModel.pm line 10
require ComponentUI/TestModel.pm called at /opt/perl-5.24.1/lib/site_perl/5.24.1/Module/Runtime.pm line 317
Module::Runtime::require_module("ComponentUI::TestModel") called at /opt/perl-5.24.1/lib/site_perl/5.24.1/Class/Load.pm line 174
Class::Load::try {...} () called at /opt/perl-5.24.1/lib/site_perl/5.24.1/Try/Tiny.pm line 99
eval {...} called at /opt/perl-5.24.1/lib/site_perl/5.24.1/Try/Tiny.pm line 94
Try::Tiny::try(CODE(0x70653e8), Try::Tiny::Catch=REF(0x712c1e0)) called at /opt/perl-5.24.1/lib/site_perl/5.24.1/Class/Load.pm line 180
Class::Load::try_load_class("ComponentUI::TestModel", undef) called at /opt/perl-5.24.1/lib/site_perl/5.24.1/Class/Load.pm line 35
Class::Load::load_class("ComponentUI::TestModel") called at /home/cpansand/.cpan/build/2017020303/Reaction-0.002005-0/blib/lib/Catalyst/Model/Reaction/InterfaceModel/DBIC.pm line 24
Catalyst::Model::Reaction::InterfaceModel::DBIC::COMPONENT("ComponentUI::Model::TestModel", "ComponentUI", HASH(0x7065d78)) called at /opt/perl-5.24.1/lib/site_perl/5.24.1/Catalyst.pm line 3209
eval {...} called at /opt/perl-5.24.1/lib/site_perl/5.24.1/Catalyst.pm line 3210
Catalyst::setup_component("ComponentUI", "ComponentUI::Model::TestModel") called at /opt/perl-5.24.1/lib/site_perl/5.24.1/Catalyst.pm line 3187
Catalyst::__ANON__() called at /opt/perl-5.24.1/lib/site_perl/5.24.1/Catalyst.pm line 3034
Catalyst::setup_components("ComponentUI") called at /opt/perl-5.24.1/lib/site_perl/5.24.1/Catalyst.pm line 1427
Catalyst::setup("ComponentUI") called at /home/cpansand/.cpan/build/2017020303/Reaction-0.002005-0/blib/lib/ComponentUI.pm line 32
require ComponentUI.pm called at t/00componentui_compiles.t line 7
main::BEGIN() called at /home/cpansand/.cpan/build/2017020303/Reaction-0.002005-0/blib/lib/ComponentUI/TestModel/Foo.pm line 0
eval {...} called at /home/cpansand/.cpan/build/2017020303/Reaction-0.002005-0/blib/lib/ComponentUI/TestModel/Foo.pm line 0
eval 'package main;
BEGIN { ${^WARNING_BITS} = $args[-1] if defined $args[-1] }
#line 7 t/00componentui_compiles.t
use ComponentUI @{$args[0]};
1;
' called at /opt/perl-5.24.1/lib/site_perl/5.24.1/Test/More.pm line 1032
Test::More::_eval("package main;\x{a}BEGIN { \${^WARNING_BITS} = \$args[-1] if defined"..., ARRAY(0x1183a00), "UUUUUUUUUUUUUUUU\x{15}") called at /opt/perl-5.24.1/lib/site_perl/5.24.1/Test/More.pm line 1007
Test::More::use_ok("ComponentUI") called at t/00componentui_compiles.t line 7
t/00componentui_compiles.t .. ok
Class::MOP::load_class is deprecated at /opt/perl-5.24.1/lib/site_perl/5.24.1/x86_64-linux/Class/MOP.pm line 69.
Class::MOP::load_class("ComponentUI::TestModel") called at /home/cpansand/.cpan/build/2017020303/Reaction-0.002005-0/blib/lib/Catalyst/Model/Reaction/InterfaceModel/DBIC.pm line 24
Catalyst::Model::Reaction::InterfaceModel::DBIC::COMPONENT("ComponentUI::Model::TestModel", "ComponentUI", HASH(0x7e34830)) called at /opt/perl-5.24.1/lib/site_perl/5.24.1/Catalyst.pm line 3209
eval {...} called at /opt/perl-5.24.1/lib/site_perl/5.24.1/Catalyst.pm line 3210
Catalyst::setup_component("ComponentUI", "ComponentUI::Model::TestModel") called at /opt/perl-5.24.1/lib/site_perl/5.24.1/Catalyst.pm line 3187
Catalyst::__ANON__() called at /opt/perl-5.24.1/lib/site_perl/5.24.1/Catalyst.pm line 3034
Catalyst::setup_components("ComponentUI") called at /opt/perl-5.24.1/lib/site_perl/5.24.1/Catalyst.pm line 1427
Catalyst::setup("ComponentUI") called at /home/cpansand/.cpan/build/2017020303/Reaction-0.002005-0/blib/lib/ComponentUI.pm line 32
require ComponentUI.pm called at /opt/perl-5.24.1/lib/site_perl/5.24.1/Module/Runtime.pm line 317
Module::Runtime::require_module("ComponentUI") called at /opt/perl-5.24.1/lib/site_perl/5.24.1/Class/Load.pm line 174
Class::Load::try {...} () called at /opt/perl-5.24.1/lib/site_perl/5.24.1/Try/Tiny.pm line 99
eval {...} called at /opt/perl-5.24.1/lib/site_perl/5.24.1/Try/Tiny.pm line 94
Try::Tiny::try(CODE(0x3204678), Try::Tiny::Catch=REF(0x2d1d800)) called at /opt/perl-5.24.1/lib/site_perl/5.24.1/Class/Load.pm line 180
Class::Load::try_load_class("ComponentUI", undef) called at /opt/perl-5.24.1/lib/site_perl/5.24.1/Class/Load.pm line 35
Class::Load::load_class("ComponentUI") called at /opt/perl-5.24.1/lib/site_perl/5.24.1/Catalyst/Test.pm line 29
Catalyst::Test::_build_request_export("Catalyst::Test", HASH(0x3255130)) called at /opt/perl-5.24.1/lib/site_perl/5.24.1/Catalyst/Test.pm line 95
Catalyst::Test::__ANON__("Catalyst::Test", "all", HASH(0x3255100), HASH(0x1f33d20)) called at /opt/perl-5.24.1/lib/site_perl/5.24.1/Sub/Exporter.pm line 108
Sub::Exporter::_expand_group("Catalyst::Test", HASH(0x32548f0), ARRAY(0x1f33b88), HASH(0x1f33d20), HASH(0x3255160), HASH(0x1f33cf0)) called at /opt/perl-5.24.1/lib/site_perl/5.24.1/Sub/Exporter.pm line 39
Sub::Exporter::_expand_groups("Catalyst::Test", HASH(0x32548f0), ARRAY(0x3254d28), HASH(0x1f33d20)) called at /opt/perl-5.24.1/lib/site_perl/5.24.1/Sub/Exporter.pm line 323
Sub::Exporter::__ANON__("Catalyst::Test", "-all", HASH(0x1f33c78)) called at /opt/perl-5.24.1/lib/site_perl/5.24.1/Catalyst/Test.pm line 155
Catalyst::Test::import("Catalyst::Test", "ComponentUI") called at t/01app.t line 7
main::BEGIN() called at /home/cpansand/.cpan/build/2017020303/Reaction-0.002005-0/blib/lib/ComponentUI.pm line 0
eval {...} called at /home/cpansand/.cpan/build/2017020303/Reaction-0.002005-0/blib/lib/ComponentUI.pm line 0
eval 'package main;
BEGIN { ${^WARNING_BITS} = $args[-1] if defined $args[-1] }
#line 7 t/01app.t
use Catalyst::Test @{$args[0]};
1;
' called at /opt/perl-5.24.1/lib/site_perl/5.24.1/Test/More.pm line 1032
Test::More::_eval("package main;\x{a}BEGIN { \${^WARNING_BITS} = \$args[-1] if defined"..., ARRAY(0x1f029e0), "UUUUUUUUUUUUUUUU\x{15}") called at /opt/perl-5.24.1/lib/site_perl/5.24.1/Test/More.pm line 1007
Test::More::use_ok("Catalyst::Test", "ComponentUI") called at t/01app.t line 7
main::BEGIN() called at /home/cpansand/.cpan/build/2017020303/Reaction-0.002005-0/blib/lib/ComponentUI.pm line 0
eval {...} called at /home/cpansand/.cpan/build/2017020303/Reaction-0.002005-0/blib/lib/ComponentUI.pm line 0
Class::MOP::load_class is deprecated at /opt/perl-5.24.1/lib/site_perl/5.24.1/x86_64-linux/Class/MOP.pm line 69.
Class::MOP::load_class("Reaction::InterfaceModel::Object") called at /home/cpansand/.cpan/build/2017020303/Reaction-0.002005-0/blib/lib/Reaction/InterfaceModel/Reflector/DBIC.pm line 149
Reaction::InterfaceModel::Reflector::DBIC::reflect_schema(Reaction::InterfaceModel::Reflector::DBIC=HASH(0x8a7c9b0), "model_class", "ComponentUI::TestModel", "schema_class", "RTest::TestDB", "sources", ARRAY(0x8a5f350)) called at /home/cpansand/.cpan/build/2017020303/Reaction-0.002005-0/blib/lib/ComponentUI/TestModel.pm line 10
require ComponentUI/TestModel.pm called at /opt/perl-5.24.1/lib/site_perl/5.24.1/Module/Runtime.pm line 317
Module::Runtime::require_module("ComponentUI::TestModel") called at /opt/perl-5.24.1/lib/site_perl/5.24.1/Class/Load.pm line 174
Class::Load::try {...} () called at /opt/perl-5.24.1/lib/site_perl/5.24.1/Try/Tiny.pm line 99
eval {...} called at /opt/perl-5.24.1/lib/site_perl/5.24.1/Try/Tiny.pm line 94
Try::Tiny::try(CODE(0x4e87fc0), Try::Tiny::Catch=REF(0x84fb658)) called at /opt/perl-5.24.1/lib/site_perl/5.24.1/Class/Load.pm line 180
Class::Load::try_load_class("ComponentUI::TestModel", undef) called at /opt/perl-5.24.1/lib/site_perl/5.24.1/Class/Load.pm line 35
Class::Load::load_class("ComponentUI::TestModel") called at /home/cpansand/.cpan/build/2017020303/Reaction-0.002005-0/blib/lib/Catalyst/Model/Reaction/InterfaceModel/DBIC.pm line 24
Catalyst::Model::Reaction::InterfaceModel::DBIC::COMPONENT("ComponentUI::Model::TestModel", "ComponentUI", HASH(0x7e34830)) called at /opt/perl-5.24.1/lib/site_perl/5.24.1/Catalyst.pm line 3209
eval {...} called at /opt/perl-5.24.1/lib/site_perl/5.24.1/Catalyst.pm line 3210
Catalyst::setup_component("ComponentUI", "ComponentUI::Model::TestModel") called at /opt/perl-5.24.1/lib/site_perl/5.24.1/Catalyst.pm line 3187
Catalyst::__ANON__() called at /opt/perl-5.24.1/lib/site_perl/5.24.1/Catalyst.pm line 3034
Catalyst::setup_components("ComponentUI") called at /opt/perl-5.24.1/lib/site_perl/5.24.1/Catalyst.pm line 1427
Catalyst::setup("ComponentUI") called at /home/cpansand/.cpan/build/2017020303/Reaction-0.002005-0/blib/lib/ComponentUI.pm line 32
require ComponentUI.pm called at /opt/perl-5.24.1/lib/site_perl/5.24.1/Module/Runtime.pm line 317
Module::Runtime::require_module("ComponentUI") called at /opt/perl-5.24.1/lib/site_perl/5.24.1/Class/Load.pm line 174
Class::Load::try {...} () called at /opt/perl-5.24.1/lib/site_perl/5.24.1/Try/Tiny.pm line 99
eval {...} called at /opt/perl-5.24.1/lib/site_perl/5.24.1/Try/Tiny.pm line 94
Try::Tiny::try(CODE(0x3204678), Try::Tiny::Catch=REF(0x2d1d800)) called at /opt/perl-5.24.1/lib/site_perl/5.24.1/Class/Load.pm line 180
Class::Load::try_load_class("ComponentUI", undef) called at /opt/perl-5.24.1/lib/site_perl/5.24.1/Class/Load.pm line 35
Class::Load::load_class("ComponentUI") called at /opt/perl-5.24.1/lib/site_perl/5.24.1/Catalyst/Test.pm line 29
Catalyst::Test::_build_request_export("Catalyst::Test", HASH(0x3255130)) called at /opt/perl-5.24.1/lib/site_perl/5.24.1/Catalyst/Test.pm line 95
Catalyst::Test::__ANON__("Catalyst::Test", "all", HASH(0x3255100), HASH(0x1f33d20)) called at /opt/perl-5.24.1/lib/site_perl/5.24.1/Sub/Exporter.pm line 108
Sub::Exporter::_expand_group("Catalyst::Test", HASH(0x32548f0), ARRAY(0x1f33b88), HASH(0x1f33d20), HASH(0x3255160), HASH(0x1f33cf0)) called at /opt/perl-5.24.1/lib/site_perl/5.24.1/Sub/Exporter.pm line 39
Sub::Exporter::_expand_groups("Catalyst::Test", HASH(0x32548f0), ARRAY(0x3254d28), HASH(0x1f33d20)) called at /opt/perl-5.24.1/lib/site_perl/5.24.1/Sub/Exporter.pm line 323
Sub::Exporter::__ANON__("Catalyst::Test", "-all", HASH(0x1f33c78)) called at /opt/perl-5.24.1/lib/site_perl/5.24.1/Catalyst/Test.pm line 155
Catalyst::Test::import("Catalyst::Test", "ComponentUI") called at t/01app.t line 7
main::BEGIN() called at /home/cpansand/.cpan/build/2017020303/Reaction-0.002005-0/blib/lib/ComponentUI/TestModel.pm line 0
eval {...} called at /home/cpansand/.cpan/build/2017020303/Reaction-0.002005-0/blib/lib/ComponentUI/TestModel.pm line 0
eval 'package main;
BEGIN { ${^WARNING_BITS} = $args[-1] if defined $args[-1] }
#line 7 t/01app.t
use Catalyst::Test @{$args[0]};
1;
' called at /opt/perl-5.24.1/lib/site_perl/5.24.1/Test/More.pm line 1032
Test::More::_eval("package main;\x{a}BEGIN { \${^WARNING_BITS} = \$args[-1] if defined"..., ARRAY(0x1f029e0), "UUUUUUUUUUUUUUUU\x{15}") called at /opt/perl-5.24.1/lib/site_perl/5.24.1/Test/More.pm line 1007
Test::More::use_ok("Catalyst::Test", "ComponentUI") called at t/01app.t line 7
main::BEGIN() called at /home/cpansand/.cpan/build/2017020303/Reaction-0.002005-0/blib/lib/ComponentUI/TestModel.pm line 0
eval {...} called at /home/cpansand/.cpan/build/2017020303/Reaction-0.002005-0/blib/lib/ComponentUI/TestModel.pm line 0
Class::MOP::load_class is deprecated at /opt/perl-5.24.1/lib/site_perl/5.24.1/x86_64-linux/Class/MOP.pm line 69.
Class::MOP::load_class("Reaction::InterfaceModel::Object") called at /home/cpansand/.cpan/build/2017020303/Reaction-0.002005-0/blib/lib/Reaction/Class.pm line 123
Reaction::Class::do_class_sub("Reaction::Class", "ComponentUI::TestModel::Foo", "ComponentUI::TestModel::Foo", "is", "Reaction::InterfaceModel::Object", "which", CODE(0x8b3cdf8)) called at /home/cpansand/.cpan/build/2017020303/Reaction-0.002005-0/blib/lib/Reaction/Class.pm line 86
Reaction::Class::("ComponentUI::TestModel::Foo", "is", "Reaction::InterfaceModel::Object", "which", CODE(0x8b3cdf8)) called at /home/cpansand/.cpan/build/2017020303/Reaction-0.002005-0/blib/lib/ComponentUI/TestModel/Foo.pm line 8
require ComponentUI/TestModel/Foo.pm called at /opt/perl-5.24.1/lib/site_perl/5.24.1/Module/Runtime.pm line 317
Module::Runtime::require_module("ComponentUI::TestModel::Foo") called at /opt/perl-5.24.1/lib/site_perl/5.24.1/Class/Load.pm line 174
Class::Load::try {...} () called at /opt/perl-5.24.1/lib/site_perl/5.24.1/Try/Tiny.pm line 99
eval {...} called at /opt/perl-5.24.1/lib/site_perl/5.24.1/Try/Tiny.pm line 94
Try::Tiny::try(CODE(0x8a5ed98), Try::Tiny::Catch=REF(0x8b216e8)) called at /opt/perl-5.24.1/lib/site_perl/5.24.1/Class/Load.pm line 180
Class::Load::try_load_class("ComponentUI::TestModel::Foo", undef) called at /opt/perl-5.24.1/lib/site_perl/5.24.1/Class/Load.pm line 35
Class::Load::load_class("ComponentUI::TestModel::Foo") called at /home/cpansand/.cpan/build/2017020303/Reaction-0.002005-0/blib/lib/Reaction/InterfaceModel/Reflector/DBIC.pm line 892
eval {...} called at /home/cpansand/.cpan/build/2017020303/Reaction-0.002005-0/blib/lib/Reaction/InterfaceModel/Reflector/DBIC.pm line 892
Reaction::InterfaceModel::Reflector::DBIC::_maybe_load_class(Reaction::InterfaceModel::Reflector::DBIC=HASH(0x8a7c9b0), "ComponentUI::TestModel::Foo") called at /home/cpansand/.cpan/build/2017020303/Reaction-0.002005-0/blib/lib/Reaction/InterfaceModel/Reflector/DBIC.pm line 876
Reaction::InterfaceModel::Reflector::DBIC::_load_or_create(Reaction::InterfaceModel::Reflector::DBIC=HASH(0x8a7c9b0), "ComponentUI::TestModel::Foo", "superclasses", ARRAY(0x8b3ac18)) called at /home/cpansand/.cpan/build/2017020303/Reaction-0.002005-0/blib/lib/Reaction/InterfaceModel/Reflector/DBIC.pm line 448
Reaction::InterfaceModel::Reflector::DBIC::reflect_source_object(Reaction::InterfaceModel::Reflector::DBIC=HASH(0x8a7c9b0), "parent_domain_model_name", "_rtest_test_db_store", "source_name", "Foo", "source_class", "RTest::TestDB::Foo", "parent_class", ...) called at /home/cpansand/.cpan/build/2017020303/Reaction-0.002005-0/blib/lib/Reaction/InterfaceModel/Reflector/DBIC.pm line 323
Reaction::InterfaceModel::Reflector::DBIC::reflect_source(Reaction::InterfaceModel::Reflector::DBIC=HASH(0x8a7c9b0), "source_name", "Foo", "parent_class", "ComponentUI::TestModel", "schema_class", "RTest::TestDB", "source_class", ...) called at /home/cpansand/.cpan/build/2017020303/Reaction-0.002005-0/blib/lib/Reaction/InterfaceModel/Reflector/DBIC.pm line 185
Reaction::InterfaceModel::Reflector::DBIC::reflect_schema(Reaction::InterfaceModel::Reflector::DBIC=HASH(0x8a7c9b0), "model_class", "ComponentUI::TestModel", "schema_class", "RTest::TestDB", "sources", ARRAY(0x8a5f350)) called at /home/cpansand/.cpan/build/2017020303/Reaction-0.002005-0/blib/lib/ComponentUI/TestModel.pm line 10
require ComponentUI/TestModel.pm called at /opt/perl-5.24.1/lib/site_perl/5.24.1/Module/Runtime.pm line 317
Module::Runtime::require_module("ComponentUI::TestModel") called at /opt/perl-5.24.1/lib/site_perl/5.24.1/Class/Load.pm line 174
Class::Load::try {...} () called at /opt/perl-5.24.1/lib/site_perl/5.24.1/Try/Tiny.pm line 99
eval {...} called at /opt/perl-5.24.1/lib/site_perl/5.24.1/Try/Tiny.pm line 94
Try::Tiny::try(CODE(0x4e87fc0), Try::Tiny::Catch=REF(0x84fb658)) called at /opt/perl-5.24.1/lib/site_perl/5.24.1/Class/Load.pm line 180
Class::Load::try_load_class("ComponentUI::TestModel", undef) called at /opt/perl-5.24.1/lib/site_perl/5.24.1/Class/Load.pm line 35
Class::Load::load_class("ComponentUI::TestModel") called at /home/cpansand/.cpan/build/2017020303/Reaction-0.002005-0/blib/lib/Catalyst/Model/Reaction/InterfaceModel/DBIC.pm line 24
Catalyst::Model::Reaction::InterfaceModel::DBIC::COMPONENT("ComponentUI::Model::TestModel", "ComponentUI", HASH(0x7e34830)) called at /opt/perl-5.24.1/lib/site_perl/5.24.1/Catalyst.pm line 3209
eval {...} called at /opt/perl-5.24.1/lib/site_perl/5.24.1/Catalyst.pm line 3210
Catalyst::setup_component("ComponentUI", "ComponentUI::Model::TestModel") called at /opt/perl-5.24.1/lib/site_perl/5.24.1/Catalyst.pm line 3187
Catalyst::__ANON__() called at /opt/perl-5.24.1/lib/site_perl/5.24.1/Catalyst.pm line 3034
Catalyst::setup_components("ComponentUI") called at /opt/perl-5.24.1/lib/site_perl/5.24.1/Catalyst.pm line 1427
Catalyst::setup("ComponentUI") called at /home/cpansand/.cpan/build/2017020303/Reaction-0.002005-0/blib/lib/ComponentUI.pm line 32
require ComponentUI.pm called at /opt/perl-5.24.1/lib/site_perl/5.24.1/Module/Runtime.pm line 317
Module::Runtime::require_module("ComponentUI") called at /opt/perl-5.24.1/lib/site_perl/5.24.1/Class/Load.pm line 174
Class::Load::try {...} () called at /opt/perl-5.24.1/lib/site_perl/5.24.1/Try/Tiny.pm line 99
eval {...} called at /opt/perl-5.24.1/lib/site_perl/5.24.1/Try/Tiny.pm line 94
Try::Tiny::try(CODE(0x3204678), Try::Tiny::Catch=REF(0x2d1d800)) called at /opt/perl-5.24.1/lib/site_perl/5.24.1/Class/Load.pm line 180
Class::Load::try_load_class("ComponentUI", undef) called at /opt/perl-5.24.1/lib/site_perl/5.24.1/Class/Load.pm line 35
Class::Load::load_class("ComponentUI") called at /opt/perl-5.24.1/lib/site_perl/5.24.1/Catalyst/Test.pm line 29
Catalyst::Test::_build_request_export("Catalyst::Test", HASH(0x3255130)) called at /opt/perl-5.24.1/lib/site_perl/5.24.1/Catalyst/Test.pm line 95
Catalyst::Test::__ANON__("Catalyst::Test", "all", HASH(0x3255100), HASH(0x1f33d20)) called at /opt/perl-5.24.1/lib/site_perl/5.24.1/Sub/Exporter.pm line 108
Sub::Exporter::_expand_group("Catalyst::Test", HASH(0x32548f0), ARRAY(0x1f33b88), HASH(0x1f33d20), HASH(0x3255160), HASH(0x1f33cf0)) called at /opt/perl-5.24.1/lib/site_perl/5.24.1/Sub/Exporter.pm line 39
Sub::Exporter::_expand_groups("Catalyst::Test", HASH(0x32548f0), ARRAY(0x3254d28), HASH(0x1f33d20)) called at /opt/perl-5.24.1/lib/site_perl/5.24.1/Sub/Exporter.pm line 323
Sub::Exporter::__ANON__("Catalyst::Test", "-all", HASH(0x1f33c78)) called at /opt/perl-5.24.1/lib/site_perl/5.24.1/Catalyst/Test.pm line 155
Catalyst::Test::import("Catalyst::Test", "ComponentUI") called at t/01app.t line 7
main::BEGIN() called at /home/cpansand/.cpan/build/2017020303/Reaction-0.002005-0/blib/lib/ComponentUI/TestModel/Foo.pm line 0
eval {...} called at /home/cpansand/.cpan/build/2017020303/Reaction-0.002005-0/blib/lib/ComponentUI/TestModel/Foo.pm line 0
eval 'package main;
BEGIN { ${^WARNING_BITS} = $args[-1] if defined $args[-1] }
#line 7 t/01app.t
use Catalyst::Test @{$args[0]};
1;
' called at /opt/perl-5.24.1/lib/site_perl/5.24.1/Test/More.pm line 1032
Test::More::_eval("package main;\x{a}BEGIN { \${^WARNING_BITS} = \$args[-1] if defined"..., ARRAY(0x1f029e0), "UUUUUUUUUUUUUUUU\x{15}") called at /opt/perl-5.24.1/lib/site_perl/5.24.1/Test/More.pm line 1007
Test::More::use_ok("Catalyst::Test", "ComponentUI") called at t/01app.t line 7
main::BEGIN() called at /home/cpansand/.cpan/build/2017020303/Reaction-0.002005-0/blib/lib/ComponentUI/TestModel/Foo.pm line 0
eval {...} called at /home/cpansand/.cpan/build/2017020303/Reaction-0.002005-0/blib/lib/ComponentUI/TestModel/Foo.pm line 0
Class::MOP::load_class is deprecated at /opt/perl-5.24.1/lib/site_perl/5.24.1/x86_64-linux/Class/MOP.pm line 69.
Class::MOP::load_class("ComponentUI::RenderingContext::Site") called at /home/cpansand/.cpan/build/2017020303/Reaction-0.002005-0/blib/lib/Reaction/UI/View.pm line 125
eval {...} called at /home/cpansand/.cpan/build/2017020303/Reaction-0.002005-0/blib/lib/Reaction/UI/View.pm line 125
Reaction::UI::View::find_related_class(ComponentUI::View::Site=HASH(0x5772ee0), "RenderingContext") called at /home/cpansand/.cpan/build/2017020303/Reaction-0.002005-0/blib/lib/Reaction/UI/View.pm line 43
Reaction::UI::View::_build_rendering_context_class(ComponentUI::View::Site=HASH(0x5772ee0)) called at reader Reaction::UI::View::rendering_context_class (defined at /home/cpansand/.cpan/build/2017020303/Reaction-0.002005-0/blib/lib/Reaction/UI/View.pm line 29) line 8
Reaction::UI::View::rendering_context_class(ComponentUI::View::Site=HASH(0x5772ee0)) called at /home/cpansand/.cpan/build/2017020303/Reaction-0.002005-0/blib/lib/Reaction/UI/View.pm line 134
Reaction::UI::View::create_rendering_context(ComponentUI::View::Site=HASH(0x5772ee0)) called at /home/cpansand/.cpan/build/2017020303/Reaction-0.002005-0/blib/lib/Reaction/UI/View.pm line 60
Reaction::UI::View::render_window(ComponentUI::View::Site=HASH(0x5772ee0), Reaction::UI::Window=HASH(0x926f070)) called at /home/cpansand/.cpan/build/2017020303/Reaction-0.002005-0/blib/lib/Reaction/UI/Window.pm line 74
Reaction::UI::Window::flush_view(Reaction::UI::Window=HASH(0x926f070)) called at /home/cpansand/.cpan/build/2017020303/Reaction-0.002005-0/blib/lib/Reaction/UI/Window.pm line 36
Reaction::UI::Window::flush(Reaction::UI::Window=HASH(0x926f070)) called at /home/cpansand/.cpan/build/2017020303/Reaction-0.002005-0/blib/lib/Reaction/UI/Controller/Root.pm line 38
Reaction::UI::Controller::Root::end(ComponentUI::Controller::Root=HASH(0x9208188), ComponentUI=HASH(0x9203c18)) called at /opt/perl-5.24.1/lib/site_perl/5.24.1/Catalyst/Action.pm line 358
Catalyst::Action::execute(Catalyst::Action=HASH(0x9087780), ComponentUI::Controller::Root=HASH(0x9208188), ComponentUI=HASH(0x9203c18)) called at /opt/perl-5.24.1/lib/site_perl/5.24.1/Catalyst.pm line 2057
eval {...} called at /opt/perl-5.24.1/lib/site_perl/5.24.1/Catalyst.pm line 2057
Catalyst::execute(ComponentUI=HASH(0x9203c18), "ComponentUI::Controller::Root", Catalyst::Action=HASH(0x9087780)) called at /opt/perl-5.24.1/lib/site_perl/5.24.1/Catalyst/Action.pm line 353
Catalyst::Action::dispatch(Catalyst::Action=HASH(0x9087780), ComponentUI=HASH(0x9203c18)) called at /opt/perl-5.24.1/lib/site_perl/5.24.1/Catalyst/Controller.pm line 189
Catalyst::Controller::_END(ComponentUI::Controller::Root=HASH(0x9208188), ComponentUI=HASH(0x9203c18)) called at /opt/perl-5.24.1/lib/site_perl/5.24.1/Catalyst/Action.pm line 358
Catalyst::Action::execute(Catalyst::Action=HASH(0x90af6c0), ComponentUI::Controller::Root=HASH(0x9208188), ComponentUI=HASH(0x9203c18)) called at /opt/perl-5.24.1/lib/site_perl/5.24.1/Catalyst.pm line 2057
eval {...} called at /opt/perl-5.24.1/lib/site_perl/5.24.1/Catalyst.pm line 2057
Catalyst::execute(ComponentUI=HASH(0x9203c18), "ComponentUI::Controller::Root", Catalyst::Action=HASH(0x90af6c0)) called at /opt/perl-5.24.1/lib/site_perl/5.24.1/Catalyst/Action.pm line 353
Catalyst::Action::dispatch(Catalyst::Action=HASH(0x90af6c0), ComponentUI=HASH(0x9203c18)) called at /opt/perl-5.24.1/lib/site_perl/5.24.1/Catalyst/Dispatcher.pm line 262
Catalyst::Dispatcher::_do_forward(Catalyst::Dispatcher=HASH(0x43c1828), "forward", ComponentUI=HASH(0x9203c18), "_END") called at /opt/perl-5.24.1/lib/site_perl/5.24.1/Catalyst/Dispatcher.pm line 242
Catalyst::Dispatcher::forward(Catalyst::Dispatcher=HASH(0x43c1828), ComponentUI=HASH(0x9203c18), "_END") called at /opt/perl-5.24.1/lib/site_perl/5.24.1/Catalyst.pm line 482
Catalyst::forward(ComponentUI=HASH(0x9203c18), "_END") called at /opt/perl-5.24.1/lib/site_perl/5.24.1/Catalyst/Controller.pm line 138
Catalyst::Controller::_DISPATCH(ComponentUI::Controller::Root=HASH(0x9208188), ComponentUI=HASH(0x9203c18)) called at /opt/perl-5.24.1/lib/site_perl/5.24.1/Catalyst/Action.pm line 358
Catalyst::Action::execute(Catalyst::Action=HASH(0x90876f0), ComponentUI::Controller::Root=HASH(0x9208188), ComponentUI=HASH(0x9203c18)) called at /opt/perl-5.24.1/lib/site_perl/5.24.1/Catalyst.pm line 2057
eval {...} called at /opt/perl-5.24.1/lib/site_perl/5.24.1/Catalyst.pm line 2057
Catalyst::execute(ComponentUI=HASH(0x9203c18), "ComponentUI::Controller::Root", Catalyst::Action=HASH(0x90876f0)) called at /opt/perl-5.24.1/lib/site_perl/5.24.1/Catalyst/Action.pm line 353
Catalyst::Action::dispatch(Catalyst::Action=HASH(0x90876f0), ComponentUI=HASH(0x9203c18)) called at /opt/perl-5.24.1/lib/site_perl/5.24.1/Catalyst/Dispatcher.pm line 262
Catalyst::Dispatcher::_do_forward(Catalyst::Dispatcher=HASH(0x43c1828), "forward", ComponentUI=HASH(0x9203c18), "//_DISPATCH") called at /opt/perl-5.24.1/lib/site_perl/5.24.1/Catalyst/Dispatcher.pm line 242
Catalyst::Dispatcher::forward(Catalyst::Dispatcher=HASH(0x43c1828), ComponentUI=HASH(0x9203c18), "//_DISPATCH") called at /opt/perl-5.24.1/lib/site_perl/5.24.1/Catalyst.pm line 482
Catalyst::forward(ComponentUI=HASH(0x9203c18), "//_DISPATCH") called at /opt/perl-5.24.1/lib/site_perl/5.24.1/Catalyst/Dispatcher.pm line 108
Catalyst::Dispatcher::dispatch(Catalyst::Dispatcher=HASH(0x43c1828), ComponentUI=HASH(0x9203c18)) called at /opt/perl-5.24.1/lib/site_perl/5.24.1/Catalyst.pm line 2003
Catalyst::dispatch(ComponentUI=HASH(0x9203c18)) called at /opt/perl-5.24.1/lib/site_perl/5.24.1/Catalyst/Plugin/Static/Simple.pm line 86
Class::MOP::Class:::around(CODE(0x408cf60), ComponentUI=HASH(0x9203c18)) called at /opt/perl-5.24.1/lib/site_perl/5.24.1/x86_64-linux/Class/MOP/Method/Wrapped.pm line 164
ComponentUI::_wrapped_dispatch(ComponentUI=HASH(0x9203c18)) called at /opt/perl-5.24.1/lib/site_perl/5.24.1/x86_64-linux/Class/MOP/Method/Wrapped.pm line 95
ComponentUI::dispatch(ComponentUI=HASH(0x9203c18)) called at /opt/perl-5.24.1/lib/site_perl/5.24.1/Catalyst.pm line 2394
Catalyst::try {...} () called at /opt/perl-5.24.1/lib/site_perl/5.24.1/Try/Tiny.pm line 103
eval {...} called at /opt/perl-5.24.1/lib/site_perl/5.24.1/Try/Tiny.pm line 94
Try::Tiny::try(CODE(0x9201c90), Try::Tiny::Catch=REF(0x9201a98)) called at /opt/perl-5.24.1/lib/site_perl/5.24.1/Catalyst.pm line 2403
Catalyst::handle_request("ComponentUI", "env", HASH(0x920e880), "response_cb", CODE(0x9201af8)) called at /opt/perl-5.24.1/lib/site_perl/5.24.1/Catalyst/Engine.pm line 800
Catalyst::Engine::__ANON__(CODE(0x9201af8)) called at /opt/perl-5.24.1/lib/site_perl/5.24.1/Plack/Middleware/HTTPExceptions.pm line 32
Plack::Middleware::HTTPExceptions::try {...} () called at /opt/perl-5.24.1/lib/site_perl/5.24.1/Try/Tiny.pm line 103
eval {...} called at /opt/perl-5.24.1/lib/site_perl/5.24.1/Try/Tiny.pm line 94
Try::Tiny::try(CODE(0x9201930), Try::Tiny::Catch=REF(0x9201198)) called at /opt/perl-5.24.1/lib/site_perl/5.24.1/Plack/Middleware/HTTPExceptions.pm line 41
Plack::Middleware::HTTPExceptions::__ANON__(CODE(0x920ee68)) called at /opt/perl-5.24.1/lib/site_perl/5.24.1/Plack/Util.pm line 339
Plack::Util::__ANON__(CODE(0x920e808)) called at /opt/perl-5.24.1/lib/site_perl/5.24.1/Plack/Util.pm line 339
Plack::Util::__ANON__(CODE(0x920e718)) called at /opt/perl-5.24.1/lib/site_perl/5.24.1/Plack/Util.pm line 339
Plack::Util::__ANON__(CODE(0x920e6a0)) called at /opt/perl-5.24.1/lib/site_perl/5.24.1/HTTP/Message/PSGI.pm line 100
HTTP::Message::PSGI::res_from_psgi(CODE(0x92016a8)) called at /opt/perl-5.24.1/lib/site_perl/5.24.1/HTTP/Message/PSGI.pm line 156
HTTP::Response::from_psgi("HTTP::Response", CODE(0x92016a8)) called at /opt/perl-5.24.1/lib/site_perl/5.24.1/Plack/Test/MockHTTP.pm line 24
Plack::Test::MockHTTP::try {...} () called at /opt/perl-5.24.1/lib/site_perl/5.24.1/Try/Tiny.pm line 101
eval {...} called at /opt/perl-5.24.1/lib/site_perl/5.24.1/Try/Tiny.pm line 94
Try::Tiny::try(CODE(0x916c590), Try::Tiny::Catch=REF(0x90bf438)) called at /opt/perl-5.24.1/lib/site_perl/5.24.1/Plack/Test/MockHTTP.pm line 27
Plack::Test::MockHTTP::request(Plack::Test::MockHTTP=HASH(0x91fefe8), HTTP::Request=HASH(0x916c5f0)) called at /opt/perl-5.24.1/lib/site_perl/5.24.1/Plack/Test.pm line 38
Plack::Test::__ANON__(HTTP::Request=HASH(0x916c5f0)) called at /opt/perl-5.24.1/lib/site_perl/5.24.1/Catalyst/Test.pm line 281
Catalyst::Test::__ANON__(CODE(0x91fee50)) called at /opt/perl-5.24.1/lib/site_perl/5.24.1/Plack/Test.pm line 38
Plack::Test::test_psgi("app", CODE(0x916c0c8), "mangle_response", CODE(0x32408e0), "app", CODE(0x9167de0), "client", CODE(0x916c788)) called at /opt/perl-5.24.1/lib/site_perl/5.24.1/Catalyst/Test.pm line 284
Catalyst::Test::_request(HASH(0x916b8d0), "/") called at /opt/perl-5.24.1/lib/site_perl/5.24.1/Catalyst/Test.pm line 327
Catalyst::Test::_local_request("ComponentUI", "/") called at /opt/perl-5.24.1/lib/site_perl/5.24.1/Catalyst/Test.pm line 32
Catalyst::Test::__ANON__("/") called at t/01app.t line 10
Class::MOP::is_class_loaded is deprecated at /opt/perl-5.24.1/lib/site_perl/5.24.1/x86_64-linux/Class/MOP.pm line 87.
Class::MOP::is_class_loaded("ComponentUI::UI::Widget::SiteLayout") called at /home/cpansand/.cpan/build/2017020303/Reaction-0.002005-0/blib/lib/Reaction/UI/Skin.pm line 178
Reaction::UI::Skin::widget_class_for(Reaction::UI::Skin=HASH(0x927ebb0), Reaction::UI::LayoutSet::TT=HASH(0x927d2d0)) called at /home/cpansand/.cpan/build/2017020303/Reaction-0.002005-0/blib/lib/Reaction/UI/LayoutSet.pm line 29
Reaction::UI::LayoutSet::BUILD(Reaction::UI::LayoutSet::TT=HASH(0x927d2d0), HASH(0x927d918)) called at constructor Reaction::UI::LayoutSet::TT::new (defined at /home/cpansand/.cpan/build/2017020303/Reaction-0.002005-0/blib/lib/Reaction/UI/LayoutSet/TT.pm line 43) line 80
Reaction::UI::LayoutSet::TT::new("Reaction::UI::LayoutSet::TT", "name", "site_layout", "skin", Reaction::UI::Skin=HASH(0x927ebb0), "tt_object", Template=HASH(0x7e34aa0), "source_file", ...) called at /home/cpansand/.cpan/build/2017020303/Reaction-0.002005-0/blib/lib/Reaction/UI/Skin.pm line 115
Reaction::UI::Skin::_create_layout_set(Reaction::UI::Skin=HASH(0x927ebb0), "site_layout", ARRAY(0x92f12e8), Reaction::UI::Skin=HASH(0x927ebb0)) called at /home/cpansand/.cpan/build/2017020303/Reaction-0.002005-0/blib/lib/Reaction/UI/Skin.pm line 110
Reaction::UI::Skin::create_layout_set(Reaction::UI::Skin=HASH(0x927ebb0), "site_layout") called at /home/cpansand/.cpan/build/2017020303/Reaction-0.002005-0/blib/lib/Reaction/UI/LayoutSet.pm line 83
Reaction::UI::LayoutSet::_load_file(Reaction::UI::LayoutSet::TT=HASH(0x8e8d798), Path::Class::File=HASH(0x927b9f0), HASH(0x92dc4c8)) called at /home/cpansand/.cpan/build/2017020303/Reaction-0.002005-0/blib/lib/Reaction/UI/LayoutSet.pm line 27
Reaction::UI::LayoutSet::BUILD(Reaction::UI::LayoutSet::TT=HASH(0x8e8d798), HASH(0x92dc4c8)) called at constructor Reaction::UI::LayoutSet::TT::new (defined at /home/cpansand/.cpan/build/2017020303/Reaction-0.002005-0/blib/lib/Reaction/UI/LayoutSet/TT.pm line 43) line 80
Reaction::UI::LayoutSet::TT::new("Reaction::UI::LayoutSet::TT", "name", "site_layout", "skin", Reaction::UI::Skin=HASH(0x92842d0), "next_skin", Reaction::UI::Skin=HASH(0x927ebb0), "tt_object", ...) called at /home/cpansand/.cpan/build/2017020303/Reaction-0.002005-0/blib/lib/Reaction/UI/Skin.pm line 115
Reaction::UI::Skin::_create_layout_set(Reaction::UI::Skin=HASH(0x92842d0), "site_layout", ARRAY(0x7311e40), Reaction::UI::Skin=HASH(0x92842d0)) called at /home/cpansand/.cpan/build/2017020303/Reaction-0.002005-0/blib/lib/Reaction/UI/Skin.pm line 110
Reaction::UI::Skin::create_layout_set(Reaction::UI::Skin=HASH(0x92842d0), "site_layout") called at /home/cpansand/.cpan/build/2017020303/Reaction-0.002005-0/blib/lib/Reaction/UI/LayoutSet.pm line 83
Reaction::UI::LayoutSet::_load_file(Reaction::UI::LayoutSet::TT=HASH(0x92719e8), Path::Class::File=HASH(0x9271580), HASH(0x9282550)) called at /home/cpansand/.cpan/build/2017020303/Reaction-0.002005-0/blib/lib/Reaction/UI/LayoutSet.pm line 27
Reaction::UI::LayoutSet::BUILD(Reaction::UI::LayoutSet::TT=HASH(0x92719e8), HASH(0x9282550)) called at constructor Reaction::UI::LayoutSet::TT::new (defined at /home/cpansand/.cpan/build/2017020303/Reaction-0.002005-0/blib/lib/Reaction/UI/LayoutSet/TT.pm line 43) line 80
Reaction::UI::LayoutSet::TT::new("Reaction::UI::LayoutSet::TT", "name", "site_layout", "skin", Reaction::UI::Skin=HASH(0x928bb78), "next_skin", Reaction::UI::Skin=HASH(0x92842d0), "tt_object", ...) called at /home/cpansand/.cpan/build/2017020303/Reaction-0.002005-0/blib/lib/Reaction/UI/Skin.pm line 115
Reaction::UI::Skin::_create_layout_set(Reaction::UI::Skin=HASH(0x928bb78), "site_layout", ARRAY(0x9131f48), Reaction::UI::Skin=HASH(0x928bb78)) called at /home/cpansand/.cpan/build/2017020303/Reaction-0.002005-0/blib/lib/Reaction/UI/Skin.pm line 110
Reaction::UI::Skin::create_layout_set(Reaction::UI::Skin=HASH(0x928bb78), "site_layout") called at inline delegation in Reaction::UI::View for skin->create_layout_set (attribute declared in /home/cpansand/.cpan/build/2017020303/Reaction-0.002005-0/blib/lib/Reaction/UI/View.pm at line 22) line 18
Reaction::UI::View::create_layout_set(ComponentUI::View::Site=HASH(0x5772ee0), "site_layout") called at /home/cpansand/.cpan/build/2017020303/Reaction-0.002005-0/blib/lib/Reaction/UI/View.pm line 99
Reaction::UI::View::layout_set_for(ComponentUI::View::Site=HASH(0x5772ee0), Reaction::UI::ViewPort::SiteLayout=HASH(0x926f6a0)) called at /home/cpansand/.cpan/build/2017020303/Reaction-0.002005-0/blib/lib/Reaction/UI/View.pm line 78
Reaction::UI::View::render_viewport_args(ComponentUI::View::Site=HASH(0x5772ee0), Reaction::UI::ViewPort::SiteLayout=HASH(0x926f6a0)) called at /home/cpansand/.cpan/build/2017020303/Reaction-0.002005-0/blib/lib/Reaction/UI/View.pm line 61
Reaction::UI::View::render_window(ComponentUI::View::Site=HASH(0x5772ee0), Reaction::UI::Window=HASH(0x926f070)) called at /home/cpansand/.cpan/build/2017020303/Reaction-0.002005-0/blib/lib/Reaction/UI/Window.pm line 74
Reaction::UI::Window::flush_view(Reaction::UI::Window=HASH(0x926f070)) called at /home/cpansand/.cpan/build/2017020303/Reaction-0.002005-0/blib/lib/Reaction/UI/Window.pm line 36
Reaction::UI::Window::flush(Reaction::UI::Window=HASH(0x926f070)) called at /home/cpansand/.cpan/build/2017020303/Reaction-0.002005-0/blib/lib/Reaction/UI/Controller/Root.pm line 38
Reaction::UI::Controller::Root::end(ComponentUI::Controller::Root=HASH(0x9208188), ComponentUI=HASH(0x9203c18)) called at /opt/perl-5.24.1/lib/site_perl/5.24.1/Catalyst/Action.pm line 358
Catalyst::Action::execute(Catalyst::Action=HASH(0x9087780), ComponentUI::Controller::Root=HASH(0x9208188), ComponentUI=HASH(0x9203c18)) called at /opt/perl-5.24.1/lib/site_perl/5.24.1/Catalyst.pm line 2057
eval {...} called at /opt/perl-5.24.1/lib/site_perl/5.24.1/Catalyst.pm line 2057
Catalyst::execute(ComponentUI=HASH(0x9203c18), "ComponentUI::Controller::Root", Catalyst::Action=HASH(0x9087780)) called at /opt/perl-5.24.1/lib/site_perl/5.24.1/Catalyst/Action.pm line 353
Catalyst::Action::dispatch(Catalyst::Action=HASH(0x9087780), ComponentUI=HASH(0x9203c18)) called at /opt/perl-5.24.1/lib/site_perl/5.24.1/Catalyst/Controller.pm line 189
Catalyst::Controller::_END(ComponentUI::Controller::Root=HASH(0x9208188), ComponentUI=HASH(0x9203c18)) called at /opt/perl-5.24.1/lib/site_perl/5.24.1/Catalyst/Action.pm line 358
Catalyst::Action::execute(Catalyst::Action=HASH(0x90af6c0), ComponentUI::Controller::Root=HASH(0x9208188), ComponentUI=HASH(0x9203c18)) called at /opt/perl-5.24.1/lib/site_perl/5.24.1/Catalyst.pm line 2057
eval {...} called at /opt/perl-5.24.1/lib/site_perl/5.24.1/Catalyst.pm line 2057
Catalyst::execute(ComponentUI=HASH(0x9203c18), "ComponentUI::Controller::Root", Catalyst::Action=HASH(0x90af6c0)) called at /opt/perl-5.24.1/lib/site_perl/5.24.1/Catalyst/Action.pm line 353
Catalyst::Action::dispatch(Catalyst::Action=HASH(0x90af6c0), ComponentUI=HASH(0x9203c18)) called at /opt/perl-5.24.1/lib/site_perl/5.24.1/Catalyst/Dispatcher.pm line 262
Catalyst::Dispatcher::_do_forward(Catalyst::Dispatcher=HASH(0x43c1828), "forward", ComponentUI=HASH(0x9203c18), "_END") called at /opt/perl-5.24.1/lib/site_perl/5.24.1/Catalyst/Dispatcher.pm line 242
Catalyst::Dispatcher::forward(Catalyst::Dispatcher=HASH(0x43c1828), ComponentUI=HASH(0x9203c18), "_END") called at /opt/perl-5.24.1/lib/site_perl/5.24.1/Catalyst.pm line 482
Catalyst::forward(ComponentUI=HASH(0x9203c18), "_END") called at /opt/perl-5.24.1/lib/site_perl/5.24.1/Catalyst/Controller.pm line 138
Catalyst::Controller::_DISPATCH(ComponentUI::Controller::Root=HASH(0x9208188), ComponentUI=HASH(0x9203c18)) called at /opt/perl-5.24.1/lib/site_perl/5.24.1/Catalyst/Action.pm line 358
Catalyst::Action::execute(Catalyst::Action=HASH(0x90876f0), ComponentUI::Controller::Root=HASH(0x9208188), ComponentUI=HASH(0x9203c18)) called at /opt/perl-5.24.1/lib/site_perl/5.24.1/Catalyst.pm line 2057
eval {...} called at /opt/perl-5.24.1/lib/site_perl/5.24.1/Catalyst.pm line 2057
Catalyst::execute(ComponentUI=HASH(0x9203c18), "ComponentUI::Controller::Root", Catalyst::Action=HASH(0x90876f0)) called at /opt/perl-5.24.1/lib/site_perl/5.24.1/Catalyst/Action.pm line 353
Catalyst::Action::dispatch(Catalyst::Action=HASH(0x90876f0), ComponentUI=HASH(0x9203c18)) called at /opt/perl-5.24.1/lib/site_perl/5.24.1/Catalyst/Dispatcher.pm line 262
Catalyst::Dispatcher::_do_forward(Catalyst::Dispatcher=HASH(0x43c1828), "forward", ComponentUI=HASH(0x9203c18), "//_DISPATCH") called at /opt/perl-5.24.1/lib/site_perl/5.24.1/Catalyst/Dispatcher.pm line 242
Catalyst::Dispatcher::forward(Catalyst::Dispatcher=HASH(0x43c1828), ComponentUI=HASH(0x9203c18), "//_DISPATCH") called at /opt/perl-5.24.1/lib/site_perl/5.24.1/Catalyst.pm line 482
Catalyst::forward(ComponentUI=HASH(0x9203c18), "//_DISPATCH") called at /opt/perl-5.24.1/lib/site_perl/5.24.1/Catalyst/Dispatcher.pm line 108
Catalyst::Dispatcher::dispatch(Catalyst::Dispatcher=HASH(0x43c1828), ComponentUI=HASH(0x9203c18)) called at /opt/perl-5.24.1/lib/site_perl/5.24.1/Catalyst.pm line 2003
Catalyst::dispatch(ComponentUI=HASH(0x9203c18)) called at /opt/perl-5.24.1/lib/site_perl/5.24.1/Catalyst/Plugin/Static/Simple.pm line 86
Class::MOP::Class:::around(CODE(0x408cf60), ComponentUI=HASH(0x9203c18)) called at /opt/perl-5.24.1/lib/site_perl/5.24.1/x86_64-linux/Class/MOP/Method/Wrapped.pm line 164
ComponentUI::_wrapped_dispatch(ComponentUI=HASH(0x9203c18)) called at /opt/perl-5.24.1/lib/site_perl/5.24.1/x86_64-linux/Class/MOP/Method/Wrapped.pm line 95
ComponentUI::dispatch(ComponentUI=HASH(0x9203c18)) called at /opt/perl-5.24.1/lib/site_perl/5.24.1/Catalyst.pm line 2394
Catalyst::try {...} () called at /opt/perl-5.24.1/lib/site_perl/5.24.1/Try/Tiny.pm line 103
eval {...} called at /opt/perl-5.24.1/lib/site_perl/5.24.1/Try/Tiny.pm line 94
Try::Tiny::try(CODE(0x9201c90), Try::Tiny::Catch=REF(0x9201a98)) called at /opt/perl-5.24.1/lib/site_perl/5.24.1/Catalyst.pm line 2403
Catalyst::handle_request("ComponentUI", "env", HASH(0x920e880), "response_cb", CODE(0x9201af8)) called at /opt/perl-5.24.1/lib/site_perl/5.24.1/Catalyst/Engine.pm line 800
Catalyst::Engine::__ANON__(CODE(0x9201af8)) called at /opt/perl-5.24.1/lib/site_perl/5.24.1/Plack/Middleware/HTTPExceptions.pm line 32
Plack::Middleware::HTTPExceptions::try {...} () called at /opt/perl-5.24.1/lib/site_perl/5.24.1/Try/Tiny.pm line 103
eval {...} called at /opt/perl-5.24.1/lib/site_perl/5.24.1/Try/Tiny.pm line 94
Try::Tiny::try(CODE(0x9201930), Try::Tiny::Catch=REF(0x9201198)) called at /opt/perl-5.24.1/lib/site_perl/5.24.1/Plack/Middleware/HTTPExceptions.pm line 41
Plack::Middleware::HTTPExceptions::__ANON__(CODE(0x920ee68)) called at /opt/perl-5.24.1/lib/site_perl/5.24.1/Plack/Util.pm line 339
Plack::Util::__ANON__(CODE(0x920e808)) called at /opt/perl-5.24.1/lib/site_perl/5.24.1/Plack/Util.pm line 339
Plack::Util::__ANON__(CODE(0x920e718)) called at /opt/perl-5.24.1/lib/site_perl/5.24.1/Plack/Util.pm line 339
Plack::Util::__ANON__(CODE(0x920e6a0)) called at /opt/perl-5.24.1/lib/site_perl/5.24.1/HTTP/Message/PSGI.pm line 100
HTTP::Message::PSGI::res_from_psgi(CODE(0x92016a8)) called at /opt/perl-5.24.1/lib/site_perl/5.24.1/HTTP/Message/PSGI.pm line 156
HTTP::Response::from_psgi("HTTP::Response", CODE(0x92016a8)) called at /opt/perl-5.24.1/lib/site_perl/5.24.1/Plack/Test/MockHTTP.pm line 24
Plack::Test::MockHTTP::try {...} () called at /opt/perl-5.24.1/lib/site_perl/5.24.1/Try/Tiny.pm line 101
eval {...} called at /opt/perl-5.24.1/lib/site_perl/5.24.1/Try/Tiny.pm line 94
Try::Tiny::try(CODE(0x916c590), Try::Tiny::Catch=REF(0x90bf438)) called at /opt/perl-5.24.1/lib/site_perl/5.24.1/Plack/Test/MockHTTP.pm line 27
Plack::Test::MockHTTP::request(Plack::Test::MockHTTP=HASH(0x91fefe8), HTTP::Request=HASH(0x916c5f0)) called at /opt/perl-5.24.1/lib/site_perl/5.24.1/Plack/Test.pm line 38
Plack::Test::__ANON__(HTTP::Request=HASH(0x916c5f0)) called at /opt/perl-5.24.1/lib/site_perl/5.24.1/Catalyst/Test.pm line 281
Catalyst::Test::__ANON__(CODE(0x91fee50)) called at /opt/perl-5.24.1/lib/site_perl/5.24.1/Plack/Test.pm line 38
Plack::Test::test_psgi("app", CODE(0x916c0c8), "mangle_response", CODE(0x32408e0), "app", CODE(0x9167de0), "client", CODE(0x916c788)) called at /opt/perl-5.24.1/lib/site_perl/5.24.1/Catalyst/Test.pm line 284
Catalyst::Test::_request(HASH(0x916b8d0), "/") called at /opt/perl-5.24.1/lib/site_perl/5.24.1/Catalyst/Test.pm line 327
Catalyst::Test::_local_request("ComponentUI", "/") called at /opt/perl-5.24.1/lib/site_perl/5.24.1/Catalyst/Test.pm line 32
Catalyst::Test::__ANON__("/") called at t/01app.t line 10
Class::MOP::load_class is deprecated at /opt/perl-5.24.1/lib/site_perl/5.24.1/x86_64-linux/Class/MOP.pm line 69.
Class::MOP::load_class("Reaction::UI::Widget::SiteLayout") called at /home/cpansand/.cpan/build/2017020303/Reaction-0.002005-0/blib/lib/Reaction/UI/Skin.pm line 181
eval {...} called at /home/cpansand/.cpan/build/2017020303/Reaction-0.002005-0/blib/lib/Reaction/UI/Skin.pm line 181
Reaction::UI::Skin::widget_class_for(Reaction::UI::Skin=HASH(0x927ebb0), Reaction::UI::LayoutSet::TT=HASH(0x927d2d0)) called at /home/cpansand/.cpan/build/2017020303/Reaction-0.002005-0/blib/lib/Reaction/UI/LayoutSet.pm line 29
Reaction::UI::LayoutSet::BUILD(Reaction::UI::LayoutSet::TT=HASH(0x927d2d0), HASH(0x927d918)) called at constructor Reaction::UI::LayoutSet::TT::new (defined at /home/cpansand/.cpan/build/2017020303/Reaction-0.002005-0/blib/lib/Reaction/UI/LayoutSet/TT.pm line 43) line 80
Reaction::UI::LayoutSet::TT::new("Reaction::UI::LayoutSet::TT", "name", "site_layout", "skin", Reaction::UI::Skin=HASH(0x927ebb0), "tt_object", Template=HASH(0x7e34aa0), "source_file", ...) called at /home/cpansand/.cpan/build/2017020303/Reaction-0.002005-0/blib/lib/Reaction/UI/Skin.pm line 115
Reaction::UI::Skin::_create_layout_set(Reaction::UI::Skin=HASH(0x927ebb0), "site_layout", ARRAY(0x92f12e8), Reaction::UI::Skin=HASH(0x927ebb0)) called at /home/cpansand/.cpan/build/2017020303/Reaction-0.002005-0/blib/lib/Reaction/UI/Skin.pm line 110
Reaction::UI::Skin::create_layout_set(Reaction::UI::Skin=HASH(0x927ebb0), "site_layout") called at /home/cpansand/.cpan/build/2017020303/Reaction-0.002005-0/blib/lib/Reaction/UI/LayoutSet.pm line 83
Reaction::UI::LayoutSet::_load_file(Reaction::UI::LayoutSet::TT=HASH(0x8e8d798), Path::Class::File=HASH(0x927b9f0), HASH(0x92dc4c8)) called at /home/cpansand/.cpan/build/2017020303/Reaction-0.002005-0/blib/lib/Reaction/UI/LayoutSet.pm line 27
Reaction::UI::LayoutSet::BUILD(Reaction::UI::LayoutSet::TT=HASH(0x8e8d798), HASH(0x92dc4c8)) called at constructor Reaction::UI::LayoutSet::TT::new (defined at /home/cpansand/.cpan/build/2017020303/Reaction-0.002005-0/blib/lib/Reaction/UI/LayoutSet/TT.pm line 43) line 80
Reaction::UI::LayoutSet::TT::new("Reaction::UI::LayoutSet::TT", "name", "site_layout", "skin", Reaction::UI::Skin=HASH(0x92842d0), "next_skin", Reaction::UI::Skin=HASH(0x927ebb0), "tt_object", ...) called at /home/cpansand/.cpan/build/2017020303/Reaction-0.002005-0/blib/lib/Reaction/UI/Skin.pm line 115
Reaction::UI::Skin::_create_layout_set(Reaction::UI::Skin=HASH(0x92842d0), "site_layout", ARRAY(0x7311e40), Reaction::UI::Skin=HASH(0x92842d0)) called at /home/cpansand/.cpan/build/2017020303/Reaction-0.002005-0/blib/lib/Reaction/UI/Skin.pm line 110
Reaction::UI::Skin::create_layout_set(Reaction::UI::Skin=HASH(0x92842d0), "site_layout") called at /home/cpansand/.cpan/build/2017020303/Reaction-0.002005-0/blib/lib/Reaction/UI/LayoutSet.pm line 83
Reaction::UI::LayoutSet::_load_file(Reaction::UI::LayoutSet::TT=HASH(0x92719e8), Path::Class::File=HASH(0x9271580), HASH(0x9282550)) called at /home/cpansand/.cpan/build/2017020303/Reaction-0.002005-0/blib/lib/Reaction/UI/LayoutSet.pm line 27
Reaction::UI::LayoutSet::BUILD(Reaction::UI::LayoutSet::TT=HASH(0x92719e8), HASH(0x9282550)) called at constructor Reaction::UI::LayoutSet::TT::new (defined at /home/cpansand/.cpan/build/2017020303/Reaction-0.002005-0/blib/lib/Reaction/UI/LayoutSet/TT.pm line 43) line 80
Reaction::UI::LayoutSet::TT::new("Reaction::UI::LayoutSet::TT", "name", "site_layout", "skin", Reaction::UI::Skin=HASH(0x928bb78), "next_skin", Reaction::UI::Skin=HASH(0x92842d0), "tt_object", ...) called at /home/cpansand/.cpan/build/2017020303/Reaction-0.002005-0/blib/lib/Reaction/UI/Skin.pm line 115
Reaction::UI::Skin::_create_layout_set(Reaction::UI::Skin=HASH(0x928bb78), "site_layout", ARRAY(0x9131f48), Reaction::UI::Skin=HASH(0x928bb78)) called at /home/cpansand/.cpan/build/2017020303/Reaction-0.002005-0/blib/lib/Reaction/UI/Skin.pm line 110
Reaction::UI::Skin::create_layout_set(Reaction::UI::Skin=HASH(0x928bb78), "site_layout") called at inline delegation in Reaction::UI::View for skin->create_layout_set (attribute declared in /home/cpansand/.cpan/build/2017020303/Reaction-0.002005-0/blib/lib/Reaction/UI/View.pm at line 22) line 18
Reaction::UI::View::create_layout_set(ComponentUI::View::Site=HASH(0x5772ee0), "site_layout") called at /home/cpansand/.cpan/build/2017020303/Reaction-0.002005-0/blib/lib/Reaction/UI/View.pm line 99
Reaction::UI::View::layout_set_for(ComponentUI::View::Site=HASH(0x5772ee0), Reaction::UI::ViewPort::SiteLayout=HASH(0x926f6a0)) called at /home/cpansand/.cpan/build/2017020303/Reaction-0.002005-0/blib/lib/Reaction/UI/View.pm line 78
Reaction::UI::View::render_viewport_args(ComponentUI::View::Site=HASH(0x5772ee0), Reaction::UI::ViewPort::SiteLayout=HASH(0x926f6a0)) called at /home/cpansand/.cpan/build/2017020303/Reaction-0.002005-0/blib/lib/Reaction/UI/View.pm line 61
Reaction::UI::View::render_window(ComponentUI::View::Site=HASH(0x5772ee0), Reaction::UI::Window=HASH(0x926f070)) called at /home/cpansand/.cpan/build/2017020303/Reaction-0.002005-0/blib/lib/Reaction/UI/Window.pm line 74
Reaction::UI::Window::flush_view(Reaction::UI::Window=HASH(0x926f070)) called at /home/cpansand/.cpan/build/2017020303/Reaction-0.002005-0/blib/lib/Reaction/UI/Window.pm line 36
Reaction::UI::Window::flush(Reaction::UI::Window=HASH(0x926f070)) called at /home/cpansand/.cpan/build/2017020303/Reaction-0.002005-0/blib/lib/Reaction/UI/Controller/Root.pm line 38
Reaction::UI::Controller::Root::end(ComponentUI::Controller::Root=HASH(0x9208188), ComponentUI=HASH(0x9203c18)) called at /opt/perl-5.24.1/lib/site_perl/5.24.1/Catalyst/Action.pm line 358
Catalyst::Action::execute(Catalyst::Action=HASH(0x9087780), ComponentUI::Controller::Root=HASH(0x9208188), ComponentUI=HASH(0x9203c18)) called at /opt/perl-5.24.1/lib/site_perl/5.24.1/Catalyst.pm line 2057
eval {...} called at /opt/perl-5.24.1/lib/site_perl/5.24.1/Catalyst.pm line 2057
Catalyst::execute(ComponentUI=HASH(0x9203c18), "ComponentUI::Controller::Root", Catalyst::Action=HASH(0x9087780)) called at /opt/perl-5.24.1/lib/site_perl/5.24.1/Catalyst/Action.pm line 353
Catalyst::Action::dispatch(Catalyst::Action=HASH(0x9087780), ComponentUI=HASH(0x9203c18)) called at /opt/perl-5.24.1/lib/site_perl/5.24.1/Catalyst/Controller.pm line 189
Catalyst::Controller::_END(ComponentUI::Controller::Root=HASH(0x9208188), ComponentUI=HASH(0x9203c18)) called at /opt/perl-5.24.1/lib/site_perl/5.24.1/Catalyst/Action.pm line 358
Catalyst::Action::execute(Catalyst::Action=HASH(0x90af6c0), ComponentUI::Controller::Root=HASH(0x9208188), ComponentUI=HASH(0x9203c18)) called at /opt/perl-5.24.1/lib/site_perl/5.24.1/Catalyst.pm line 2057
eval {...} called at /opt/perl-5.24.1/lib/site_perl/5.24.1/Catalyst.pm line 2057
Catalyst::execute(ComponentUI=HASH(0x9203c18), "ComponentUI::Controller::Root", Catalyst::Action=HASH(0x90af6c0)) called at /opt/perl-5.24.1/lib/site_perl/5.24.1/Catalyst/Action.pm line 353
Catalyst::Action::dispatch(Catalyst::Action=HASH(0x90af6c0), ComponentUI=HASH(0x9203c18)) called at /opt/perl-5.24.1/lib/site_perl/5.24.1/Catalyst/Dispatcher.pm line 262
Catalyst::Dispatcher::_do_forward(Catalyst::Dispatcher=HASH(0x43c1828), "forward", ComponentUI=HASH(0x9203c18), "_END") called at /opt/perl-5.24.1/lib/site_perl/5.24.1/Catalyst/Dispatcher.pm line 242
Catalyst::Dispatcher::forward(Catalyst::Dispatcher=HASH(0x43c1828), ComponentUI=HASH(0x9203c18), "_END") called at /opt/perl-5.24.1/lib/site_perl/5.24.1/Catalyst.pm line 482
Catalyst::forward(ComponentUI=HASH(0x9203c18), "_END") called at /opt/perl-5.24.1/lib/site_perl/5.24.1/Catalyst/Controller.pm line 138
Catalyst::Controller::_DISPATCH(ComponentUI::Controller::Root=HASH(0x9208188), ComponentUI=HASH(0x9203c18)) called at /opt/perl-5.24.1/lib/site_perl/5.24.1/Catalyst/Action.pm line 358
Catalyst::Action::execute(Catalyst::Action=HASH(0x90876f0), ComponentUI::Controller::Root=HASH(0x9208188), ComponentUI=HASH(0x9203c18)) called at /opt/perl-5.24.1/lib/site_perl/5.24.1/Catalyst.pm line 2057
eval {...} called at /opt/perl-5.24.1/lib/site_perl/5.24.1/Catalyst.pm line 2057
Catalyst::execute(ComponentUI=HASH(0x9203c18), "ComponentUI::Controller::Root", Catalyst::Action=HASH(0x90876f0)) called at /opt/perl-5.24.1/lib/site_perl/5.24.1/Catalyst/Action.pm line 353
Catalyst::Action::dispatch(Catalyst::Action=HASH(0x90876f0), ComponentUI=HASH(0x9203c18)) called at /opt/perl-5.24.1/lib/site_perl/5.24.1/Catalyst/Dispatcher.pm line 262
Catalyst::Dispatcher::_do_forward(Catalyst::Dispatcher=HASH(0x43c1828), "forward", ComponentUI=HASH(0x9203c18), "//_DISPATCH") called at /opt/perl-5.24.1/lib/site_perl/5.24.1/Catalyst/Dispatcher.pm line 242
Catalyst::Dispatcher::forward(Catalyst::Dispatcher=HASH(0x43c1828), ComponentUI=HASH(0x9203c18), "//_DISPATCH") called at /opt/perl-5.24.1/lib/site_perl/5.24.1/Catalyst.pm line 482
Catalyst::forward(ComponentUI=HASH(0x9203c18), "//_DISPATCH") called at /opt/perl-5.24.1/lib/site_perl/5.24.1/Catalyst/Dispatcher.pm line 108
Catalyst::Dispatcher::dispatch(Catalyst::Dispatcher=HASH(0x43c1828), ComponentUI=HASH(0x9203c18)) called at /opt/perl-5.24.1/lib/site_perl/5.24.1/Catalyst.pm line 2003
Catalyst::dispatch(ComponentUI=HASH(0x9203c18)) called at /opt/perl-5.24.1/lib/site_perl/5.24.1/Catalyst/Plugin/Static/Simple.pm line 86
Class::MOP::Class:::around(CODE(0x408cf60), ComponentUI=HASH(0x9203c18)) called at /opt/perl-5.24.1/lib/site_perl/5.24.1/x86_64-linux/Class/MOP/Method/Wrapped.pm line 164
ComponentUI::_wrapped_dispatch(ComponentUI=HASH(0x9203c18)) called at /opt/perl-5.24.1/lib/site_perl/5.24.1/x86_64-linux/Class/MOP/Method/Wrapped.pm line 95
ComponentUI::dispatch(ComponentUI=HASH(0x9203c18)) called at /opt/perl-5.24.1/lib/site_perl/5.24.1/Catalyst.pm line 2394
Catalyst::try {...} () called at /opt/perl-5.24.1/lib/site_perl/5.24.1/Try/Tiny.pm line 103
eval {...} called at /opt/perl-5.24.1/lib/site_perl/5.24.1/Try/Tiny.pm line 94
Try::Tiny::try(CODE(0x9201c90), Try::Tiny::Catch=REF(0x9201a98)) called at /opt/perl-5.24.1/lib/site_perl/5.24.1/Catalyst.pm line 2403
Catalyst::handle_request("ComponentUI", "env", HASH(0x920e880), "response_cb", CODE(0x9201af8)) called at /opt/perl-5.24.1/lib/site_perl/5.24.1/Catalyst/Engine.pm line 800
Catalyst::Engine::__ANON__(CODE(0x9201af8)) called at /opt/perl-5.24.1/lib/site_perl/5.24.1/Plack/Middleware/HTTPExceptions.pm line 32
Plack::Middleware::HTTPExceptions::try {...} () called at /opt/perl-5.24.1/lib/site_perl/5.24.1/Try/Tiny.pm line 103
eval {...} called at /opt/perl-5.24.1/lib/site_perl/5.24.1/Try/Tiny.pm line 94
Try::Tiny::try(CODE(0x9201930), Try::Tiny::Catch=REF(0x9201198)) called at /opt/perl-5.24.1/lib/site_perl/5.24.1/Plack/Middleware/HTTPExceptions.pm line 41
Plack::Middleware::HTTPExceptions::__ANON__(CODE(0x920ee68)) called at /opt/perl-5.24.1/lib/site_perl/5.24.1/Plack/Util.pm line 339
Plack::Util::__ANON__(CODE(0x920e808)) called at /opt/perl-5.24.1/lib/site_perl/5.24.1/Plack/Util.pm line 339
Plack::Util::__ANON__(CODE(0x920e718)) called at /opt/perl-5.24.1/lib/site_perl/5.24.1/Plack/Util.pm line 339
Plack::Util::__ANON__(CODE(0x920e6a0)) called at /opt/perl-5.24.1/lib/site_perl/5.24.1/HTTP/Message/PSGI.pm line 100
HTTP::Message::PSGI::res_from_psgi(CODE(0x92016a8)) called at /opt/perl-5.24.1/lib/site_perl/5.24.1/HTTP/Message/PSGI.pm line 156
HTTP::Response::from_psgi("HTTP::Response", CODE(0x92016a8)) called at /opt/perl-5.24.1/lib/site_perl/5.24.1/Plack/Test/MockHTTP.pm line 24
Plack::Test::MockHTTP::try {...} () called at /opt/perl-5.24.1/lib/site_perl/5.24.1/Try/Tiny.pm line 101
eval {...} called at /opt/perl-5.24.1/lib/site_perl/5.24.1/Try/Tiny.pm line 94
Try::Tiny::try(CODE(0x916c590), Try::Tiny::Catch=REF(0x90bf438)) called at /opt/perl-5.24.1/lib/site_perl/5.24.1/Plack/Test/MockHTTP.pm line 27
Plack::Test::MockHTTP::request(Plack::Test::MockHTTP=HASH(0x91fefe8), HTTP::Request=HASH(0x916c5f0)) called at /opt/perl-5.24.1/lib/site_perl/5.24.1/Plack/Test.pm line 38
Plack::Test::__ANON__(HTTP::Request=HASH(0x916c5f0)) called at /opt/perl-5.24.1/lib/site_perl/5.24.1/Catalyst/Test.pm line 281
Catalyst::Test::__ANON__(CODE(0x91fee50)) called at /opt/perl-5.24.1/lib/site_perl/5.24.1/Plack/Test.pm line 38
Plack::Test::test_psgi("app", CODE(0x916c0c8), "mangle_response", CODE(0x32408e0), "app", CODE(0x9167de0), "client", CODE(0x916c788)) called at /opt/perl-5.24.1/lib/site_perl/5.24.1/Catalyst/Test.pm line 284
Catalyst::Test::_request(HASH(0x916b8d0), "/") called at /opt/perl-5.24.1/lib/site_perl/5.24.1/Catalyst/Test.pm line 327
Catalyst::Test::_local_request("ComponentUI", "/") called at /opt/perl-5.24.1/lib/site_perl/5.24.1/Catalyst/Test.pm line 32
Catalyst::Test::__ANON__("/") called at t/01app.t line 10
[debug] remote
t/01app.t ................... ok
t/04load_all.t .............. ok
# Failed test 'Attribute lists match'
# at t/05reflect_attr_from.t line 32.
# Structures begin differing at:
# $got->[0] = 'created_d'
# $expected->[0] = 'username'
# Looks like you failed 1 test of 1.
t/05reflect_attr_from.t .....
Dubious, test returned 1 (wstat 256, 0x100)
Failed 1/1 subtests
Class::MOP::load_class is deprecated at /opt/perl-5.24.1/lib/site_perl/5.24.1/x86_64-linux/Class/MOP.pm line 69.
Class::MOP::load_class("Reaction::InterfaceModel::Object") called at /home/cpansand/.cpan/build/2017020303/Reaction-0.002005-0/blib/lib/Reaction/InterfaceModel/Reflector/DBIC.pm line 149
Reaction::InterfaceModel::Reflector::DBIC::reflect_schema(Reaction::InterfaceModel::Reflector::DBIC=HASH(0x39df988), "model_class", "ComponentUI::TestModel", "schema_class", "RTest::TestDB", "sources", ARRAY(0x39e6cf8)) called at /home/cpansand/.cpan/build/2017020303/Reaction-0.002005-0/blib/lib/ComponentUI/TestModel.pm line 10
require ComponentUI/TestModel.pm called at t/lib/RTest/InterfaceModel/Reflector/DBIC.pm line 6
RTest::InterfaceModel::Reflector::DBIC::BEGIN() called at /home/cpansand/.cpan/build/2017020303/Reaction-0.002005-0/blib/lib/ComponentUI/TestModel.pm line 0
eval {...} called at /home/cpansand/.cpan/build/2017020303/Reaction-0.002005-0/blib/lib/ComponentUI/TestModel.pm line 0
require RTest/InterfaceModel/Reflector/DBIC.pm called at t/im_dbic.t line 7
main::BEGIN() called at /home/cpansand/.cpan/build/2017020303/Reaction-0.002005-0/blib/lib/ComponentUI/TestModel.pm line 0
eval {...} called at /home/cpansand/.cpan/build/2017020303/Reaction-0.002005-0/blib/lib/ComponentUI/TestModel.pm line 0
Class::MOP::load_class is deprecated at /opt/perl-5.24.1/lib/site_perl/5.24.1/x86_64-linux/Class/MOP.pm line 69, <DATA> line 1.
Class::MOP::load_class("Reaction::InterfaceModel::Object") called at /home/cpansand/.cpan/build/2017020303/Reaction-0.002005-0/blib/lib/Reaction/Class.pm line 123
Reaction::Class::do_class_sub("Reaction::Class", "ComponentUI::TestModel::Foo", "ComponentUI::TestModel::Foo", "is", "Reaction::InterfaceModel::Object", "which", CODE(0x4fa73d8)) called at /home/cpansand/.cpan/build/2017020303/Reaction-0.002005-0/blib/lib/Reaction/Class.pm line 86
Reaction::Class::("ComponentUI::TestModel::Foo", "is", "Reaction::InterfaceModel::Object", "which", CODE(0x4fa73d8)) called at /home/cpansand/.cpan/build/2017020303/Reaction-0.002005-0/blib/lib/ComponentUI/TestModel/Foo.pm line 8
require ComponentUI/TestModel/Foo.pm called at /opt/perl-5.24.1/lib/site_perl/5.24.1/Module/Runtime.pm line 317
Module::Runtime::require_module("ComponentUI::TestModel::Foo") called at /opt/perl-5.24.1/lib/site_perl/5.24.1/Class/Load.pm line 174
Class::Load::try {...} () called at /opt/perl-5.24.1/lib/site_perl/5.24.1/Try/Tiny.pm line 99
eval {...} called at /opt/perl-5.24.1/lib/site_perl/5.24.1/Try/Tiny.pm line 94
Try::Tiny::try(CODE(0x4f11e48), Try::Tiny::Catch=REF(0x4f3ad08)) called at /opt/perl-5.24.1/lib/site_perl/5.24.1/Class/Load.pm line 180
Class::Load::try_load_class("ComponentUI::TestModel::Foo", undef) called at /opt/perl-5.24.1/lib/site_perl/5.24.1/Class/Load.pm line 35
Class::Load::load_class("ComponentUI::TestModel::Foo") called at /home/cpansand/.cpan/build/2017020303/Reaction-0.002005-0/blib/lib/Reaction/InterfaceModel/Reflector/DBIC.pm line 892
eval {...} called at /home/cpansand/.cpan/build/2017020303/Reaction-0.002005-0/blib/lib/Reaction/InterfaceModel/Reflector/DBIC.pm line 892
Reaction::InterfaceModel::Reflector::DBIC::_maybe_load_class(Reaction::InterfaceModel::Reflector::DBIC=HASH(0x39df988), "ComponentUI::TestModel::Foo") called at /home/cpansand/.cpan/build/2017020303/Reaction-0.002005-0/blib/lib/Reaction/InterfaceModel/Reflector/DBIC.pm line 876
Reaction::InterfaceModel::Reflector::DBIC::_load_or_create(Reaction::InterfaceModel::Reflector::DBIC=HASH(0x39df988), "ComponentUI::TestModel::Foo", "superclasses", ARRAY(0x4ea2390)) called at /home/cpansand/.cpan/build/2017020303/Reaction-0.002005-0/blib/lib/Reaction/InterfaceModel/Reflector/DBIC.pm line 448
Reaction::InterfaceModel::Reflector::DBIC::reflect_source_object(Reaction::InterfaceModel::Reflector::DBIC=HASH(0x39df988), "parent_class", "ComponentUI::TestModel", "schema_class", "RTest::TestDB", "parent_domain_model_name", "_rtest_test_db_store", "source_class", ...) called at /home/cpansand/.cpan/build/2017020303/Reaction-0.002005-0/blib/lib/Reaction/InterfaceModel/Reflector/DBIC.pm line 323
Reaction::InterfaceModel::Reflector::DBIC::reflect_source(Reaction::InterfaceModel::Reflector::DBIC=HASH(0x39df988), "source_name", "Foo", "parent_class", "ComponentUI::TestModel", "schema_class", "RTest::TestDB", "source_class", ...) called at /home/cpansand/.cpan/build/2017020303/Reaction-0.002005-0/blib/lib/Reaction/InterfaceModel/Reflector/DBIC.pm line 185
Reaction::InterfaceModel::Reflector::DBIC::reflect_schema(Reaction::InterfaceModel::Reflector::DBIC=HASH(0x39df988), "model_class", "ComponentUI::TestModel", "schema_class", "RTest::TestDB", "sources", ARRAY(0x39e6cf8)) called at /home/cpansand/.cpan/build/2017020303/Reaction-0.002005-0/blib/lib/ComponentUI/TestModel.pm line 10
require ComponentUI/TestModel.pm called at t/lib/RTest/InterfaceModel/Reflector/DBIC.pm line 6
RTest::InterfaceModel::Reflector::DBIC::BEGIN() called at /home/cpansand/.cpan/build/2017020303/Reaction-0.002005-0/blib/lib/ComponentUI/TestModel/Foo.pm line 0
eval {...} called at /home/cpansand/.cpan/build/2017020303/Reaction-0.002005-0/blib/lib/ComponentUI/TestModel/Foo.pm line 0
require RTest/InterfaceModel/Reflector/DBIC.pm called at t/im_dbic.t line 7
main::BEGIN() called at /home/cpansand/.cpan/build/2017020303/Reaction-0.002005-0/blib/lib/ComponentUI/TestModel/Foo.pm line 0
eval {...} called at /home/cpansand/.cpan/build/2017020303/Reaction-0.002005-0/blib/lib/ComponentUI/TestModel/Foo.pm line 0
Class::MOP::is_class_loaded is deprecated at /opt/perl-5.24.1/lib/site_perl/5.24.1/x86_64-linux/Class/MOP.pm line 87, <DATA> line 1.
Class::MOP::is_class_loaded("RTest::TestIM::Foo") called at t/lib/RTest/InterfaceModel/Reflector/DBIC.pm line 74
RTest::InterfaceModel::Reflector::DBIC::test_reflect_schema(RTest::InterfaceModel::Reflector::DBIC=HASH(0x51593a0)) called at /opt/perl-5.24.1/lib/site_perl/5.24.1/Test/Class.pm line 293
Test::Class::try {...} () called at /opt/perl-5.24.1/lib/site_perl/5.24.1/Try/Tiny.pm line 101
eval {...} called at /opt/perl-5.24.1/lib/site_perl/5.24.1/Try/Tiny.pm line 94
Try::Tiny::try(CODE(0x64b4a78), Try::Tiny::Catch=REF(0x64b3520)) called at /opt/perl-5.24.1/lib/site_perl/5.24.1/Test/Class.pm line 293
Test::Class::_run_method(RTest::InterfaceModel::Reflector::DBIC=HASH(0x51593a0), "test_reflect_schema", ARRAY(0x21ad2f0)) called at /opt/perl-5.24.1/lib/site_perl/5.24.1/Test/Class.pm line 395
Test::Class::runtests("Test::Class", RTest::InterfaceModel::Reflector::DBIC=HASH(0x51593a0)) called at t/im_dbic.t line 10
t/im_dbic.t ................. ok
t/ui_focus_stack.t .......... ok
t/ui_view.t ................. ok
t/ui_viewport.t ............. ok
Class::MOP::load_class is deprecated at /opt/perl-5.24.1/lib/site_perl/5.24.1/x86_64-linux/Class/MOP.pm line 69.
Class::MOP::load_class("ComponentUI::TestModel") called at /home/cpansand/.cpan/build/2017020303/Reaction-0.002005-0/blib/lib/Catalyst/Model/Reaction/InterfaceModel/DBIC.pm line 24
Catalyst::Model::Reaction::InterfaceModel::DBIC::COMPONENT("ComponentUI::Model::TestModel", "ComponentUI", HASH(0x7650cf0)) called at /opt/perl-5.24.1/lib/site_perl/5.24.1/Catalyst.pm line 3209
eval {...} called at /opt/perl-5.24.1/lib/site_perl/5.24.1/Catalyst.pm line 3210
Catalyst::setup_component("ComponentUI", "ComponentUI::Model::TestModel") called at /opt/perl-5.24.1/lib/site_perl/5.24.1/Catalyst.pm line 3187
Catalyst::__ANON__() called at /opt/perl-5.24.1/lib/site_perl/5.24.1/Catalyst.pm line 3034
Catalyst::setup_components("ComponentUI") called at /opt/perl-5.24.1/lib/site_perl/5.24.1/Catalyst.pm line 1427
Catalyst::setup("ComponentUI") called at /home/cpansand/.cpan/build/2017020303/Reaction-0.002005-0/blib/lib/ComponentUI.pm line 32
require ComponentUI.pm called at /opt/perl-5.24.1/lib/site_perl/5.24.1/Module/Runtime.pm line 317
Module::Runtime::require_module("ComponentUI") called at /opt/perl-5.24.1/lib/site_perl/5.24.1/Class/Load.pm line 174
Class::Load::try {...} () called at /opt/perl-5.24.1/lib/site_perl/5.24.1/Try/Tiny.pm line 99
eval {...} called at /opt/perl-5.24.1/lib/site_perl/5.24.1/Try/Tiny.pm line 94
Try::Tiny::try(CODE(0xda36e0), Try::Tiny::Catch=REF(0x2de8dc8)) called at /opt/perl-5.24.1/lib/site_perl/5.24.1/Class/Load.pm line 180
Class::Load::try_load_class("ComponentUI", undef) called at /opt/perl-5.24.1/lib/site_perl/5.24.1/Class/Load.pm line 35
Class::Load::load_class("ComponentUI") called at /opt/perl-5.24.1/lib/site_perl/5.24.1/Test/WWW/Mechanize/Catalyst.pm line 245
Test::WWW::Mechanize::Catalyst::import("Test::WWW::Mechanize::Catalyst", "ComponentUI") called at t/uncheck_bool_field.t line 6
main::BEGIN() called at /home/cpansand/.cpan/build/2017020303/Reaction-0.002005-0/blib/lib/ComponentUI.pm line 0
eval {...} called at /home/cpansand/.cpan/build/2017020303/Reaction-0.002005-0/blib/lib/ComponentUI.pm line 0
Class::MOP::load_class is deprecated at /opt/perl-5.24.1/lib/site_perl/5.24.1/x86_64-linux/Class/MOP.pm line 69.
Class::MOP::load_class("Reaction::InterfaceModel::Object") called at /home/cpansand/.cpan/build/2017020303/Reaction-0.002005-0/blib/lib/Reaction/InterfaceModel/Reflector/DBIC.pm line 149
Reaction::InterfaceModel::Reflector::DBIC::reflect_schema(Reaction::InterfaceModel::Reflector::DBIC=HASH(0x84d6268), "model_class", "ComponentUI::TestModel", "schema_class", "RTest::TestDB", "sources", ARRAY(0x84c4e20)) called at /home/cpansand/.cpan/build/2017020303/Reaction-0.002005-0/blib/lib/ComponentUI/TestModel.pm line 10
require ComponentUI/TestModel.pm called at /opt/perl-5.24.1/lib/site_perl/5.24.1/Module/Runtime.pm line 317
Module::Runtime::require_module("ComponentUI::TestModel") called at /opt/perl-5.24.1/lib/site_perl/5.24.1/Class/Load.pm line 174
Class::Load::try {...} () called at /opt/perl-5.24.1/lib/site_perl/5.24.1/Try/Tiny.pm line 99
eval {...} called at /opt/perl-5.24.1/lib/site_perl/5.24.1/Try/Tiny.pm line 94
Try::Tiny::try(CODE(0x7877350), Try::Tiny::Catch=REF(0x7f50430)) called at /opt/perl-5.24.1/lib/site_perl/5.24.1/Class/Load.pm line 180
Class::Load::try_load_class("ComponentUI::TestModel", undef) called at /opt/perl-5.24.1/lib/site_perl/5.24.1/Class/Load.pm line 35
Class::Load::load_class("ComponentUI::TestModel") called at /home/cpansand/.cpan/build/2017020303/Reaction-0.002005-0/blib/lib/Catalyst/Model/Reaction/InterfaceModel/DBIC.pm line 24
Catalyst::Model::Reaction::InterfaceModel::DBIC::COMPONENT("ComponentUI::Model::TestModel", "ComponentUI", HASH(0x7650cf0)) called at /opt/perl-5.24.1/lib/site_perl/5.24.1/Catalyst.pm line 3209
eval {...} called at /opt/perl-5.24.1/lib/site_perl/5.24.1/Catalyst.pm line 3210
Catalyst::setup_component("ComponentUI", "ComponentUI::Model::TestModel") called at /opt/perl-5.24.1/lib/site_perl/5.24.1/Catalyst.pm line 3187
Catalyst::__ANON__() called at /opt/perl-5.24.1/lib/site_perl/5.24.1/Catalyst.pm line 3034
Catalyst::setup_components("ComponentUI") called at /opt/perl-5.24.1/lib/site_perl/5.24.1/Catalyst.pm line 1427
Catalyst::setup("ComponentUI") called at /home/cpansand/.cpan/build/2017020303/Reaction-0.002005-0/blib/lib/ComponentUI.pm line 32
require ComponentUI.pm called at /opt/perl-5.24.1/lib/site_perl/5.24.1/Module/Runtime.pm line 317
Module::Runtime::require_module("ComponentUI") called at /opt/perl-5.24.1/lib/site_perl/5.24.1/Class/Load.pm line 174
Class::Load::try {...} () called at /opt/perl-5.24.1/lib/site_perl/5.24.1/Try/Tiny.pm line 99
eval {...} called at /opt/perl-5.24.1/lib/site_perl/5.24.1/Try/Tiny.pm line 94
Try::Tiny::try(CODE(0xda36e0), Try::Tiny::Catch=REF(0x2de8dc8)) called at /opt/perl-5.24.1/lib/site_perl/5.24.1/Class/Load.pm line 180
Class::Load::try_load_class("ComponentUI", undef) called at /opt/perl-5.24.1/lib/site_perl/5.24.1/Class/Load.pm line 35
Class::Load::load_class("ComponentUI") called at /opt/perl-5.24.1/lib/site_perl/5.24.1/Test/WWW/Mechanize/Catalyst.pm line 245
Test::WWW::Mechanize::Catalyst::import("Test::WWW::Mechanize::Catalyst", "ComponentUI") called at t/uncheck_bool_field.t line 6
main::BEGIN() called at /home/cpansand/.cpan/build/2017020303/Reaction-0.002005-0/blib/lib/ComponentUI/TestModel.pm line 0
eval {...} called at /home/cpansand/.cpan/build/2017020303/Reaction-0.002005-0/blib/lib/ComponentUI/TestModel.pm line 0
Class::MOP::load_class is deprecated at /opt/perl-5.24.1/lib/site_perl/5.24.1/x86_64-linux/Class/MOP.pm line 69.
Class::MOP::load_class("Reaction::InterfaceModel::Object") called at /home/cpansand/.cpan/build/2017020303/Reaction-0.002005-0/blib/lib/Reaction/Class.pm line 123
Reaction::Class::do_class_sub("Reaction::Class", "ComponentUI::TestModel::Foo", "ComponentUI::TestModel::Foo", "is", "Reaction::InterfaceModel::Object", "which", CODE(0x87e2610)) called at /home/cpansand/.cpan/build/2017020303/Reaction-0.002005-0/blib/lib/Reaction/Class.pm line 86
Reaction::Class::("ComponentUI::TestModel::Foo", "is", "Reaction::InterfaceModel::Object", "which", CODE(0x87e2610)) called at /home/cpansand/.cpan/build/2017020303/Reaction-0.002005-0/blib/lib/ComponentUI/TestModel/Foo.pm line 8
require ComponentUI/TestModel/Foo.pm called at /opt/perl-5.24.1/lib/site_perl/5.24.1/Module/Runtime.pm line 317
Module::Runtime::require_module("ComponentUI::TestModel::Foo") called at /opt/perl-5.24.1/lib/site_perl/5.24.1/Class/Load.pm line 174
Class::Load::try {...} () called at /opt/perl-5.24.1/lib/site_perl/5.24.1/Try/Tiny.pm line 99
eval {...} called at /opt/perl-5.24.1/lib/site_perl/5.24.1/Try/Tiny.pm line 94
Try::Tiny::try(CODE(0x87a7370), Try::Tiny::Catch=REF(0x87a73b8)) called at /opt/perl-5.24.1/lib/site_perl/5.24.1/Class/Load.pm line 180
Class::Load::try_load_class("ComponentUI::TestModel::Foo", undef) called at /opt/perl-5.24.1/lib/site_perl/5.24.1/Class/Load.pm line 35
Class::Load::load_class("ComponentUI::TestModel::Foo") called at /home/cpansand/.cpan/build/2017020303/Reaction-0.002005-0/blib/lib/Reaction/InterfaceModel/Reflector/DBIC.pm line 892
eval {...} called at /home/cpansand/.cpan/build/2017020303/Reaction-0.002005-0/blib/lib/Reaction/InterfaceModel/Reflector/DBIC.pm line 892
Reaction::InterfaceModel::Reflector::DBIC::_maybe_load_class(Reaction::InterfaceModel::Reflector::DBIC=HASH(0x84d6268), "ComponentUI::TestModel::Foo") called at /home/cpansand/.cpan/build/2017020303/Reaction-0.002005-0/blib/lib/Reaction/InterfaceModel/Reflector/DBIC.pm line 876
Reaction::InterfaceModel::Reflector::DBIC::_load_or_create(Reaction::InterfaceModel::Reflector::DBIC=HASH(0x84d6268), "ComponentUI::TestModel::Foo", "superclasses", ARRAY(0x8752338)) called at /home/cpansand/.cpan/build/2017020303/Reaction-0.002005-0/blib/lib/Reaction/InterfaceModel/Reflector/DBIC.pm line 448
Reaction::InterfaceModel::Reflector::DBIC::reflect_source_object(Reaction::InterfaceModel::Reflector::DBIC=HASH(0x84d6268), "parent_class", "ComponentUI::TestModel", "source_class", "RTest::TestDB::Foo", "schema_class", "RTest::TestDB", "parent_domain_model_name", ...) called at /home/cpansand/.cpan/build/2017020303/Reaction-0.002005-0/blib/lib/Reaction/InterfaceModel/Reflector/DBIC.pm line 323
Reaction::InterfaceModel::Reflector::DBIC::reflect_source(Reaction::InterfaceModel::Reflector::DBIC=HASH(0x84d6268), "source_name", "Foo", "parent_class", "ComponentUI::TestModel", "schema_class", "RTest::TestDB", "source_class", ...) called at /home/cpansand/.cpan/build/2017020303/Reaction-0.002005-0/blib/lib/Reaction/InterfaceModel/Reflector/DBIC.pm line 185
Reaction::InterfaceModel::Reflector::DBIC::reflect_schema(Reaction::InterfaceModel::Reflector::DBIC=HASH(0x84d6268), "model_class", "ComponentUI::TestModel", "schema_class", "RTest::TestDB", "sources", ARRAY(0x84c4e20)) called at /home/cpansand/.cpan/build/2017020303/Reaction-0.002005-0/blib/lib/ComponentUI/TestModel.pm line 10
require ComponentUI/TestModel.pm called at /opt/perl-5.24.1/lib/site_perl/5.24.1/Module/Runtime.pm line 317
Module::Runtime::require_module("ComponentUI::TestModel") called at /opt/perl-5.24.1/lib/site_perl/5.24.1/Class/Load.pm line 174
Class::Load::try {...} () called at /opt/perl-5.24.1/lib/site_perl/5.24.1/Try/Tiny.pm line 99
eval {...} called at /opt/perl-5.24.1/lib/site_perl/5.24.1/Try/Tiny.pm line 94
Try::Tiny::try(CODE(0x7877350), Try::Tiny::Catch=REF(0x7f50430)) called at /opt/perl-5.24.1/lib/site_perl/5.24.1/Class/Load.pm line 180
Class::Load::try_load_class("ComponentUI::TestModel", undef) called at /opt/perl-5.24.1/lib/site_perl/5.24.1/Class/Load.pm line 35
Class::Load::load_class("ComponentUI::TestModel") called at /home/cpansand/.cpan/build/2017020303/Reaction-0.002005-0/blib/lib/Catalyst/Model/Reaction/InterfaceModel/DBIC.pm line 24
Catalyst::Model::Reaction::InterfaceModel::DBIC::COMPONENT("ComponentUI::Model::TestModel", "ComponentUI", HASH(0x7650cf0)) called at /opt/perl-5.24.1/lib/site_perl/5.24.1/Catalyst.pm line 3209
eval {...} called at /opt/perl-5.24.1/lib/site_perl/5.24.1/Catalyst.pm line 3210
Catalyst::setup_component("ComponentUI", "ComponentUI::Model::TestModel") called at /opt/perl-5.24.1/lib/site_perl/5.24.1/Catalyst.pm line 3187
Catalyst::__ANON__() called at /opt/perl-5.24.1/lib/site_perl/5.24.1/Catalyst.pm line 3034
Catalyst::setup_components("ComponentUI") called at /opt/perl-5.24.1/lib/site_perl/5.24.1/Catalyst.pm line 1427
Catalyst::setup("ComponentUI") called at /home/cpansand/.cpan/build/2017020303/Reaction-0.002005-0/blib/lib/ComponentUI.pm line 32
require ComponentUI.pm called at /opt/perl-5.24.1/lib/site_perl/5.24.1/Module/Runtime.pm line 317
Module::Runtime::require_module("ComponentUI") called at /opt/perl-5.24.1/lib/site_perl/5.24.1/Class/Load.pm line 174
Class::Load::try {...} () called at /opt/perl-5.24.1/lib/site_perl/5.24.1/Try/Tiny.pm line 99
eval {...} called at /opt/perl-5.24.1/lib/site_perl/5.24.1/Try/Tiny.pm line 94
Try::Tiny::try(CODE(0xda36e0), Try::Tiny::Catch=REF(0x2de8dc8)) called at /opt/perl-5.24.1/lib/site_perl/5.24.1/Class/Load.pm line 180
Class::Load::try_load_class("ComponentUI", undef) called at /opt/perl-5.24.1/lib/site_perl/5.24.1/Class/Load.pm line 35
Class::Load::load_class("ComponentUI") called at /opt/perl-5.24.1/lib/site_perl/5.24.1/Test/WWW/Mechanize/Catalyst.pm line 245
Test::WWW::Mechanize::Catalyst::import("Test::WWW::Mechanize::Catalyst", "ComponentUI") called at t/uncheck_bool_field.t line 6
main::BEGIN() called at /home/cpansand/.cpan/build/2017020303/Reaction-0.002005-0/blib/lib/ComponentUI/TestModel/Foo.pm line 0
eval {...} called at /home/cpansand/.cpan/build/2017020303/Reaction-0.002005-0/blib/lib/ComponentUI/TestModel/Foo.pm line 0
Class::MOP::load_class is deprecated at /opt/perl-5.24.1/lib/site_perl/5.24.1/x86_64-linux/Class/MOP.pm line 69.
Class::MOP::load_class("ComponentUI::RenderingContext::Site") called at /home/cpansand/.cpan/build/2017020303/Reaction-0.002005-0/blib/lib/Reaction/UI/View.pm line 125
eval {...} called at /home/cpansand/.cpan/build/2017020303/Reaction-0.002005-0/blib/lib/Reaction/UI/View.pm line 125
Reaction::UI::View::find_related_class(ComponentUI::View::Site=HASH(0x51d8798), "RenderingContext") called at /home/cpansand/.cpan/build/2017020303/Reaction-0.002005-0/blib/lib/Reaction/UI/View.pm line 43
Reaction::UI::View::_build_rendering_context_class(ComponentUI::View::Site=HASH(0x51d8798)) called at reader Reaction::UI::View::rendering_context_class (defined at /home/cpansand/.cpan/build/2017020303/Reaction-0.002005-0/blib/lib/Reaction/UI/View.pm line 29) line 8
Reaction::UI::View::rendering_context_class(ComponentUI::View::Site=HASH(0x51d8798)) called at /home/cpansand/.cpan/build/2017020303/Reaction-0.002005-0/blib/lib/Reaction/UI/View.pm line 134
Reaction::UI::View::create_rendering_context(ComponentUI::View::Site=HASH(0x51d8798)) called at /home/cpansand/.cpan/build/2017020303/Reaction-0.002005-0/blib/lib/Reaction/UI/View.pm line 60
Reaction::UI::View::render_window(ComponentUI::View::Site=HASH(0x51d8798), Reaction::UI::Window=HASH(0x8d88708)) called at /home/cpansand/.cpan/build/2017020303/Reaction-0.002005-0/blib/lib/Reaction/UI/Window.pm line 74
Reaction::UI::Window::flush_view(Reaction::UI::Window=HASH(0x8d88708)) called at /home/cpansand/.cpan/build/2017020303/Reaction-0.002005-0/blib/lib/Reaction/UI/Window.pm line 36
Reaction::UI::Window::flush(Reaction::UI::Window=HASH(0x8d88708)) called at /home/cpansand/.cpan/build/2017020303/Reaction-0.002005-0/blib/lib/Reaction/UI/Controller/Root.pm line 38
Reaction::UI::Controller::Root::end(ComponentUI::Controller::Root=HASH(0x8d887b0), ComponentUI=HASH(0x8d58f88)) called at /opt/perl-5.24.1/lib/site_perl/5.24.1/Catalyst/Action.pm line 358
Catalyst::Action::execute(Catalyst::Action=HASH(0x8ae0b08), ComponentUI::Controller::Root=HASH(0x8d887b0), ComponentUI=HASH(0x8d58f88)) called at /opt/perl-5.24.1/lib/site_perl/5.24.1/Catalyst.pm line 2057
eval {...} called at /opt/perl-5.24.1/lib/site_perl/5.24.1/Catalyst.pm line 2057
Catalyst::execute(ComponentUI=HASH(0x8d58f88), "ComponentUI::Controller::Root", Catalyst::Action=HASH(0x8ae0b08)) called at /opt/perl-5.24.1/lib/site_perl/5.24.1/Catalyst/Action.pm line 353
Catalyst::Action::dispatch(Catalyst::Action=HASH(0x8ae0b08), ComponentUI=HASH(0x8d58f88)) called at /opt/perl-5.24.1/lib/site_perl/5.24.1/Catalyst/Controller.pm line 189
Catalyst::Controller::_END(ComponentUI::Controller::TestModel::Baz=HASH(0x8d4dd20), ComponentUI=HASH(0x8d58f88)) called at /opt/perl-5.24.1/lib/site_perl/5.24.1/Catalyst/Action.pm line 358
Catalyst::Action::execute(Catalyst::Action=HASH(0x8ba4f18), ComponentUI::Controller::TestModel::Baz=HASH(0x8d4dd20), ComponentUI=HASH(0x8d58f88)) called at /opt/perl-5.24.1/lib/site_perl/5.24.1/Catalyst.pm line 2057
eval {...} called at /opt/perl-5.24.1/lib/site_perl/5.24.1/Catalyst.pm line 2057
Catalyst::execute(ComponentUI=HASH(0x8d58f88), "ComponentUI::Controller::TestModel::Baz", Catalyst::Action=HASH(0x8ba4f18)) called at /opt/perl-5.24.1/lib/site_perl/5.24.1/Catalyst/Action.pm line 353
Catalyst::Action::dispatch(Catalyst::Action=HASH(0x8ba4f18), ComponentUI=HASH(0x8d58f88)) called at /opt/perl-5.24.1/lib/site_perl/5.24.1/Catalyst/Dispatcher.pm line 262
Catalyst::Dispatcher::_do_forward(Catalyst::Dispatcher=HASH(0x3e79ce8), "forward", ComponentUI=HASH(0x8d58f88), "_END") called at /opt/perl-5.24.1/lib/site_perl/5.24.1/Catalyst/Dispatcher.pm line 242
Catalyst::Dispatcher::forward(Catalyst::Dispatcher=HASH(0x3e79ce8), ComponentUI=HASH(0x8d58f88), "_END") called at /opt/perl-5.24.1/lib/site_perl/5.24.1/Catalyst.pm line 482
Catalyst::forward(ComponentUI=HASH(0x8d58f88), "_END") called at /opt/perl-5.24.1/lib/site_perl/5.24.1/Catalyst/Controller.pm line 138
Catalyst::Controller::_DISPATCH(ComponentUI::Controller::TestModel::Baz=HASH(0x8d4dd20), ComponentUI=HASH(0x8d58f88)) called at /opt/perl-5.24.1/lib/site_perl/5.24.1/Catalyst/Action.pm line 358
Catalyst::Action::execute(Catalyst::Action=HASH(0x8b34110), ComponentUI::Controller::TestModel::Baz=HASH(0x8d4dd20), ComponentUI=HASH(0x8d58f88)) called at /opt/perl-5.24.1/lib/site_perl/5.24.1/Catalyst.pm line 2057
eval {...} called at /opt/perl-5.24.1/lib/site_perl/5.24.1/Catalyst.pm line 2057
Catalyst::execute(ComponentUI=HASH(0x8d58f88), "ComponentUI::Controller::TestModel::Baz", Catalyst::Action=HASH(0x8b34110)) called at /opt/perl-5.24.1/lib/site_perl/5.24.1/Catalyst/Action.pm line 353
Catalyst::Action::dispatch(Catalyst::Action=HASH(0x8b34110), ComponentUI=HASH(0x8d58f88)) called at /opt/perl-5.24.1/lib/site_perl/5.24.1/Catalyst/Dispatcher.pm line 262
Catalyst::Dispatcher::_do_forward(Catalyst::Dispatcher=HASH(0x3e79ce8), "forward", ComponentUI=HASH(0x8d58f88), "/testmodel/baz/_DISPATCH") called at /opt/perl-5.24.1/lib/site_perl/5.24.1/Catalyst/Dispatcher.pm line 242
Catalyst::Dispatcher::forward(Catalyst::Dispatcher=HASH(0x3e79ce8), ComponentUI=HASH(0x8d58f88), "/testmodel/baz/_DISPATCH") called at /opt/perl-5.24.1/lib/site_perl/5.24.1/Catalyst.pm line 482
Catalyst::forward(ComponentUI=HASH(0x8d58f88), "/testmodel/baz/_DISPATCH") called at /opt/perl-5.24.1/lib/site_perl/5.24.1/Catalyst/Dispatcher.pm line 108
Catalyst::Dispatcher::dispatch(Catalyst::Dispatcher=HASH(0x3e79ce8), ComponentUI=HASH(0x8d58f88)) called at /opt/perl-5.24.1/lib/site_perl/5.24.1/Catalyst.pm line 2003
Catalyst::dispatch(ComponentUI=HASH(0x8d58f88)) called at /opt/perl-5.24.1/lib/site_perl/5.24.1/Catalyst/Plugin/Static/Simple.pm line 86
Class::MOP::Class:::around(CODE(0x3b52ac8), ComponentUI=HASH(0x8d58f88)) called at /opt/perl-5.24.1/lib/site_perl/5.24.1/x86_64-linux/Class/MOP/Method/Wrapped.pm line 164
ComponentUI::_wrapped_dispatch(ComponentUI=HASH(0x8d58f88)) called at /opt/perl-5.24.1/lib/site_perl/5.24.1/x86_64-linux/Class/MOP/Method/Wrapped.pm line 95
ComponentUI::dispatch(ComponentUI=HASH(0x8d58f88)) called at /opt/perl-5.24.1/lib/site_perl/5.24.1/Catalyst.pm line 2394
Catalyst::try {...} () called at /opt/perl-5.24.1/lib/site_perl/5.24.1/Try/Tiny.pm line 103
eval {...} called at /opt/perl-5.24.1/lib/site_perl/5.24.1/Try/Tiny.pm line 94
Try::Tiny::try(CODE(0x8d588f8), Try::Tiny::Catch=REF(0x8d58700)) called at /opt/perl-5.24.1/lib/site_perl/5.24.1/Catalyst.pm line 2403
Catalyst::handle_request("ComponentUI", "env", HASH(0x8d4a2e8), "response_cb", CODE(0x8d58760)) called at /opt/perl-5.24.1/lib/site_perl/5.24.1/Catalyst/Engine.pm line 800
Catalyst::Engine::__ANON__(CODE(0x8d58760)) called at /opt/perl-5.24.1/lib/site_perl/5.24.1/Plack/Middleware/HTTPExceptions.pm line 32
Plack::Middleware::HTTPExceptions::try {...} () called at /opt/perl-5.24.1/lib/site_perl/5.24.1/Try/Tiny.pm line 103
eval {...} called at /opt/perl-5.24.1/lib/site_perl/5.24.1/Try/Tiny.pm line 94
Try::Tiny::try(CODE(0x8d58598), Try::Tiny::Catch=REF(0x8d4ab28)) called at /opt/perl-5.24.1/lib/site_perl/5.24.1/Plack/Middleware/HTTPExceptions.pm line 41
Plack::Middleware::HTTPExceptions::__ANON__(CODE(0x8d4a708)) called at /opt/perl-5.24.1/lib/site_perl/5.24.1/Plack/Util.pm line 339
Plack::Util::__ANON__(CODE(0x8d4a240)) called at /opt/perl-5.24.1/lib/site_perl/5.24.1/Plack/Util.pm line 339
Plack::Util::__ANON__(CODE(0x8d6d578)) called at /opt/perl-5.24.1/lib/site_perl/5.24.1/Plack/Util.pm line 339
Plack::Util::__ANON__(CODE(0x8d6d500)) called at /opt/perl-5.24.1/lib/site_perl/5.24.1/HTTP/Message/PSGI.pm line 100
HTTP::Message::PSGI::res_from_psgi(CODE(0x8d4b038)) called at /opt/perl-5.24.1/lib/site_perl/5.24.1/HTTP/Message/PSGI.pm line 156
HTTP::Response::from_psgi("HTTP::Response", CODE(0x8d4b038)) called at /opt/perl-5.24.1/lib/site_perl/5.24.1/Plack/Test/MockHTTP.pm line 24
Plack::Test::MockHTTP::try {...} () called at /opt/perl-5.24.1/lib/site_perl/5.24.1/Try/Tiny.pm line 101
eval {...} called at /opt/perl-5.24.1/lib/site_perl/5.24.1/Try/Tiny.pm line 94
Try::Tiny::try(CODE(0x8d39df8), Try::Tiny::Catch=REF(0x8b1bc68)) called at /opt/perl-5.24.1/lib/site_perl/5.24.1/Plack/Test/MockHTTP.pm line 27
Plack::Test::MockHTTP::request(Plack::Test::MockHTTP=HASH(0x8d45708), HTTP::Request=HASH(0x8d017a8)) called at /opt/perl-5.24.1/lib/site_perl/5.24.1/Plack/Test.pm line 38
Plack::Test::__ANON__(HTTP::Request=HASH(0x8d017a8)) called at /opt/perl-5.24.1/lib/site_perl/5.24.1/Catalyst/Test.pm line 281
Catalyst::Test::__ANON__(CODE(0x8d45570)) called at /opt/perl-5.24.1/lib/site_perl/5.24.1/Plack/Test.pm line 38
Plack::Test::test_psgi("app", CODE(0x8d451c8), "mangle_response", CODE(0x2b04f18), "app", CODE(0x8d45408), "client", CODE(0x8d45480)) called at /opt/perl-5.24.1/lib/site_perl/5.24.1/Catalyst/Test.pm line 284
Catalyst::Test::_request(HASH(0x8cc41b8), HTTP::Request=HASH(0x8d017a8)) called at /opt/perl-5.24.1/lib/site_perl/5.24.1/Catalyst/Test.pm line 327
Catalyst::Test::_local_request("ComponentUI", HTTP::Request=HASH(0x8d017a8)) called at /opt/perl-5.24.1/lib/site_perl/5.24.1/Test/WWW/Mechanize/Catalyst.pm line 176
Test::WWW::Mechanize::Catalyst::_do_catalyst_request(Test::WWW::Mechanize::Catalyst=HASH(0x485b020), HTTP::Request=HASH(0x8d017a8)) called at /opt/perl-5.24.1/lib/site_perl/5.24.1/Test/WWW/Mechanize/Catalyst.pm line 78
Test::WWW::Mechanize::Catalyst::_make_request(Test::WWW::Mechanize::Catalyst=HASH(0x485b020), HTTP::Request=HASH(0x8d017a8)) called at /opt/perl-5.24.1/lib/site_perl/5.24.1/WWW/Mechanize.pm line 1253
WWW::Mechanize::request(Test::WWW::Mechanize::Catalyst=HASH(0x485b020), HTTP::Request=HASH(0x8d017a8)) called at /opt/perl-5.24.1/lib/site_perl/5.24.1/LWP/UserAgent.pm line 409
LWP::UserAgent::get(Test::WWW::Mechanize::Catalyst=HASH(0x485b020), "http://localhost/testmodel/baz/id/1/update") called at /opt/perl-5.24.1/lib/site_perl/5.24.1/WWW/Mechanize.pm line 117
WWW::Mechanize::get(Test::WWW::Mechanize::Catalyst=HASH(0x485b020), "http://localhost/testmodel/baz/id/1/update") called at /opt/perl-5.24.1/lib/site_perl/5.24.1/Test/WWW/Mechanize.pm line 160
Test::WWW::Mechanize::get_ok(Test::WWW::Mechanize::Catalyst=HASH(0x485b020), "http://localhost/testmodel/baz/id/1/update") called at t/uncheck_bool_field.t line 9
Class::MOP::is_class_loaded is deprecated at /opt/perl-5.24.1/lib/site_perl/5.24.1/x86_64-linux/Class/MOP.pm line 87.
Class::MOP::is_class_loaded("ComponentUI::UI::Widget::SiteLayout") called at /home/cpansand/.cpan/build/2017020303/Reaction-0.002005-0/blib/lib/Reaction/UI/Skin.pm line 178
Reaction::UI::Skin::widget_class_for(Reaction::UI::Skin=HASH(0x90b9168), Reaction::UI::LayoutSet::TT=HASH(0x911cd88)) called at /home/cpansand/.cpan/build/2017020303/Reaction-0.002005-0/blib/lib/Reaction/UI/LayoutSet.pm line 29
Reaction::UI::LayoutSet::BUILD(Reaction::UI::LayoutSet::TT=HASH(0x911cd88), HASH(0x911cce0)) called at constructor Reaction::UI::LayoutSet::TT::new (defined at /home/cpansand/.cpan/build/2017020303/Reaction-0.002005-0/blib/lib/Reaction/UI/LayoutSet/TT.pm line 43) line 80
Reaction::UI::LayoutSet::TT::new("Reaction::UI::LayoutSet::TT", "name", "site_layout", "skin", Reaction::UI::Skin=HASH(0x90b9168), "tt_object", Template=HASH(0x7650f90), "source_file", ...) called at /home/cpansand/.cpan/build/2017020303/Reaction-0.002005-0/blib/lib/Reaction/UI/Skin.pm line 115
Reaction::UI::Skin::_create_layout_set(Reaction::UI::Skin=HASH(0x90b9168), "site_layout", ARRAY(0x9127f30), Reaction::UI::Skin=HASH(0x90b9168)) called at /home/cpansand/.cpan/build/2017020303/Reaction-0.002005-0/blib/lib/Reaction/UI/Skin.pm line 110
Reaction::UI::Skin::create_layout_set(Reaction::UI::Skin=HASH(0x90b9168), "site_layout") called at /home/cpansand/.cpan/build/2017020303/Reaction-0.002005-0/blib/lib/Reaction/UI/LayoutSet.pm line 83
Reaction::UI::LayoutSet::_load_file(Reaction::UI::LayoutSet::TT=HASH(0x88ecdd8), Path::Class::File=HASH(0x8b319f8), HASH(0x9112868)) called at /home/cpansand/.cpan/build/2017020303/Reaction-0.002005-0/blib/lib/Reaction/UI/LayoutSet.pm line 27
Reaction::UI::LayoutSet::BUILD(Reaction::UI::LayoutSet::TT=HASH(0x88ecdd8), HASH(0x9112868)) called at constructor Reaction::UI::LayoutSet::TT::new (defined at /home/cpansand/.cpan/build/2017020303/Reaction-0.002005-0/blib/lib/Reaction/UI/LayoutSet/TT.pm line 43) line 80
Reaction::UI::LayoutSet::TT::new("Reaction::UI::LayoutSet::TT", "name", "site_layout", "skin", Reaction::UI::Skin=HASH(0x4163e10), "next_skin", Reaction::UI::Skin=HASH(0x90b9168), "tt_object", ...) called at /home/cpansand/.cpan/build/2017020303/Reaction-0.002005-0/blib/lib/Reaction/UI/Skin.pm line 115
Reaction::UI::Skin::_create_layout_set(Reaction::UI::Skin=HASH(0x4163e10), "site_layout", ARRAY(0x90b2ee0), Reaction::UI::Skin=HASH(0x4163e10)) called at /home/cpansand/.cpan/build/2017020303/Reaction-0.002005-0/blib/lib/Reaction/UI/Skin.pm line 110
Reaction::UI::Skin::create_layout_set(Reaction::UI::Skin=HASH(0x4163e10), "site_layout") called at /home/cpansand/.cpan/build/2017020303/Reaction-0.002005-0/blib/lib/Reaction/UI/LayoutSet.pm line 83
Reaction::UI::LayoutSet::_load_file(Reaction::UI::LayoutSet::TT=HASH(0x90a2ea0), Path::Class::File=HASH(0x9104c58), HASH(0x9096368)) called at /home/cpansand/.cpan/build/2017020303/Reaction-0.002005-0/blib/lib/Reaction/UI/LayoutSet.pm line 27
Reaction::UI::LayoutSet::BUILD(Reaction::UI::LayoutSet::TT=HASH(0x90a2ea0), HASH(0x9096368)) called at constructor Reaction::UI::LayoutSet::TT::new (defined at /home/cpansand/.cpan/build/2017020303/Reaction-0.002005-0/blib/lib/Reaction/UI/LayoutSet/TT.pm line 43) line 80
Reaction::UI::LayoutSet::TT::new("Reaction::UI::LayoutSet::TT", "name", "site_layout", "skin", Reaction::UI::Skin=HASH(0x90b9540), "next_skin", Reaction::UI::Skin=HASH(0x4163e10), "tt_object", ...) called at /home/cpansand/.cpan/build/2017020303/Reaction-0.002005-0/blib/lib/Reaction/UI/Skin.pm line 115
Reaction::UI::Skin::_create_layout_set(Reaction::UI::Skin=HASH(0x90b9540), "site_layout", ARRAY(0x90a3350), Reaction::UI::Skin=HASH(0x90b9540)) called at /home/cpansand/.cpan/build/2017020303/Reaction-0.002005-0/blib/lib/Reaction/UI/Skin.pm line 110
Reaction::UI::Skin::create_layout_set(Reaction::UI::Skin=HASH(0x90b9540), "site_layout") called at inline delegation in Reaction::UI::View for skin->create_layout_set (attribute declared in /home/cpansand/.cpan/build/2017020303/Reaction-0.002005-0/blib/lib/Reaction/UI/View.pm at line 22) line 18
Reaction::UI::View::create_layout_set(ComponentUI::View::Site=HASH(0x51d8798), "site_layout") called at /home/cpansand/.cpan/build/2017020303/Reaction-0.002005-0/blib/lib/Reaction/UI/View.pm line 99
Reaction::UI::View::layout_set_for(ComponentUI::View::Site=HASH(0x51d8798), Reaction::UI::ViewPort::SiteLayout=HASH(0x8d89ad8)) called at /home/cpansand/.cpan/build/2017020303/Reaction-0.002005-0/blib/lib/Reaction/UI/View.pm line 78
Reaction::UI::View::render_viewport_args(ComponentUI::View::Site=HASH(0x51d8798), Reaction::UI::ViewPort::SiteLayout=HASH(0x8d89ad8)) called at /home/cpansand/.cpan/build/2017020303/Reaction-0.002005-0/blib/lib/Reaction/UI/View.pm line 61
Reaction::UI::View::render_window(ComponentUI::View::Site=HASH(0x51d8798), Reaction::UI::Window=HASH(0x8d88708)) called at /home/cpansand/.cpan/build/2017020303/Reaction-0.002005-0/blib/lib/Reaction/UI/Window.pm line 74
Reaction::UI::Window::flush_view(Reaction::UI::Window=HASH(0x8d88708)) called at /home/cpansand/.cpan/build/2017020303/Reaction-0.002005-0/blib/lib/Reaction/UI/Window.pm line 36
Reaction::UI::Window::flush(Reaction::UI::Window=HASH(0x8d88708)) called at /home/cpansand/.cpan/build/2017020303/Reaction-0.002005-0/blib/lib/Reaction/UI/Controller/Root.pm line 38
Reaction::UI::Controller::Root::end(ComponentUI::Controller::Root=HASH(0x8d887b0), ComponentUI=HASH(0x8d58f88)) called at /opt/perl-5.24.1/lib/site_perl/5.24.1/Catalyst/Action.pm line 358
Catalyst::Action::execute(Catalyst::Action=HASH(0x8ae0b08), ComponentUI::Controller::Root=HASH(0x8d887b0), ComponentUI=HASH(0x8d58f88)) called at /opt/perl-5.24.1/lib/site_perl/5.24.1/Catalyst.pm line 2057
eval {...} called at /opt/perl-5.24.1/lib/site_perl/5.24.1/Catalyst.pm line 2057
Catalyst::execute(ComponentUI=HASH(0x8d58f88), "ComponentUI::Controller::Root", Catalyst::Action=HASH(0x8ae0b08)) called at /opt/perl-5.24.1/lib/site_perl/5.24.1/Catalyst/Action.pm line 353
Catalyst::Action::dispatch(Catalyst::Action=HASH(0x8ae0b08), ComponentUI=HASH(0x8d58f88)) called at /opt/perl-5.24.1/lib/site_perl/5.24.1/Catalyst/Controller.pm line 189
Catalyst::Controller::_END(ComponentUI::Controller::TestModel::Baz=HASH(0x8d4dd20), ComponentUI=HASH(0x8d58f88)) called at /opt/perl-5.24.1/lib/site_perl/5.24.1/Catalyst/Action.pm line 358
Catalyst::Action::execute(Catalyst::Action=HASH(0x8ba4f18), ComponentUI::Controller::TestModel::Baz=HASH(0x8d4dd20), ComponentUI=HASH(0x8d58f88)) called at /opt/perl-5.24.1/lib/site_perl/5.24.1/Catalyst.pm line 2057
eval {...} called at /opt/perl-5.24.1/lib/site_perl/5.24.1/Catalyst.pm line 2057
Catalyst::execute(ComponentUI=HASH(0x8d58f88), "ComponentUI::Controller::TestModel::Baz", Catalyst::Action=HASH(0x8ba4f18)) called at /opt/perl-5.24.1/lib/site_perl/5.24.1/Catalyst/Action.pm line 353
Catalyst::Action::dispatch(Catalyst::Action=HASH(0x8ba4f18), ComponentUI=HASH(0x8d58f88)) called at /opt/perl-5.24.1/lib/site_perl/5.24.1/Catalyst/Dispatcher.pm line 262
Catalyst::Dispatcher::_do_forward(Catalyst::Dispatcher=HASH(0x3e79ce8), "forward", ComponentUI=HASH(0x8d58f88), "_END") called at /opt/perl-5.24.1/lib/site_perl/5.24.1/Catalyst/Dispatcher.pm line 242
Catalyst::Dispatcher::forward(Catalyst::Dispatcher=HASH(0x3e79ce8), ComponentUI=HASH(0x8d58f88), "_END") called at /opt/perl-5.24.1/lib/site_perl/5.24.1/Catalyst.pm line 482
Catalyst::forward(ComponentUI=HASH(0x8d58f88), "_END") called at /opt/perl-5.24.1/lib/site_perl/5.24.1/Catalyst/Controller.pm line 138
Catalyst::Controller::_DISPATCH(ComponentUI::Controller::TestModel::Baz=HASH(0x8d4dd20), ComponentUI=HASH(0x8d58f88)) called at /opt/perl-5.24.1/lib/site_perl/5.24.1/Catalyst/Action.pm line 358
Catalyst::Action::execute(Catalyst::Action=HASH(0x8b34110), ComponentUI::Controller::TestModel::Baz=HASH(0x8d4dd20), ComponentUI=HASH(0x8d58f88)) called at /opt/perl-5.24.1/lib/site_perl/5.24.1/Catalyst.pm line 2057
eval {...} called at /opt/perl-5.24.1/lib/site_perl/5.24.1/Catalyst.pm line 2057
Catalyst::execute(ComponentUI=HASH(0x8d58f88), "ComponentUI::Controller::TestModel::Baz", Catalyst::Action=HASH(0x8b34110)) called at /opt/perl-5.24.1/lib/site_perl/5.24.1/Catalyst/Action.pm line 353
Catalyst::Action::dispatch(Catalyst::Action=HASH(0x8b34110), ComponentUI=HASH(0x8d58f88)) called at /opt/perl-5.24.1/lib/site_perl/5.24.1/Catalyst/Dispatcher.pm line 262
Catalyst::Dispatcher::_do_forward(Catalyst::Dispatcher=HASH(0x3e79ce8), "forward", ComponentUI=HASH(0x8d58f88), "/testmodel/baz/_DISPATCH") called at /opt/perl-5.24.1/lib/site_perl/5.24.1/Catalyst/Dispatcher.pm line 242
Catalyst::Dispatcher::forward(Catalyst::Dispatcher=HASH(0x3e79ce8), ComponentUI=HASH(0x8d58f88), "/testmodel/baz/_DISPATCH") called at /opt/perl-5.24.1/lib/site_perl/5.24.1/Catalyst.pm line 482
Catalyst::forward(ComponentUI=HASH(0x8d58f88), "/testmodel/baz/_DISPATCH") called at /opt/perl-5.24.1/lib/site_perl/5.24.1/Catalyst/Dispatcher.pm line 108
Catalyst::Dispatcher::dispatch(Catalyst::Dispatcher=HASH(0x3e79ce8), ComponentUI=HASH(0x8d58f88)) called at /opt/perl-5.24.1/lib/site_perl/5.24.1/Catalyst.pm line 2003
Catalyst::dispatch(ComponentUI=HASH(0x8d58f88)) called at /opt/perl-5.24.1/lib/site_perl/5.24.1/Catalyst/Plugin/Static/Simple.pm line 86
Class::MOP::Class:::around(CODE(0x3b52ac8), ComponentUI=HASH(0x8d58f88)) called at /opt/perl-5.24.1/lib/site_perl/5.24.1/x86_64-linux/Class/MOP/Method/Wrapped.pm line 164
ComponentUI::_wrapped_dispatch(ComponentUI=HASH(0x8d58f88)) called at /opt/perl-5.24.1/lib/site_perl/5.24.1/x86_64-linux/Class/MOP/Method/Wrapped.pm line 95
ComponentUI::dispatch(ComponentUI=HASH(0x8d58f88)) called at /opt/perl-5.24.1/lib/site_perl/5.24.1/Catalyst.pm line 2394
Catalyst::try {...} () called at /opt/perl-5.24.1/lib/site_perl/5.24.1/Try/Tiny.pm line 103
eval {...} called at /opt/perl-5.24.1/lib/site_perl/5.24.1/Try/Tiny.pm line 94
Try::Tiny::try(CODE(0x8d588f8), Try::Tiny::Catch=REF(0x8d58700)) called at /opt/perl-5.24.1/lib/site_perl/5.24.1/Catalyst.pm line 2403
Catalyst::handle_request("ComponentUI", "env", HASH(0x8d4a2e8), "response_cb", CODE(0x8d58760)) called at /opt/perl-5.24.1/lib/site_perl/5.24.1/Catalyst/Engine.pm line 800
Catalyst::Engine::__ANON__(CODE(0x8d58760)) called at /opt/perl-5.24.1/lib/site_perl/5.24.1/Plack/Middleware/HTTPExceptions.pm line 32
Plack::Middleware::HTTPExceptions::try {...} () called at /opt/perl-5.24.1/lib/site_perl/5.24.1/Try/Tiny.pm line 103
eval {...} called at /opt/perl-5.24.1/lib/site_perl/5.24.1/Try/Tiny.pm line 94
Try::Tiny::try(CODE(0x8d58598), Try::Tiny::Catch=REF(0x8d4ab28)) called at /opt/perl-5.24.1/lib/site_perl/5.24.1/Plack/Middleware/HTTPExceptions.pm line 41
Plack::Middleware::HTTPExceptions::__ANON__(CODE(0x8d4a708)) called at /opt/perl-5.24.1/lib/site_perl/5.24.1/Plack/Util.pm line 339
Plack::Util::__ANON__(CODE(0x8d4a240)) called at /opt/perl-5.24.1/lib/site_perl/5.24.1/Plack/Util.pm line 339
Plack::Util::__ANON__(CODE(0x8d6d578)) called at /opt/perl-5.24.1/lib/site_perl/5.24.1/Plack/Util.pm line 339
Plack::Util::__ANON__(CODE(0x8d6d500)) called at /opt/perl-5.24.1/lib/site_perl/5.24.1/HTTP/Message/PSGI.pm line 100
HTTP::Message::PSGI::res_from_psgi(CODE(0x8d4b038)) called at /opt/perl-5.24.1/lib/site_perl/5.24.1/HTTP/Message/PSGI.pm line 156
HTTP::Response::from_psgi("HTTP::Response", CODE(0x8d4b038)) called at /opt/perl-5.24.1/lib/site_perl/5.24.1/Plack/Test/MockHTTP.pm line 24
Plack::Test::MockHTTP::try {...} () called at /opt/perl-5.24.1/lib/site_perl/5.24.1/Try/Tiny.pm line 101
eval {...} called at /opt/perl-5.24.1/lib/site_perl/5.24.1/Try/Tiny.pm line 94
Try::Tiny::try(CODE(0x8d39df8), Try::Tiny::Catch=REF(0x8b1bc68)) called at /opt/perl-5.24.1/lib/site_perl/5.24.1/Plack/Test/MockHTTP.pm line 27
Plack::Test::MockHTTP::request(Plack::Test::MockHTTP=HASH(0x8d45708), HTTP::Request=HASH(0x8d017a8)) called at /opt/perl-5.24.1/lib/site_perl/5.24.1/Plack/Test.pm line 38
Plack::Test::__ANON__(HTTP::Request=HASH(0x8d017a8)) called at /opt/perl-5.24.1/lib/site_perl/5.24.1/Catalyst/Test.pm line 281
Catalyst::Test::__ANON__(CODE(0x8d45570)) called at /opt/perl-5.24.1/lib/site_perl/5.24.1/Plack/Test.pm line 38
Plack::Test::test_psgi("app", CODE(0x8d451c8), "mangle_response", CODE(0x2b04f18), "app", CODE(0x8d45408), "client", CODE(0x8d45480)) called at /opt/perl-5.24.1/lib/site_perl/5.24.1/Catalyst/Test.pm line 284
Catalyst::Test::_request(HASH(0x8cc41b8), HTTP::Request=HASH(0x8d017a8)) called at /opt/perl-5.24.1/lib/site_perl/5.24.1/Catalyst/Test.pm line 327
Catalyst::Test::_local_request("ComponentUI", HTTP::Request=HASH(0x8d017a8)) called at /opt/perl-5.24.1/lib/site_perl/5.24.1/Test/WWW/Mechanize/Catalyst.pm line 176
Test::WWW::Mechanize::Catalyst::_do_catalyst_request(Test::WWW::Mechanize::Catalyst=HASH(0x485b020), HTTP::Request=HASH(0x8d017a8)) called at /opt/perl-5.24.1/lib/site_perl/5.24.1/Test/WWW/Mechanize/Catalyst.pm line 78
Test::WWW::Mechanize::Catalyst::_make_request(Test::WWW::Mechanize::Catalyst=HASH(0x485b020), HTTP::Request=HASH(0x8d017a8)) called at /opt/perl-5.24.1/lib/site_perl/5.24.1/WWW/Mechanize.pm line 1253
WWW::Mechanize::request(Test::WWW::Mechanize::Catalyst=HASH(0x485b020), HTTP::Request=HASH(0x8d017a8)) called at /opt/perl-5.24.1/lib/site_perl/5.24.1/LWP/UserAgent.pm line 409
LWP::UserAgent::get(Test::WWW::Mechanize::Catalyst=HASH(0x485b020), "http://localhost/testmodel/baz/id/1/update") called at /opt/perl-5.24.1/lib/site_perl/5.24.1/WWW/Mechanize.pm line 117
WWW::Mechanize::get(Test::WWW::Mechanize::Catalyst=HASH(0x485b020), "http://localhost/testmodel/baz/id/1/update") called at /opt/perl-5.24.1/lib/site_perl/5.24.1/Test/WWW/Mechanize.pm line 160
Test::WWW::Mechanize::get_ok(Test::WWW::Mechanize::Catalyst=HASH(0x485b020), "http://localhost/testmodel/baz/id/1/update") called at t/uncheck_bool_field.t line 9
Class::MOP::load_class is deprecated at /opt/perl-5.24.1/lib/site_perl/5.24.1/x86_64-linux/Class/MOP.pm line 69.
Class::MOP::load_class("Reaction::UI::Widget::SiteLayout") called at /home/cpansand/.cpan/build/2017020303/Reaction-0.002005-0/blib/lib/Reaction/UI/Skin.pm line 181
eval {...} called at /home/cpansand/.cpan/build/2017020303/Reaction-0.002005-0/blib/lib/Reaction/UI/Skin.pm line 181
Reaction::UI::Skin::widget_class_for(Reaction::UI::Skin=HASH(0x90b9168), Reaction::UI::LayoutSet::TT=HASH(0x911cd88)) called at /home/cpansand/.cpan/build/2017020303/Reaction-0.002005-0/blib/lib/Reaction/UI/LayoutSet.pm line 29
Reaction::UI::LayoutSet::BUILD(Reaction::UI::LayoutSet::TT=HASH(0x911cd88), HASH(0x911cce0)) called at constructor Reaction::UI::LayoutSet::TT::new (defined at /home/cpansand/.cpan/build/2017020303/Reaction-0.002005-0/blib/lib/Reaction/UI/LayoutSet/TT.pm line 43) line 80
Reaction::UI::LayoutSet::TT::new("Reaction::UI::LayoutSet::TT", "name", "site_layout", "skin", Reaction::UI::Skin=HASH(0x90b9168), "tt_object", Template=HASH(0x7650f90), "source_file", ...) called at /home/cpansand/.cpan/build/2017020303/Reaction-0.002005-0/blib/lib/Reaction/UI/Skin.pm line 115
Reaction::UI::Skin::_create_layout_set(Reaction::UI::Skin=HASH(0x90b9168), "site_layout", ARRAY(0x9127f30), Reaction::UI::Skin=HASH(0x90b9168)) called at /home/cpansand/.cpan/build/2017020303/Reaction-0.002005-0/blib/lib/Reaction/UI/Skin.pm line 110
Reaction::UI::Skin::create_layout_set(Reaction::UI::Skin=HASH(0x90b9168), "site_layout") called at /home/cpansand/.cpan/build/2017020303/Reaction-0.002005-0/blib/lib/Reaction/UI/LayoutSet.pm line 83
Reaction::UI::LayoutSet::_load_file(Reaction::UI::LayoutSet::TT=HASH(0x88ecdd8), Path::Class::File=HASH(0x8b319f8), HASH(0x9112868)) called at /home/cpansand/.cpan/build/2017020303/Reaction-0.002005-0/blib/lib/Reaction/UI/LayoutSet.pm line 27
Reaction::UI::LayoutSet::BUILD(Reaction::UI::LayoutSet::TT=HASH(0x88ecdd8), HASH(0x9112868)) called at constructor Reaction::UI::LayoutSet::TT::new (defined at /home/cpansand/.cpan/build/2017020303/Reaction-0.002005-0/blib/lib/Reaction/UI/LayoutSet/TT.pm line 43) line 80
Reaction::UI::LayoutSet::TT::new("Reaction::UI::LayoutSet::TT", "name", "site_layout", "skin", Reaction::UI::Skin=HASH(0x4163e10), "next_skin", Reaction::UI::Skin=HASH(0x90b9168), "tt_object", ...) called at /home/cpansand/.cpan/build/2017020303/Reaction-0.002005-0/blib/lib/Reaction/UI/Skin.pm line 115
Reaction::UI::Skin::_create_layout_set(Reaction::UI::Skin=HASH(0x4163e10), "site_layout", ARRAY(0x90b2ee0), Reaction::UI::Skin=HASH(0x4163e10)) called at /home/cpansand/.cpan/build/2017020303/Reaction-0.002005-0/blib/lib/Reaction/UI/Skin.pm line 110
Reaction::UI::Skin::create_layout_set(Reaction::UI::Skin=HASH(0x4163e10), "site_layout") called at /home/cpansand/.cpan/build/2017020303/Reaction-0.002005-0/blib/lib/Reaction/UI/LayoutSet.pm line 83
Reaction::UI::LayoutSet::_load_file(Reaction::UI::LayoutSet::TT=HASH(0x90a2ea0), Path::Class::File=HASH(0x9104c58), HASH(0x9096368)) called at /home/cpansand/.cpan/build/2017020303/Reaction-0.002005-0/blib/lib/Reaction/UI/LayoutSet.pm line 27
Reaction::UI::LayoutSet::BUILD(Reaction::UI::LayoutSet::TT=HASH(0x90a2ea0), HASH(0x9096368)) called at constructor Reaction::UI::LayoutSet::TT::new (defined at /home/cpansand/.cpan/build/2017020303/Reaction-0.002005-0/blib/lib/Reaction/UI/LayoutSet/TT.pm line 43) line 80
Reaction::UI::LayoutSet::TT::new("Reaction::UI::LayoutSet::TT", "name", "site_layout", "skin", Reaction::UI::Skin=HASH(0x90b9540), "next_skin", Reaction::UI::Skin=HASH(0x4163e10), "tt_object", ...) called at /home/cpansand/.cpan/build/2017020303/Reaction-0.002005-0/blib/lib/Reaction/UI/Skin.pm line 115
Reaction::UI::Skin::_create_layout_set(Reaction::UI::Skin=HASH(0x90b9540), "site_layout", ARRAY(0x90a3350), Reaction::UI::Skin=HASH(0x90b9540)) called at /home/cpansand/.cpan/build/2017020303/Reaction-0.002005-0/blib/lib/Reaction/UI/Skin.pm line 110
Reaction::UI::Skin::create_layout_set(Reaction::UI::Skin=HASH(0x90b9540), "site_layout") called at inline delegation in Reaction::UI::View for skin->create_layout_set (attribute declared in /home/cpansand/.cpan/build/2017020303/Reaction-0.002005-0/blib/lib/Reaction/UI/View.pm at line 22) line 18
Reaction::UI::View::create_layout_set(ComponentUI::View::Site=HASH(0x51d8798), "site_layout") called at /home/cpansand/.cpan/build/2017020303/Reaction-0.002005-0/blib/lib/Reaction/UI/View.pm line 99
Reaction::UI::View::layout_set_for(ComponentUI::View::Site=HASH(0x51d8798), Reaction::UI::ViewPort::SiteLayout=HASH(0x8d89ad8)) called at /home/cpansand/.cpan/build/2017020303/Reaction-0.002005-0/blib/lib/Reaction/UI/View.pm line 78
Reaction::UI::View::render_viewport_args(ComponentUI::View::Site=HASH(0x51d8798), Reaction::UI::ViewPort::SiteLayout=HASH(0x8d89ad8)) called at /home/cpansand/.cpan/build/2017020303/Reaction-0.002005-0/blib/lib/Reaction/UI/View.pm line 61
Reaction::UI::View::render_window(ComponentUI::View::Site=HASH(0x51d8798), Reaction::UI::Window=HASH(0x8d88708)) called at /home/cpansand/.cpan/build/2017020303/Reaction-0.002005-0/blib/lib/Reaction/UI/Window.pm line 74
Reaction::UI::Window::flush_view(Reaction::UI::Window=HASH(0x8d88708)) called at /home/cpansand/.cpan/build/2017020303/Reaction-0.002005-0/blib/lib/Reaction/UI/Window.pm line 36
Reaction::UI::Window::flush(Reaction::UI::Window=HASH(0x8d88708)) called at /home/cpansand/.cpan/build/2017020303/Reaction-0.002005-0/blib/lib/Reaction/UI/Controller/Root.pm line 38
Reaction::UI::Controller::Root::end(ComponentUI::Controller::Root=HASH(0x8d887b0), ComponentUI=HASH(0x8d58f88)) called at /opt/perl-5.24.1/lib/site_perl/5.24.1/Catalyst/Action.pm line 358
Catalyst::Action::execute(Catalyst::Action=HASH(0x8ae0b08), ComponentUI::Controller::Root=HASH(0x8d887b0), ComponentUI=HASH(0x8d58f88)) called at /opt/perl-5.24.1/lib/site_perl/5.24.1/Catalyst.pm line 2057
eval {...} called at /opt/perl-5.24.1/lib/site_perl/5.24.1/Catalyst.pm line 2057
Catalyst::execute(ComponentUI=HASH(0x8d58f88), "ComponentUI::Controller::Root", Catalyst::Action=HASH(0x8ae0b08)) called at /opt/perl-5.24.1/lib/site_perl/5.24.1/Catalyst/Action.pm line 353
Catalyst::Action::dispatch(Catalyst::Action=HASH(0x8ae0b08), ComponentUI=HASH(0x8d58f88)) called at /opt/perl-5.24.1/lib/site_perl/5.24.1/Catalyst/Controller.pm line 189
Catalyst::Controller::_END(ComponentUI::Controller::TestModel::Baz=HASH(0x8d4dd20), ComponentUI=HASH(0x8d58f88)) called at /opt/perl-5.24.1/lib/site_perl/5.24.1/Catalyst/Action.pm line 358
Catalyst::Action::execute(Catalyst::Action=HASH(0x8ba4f18), ComponentUI::Controller::TestModel::Baz=HASH(0x8d4dd20), ComponentUI=HASH(0x8d58f88)) called at /opt/perl-5.24.1/lib/site_perl/5.24.1/Catalyst.pm line 2057
eval {...} called at /opt/perl-5.24.1/lib/site_perl/5.24.1/Catalyst.pm line 2057
Catalyst::execute(ComponentUI=HASH(0x8d58f88), "ComponentUI::Controller::TestModel::Baz", Catalyst::Action=HASH(0x8ba4f18)) called at /opt/perl-5.24.1/lib/site_perl/5.24.1/Catalyst/Action.pm line 353
Catalyst::Action::dispatch(Catalyst::Action=HASH(0x8ba4f18), ComponentUI=HASH(0x8d58f88)) called at /opt/perl-5.24.1/lib/site_perl/5.24.1/Catalyst/Dispatcher.pm line 262
Catalyst::Dispatcher::_do_forward(Catalyst::Dispatcher=HASH(0x3e79ce8), "forward", ComponentUI=HASH(0x8d58f88), "_END") called at /opt/perl-5.24.1/lib/site_perl/5.24.1/Catalyst/Dispatcher.pm line 242
Catalyst::Dispatcher::forward(Catalyst::Dispatcher=HASH(0x3e79ce8), ComponentUI=HASH(0x8d58f88), "_END") called at /opt/perl-5.24.1/lib/site_perl/5.24.1/Catalyst.pm line 482
Catalyst::forward(ComponentUI=HASH(0x8d58f88), "_END") called at /opt/perl-5.24.1/lib/site_perl/5.24.1/Catalyst/Controller.pm line 138
Catalyst::Controller::_DISPATCH(ComponentUI::Controller::TestModel::Baz=HASH(0x8d4dd20), ComponentUI=HASH(0x8d58f88)) called at /opt/perl-5.24.1/lib/site_perl/5.24.1/Catalyst/Action.pm line 358
Catalyst::Action::execute(Catalyst::Action=HASH(0x8b34110), ComponentUI::Controller::TestModel::Baz=HASH(0x8d4dd20), ComponentUI=HASH(0x8d58f88)) called at /opt/perl-5.24.1/lib/site_perl/5.24.1/Catalyst.pm line 2057
eval {...} called at /opt/perl-5.24.1/lib/site_perl/5.24.1/Catalyst.pm line 2057
Catalyst::execute(ComponentUI=HASH(0x8d58f88), "ComponentUI::Controller::TestModel::Baz", Catalyst::Action=HASH(0x8b34110)) called at /opt/perl-5.24.1/lib/site_perl/5.24.1/Catalyst/Action.pm line 353
Catalyst::Action::dispatch(Catalyst::Action=HASH(0x8b34110), ComponentUI=HASH(0x8d58f88)) called at /opt/perl-5.24.1/lib/site_perl/5.24.1/Catalyst/Dispatcher.pm line 262
Catalyst::Dispatcher::_do_forward(Catalyst::Dispatcher=HASH(0x3e79ce8), "forward", ComponentUI=HASH(0x8d58f88), "/testmodel/baz/_DISPATCH") called at /opt/perl-5.24.1/lib/site_perl/5.24.1/Catalyst/Dispatcher.pm line 242
Catalyst::Dispatcher::forward(Catalyst::Dispatcher=HASH(0x3e79ce8), ComponentUI=HASH(0x8d58f88), "/testmodel/baz/_DISPATCH") called at /opt/perl-5.24.1/lib/site_perl/5.24.1/Catalyst.pm line 482
Catalyst::forward(ComponentUI=HASH(0x8d58f88), "/testmodel/baz/_DISPATCH") called at /opt/perl-5.24.1/lib/site_perl/5.24.1/Catalyst/Dispatcher.pm line 108
Catalyst::Dispatcher::dispatch(Catalyst::Dispatcher=HASH(0x3e79ce8), ComponentUI=HASH(0x8d58f88)) called at /opt/perl-5.24.1/lib/site_perl/5.24.1/Catalyst.pm line 2003
Catalyst::dispatch(ComponentUI=HASH(0x8d58f88)) called at /opt/perl-5.24.1/lib/site_perl/5.24.1/Catalyst/Plugin/Static/Simple.pm line 86
Class::MOP::Class:::around(CODE(0x3b52ac8), ComponentUI=HASH(0x8d58f88)) called at /opt/perl-5.24.1/lib/site_perl/5.24.1/x86_64-linux/Class/MOP/Method/Wrapped.pm line 164
ComponentUI::_wrapped_dispatch(ComponentUI=HASH(0x8d58f88)) called at /opt/perl-5.24.1/lib/site_perl/5.24.1/x86_64-linux/Class/MOP/Method/Wrapped.pm line 95
ComponentUI::dispatch(ComponentUI=HASH(0x8d58f88)) called at /opt/perl-5.24.1/lib/site_perl/5.24.1/Catalyst.pm line 2394
Catalyst::try {...} () called at /opt/perl-5.24.1/lib/site_perl/5.24.1/Try/Tiny.pm line 103
eval {...} called at /opt/perl-5.24.1/lib/site_perl/5.24.1/Try/Tiny.pm line 94
Try::Tiny::try(CODE(0x8d588f8), Try::Tiny::Catch=REF(0x8d58700)) called at /opt/perl-5.24.1/lib/site_perl/5.24.1/Catalyst.pm line 2403
Catalyst::handle_request("ComponentUI", "env", HASH(0x8d4a2e8), "response_cb", CODE(0x8d58760)) called at /opt/perl-5.24.1/lib/site_perl/5.24.1/Catalyst/Engine.pm line 800
Catalyst::Engine::__ANON__(CODE(0x8d58760)) called at /opt/perl-5.24.1/lib/site_perl/5.24.1/Plack/Middleware/HTTPExceptions.pm line 32
Plack::Middleware::HTTPExceptions::try {...} () called at /opt/perl-5.24.1/lib/site_perl/5.24.1/Try/Tiny.pm line 103
eval {...} called at /opt/perl-5.24.1/lib/site_perl/5.24.1/Try/Tiny.pm line 94
Try::Tiny::try(CODE(0x8d58598), Try::Tiny::Catch=REF(0x8d4ab28)) called at /opt/perl-5.24.1/lib/site_perl/5.24.1/Plack/Middleware/HTTPExceptions.pm line 41
Plack::Middleware::HTTPExceptions::__ANON__(CODE(0x8d4a708)) called at /opt/perl-5.24.1/lib/site_perl/5.24.1/Plack/Util.pm line 339
Plack::Util::__ANON__(CODE(0x8d4a240)) called at /opt/perl-5.24.1/lib/site_perl/5.24.1/Plack/Util.pm line 339
Plack::Util::__ANON__(CODE(0x8d6d578)) called at /opt/perl-5.24.1/lib/site_perl/5.24.1/Plack/Util.pm line 339
Plack::Util::__ANON__(CODE(0x8d6d500)) called at /opt/perl-5.24.1/lib/site_perl/5.24.1/HTTP/Message/PSGI.pm line 100
HTTP::Message::PSGI::res_from_psgi(CODE(0x8d4b038)) called at /opt/perl-5.24.1/lib/site_perl/5.24.1/HTTP/Message/PSGI.pm line 156
HTTP::Response::from_psgi("HTTP::Response", CODE(0x8d4b038)) called at /opt/perl-5.24.1/lib/site_perl/5.24.1/Plack/Test/MockHTTP.pm line 24
Plack::Test::MockHTTP::try {...} () called at /opt/perl-5.24.1/lib/site_perl/5.24.1/Try/Tiny.pm line 101
eval {...} called at /opt/perl-5.24.1/lib/site_perl/5.24.1/Try/Tiny.pm line 94
Try::Tiny::try(CODE(0x8d39df8), Try::Tiny::Catch=REF(0x8b1bc68)) called at /opt/perl-5.24.1/lib/site_perl/5.24.1/Plack/Test/MockHTTP.pm line 27
Plack::Test::MockHTTP::request(Plack::Test::MockHTTP=HASH(0x8d45708), HTTP::Request=HASH(0x8d017a8)) called at /opt/perl-5.24.1/lib/site_perl/5.24.1/Plack/Test.pm line 38
Plack::Test::__ANON__(HTTP::Request=HASH(0x8d017a8)) called at /opt/perl-5.24.1/lib/site_perl/5.24.1/Catalyst/Test.pm line 281
Catalyst::Test::__ANON__(CODE(0x8d45570)) called at /opt/perl-5.24.1/lib/site_perl/5.24.1/Plack/Test.pm line 38
Plack::Test::test_psgi("app", CODE(0x8d451c8), "mangle_response", CODE(0x2b04f18), "app", CODE(0x8d45408), "client", CODE(0x8d45480)) called at /opt/perl-5.24.1/lib/site_perl/5.24.1/Catalyst/Test.pm line 284
Catalyst::Test::_request(HASH(0x8cc41b8), HTTP::Request=HASH(0x8d017a8)) called at /opt/perl-5.24.1/lib/site_perl/5.24.1/Catalyst/Test.pm line 327
Catalyst::Test::_local_request("ComponentUI", HTTP::Request=HASH(0x8d017a8)) called at /opt/perl-5.24.1/lib/site_perl/5.24.1/Test/WWW/Mechanize/Catalyst.pm line 176
Test::WWW::Mechanize::Catalyst::_do_catalyst_request(Test::WWW::Mechanize::Catalyst=HASH(0x485b020), HTTP::Request=HASH(0x8d017a8)) called at /opt/perl-5.24.1/lib/site_perl/5.24.1/Test/WWW/Mechanize/Catalyst.pm line 78
Test::WWW::Mechanize::Catalyst::_make_request(Test::WWW::Mechanize::Catalyst=HASH(0x485b020), HTTP::Request=HASH(0x8d017a8)) called at /opt/perl-5.24.1/lib/site_perl/5.24.1/WWW/Mechanize.pm line 1253
WWW::Mechanize::request(Test::WWW::Mechanize::Catalyst=HASH(0x485b020), HTTP::Request=HASH(0x8d017a8)) called at /opt/perl-5.24.1/lib/site_perl/5.24.1/LWP/UserAgent.pm line 409
LWP::UserAgent::get(Test::WWW::Mechanize::Catalyst=HASH(0x485b020), "http://localhost/testmodel/baz/id/1/update") called at /opt/perl-5.24.1/lib/site_perl/5.24.1/WWW/Mechanize.pm line 117
WWW::Mechanize::get(Test::WWW::Mechanize::Catalyst=HASH(0x485b020), "http://localhost/testmodel/baz/id/1/update") called at /opt/perl-5.24.1/lib/site_perl/5.24.1/Test/WWW/Mechanize.pm line 160
Test::WWW::Mechanize::get_ok(Test::WWW::Mechanize::Catalyst=HASH(0x485b020), "http://localhost/testmodel/baz/id/1/update") called at t/uncheck_bool_field.t line 9
t/uncheck_bool_field.t ...... ok
Test Summary Report
-------------------
t/05reflect_attr_from.t (Wstat: 256 Tests: 1 Failed: 1)
Failed test: 1
Non-zero exit status: 1
Files=9, Tests=604, 36 wallclock secs ( 0.13 usr 0.03 sys + 28.04 cusr 1.84 csys = 30.04 CPU)
Result: FAIL
Failed 1/9 test programs. 1/604 subtests failed.
make: *** [test_dynamic] Fehler 255
------------------------------
PREREQUISITES
------------------------------
Prerequisite modules loaded:
requires:
Module Need Have
--------------------------------------- --------- --------
aliased 0.22 0.34
Catalyst 5.80002 5.90114
Catalyst::Component::ACCEPT_CONTEXT 0.05 0.07
Catalyst::Component::InstancePerContext 0.001001 0.001001
Catalyst::Model::DBIC::Schema 0.23 0.65
Catalyst::Plugin::ConfigLoader 0.23 0.34
Catalyst::Plugin::I18N 0.09 0.10
Catalyst::Plugin::Static::Simple 0.21 0.33
Catalyst::View::TT 0.29 0.44
Class::MOP 0.81 2.2000
Config::General 2.42 2.63
Crypt::Eksblowfish::Bcrypt 0.005 0.009
DateTime 0.47 1.42
DateTime::Event::Recurrence 0.16 0.18
DateTime::Span 0 0.3900
DBIx::Class 0.08100 0.082840
DBIx::Class::IntrospectableM2M 0.001001 0.001002
Devel::Declare 0.005000 0.006018
Email::Valid 0.181 1.202
ExtUtils::MakeMaker 6.11 7.24
File::ShareDir 1.00 1.102
File::Spec 3.29 3.62
JSON 0 2.90
metaclass 0.81 2.2000
Method::Signatures::Simple 0.03 1.07
Moose 0.74 2.2000
MooseX::MethodAttributes 0.18 0.31
MooseX::Role::Parameterized 0.24 1.09
MooseX::Types 0.10 0.49
MooseX::Types::Common 0.001000 0.001014
MooseX::Types::DateTime 0.03 0.13
MooseX::Types::URI 0.02 0.08
namespace::clean 0.11 0.27
Path::Class::Dir 0 0.37
Path::Class::File 0 0.37
perl 5.008001 5.024001
Scalar::Util 1.19 1.47
signatures 0.05 0.13
SQL::Translator 0.11002 0.11021
Sub::Exporter 0.982 0.987
Sub::Name 0.04 0.21
Template 2.20 2.26
Test::Class 0.31 0.50
Test::Memory::Cycle 1.04 1.06
Test::WWW::Mechanize::Catalyst 0.51 0.60
Time::ParseDate 2006.0814 2015.103
URI 1.37 1.71
build_requires:
Module Need Have
--------------------------------------- --------- --------
ExtUtils::MakeMaker 6.42 7.24
SQL::Translator 0.11002 0.11021
Test::Class 0.31 0.50
Test::Memory::Cycle 1.04 1.06
Test::WWW::Mechanize::Catalyst 0.51 0.60
configure_requires:
Module Need Have
--------------------------------------- --------- --------
ExtUtils::MakeMaker 6.42 7.24
------------------------------
ENVIRONMENT AND OTHER CONTEXT
------------------------------
Environment variables:
LANG = de_DE.utf8
LANGUAGE = de_DE.utf8
LC_ALL = de_DE.utf8
PATH = /usr/local/bin:/usr/bin:/bin:/usr/local/sbin:/usr/sbin:/sbin:/home/cpansand/bin/linux-gnu:/home/cpansand/bin/sh:/home/cpansand/bin:/usr/games:/home/cpansand/devel:/home/eserte/src/srezic-misc/scripts
PERL5LIB = /home/cpansand/.cpan/build/2017020303/Business-Shipping-3.1.0-0/blib/arch:/home/cpansand/.cpan/build/2017020303/Business-Shipping-3.1.0-0/blib/lib
PERL5OPT =
PERL5_CPANPLUS_IS_RUNNING = 7254
PERL5_CPAN_IS_RUNNING = 7254
PERL5_CPAN_IS_RUNNING_IN_RECURSION = 14760,7254
PERLDOC = -MPod::Perldoc::ToTextOverstrike
PERL_BATCH = yes
PERL_CANARY_STABILITY_NOPROMPT = 1
PERL_CPAN_REPORTER_CONFIG = /var/tmp/cpansmoker-1001/2017020115/cpanreporter_000_config.ini
PERL_EXTUTILS_AUTOINSTALL = --defaultdeps
SHELL = /bin/zsh
TERM = screen
TMPDIR = /var/tmp/cpansmoker-1001/2017020115
Perl special variables (and OS-specific diagnostics, for MSWin32):
$^X = /opt/perl-5.24.1/bin/perl5.24.1
$UID/$EUID = 1001 / 1001
$GID = 1001 1001
$EGID = 1001 1001
Perl module toolchain versions installed:
Module Have
------------------- --------
CPAN 2.14
CPAN::Meta 2.150010
Cwd 3.62
ExtUtils::CBuilder 0.280224
ExtUtils::Command 7.24
ExtUtils::Install 2.04
ExtUtils::MakeMaker 7.24
ExtUtils::Manifest 1.70
ExtUtils::ParseXS 3.30
File::Spec 3.62
JSON 2.90
JSON::PP 2.27400
Module::Build 0.4220
Module::Signature 0.81
Parse::CPAN::Meta 2.150010
Test::Harness 3.36
Test::More 1.302075
YAML 1.21
YAML::Syck 1.29
version 0.9917
--
Summary of my perl5 (revision 5 version 24 subversion 1) configuration:
Platform:
osname=linux, osvers=3.10.0-042stab120.6, archname=x86_64-linux
uname='linux h1980015.stratoserver.net 3.10.0-042stab120.6 #1 smp thu oct 27 16:59:03 msk 2016 x86_64 x86_64 x86_64 gnulinux '
config_args='-ds -e -Dprefix=/opt/perl-5.24.1 -Dcf_email=srezic@cpan.org'
hint=previous, useposix=true, d_sigaction=define
useithreads=undef, usemultiplicity=undef
use64bitint=define, use64bitall=define, uselongdouble=undef
usemymalloc=n, bincompat5005=undef
Compiler:
cc='cc', ccflags ='-fwrapv -fno-strict-aliasing -pipe -fstack-protector-strong -I/usr/local/include -D_LARGEFILE_SOURCE -D_FILE_OFFSET_BITS=64 -D_FORTIFY_SOURCE=2',
optimize='-O2',
cppflags='-fwrapv -fno-strict-aliasing -pipe -fstack-protector-strong -I/usr/local/include'
ccversion='', gccversion='4.8.5 20150623 (Red Hat 4.8.5-11)', gccosandvers=''
intsize=4, longsize=8, ptrsize=8, doublesize=8, byteorder=12345678, doublekind=3
d_longlong=define, longlongsize=8, d_longdbl=define, longdblsize=16, longdblkind=3
ivtype='long', ivsize=8, nvtype='double', nvsize=8, Off_t='off_t', lseeksize=8
alignbytes=8, prototype=define
Linker and Libraries:
ld='cc', ldflags =' -fstack-protector-strong -L/usr/local/lib'
libpth=/usr/local/lib /usr/lib /lib/../lib64 /usr/lib/../lib64 /lib /lib64 /usr/lib64 /usr/local/lib64 /usr/local/lib /usr/lib
libs=-lpthread -lnsl -lgdbm -ldb -ldl -lm -lcrypt -lutil -lc -lgdbm_compat
perllibs=-lpthread -lnsl -ldl -lm -lcrypt -lutil -lc
libc=libc-2.17.so, so=so, useshrplib=false, libperl=libperl.a
gnulibc_version='2.17'
Dynamic Linking:
dlsrc=dl_dlopen.xs, dlext=so, d_dlsymun=undef, ccdlflags='-Wl,-E'
cccdlflags='-fPIC', lddlflags='-shared -O2 -L/usr/local/lib -fstack-protector-strong'
Characteristics of this binary (from libperl):
Compile-time options: HAS_TIMES PERLIO_LAYERS PERL_COPY_ON_WRITE
PERL_DONT_CREATE_GVSV
PERL_HASH_FUNC_ONE_AT_A_TIME_HARD PERL_MALLOC_WRAP
PERL_PRESERVE_IVUV USE_64_BIT_ALL USE_64_BIT_INT
USE_LARGE_FILES USE_LOCALE USE_LOCALE_COLLATE
USE_LOCALE_CTYPE USE_LOCALE_NUMERIC USE_LOCALE_TIME
USE_PERLIO USE_PERL_ATOF
Built under linux
Compiled at Jan 21 2017 20:32:30
%ENV:
PERL5LIB="/home/cpansand/.cpan/build/2017020303/Business-Shipping-3.1.0-0/blib/arch:/home/cpansand/.cpan/build/2017020303/Business-Shipping-3.1.0-0/blib/lib"
PERL5OPT=""
PERL5_CPANPLUS_IS_RUNNING="7254"
PERL5_CPAN_IS_RUNNING="7254"
PERL5_CPAN_IS_RUNNING_IN_RECURSION="14760,7254"
PERLDOC="-MPod::Perldoc::ToTextOverstrike"
PERL_BATCH="yes"
PERL_CANARY_STABILITY_NOPROMPT="1"
PERL_CPAN_REPORTER_CONFIG="/var/tmp/cpansmoker-1001/2017020115/cpanreporter_000_config.ini"
PERL_EXTUTILS_AUTOINSTALL="--defaultdeps"
@INC:
/home/cpansand/.cpan/build/2017020303/Business-Shipping-3.1.0-0/blib/arch
/home/cpansand/.cpan/build/2017020303/Business-Shipping-3.1.0-0/blib/lib
/opt/perl-5.24.1/lib/site_perl/5.24.1/x86_64-linux
/opt/perl-5.24.1/lib/site_perl/5.24.1
/opt/perl-5.24.1/lib/5.24.1/x86_64-linux
/opt/perl-5.24.1/lib/5.24.1
.