Report for MooseX-Params-0.010

Back
From: metabase:user:314402c4-2aae-11df-837a-5e0a49663a4f
Subject: FAIL MooseX-Params-0.010 v5.20.1 GNU/Linux
Date: 2016-09-26T19:05:42Z

This distribution has been tested as part of the CPAN Testers
project, supporting the Perl programming language.  See
http://wiki.cpantesters.org/ for more information or email
questions to cpan-testers-discuss@perl.org


--
Dear Peter Shangov,

This is a computer-generated report for MooseX-Params-0.010
on perl 5.20.1, created by CPAN-Reporter-1.2018.

Thank you for uploading your work to CPAN.  However, there was a problem
testing your distribution.

If you think this report is invalid, please consult the CPAN Testers Wiki
for suggestions on how to avoid getting FAIL reports for missing library
or binary dependencies, unsupported operating systems, and so on:

http://wiki.cpantesters.org/wiki/CPANAuthorNotes

Sections of this report:

    * Tester comments
    * Program output
    * Prerequisites
    * Environment and other context

------------------------------
TESTER COMMENTS
------------------------------

Additional comments from tester:

none provided

------------------------------
PROGRAM OUTPUT
------------------------------

Output from '/usr/bin/make test':

PERL_DL_NONLAZY=1 "/bbbike/perl-5.20.1/bin/perl" "-MExtUtils::Command::MM" "-MTest::Harness" "-e" "undef *Test::Harness::Switches; test_harness(0, 'blib/lib', 'blib/arch')" t/*.t
Smartmatch is experimental at lib/MooseX/Params/Magic/Wizard.pm line 30.
Smartmatch is experimental at lib/MooseX/Params/Magic/Wizard.pm line 64.
given is experimental at lib/MooseX/Params/Util.pm line 302.
when is experimental at lib/MooseX/Params/Util.pm line 304.
when is experimental at lib/MooseX/Params/Util.pm line 305.
when is experimental at lib/MooseX/Params/Util.pm line 306.
when is experimental at lib/MooseX/Params/Util.pm line 307.
given is experimental at lib/MooseX/Params/Util.pm line 316.
when is experimental at lib/MooseX/Params/Util.pm line 318.
given is experimental at lib/MooseX/Params/Util.pm line 302.
when is experimental at lib/MooseX/Params/Util.pm line 304.
when is experimental at lib/MooseX/Params/Util.pm line 305.
when is experimental at lib/MooseX/Params/Util.pm line 306.
when is experimental at lib/MooseX/Params/Util.pm line 307.
given is experimental at lib/MooseX/Params/Util.pm line 316.
when is experimental at lib/MooseX/Params/Util.pm line 318.
Smartmatch is experimental at lib/MooseX/Params/Magic/Wizard.pm line 30.
Smartmatch is experimental at lib/MooseX/Params/Magic/Wizard.pm line 64.
Smartmatch is experimental at lib/MooseX/Params/Magic/Wizard.pm line 30.
Smartmatch is experimental at lib/MooseX/Params/Magic/Wizard.pm line 64.
given is experimental at lib/MooseX/Params/Util.pm line 302.
when is experimental at lib/MooseX/Params/Util.pm line 304.
when is experimental at lib/MooseX/Params/Util.pm line 305.
when is experimental at lib/MooseX/Params/Util.pm line 306.
when is experimental at lib/MooseX/Params/Util.pm line 307.
given is experimental at lib/MooseX/Params/Util.pm line 316.
when is experimental at lib/MooseX/Params/Util.pm line 318.
t/00-compile.t .......... ok
Smartmatch is experimental at /tmpfs/.cpan-build-cpansand/2016092618/MooseX-Params-0.010-8/blib/lib/MooseX/Params/Magic/Wizard.pm line 30.
Smartmatch is experimental at /tmpfs/.cpan-build-cpansand/2016092618/MooseX-Params-0.010-8/blib/lib/MooseX/Params/Magic/Wizard.pm line 64.
given is experimental at /tmpfs/.cpan-build-cpansand/2016092618/MooseX-Params-0.010-8/blib/lib/MooseX/Params/Util.pm line 302.
when is experimental at /tmpfs/.cpan-build-cpansand/2016092618/MooseX-Params-0.010-8/blib/lib/MooseX/Params/Util.pm line 304.
when is experimental at /tmpfs/.cpan-build-cpansand/2016092618/MooseX-Params-0.010-8/blib/lib/MooseX/Params/Util.pm line 305.
when is experimental at /tmpfs/.cpan-build-cpansand/2016092618/MooseX-Params-0.010-8/blib/lib/MooseX/Params/Util.pm line 306.
when is experimental at /tmpfs/.cpan-build-cpansand/2016092618/MooseX-Params-0.010-8/blib/lib/MooseX/Params/Util.pm line 307.
given is experimental at /tmpfs/.cpan-build-cpansand/2016092618/MooseX-Params-0.010-8/blib/lib/MooseX/Params/Util.pm line 316.
when is experimental at /tmpfs/.cpan-build-cpansand/2016092618/MooseX-Params-0.010-8/blib/lib/MooseX/Params/Util.pm line 318.
t/01-parse.t ............ ok
Smartmatch is experimental at /tmpfs/.cpan-build-cpansand/2016092618/MooseX-Params-0.010-8/blib/lib/MooseX/Params/Magic/Wizard.pm line 30.
Smartmatch is experimental at /tmpfs/.cpan-build-cpansand/2016092618/MooseX-Params-0.010-8/blib/lib/MooseX/Params/Magic/Wizard.pm line 64.
given is experimental at /tmpfs/.cpan-build-cpansand/2016092618/MooseX-Params-0.010-8/blib/lib/MooseX/Params/Util.pm line 302.
when is experimental at /tmpfs/.cpan-build-cpansand/2016092618/MooseX-Params-0.010-8/blib/lib/MooseX/Params/Util.pm line 304.
when is experimental at /tmpfs/.cpan-build-cpansand/2016092618/MooseX-Params-0.010-8/blib/lib/MooseX/Params/Util.pm line 305.
when is experimental at /tmpfs/.cpan-build-cpansand/2016092618/MooseX-Params-0.010-8/blib/lib/MooseX/Params/Util.pm line 306.
when is experimental at /tmpfs/.cpan-build-cpansand/2016092618/MooseX-Params-0.010-8/blib/lib/MooseX/Params/Util.pm line 307.
given is experimental at /tmpfs/.cpan-build-cpansand/2016092618/MooseX-Params-0.010-8/blib/lib/MooseX/Params/Util.pm line 316.
when is experimental at /tmpfs/.cpan-build-cpansand/2016092618/MooseX-Params-0.010-8/blib/lib/MooseX/Params/Util.pm line 318.
t/02-params.t ........... ok
Smartmatch is experimental at /tmpfs/.cpan-build-cpansand/2016092618/MooseX-Params-0.010-8/blib/lib/MooseX/Params/Magic/Wizard.pm line 30.
Smartmatch is experimental at /tmpfs/.cpan-build-cpansand/2016092618/MooseX-Params-0.010-8/blib/lib/MooseX/Params/Magic/Wizard.pm line 64.
given is experimental at /tmpfs/.cpan-build-cpansand/2016092618/MooseX-Params-0.010-8/blib/lib/MooseX/Params/Util.pm line 302.
when is experimental at /tmpfs/.cpan-build-cpansand/2016092618/MooseX-Params-0.010-8/blib/lib/MooseX/Params/Util.pm line 304.
when is experimental at /tmpfs/.cpan-build-cpansand/2016092618/MooseX-Params-0.010-8/blib/lib/MooseX/Params/Util.pm line 305.
when is experimental at /tmpfs/.cpan-build-cpansand/2016092618/MooseX-Params-0.010-8/blib/lib/MooseX/Params/Util.pm line 306.
when is experimental at /tmpfs/.cpan-build-cpansand/2016092618/MooseX-Params-0.010-8/blib/lib/MooseX/Params/Util.pm line 307.
given is experimental at /tmpfs/.cpan-build-cpansand/2016092618/MooseX-Params-0.010-8/blib/lib/MooseX/Params/Util.pm line 316.
when is experimental at /tmpfs/.cpan-build-cpansand/2016092618/MooseX-Params-0.010-8/blib/lib/MooseX/Params/Util.pm line 318.
t/03-lazy.t ............. ok
Smartmatch is experimental at /tmpfs/.cpan-build-cpansand/2016092618/MooseX-Params-0.010-8/blib/lib/MooseX/Params/Magic/Wizard.pm line 30.
Smartmatch is experimental at /tmpfs/.cpan-build-cpansand/2016092618/MooseX-Params-0.010-8/blib/lib/MooseX/Params/Magic/Wizard.pm line 64.
given is experimental at /tmpfs/.cpan-build-cpansand/2016092618/MooseX-Params-0.010-8/blib/lib/MooseX/Params/Util.pm line 302.
when is experimental at /tmpfs/.cpan-build-cpansand/2016092618/MooseX-Params-0.010-8/blib/lib/MooseX/Params/Util.pm line 304.
when is experimental at /tmpfs/.cpan-build-cpansand/2016092618/MooseX-Params-0.010-8/blib/lib/MooseX/Params/Util.pm line 305.
when is experimental at /tmpfs/.cpan-build-cpansand/2016092618/MooseX-Params-0.010-8/blib/lib/MooseX/Params/Util.pm line 306.
when is experimental at /tmpfs/.cpan-build-cpansand/2016092618/MooseX-Params-0.010-8/blib/lib/MooseX/Params/Util.pm line 307.
given is experimental at /tmpfs/.cpan-build-cpansand/2016092618/MooseX-Params-0.010-8/blib/lib/MooseX/Params/Util.pm line 316.
when is experimental at /tmpfs/.cpan-build-cpansand/2016092618/MooseX-Params-0.010-8/blib/lib/MooseX/Params/Util.pm line 318.
t/04-named.t ............ ok
Smartmatch is experimental at /tmpfs/.cpan-build-cpansand/2016092618/MooseX-Params-0.010-8/blib/lib/MooseX/Params/Magic/Wizard.pm line 30.
Smartmatch is experimental at /tmpfs/.cpan-build-cpansand/2016092618/MooseX-Params-0.010-8/blib/lib/MooseX/Params/Magic/Wizard.pm line 64.
given is experimental at /tmpfs/.cpan-build-cpansand/2016092618/MooseX-Params-0.010-8/blib/lib/MooseX/Params/Util.pm line 302.
when is experimental at /tmpfs/.cpan-build-cpansand/2016092618/MooseX-Params-0.010-8/blib/lib/MooseX/Params/Util.pm line 304.
when is experimental at /tmpfs/.cpan-build-cpansand/2016092618/MooseX-Params-0.010-8/blib/lib/MooseX/Params/Util.pm line 305.
when is experimental at /tmpfs/.cpan-build-cpansand/2016092618/MooseX-Params-0.010-8/blib/lib/MooseX/Params/Util.pm line 306.
when is experimental at /tmpfs/.cpan-build-cpansand/2016092618/MooseX-Params-0.010-8/blib/lib/MooseX/Params/Util.pm line 307.
given is experimental at /tmpfs/.cpan-build-cpansand/2016092618/MooseX-Params-0.010-8/blib/lib/MooseX/Params/Util.pm line 316.
when is experimental at /tmpfs/.cpan-build-cpansand/2016092618/MooseX-Params-0.010-8/blib/lib/MooseX/Params/Util.pm line 318.
t/05-buildargs.t ........ ok
Smartmatch is experimental at /tmpfs/.cpan-build-cpansand/2016092618/MooseX-Params-0.010-8/blib/lib/MooseX/Params/Magic/Wizard.pm line 30.
Smartmatch is experimental at /tmpfs/.cpan-build-cpansand/2016092618/MooseX-Params-0.010-8/blib/lib/MooseX/Params/Magic/Wizard.pm line 64.
given is experimental at /tmpfs/.cpan-build-cpansand/2016092618/MooseX-Params-0.010-8/blib/lib/MooseX/Params/Util.pm line 302.
when is experimental at /tmpfs/.cpan-build-cpansand/2016092618/MooseX-Params-0.010-8/blib/lib/MooseX/Params/Util.pm line 304.
when is experimental at /tmpfs/.cpan-build-cpansand/2016092618/MooseX-Params-0.010-8/blib/lib/MooseX/Params/Util.pm line 305.
when is experimental at /tmpfs/.cpan-build-cpansand/2016092618/MooseX-Params-0.010-8/blib/lib/MooseX/Params/Util.pm line 306.
when is experimental at /tmpfs/.cpan-build-cpansand/2016092618/MooseX-Params-0.010-8/blib/lib/MooseX/Params/Util.pm line 307.
given is experimental at /tmpfs/.cpan-build-cpansand/2016092618/MooseX-Params-0.010-8/blib/lib/MooseX/Params/Util.pm line 316.
when is experimental at /tmpfs/.cpan-build-cpansand/2016092618/MooseX-Params-0.010-8/blib/lib/MooseX/Params/Util.pm line 318.
t/06-inheritance.t ...... ok
Smartmatch is experimental at /tmpfs/.cpan-build-cpansand/2016092618/MooseX-Params-0.010-8/blib/lib/MooseX/Params/Magic/Wizard.pm line 30.
Smartmatch is experimental at /tmpfs/.cpan-build-cpansand/2016092618/MooseX-Params-0.010-8/blib/lib/MooseX/Params/Magic/Wizard.pm line 64.
given is experimental at /tmpfs/.cpan-build-cpansand/2016092618/MooseX-Params-0.010-8/blib/lib/MooseX/Params/Util.pm line 302.
when is experimental at /tmpfs/.cpan-build-cpansand/2016092618/MooseX-Params-0.010-8/blib/lib/MooseX/Params/Util.pm line 304.
when is experimental at /tmpfs/.cpan-build-cpansand/2016092618/MooseX-Params-0.010-8/blib/lib/MooseX/Params/Util.pm line 305.
when is experimental at /tmpfs/.cpan-build-cpansand/2016092618/MooseX-Params-0.010-8/blib/lib/MooseX/Params/Util.pm line 306.
when is experimental at /tmpfs/.cpan-build-cpansand/2016092618/MooseX-Params-0.010-8/blib/lib/MooseX/Params/Util.pm line 307.
given is experimental at /tmpfs/.cpan-build-cpansand/2016092618/MooseX-Params-0.010-8/blib/lib/MooseX/Params/Util.pm line 316.
when is experimental at /tmpfs/.cpan-build-cpansand/2016092618/MooseX-Params-0.010-8/blib/lib/MooseX/Params/Util.pm line 318.
t/07-procedural.t ....... ok
Smartmatch is experimental at /tmpfs/.cpan-build-cpansand/2016092618/MooseX-Params-0.010-8/blib/lib/MooseX/Params/Magic/Wizard.pm line 30.
Smartmatch is experimental at /tmpfs/.cpan-build-cpansand/2016092618/MooseX-Params-0.010-8/blib/lib/MooseX/Params/Magic/Wizard.pm line 64.
given is experimental at /tmpfs/.cpan-build-cpansand/2016092618/MooseX-Params-0.010-8/blib/lib/MooseX/Params/Util.pm line 302.
when is experimental at /tmpfs/.cpan-build-cpansand/2016092618/MooseX-Params-0.010-8/blib/lib/MooseX/Params/Util.pm line 304.
when is experimental at /tmpfs/.cpan-build-cpansand/2016092618/MooseX-Params-0.010-8/blib/lib/MooseX/Params/Util.pm line 305.
when is experimental at /tmpfs/.cpan-build-cpansand/2016092618/MooseX-Params-0.010-8/blib/lib/MooseX/Params/Util.pm line 306.
when is experimental at /tmpfs/.cpan-build-cpansand/2016092618/MooseX-Params-0.010-8/blib/lib/MooseX/Params/Util.pm line 307.
given is experimental at /tmpfs/.cpan-build-cpansand/2016092618/MooseX-Params-0.010-8/blib/lib/MooseX/Params/Util.pm line 316.
when is experimental at /tmpfs/.cpan-build-cpansand/2016092618/MooseX-Params-0.010-8/blib/lib/MooseX/Params/Util.pm line 318.
t/08-synopsis.t ......... ok
Smartmatch is experimental at /tmpfs/.cpan-build-cpansand/2016092618/MooseX-Params-0.010-8/blib/lib/MooseX/Params/Magic/Wizard.pm line 30.
Smartmatch is experimental at /tmpfs/.cpan-build-cpansand/2016092618/MooseX-Params-0.010-8/blib/lib/MooseX/Params/Magic/Wizard.pm line 64.
given is experimental at /tmpfs/.cpan-build-cpansand/2016092618/MooseX-Params-0.010-8/blib/lib/MooseX/Params/Util.pm line 302.
when is experimental at /tmpfs/.cpan-build-cpansand/2016092618/MooseX-Params-0.010-8/blib/lib/MooseX/Params/Util.pm line 304.
when is experimental at /tmpfs/.cpan-build-cpansand/2016092618/MooseX-Params-0.010-8/blib/lib/MooseX/Params/Util.pm line 305.
when is experimental at /tmpfs/.cpan-build-cpansand/2016092618/MooseX-Params-0.010-8/blib/lib/MooseX/Params/Util.pm line 306.
when is experimental at /tmpfs/.cpan-build-cpansand/2016092618/MooseX-Params-0.010-8/blib/lib/MooseX/Params/Util.pm line 307.
given is experimental at /tmpfs/.cpan-build-cpansand/2016092618/MooseX-Params-0.010-8/blib/lib/MooseX/Params/Util.pm line 316.
when is experimental at /tmpfs/.cpan-build-cpansand/2016092618/MooseX-Params-0.010-8/blib/lib/MooseX/Params/Util.pm line 318.
t/09-anon.t ............. ok
Smartmatch is experimental at /tmpfs/.cpan-build-cpansand/2016092618/MooseX-Params-0.010-8/blib/lib/MooseX/Params/Magic/Wizard.pm line 30.
Smartmatch is experimental at /tmpfs/.cpan-build-cpansand/2016092618/MooseX-Params-0.010-8/blib/lib/MooseX/Params/Magic/Wizard.pm line 64.
given is experimental at /tmpfs/.cpan-build-cpansand/2016092618/MooseX-Params-0.010-8/blib/lib/MooseX/Params/Util.pm line 302.
when is experimental at /tmpfs/.cpan-build-cpansand/2016092618/MooseX-Params-0.010-8/blib/lib/MooseX/Params/Util.pm line 304.
when is experimental at /tmpfs/.cpan-build-cpansand/2016092618/MooseX-Params-0.010-8/blib/lib/MooseX/Params/Util.pm line 305.
when is experimental at /tmpfs/.cpan-build-cpansand/2016092618/MooseX-Params-0.010-8/blib/lib/MooseX/Params/Util.pm line 306.
when is experimental at /tmpfs/.cpan-build-cpansand/2016092618/MooseX-Params-0.010-8/blib/lib/MooseX/Params/Util.pm line 307.
given is experimental at /tmpfs/.cpan-build-cpansand/2016092618/MooseX-Params-0.010-8/blib/lib/MooseX/Params/Util.pm line 316.
when is experimental at /tmpfs/.cpan-build-cpansand/2016092618/MooseX-Params-0.010-8/blib/lib/MooseX/Params/Util.pm line 318.
Undefined subroutine &List::MoreUtils::all called at (eval 317) line 3.
	Eval::Closure::Sandbox_260::__ANON__(ARRAY(0x2cf6028)) called at /opt/perl-5.20.1/lib/site_perl/5.20.1/x86_64-linux/Moose/Meta/TypeConstraint.pm line 161
	Moose::Meta::TypeConstraint::check(Moose::Meta::TypeConstraint::Parameterized=HASH(0x3183b38), ARRAY(0x2cf6028)) called at /opt/perl-5.20.1/lib/site_perl/5.20.1/x86_64-linux/Moose/Meta/TypeConstraint.pm line 211
	Moose::Meta::TypeConstraint::assert_valid(Moose::Meta::TypeConstraint::Parameterized=HASH(0x3183b38), ARRAY(0x2cf6028)) called at /tmpfs/.cpan-build-cpansand/2016092618/MooseX-Params-0.010-8/blib/lib/MooseX/Params/Util.pm line 299
	MooseX::Params::Util::process_return_values(MooseX::Params::Meta::Method=HASH(0x2ed7f90), 1, "foo", "bar", "baz") called at /tmpfs/.cpan-build-cpansand/2016092618/MooseX-Params-0.010-8/blib/lib/MooseX/Params/Util.pm line 96
	main::stuff() called at t/10-returns.t line 21
# Tests were run but no plan was declared and done_testing() was not seen.
# Looks like your test exited with 255 just after 2.
t/10-returns.t .......... 
Dubious, test returned 255 (wstat 65280, 0xff00)
All 2 subtests passed 
Smartmatch is experimental at /tmpfs/.cpan-build-cpansand/2016092618/MooseX-Params-0.010-8/blib/lib/MooseX/Params/Magic/Wizard.pm line 30.
Smartmatch is experimental at /tmpfs/.cpan-build-cpansand/2016092618/MooseX-Params-0.010-8/blib/lib/MooseX/Params/Magic/Wizard.pm line 64.
given is experimental at /tmpfs/.cpan-build-cpansand/2016092618/MooseX-Params-0.010-8/blib/lib/MooseX/Params/Util.pm line 302.
when is experimental at /tmpfs/.cpan-build-cpansand/2016092618/MooseX-Params-0.010-8/blib/lib/MooseX/Params/Util.pm line 304.
when is experimental at /tmpfs/.cpan-build-cpansand/2016092618/MooseX-Params-0.010-8/blib/lib/MooseX/Params/Util.pm line 305.
when is experimental at /tmpfs/.cpan-build-cpansand/2016092618/MooseX-Params-0.010-8/blib/lib/MooseX/Params/Util.pm line 306.
when is experimental at /tmpfs/.cpan-build-cpansand/2016092618/MooseX-Params-0.010-8/blib/lib/MooseX/Params/Util.pm line 307.
given is experimental at /tmpfs/.cpan-build-cpansand/2016092618/MooseX-Params-0.010-8/blib/lib/MooseX/Params/Util.pm line 316.
when is experimental at /tmpfs/.cpan-build-cpansand/2016092618/MooseX-Params-0.010-8/blib/lib/MooseX/Params/Util.pm line 318.
t/11-returns_scalar.t ... ok
Undefined subroutine &List::MoreUtils::all called at (eval 190) line 3.
# Tests were run but no plan was declared and done_testing() was not seen.
# Looks like your test exited with 255 just after 6.
t/12-listables.t ........ 
Dubious, test returned 255 (wstat 65280, 0xff00)
All 6 subtests passed 
Smartmatch is experimental at /tmpfs/.cpan-build-cpansand/2016092618/MooseX-Params-0.010-8/blib/lib/MooseX/Params/Magic/Wizard.pm line 30.
Smartmatch is experimental at /tmpfs/.cpan-build-cpansand/2016092618/MooseX-Params-0.010-8/blib/lib/MooseX/Params/Magic/Wizard.pm line 64.
given is experimental at /tmpfs/.cpan-build-cpansand/2016092618/MooseX-Params-0.010-8/blib/lib/MooseX/Params/Util.pm line 302.
when is experimental at /tmpfs/.cpan-build-cpansand/2016092618/MooseX-Params-0.010-8/blib/lib/MooseX/Params/Util.pm line 304.
when is experimental at /tmpfs/.cpan-build-cpansand/2016092618/MooseX-Params-0.010-8/blib/lib/MooseX/Params/Util.pm line 305.
when is experimental at /tmpfs/.cpan-build-cpansand/2016092618/MooseX-Params-0.010-8/blib/lib/MooseX/Params/Util.pm line 306.
when is experimental at /tmpfs/.cpan-build-cpansand/2016092618/MooseX-Params-0.010-8/blib/lib/MooseX/Params/Util.pm line 307.
given is experimental at /tmpfs/.cpan-build-cpansand/2016092618/MooseX-Params-0.010-8/blib/lib/MooseX/Params/Util.pm line 316.
when is experimental at /tmpfs/.cpan-build-cpansand/2016092618/MooseX-Params-0.010-8/blib/lib/MooseX/Params/Util.pm line 318.
t/13-readonly.t ......... ok
Smartmatch is experimental at /tmpfs/.cpan-build-cpansand/2016092618/MooseX-Params-0.010-8/blib/lib/MooseX/Params/Magic/Wizard.pm line 30.
Smartmatch is experimental at /tmpfs/.cpan-build-cpansand/2016092618/MooseX-Params-0.010-8/blib/lib/MooseX/Params/Magic/Wizard.pm line 64.
given is experimental at /tmpfs/.cpan-build-cpansand/2016092618/MooseX-Params-0.010-8/blib/lib/MooseX/Params/Util.pm line 302.
when is experimental at /tmpfs/.cpan-build-cpansand/2016092618/MooseX-Params-0.010-8/blib/lib/MooseX/Params/Util.pm line 304.
when is experimental at /tmpfs/.cpan-build-cpansand/2016092618/MooseX-Params-0.010-8/blib/lib/MooseX/Params/Util.pm line 305.
when is experimental at /tmpfs/.cpan-build-cpansand/2016092618/MooseX-Params-0.010-8/blib/lib/MooseX/Params/Util.pm line 306.
when is experimental at /tmpfs/.cpan-build-cpansand/2016092618/MooseX-Params-0.010-8/blib/lib/MooseX/Params/Util.pm line 307.
given is experimental at /tmpfs/.cpan-build-cpansand/2016092618/MooseX-Params-0.010-8/blib/lib/MooseX/Params/Util.pm line 316.
when is experimental at /tmpfs/.cpan-build-cpansand/2016092618/MooseX-Params-0.010-8/blib/lib/MooseX/Params/Util.pm line 318.
t/99-bugs.t ............. ok
t/release-eol.t ......... skipped: these tests are for release candidate testing
t/release-no-tabs.t ..... skipped: these tests are for release candidate testing
t/release-pod-syntax.t .. skipped: these tests are for release candidate testing

Test Summary Report
-------------------
t/10-returns.t        (Wstat: 65280 Tests: 2 Failed: 0)
  Non-zero exit status: 255
  Parse errors: No plan found in TAP output
t/12-listables.t      (Wstat: 65280 Tests: 6 Failed: 0)
  Non-zero exit status: 255
  Parse errors: No plan found in TAP output
Files=18, Tests=88,  9 wallclock secs ( 0.06 usr  0.05 sys +  5.59 cusr  0.93 csys =  6.63 CPU)
Result: FAIL
Failed 2/18 test programs. 0/88 subtests failed.
Makefile:928: recipe for target 'test_dynamic' failed
make: *** [test_dynamic] Error 255

------------------------------
PREREQUISITES
------------------------------

Prerequisite modules loaded:

requires:

    Module                                       Need Have    
    -------------------------------------------- ---- --------
    Attribute::Lexical                           0    0.004   
    B::Hooks::EndOfScope                         0    0.20    
    Carp                                         0    1.38    
    Class::MOP::Class                            0    2.1806  
    List::Util                                   0    1.45    
    Moose                                        1.24 2.1806  
    Moose::Meta::Method                          0    2.1806  
    Moose::Meta::TypeConstraint::Parameterizable 0    2.1806  
    Moose::Util::TypeConstraints                 0    2.1806  
    Package::Stash                               0.18 0.37    
    parent                                       0    0.234   
    Perl6::Caller                                0    0.100   
    Scalar::Readonly                             0    0.03    
    Scalar::Util                                 0    1.45    
    strict                                       0    1.08    
    Sub::Identify                                0    0.12    
    Sub::Mutate                                  0    0.007   
    Text::CSV_XS                                 0    1.23    
    Try::Tiny                                    0    0.27    
    Variable::Magic                              0    0.59    
    warnings                                     0    1.23    

build_requires:

    Module                                       Need Have    
    -------------------------------------------- ---- --------
    base                                         0    2.22    
    Carp::Always                                 0    0.13    
    File::Find                                   0    1.27    
    File::Temp                                   0    0.2304  
    IO::String                                   0    1.08    
    Test::More                                   0    1.302059
    Test::Most                                   0    0.35    

configure_requires:

    Module                                       Need Have    
    -------------------------------------------- ---- --------
    ExtUtils::MakeMaker                          6.30 7.24    


------------------------------
ENVIRONMENT AND OTHER CONTEXT
------------------------------

Environment variables:

    LANG = C
    PATH = /usr/local/bin:/usr/bin:/bin:/usr/local/sbin:/usr/sbin:/sbin:/home/cpansand/bin/linux-gnu:/home/cpansand/bin/sh:/home/cpansand/bin:/usr/games:/home/cpansand/devel:/home/eserte/src/srezic-misc/scripts
    PERL5LIB = /home/cpansand/.cpan/build/2016092618/Sub-Mutate-0.007-6/blib/arch:/home/cpansand/.cpan/build/2016092618/Sub-Mutate-0.007-6/blib/lib:/home/cpansand/.cpan/build/2016092618/Sub-WhenBodied-0.000-6/blib/arch:/home/cpansand/.cpan/build/2016092618/Sub-WhenBodied-0.000-6/blib/lib:/home/cpansand/.cpan/build/2016092618/Sub-Metadata-0.001-6/blib/arch:/home/cpansand/.cpan/build/2016092618/Sub-Metadata-0.001-6/blib/lib:/home/cpansand/.cpan/build/2016092618/Scalar-Readonly-0.03-6/blib/arch:/home/cpansand/.cpan/build/2016092618/Scalar-Readonly-0.03-6/blib/lib:/home/cpansand/.cpan/build/2016092618/Attribute-Lexical-0.004-7/blib/arch:/home/cpansand/.cpan/build/2016092618/Attribute-Lexical-0.004-7/blib/lib
    PERL5OPT = 
    PERL5_CPANPLUS_IS_RUNNING = 15495
    PERL5_CPAN_IS_RUNNING = 15495
    PERL5_CPAN_IS_RUNNING_IN_RECURSION = 4083,15495
    PERLDOC = -MPod::Perldoc::ToTextOverstrike
    PERL_BATCH = yes
    PERL_CANARY_STABILITY_NOPROMPT = 1
    PERL_CPAN_REPORTER_CONFIG = /run/user/1023/cpansmoker/2016092618/cpanreporter_002_config.ini
    PERL_EXTUTILS_AUTOINSTALL = --defaultdeps
    PERL_USE_UNSAFE_INC = 1
    SHELL = /bin/zsh
    TERM = screen
    TMPDIR = /run/user/1023/cpansmoker/2016092618

Perl special variables (and OS-specific diagnostics, for MSWin32):

    $^X = /bbbike/perl-5.20.1/bin/perl
    $UID/$EUID = 1023 / 1023
    $GID = 1023 1023
    $EGID = 1023 1023

Perl module toolchain versions installed:

    Module              Have    
    ------------------- --------
    CPAN                2.14    
    CPAN::Meta          2.150010
    Cwd                 3.48    
    ExtUtils::CBuilder  0.280224
    ExtUtils::Command   7.24    
    ExtUtils::Install   1.67    
    ExtUtils::MakeMaker 7.24    
    ExtUtils::Manifest  1.70    
    ExtUtils::ParseXS   3.24    
    File::Spec          3.48    
    JSON                2.90    
    JSON::PP            2.27400 
    Module::Build       0.4220  
    Module::Signature   0.80    
    Parse::CPAN::Meta   2.150010
    Test::Harness       3.36    
    Test::More          1.302059
    YAML                1.15    
    YAML::Syck          1.29    
    version             0.9916  


--

Summary of my perl5 (revision 5 version 20 subversion 1) configuration:
   
  Platform:
    osname=linux, osvers=3.16.0-4-amd64, archname=x86_64-linux
    uname='linux eserte 3.16.0-4-amd64 #1 smp debian 3.16.7-ckt25-2 (2016-04-08) x86_64 gnulinux '
    config_args='-ds -e -Dprefix=/opt/perl-5.20.1 -Dcf_email=srezic@cpan.org'
    hint=recommended, useposix=true, d_sigaction=define
    useithreads=undef, usemultiplicity=undef
    use64bitint=define, use64bitall=define, uselongdouble=undef
    usemymalloc=n, bincompat5005=undef
  Compiler:
    cc='cc', ccflags ='-fwrapv -fno-strict-aliasing -pipe -fstack-protector -I/usr/local/include -D_LARGEFILE_SOURCE -D_FILE_OFFSET_BITS=64',
    optimize='-O2',
    cppflags='-fwrapv -fno-strict-aliasing -pipe -fstack-protector -I/usr/local/include'
    ccversion='', gccversion='4.9.2', gccosandvers=''
    intsize=4, longsize=8, ptrsize=8, doublesize=8, byteorder=12345678
    d_longlong=define, longlongsize=8, d_longdbl=define, longdblsize=16
    ivtype='long', ivsize=8, nvtype='double', nvsize=8, Off_t='off_t', lseeksize=8
    alignbytes=8, prototype=define
  Linker and Libraries:
    ld='cc', ldflags =' -fstack-protector -L/usr/local/lib'
    libpth=/usr/local/lib /usr/lib/gcc/x86_64-linux-gnu/4.9/include-fixed /usr/include/x86_64-linux-gnu /usr/lib /lib/x86_64-linux-gnu /lib/../lib /usr/lib/x86_64-linux-gnu /usr/lib/../lib /lib
    libs=-lnsl -lgdbm -ldb -ldl -lm -lcrypt -lutil -lc -lgdbm_compat
    perllibs=-lnsl -ldl -lm -lcrypt -lutil -lc
    libc=libc-2.19.so, so=so, useshrplib=false, libperl=libperl.a
    gnulibc_version='2.19'
  Dynamic Linking:
    dlsrc=dl_dlopen.xs, dlext=so, d_dlsymun=undef, ccdlflags='-Wl,-E'
    cccdlflags='-fPIC', lddlflags='-shared -O2 -L/usr/local/lib -fstack-protector'


Characteristics of this binary (from libperl): 
  Compile-time options: HAS_TIMES PERLIO_LAYERS PERL_DONT_CREATE_GVSV
                        PERL_HASH_FUNC_ONE_AT_A_TIME_HARD PERL_MALLOC_WRAP
                        PERL_NEW_COPY_ON_WRITE PERL_PRESERVE_IVUV
                        USE_64_BIT_ALL USE_64_BIT_INT USE_LARGE_FILES
                        USE_LOCALE USE_LOCALE_COLLATE USE_LOCALE_CTYPE
                        USE_LOCALE_NUMERIC USE_PERLIO USE_PERL_ATOF
  Built under linux
  Compiled at May  7 2016 16:00:15
  %ENV:
    PERL5LIB="/home/cpansand/.cpan/build/2016092618/Sub-Mutate-0.007-6/blib/arch:/home/cpansand/.cpan/build/2016092618/Sub-Mutate-0.007-6/blib/lib:/home/cpansand/.cpan/build/2016092618/Sub-WhenBodied-0.000-6/blib/arch:/home/cpansand/.cpan/build/2016092618/Sub-WhenBodied-0.000-6/blib/lib:/home/cpansand/.cpan/build/2016092618/Sub-Metadata-0.001-6/blib/arch:/home/cpansand/.cpan/build/2016092618/Sub-Metadata-0.001-6/blib/lib:/home/cpansand/.cpan/build/2016092618/Scalar-Readonly-0.03-6/blib/arch:/home/cpansand/.cpan/build/2016092618/Scalar-Readonly-0.03-6/blib/lib:/home/cpansand/.cpan/build/2016092618/Attribute-Lexical-0.004-7/blib/arch:/home/cpansand/.cpan/build/2016092618/Attribute-Lexical-0.004-7/blib/lib"
    PERL5OPT=""
    PERL5_CPANPLUS_IS_RUNNING="15495"
    PERL5_CPAN_IS_RUNNING="15495"
    PERL5_CPAN_IS_RUNNING_IN_RECURSION="4083,15495"
    PERLDOC="-MPod::Perldoc::ToTextOverstrike"
    PERL_BATCH="yes"
    PERL_CANARY_STABILITY_NOPROMPT="1"
    PERL_CPAN_REPORTER_CONFIG="/run/user/1023/cpansmoker/2016092618/cpanreporter_002_config.ini"
    PERL_EXTUTILS_AUTOINSTALL="--defaultdeps"
    PERL_USE_UNSAFE_INC="1"
  @INC:
    /home/cpansand/.cpan/build/2016092618/Sub-Mutate-0.007-6/blib/arch
    /home/cpansand/.cpan/build/2016092618/Sub-Mutate-0.007-6/blib/lib
    /home/cpansand/.cpan/build/2016092618/Sub-WhenBodied-0.000-6/blib/arch
    /home/cpansand/.cpan/build/2016092618/Sub-WhenBodied-0.000-6/blib/lib
    /home/cpansand/.cpan/build/2016092618/Sub-Metadata-0.001-6/blib/arch
    /home/cpansand/.cpan/build/2016092618/Sub-Metadata-0.001-6/blib/lib
    /home/cpansand/.cpan/build/2016092618/Scalar-Readonly-0.03-6/blib/arch
    /home/cpansand/.cpan/build/2016092618/Scalar-Readonly-0.03-6/blib/lib
    /home/cpansand/.cpan/build/2016092618/Attribute-Lexical-0.004-7/blib/arch
    /home/cpansand/.cpan/build/2016092618/Attribute-Lexical-0.004-7/blib/lib
    /opt/perl-5.20.1/lib/site_perl/5.20.1/x86_64-linux
    /opt/perl-5.20.1/lib/site_perl/5.20.1
    /opt/perl-5.20.1/lib/5.20.1/x86_64-linux
    /opt/perl-5.20.1/lib/5.20.1
    .