Report for Froody-42.005

Back
From: metabase:user:9820532a-708b-1014-9a05-b18a96298da1
Subject: FAIL Froody-42.005 v5.15.6 GNU/Linux
Date: 2012-01-08T17:50:15Z

This distribution has been tested as part of the CPAN Testers
project, supporting the Perl programming language.  See
http://wiki.cpantesters.org/ for more information or email
questions to cpan-testers-discuss@perl.org


--
Dear Fotango Ltd,

This is a computer-generated report for Froody-42.005
on perl 5.15.6, created by CPAN-Reporter-1.2003.

Thank you for uploading your work to CPAN.  However, there was a problem
testing your distribution.

If you think this report is invalid, please consult the CPAN Testers Wiki
for suggestions on how to avoid getting FAIL reports for missing library
or binary dependencies, unsupported operating systems, and so on:

http://wiki.cpantesters.org/wiki/CPANAuthorNotes

Sections of this report:

    * Tester comments
    * Program output
    * Prerequisites
    * Environment and other context

------------------------------
TESTER COMMENTS
------------------------------

Additional comments from tester:

this report is from an automated smoke testing program
and was not reviewed by a human for accuracy

------------------------------
PROGRAM OUTPUT
------------------------------

Output from './Build test':

main::path_to_pkg() called too early to check prototype at t/000compile.t line 13.
t/000compile.t ...... ok
t/001pragmas.t ...... ok
t/003pod.t .......... ok
t/004uselib.t ....... ok
t/api.t ............. ok
t/complex_invoke.t .. ok
t/copy.t ............ ok

#   Failed test 'expected XML'
#   at t/dispatch.t line 44.
#          got: '<?xml version="1.0" encoding="utf-8"?>
# <rsp stat="ok">
#   <value>é</value>
# </rsp>
# '
#     expected: '<?xml version="1.0" encoding="utf-8"?>
# <rsp stat="ok">
#   <value>é</value>
# </rsp>
# '

#   Failed test 'expected XML'
#   at t/dispatch.t line 44.
#          got: '<?xml version="1.0" encoding="utf-8"?>
# <rsp stat="ok">
#   <value>≤</value>
# </rsp>
# '
#     expected: '<?xml version="1.0" encoding="utf-8"?>
# <rsp stat="ok">
#   <value>≤</value>
# </rsp>
# '
froody.invoke.nosuchmethod - Method 'y.y.y' not found:
  Method 'y.y.y' not found at /home/bri/.cpan/build/Froody-42.005-ZHNCcK/blib/lib/Froody/Repository.pm line 137
  	Froody::Repository::get_method() called at /home/bri/.cpan/build/Froody-42.005-ZHNCcK/blib/lib/Froody/Dispatch.pm line 223
  	eval {...} called at /home/bri/.cpan/build/Froody-42.005-ZHNCcK/blib/lib/Froody/Dispatch.pm line 211
  	Froody::Dispatch::dispatch() called at /home/bri/.cpan/build/Froody-42.005-ZHNCcK/blib/lib/Froody/Dispatch.pm line 334
  	Froody::Dispatch::call() called at t/dispatch.t line 53
  	Test::Exception::throws_ok() called at t/dispatch.t line 54
froody.invoke.nosuchmethod - Method 'y.y.y' not found:
  Method 'y.y.y' not found at /home/bri/.cpan/build/Froody-42.005-ZHNCcK/blib/lib/Froody/Repository.pm line 137
  	Froody::Repository::get_method() called at /home/bri/.cpan/build/Froody-42.005-ZHNCcK/blib/lib/Froody/Dispatch.pm line 223
  	eval {...} called at /home/bri/.cpan/build/Froody-42.005-ZHNCcK/blib/lib/Froody/Dispatch.pm line 211
  	Froody::Dispatch::dispatch() called at t/dispatch.t line 57
  	Test::Exception::throws_ok() called at t/dispatch.t line 58
An error occurred while executing "foo.test.haltandcatchfire": test.error - I'm on fire:
  I'm on fire at t/lib/DTest/Test.pm line 24
  	DTest::Test::haltandcatchfire() called at /home/bri/.cpan/build/Froody-42.005-ZHNCcK/blib/lib/Froody/Invoker/Implementation.pm line 42
  	eval {...} called at /home/bri/.cpan/build/Froody-42.005-ZHNCcK/blib/lib/Froody/Invoker/Implementation.pm line 37
  	Froody::Invoker::Implementation::invoke() called at /home/bri/.cpan/build/Froody-42.005-ZHNCcK/blib/lib/Froody/Method.pm line 74
  	Froody::Method::call() called at /home/bri/.cpan/build/Froody-42.005-ZHNCcK/blib/lib/Froody/Dispatch.pm line 224
  	eval {...} called at /home/bri/.cpan/build/Froody-42.005-ZHNCcK/blib/lib/Froody/Dispatch.pm line 211
  	Froody::Dispatch::dispatch() called at /home/bri/.cpan/build/Froody-42.005-ZHNCcK/blib/lib/Froody/Dispatch.pm line 334
  	Froody::Dispatch::call() called at t/dispatch.t line 72
  	Test::Exception::throws_ok() called at t/dispatch.t line 73
 at t/dispatch.t line 72
# 2 tests of 19 failed.
t/dispatch.t ........ 
Dubious, test returned 2 (wstat 512, 0x200)
Failed 2/19 subtests 
t/err_isa.t ......... ok
t/error.t ........... ok
Use of uninitialized value in subroutine entry at /home/bri/perl5/perlbrew/perls/perl-5.15.6-ld/lib/site_perl/5.15.6/i686-linux-ld/XML/LibXML.pm line 1544, <DATA> line 16.
Use of uninitialized value in subroutine entry at /home/bri/perl5/perlbrew/perls/perl-5.15.6-ld/lib/site_perl/5.15.6/i686-linux-ld/XML/LibXML.pm line 1544, <DATA> line 16.
Use of uninitialized value in subroutine entry at /home/bri/perl5/perlbrew/perls/perl-5.15.6-ld/lib/site_perl/5.15.6/i686-linux-ld/XML/LibXML.pm line 1544, <DATA> line 16.
Use of uninitialized value in subroutine entry at /home/bri/perl5/perlbrew/perls/perl-5.15.6-ld/lib/site_perl/5.15.6/i686-linux-ld/XML/LibXML.pm line 1544, <DATA> line 16.
Use of uninitialized value in subroutine entry at /home/bri/perl5/perlbrew/perls/perl-5.15.6-ld/lib/site_perl/5.15.6/i686-linux-ld/XML/LibXML.pm line 1544, <DATA> line 16.
Use of uninitialized value in subroutine entry at /home/bri/perl5/perlbrew/perls/perl-5.15.6-ld/lib/site_perl/5.15.6/i686-linux-ld/XML/LibXML.pm line 1544, <DATA> line 16.
Use of uninitialized value in subroutine entry at /home/bri/perl5/perlbrew/perls/perl-5.15.6-ld/lib/site_perl/5.15.6/i686-linux-ld/XML/LibXML.pm line 1544, <DATA> line 16.
Use of uninitialized value in subroutine entry at /home/bri/perl5/perlbrew/perls/perl-5.15.6-ld/lib/site_perl/5.15.6/i686-linux-ld/XML/LibXML.pm line 1544, <DATA> line 16.
Use of uninitialized value in subroutine entry at /home/bri/perl5/perlbrew/perls/perl-5.15.6-ld/lib/site_perl/5.15.6/i686-linux-ld/XML/LibXML.pm line 1544, <DATA> line 16.

#   Failed test 'We get the right answer back.'
#   at t/high-level.t line 60.
#          got: 'é'
#     expected: 'é'
froody.invoke.nosuchmethod - Method 'foo.foo.bar' not found:
  Method 'foo.foo.bar' not found at /home/bri/.cpan/build/Froody-42.005-ZHNCcK/blib/lib/Froody/Repository.pm line 137
  	Froody::Repository::get_method() called at /home/bri/.cpan/build/Froody-42.005-ZHNCcK/blib/lib/Froody/Dispatch.pm line 223
  	eval {...} called at /home/bri/.cpan/build/Froody-42.005-ZHNCcK/blib/lib/Froody/Dispatch.pm line 211
  	Froody::Dispatch::dispatch() called at /home/bri/.cpan/build/Froody-42.005-ZHNCcK/blib/lib/Froody/Dispatch.pm line 334
  	Froody::Dispatch::call() called at t/high-level.t line 69
  	Test::Exception::throws_ok() called at t/high-level.t line 70
An error occurred while executing "foo.test.haltandcatchfire": test.error - I'm on fire:
  I'm on fire at t/lib/DTest/Test.pm line 24, <DATA> line 16
  	DTest::Test::haltandcatchfire('Froody::Invoker::Implementation=HASH(0xa13c5c8)', 'HASH(0xa104fc0)') called at /home/bri/.cpan/build/Froody-42.005-ZHNCcK/blib/lib/Froody/Invoker/Implementation.pm line 42
  	eval {...} called at /home/bri/.cpan/build/Froody-42.005-ZHNCcK/blib/lib/Froody/Invoker/Implementation.pm line 37
  	Froody::Invoker::Implementation::invoke('Froody::Invoker::Implementation=HASH(0xa13c5c8)', 'Froody::Method=HASH(0xa13ddb8)', 'HASH(0xa104fc0)') called at /home/bri/.cpan/build/Froody-42.005-ZHNCcK/blib/lib/Froody/Method.pm line 74
  	Froody::Method::call('Froody::Method=HASH(0xa13ddb8)', 'HASH(0xa104fc0)') called at /home/bri/.cpan/build/Froody-42.005-ZHNCcK/blib/lib/Froody/Dispatch.pm line 224
  	eval {...} called at /home/bri/.cpan/build/Froody-42.005-ZHNCcK/blib/lib/Froody/Dispatch.pm line 211
  	Froody::Dispatch::dispatch('Froody::Dispatch=HASH(0xa121ec0)', 'method', 'foo.test.haltandcatchfire', 'params', 'HASH(0xa104fc0)') called at /home/bri/.cpan/build/Froody-42.005-ZHNCcK/blib/lib/Froody/Server/Standalone.pm line 48
  	Froody::Server::Standalone::handle_request('Froody::Server::Standalone=HASH(0x9868c70)', 'CGI=HASH(0xa13b998)') called at /home/bri/perl5/perlbrew/perls/perl-5.15.6-ld/lib/site_perl/5.15.6/HTTP/Server/Simple/CGI.pm line 154
  	eval {...} called at /home/bri/perl5/perlbrew/perls/perl-5.15.6-ld/lib/site_perl/5.15.6/HTTP/Server/Simple/CGI.pm line 154
  	HTTP::Server::Simple::CGI::handler('Froody::Server::Standalone=HASH(0x9868c70)') called at /home/bri/perl5/perlbrew/perls/perl-5.15.6-ld/lib/site_perl/5.15.6/HTTP/Server/Simple.pm line 402
  	HTTP::Server::Simple::__ANON__('Froody::Server::Standalone::NetServer0') called at /home/bri/perl5/perlbrew/perls/perl-5.15.6-ld/lib/site_perl/5.15.6/HTTP/Server/Simple.pm line 307
  	HTTP::Server::Simple::__ANON__('Froody::Server::Standalone::NetServer0', 'port', 32050) called at /home/bri/perl5/perlbrew/perls/perl-5.15.6-ld/lib/site_perl/5.15.6/HTTP/Server/Simple.pm line 271
  	HTTP::Server::Simple::run('Froody::Server::Standalone=HASH(0x9868c70)') called at t/high-level.t line 41
 at /home/bri/.cpan/build/Froody-42.005-ZHNCcK/blib/lib/Froody/Server/Standalone.pm line 48
# 1 test of 12 failed.
t/high-level.t ...... 
Dubious, test returned 1 (wstat 256, 0x100)
Failed 1/12 subtests 
t/implementation.t .. ok
t/inv_rem.t ......... ok
t/meta_err.t ........ ok
t/method.t .......... ok
t/method_basic.t .... ok
t/reflection.t ...... ok
Use of uninitialized value in subroutine entry at /home/bri/perl5/perlbrew/perls/perl-5.15.6-ld/lib/site_perl/5.15.6/i686-linux-ld/XML/LibXML.pm line 1544.
t/reflection2.t ..... ok
t/repos.t ........... ok
t/rsp_basic.t ....... ok
t/rsp_convert.t ..... ok
t/rsp_err.t ......... ok
error : string is not in UTF-8
encoding error : output conversion failed due to conv error, bytes 0xE9 0x6F 0x6E 0x3D
I/O error : encoder error
t/rsp_perlds.t ...... ok

#   Failed test 'Boney's fine'
#   at t/rsp_terse.t line 91.
Undefined subroutine &main::Dump called at t/rsp_terse.t line 91.
# 1 test of 9 failed.
# Looks like your test exited with 255 just after 9.
t/rsp_terse.t ....... 
Dubious, test returned 255 (wstat 65280, 0xff00)
Failed 1/9 subtests 

#   Failed test 'contains right thing'
#   at t/rsp_xml.t line 32.
#                   '<?xml version="1.0" encoding="utf-8"?>
# <rsp stat="ok"><foo>Léon</foo></rsp>
# '
#     doesn't match '(?^:<foo>L\x{c3}\x{a9}on</foo>)'
# 1 test of 4 failed.
t/rsp_xml.t ......... 
Dubious, test returned 1 (wstat 256, 0x100)
Failed 1/4 subtests 
t/structure.t ....... ok
t/t.t ............... ok
t/xml.t ............. ok

Test Summary Report
-------------------
t/dispatch.t      (Wstat: 512 Tests: 19 Failed: 2)
  Failed tests:  5, 9
  Non-zero exit status: 2
t/high-level.t    (Wstat: 256 Tests: 12 Failed: 1)
  Failed test:  5
  Non-zero exit status: 1
t/rsp_terse.t     (Wstat: 65280 Tests: 9 Failed: 1)
  Failed test:  9
  Non-zero exit status: 255
t/rsp_xml.t       (Wstat: 256 Tests: 4 Failed: 1)
  Failed test:  3
  Non-zero exit status: 1
Files=28, Tests=825, 17 wallclock secs ( 0.25 usr  0.03 sys + 11.32 cusr  1.00 csys = 12.60 CPU)
Result: FAIL
Failed 4/28 test programs. 5/825 subtests failed.

------------------------------
PREREQUISITES
------------------------------

Prerequisite modules loaded:

requires:

    Module                   Need  Have        
    ------------------------ ----- ------------
    Class::Accessor          0     0.34        
    Class::Accessor::Chained 0     0.01        
    Error                    0.15  0.17016     
    File::Spec               0     3.33        
    HTTP::Request::Common    0     6.00        
    HTTP::Server::Simple     0     0.45_02     
    List::MoreUtils          0     0.33        
    LWP::Simple              0     6.00        
    LWP::UserAgent           0     6.03        
    Params::Validate         0     1.00        
    perl                     5.008 5.015006    
    UNIVERSAL::require       0     0.13        
    XML::LibXML              0     1.89        
    YAML                     0     0.78        

build_requires:

    Module                   Need  Have        
    ------------------------ ----- ------------
    File::Find::Rule         0     0.33        
    Test::Differences        0     0.61        
    Test::Exception          0     0.31        
    Test::More               0     1.005000_002
    Test::XML                0     0.08        


------------------------------
ENVIRONMENT AND OTHER CONTEXT
------------------------------

Environment variables:

    AUTOMATED_TESTING = 1
    LANG = C
    LANGUAGE = en_GB:en
    LC_ALL = C
    MANPATH_WITHOUT_PERLBREW = 
    PATH = /home/bri/bin:/home/bri/perl5/perlbrew/bin:/home/bri/perl5/perlbrew/perls/perl-5.15.6-ld/bin:~/bin:/usr/local/sbin:/usr/local/bin:/usr/sbin:/usr/bin:/sbin:/bin:/usr/games
    PATH_WITHOUT_PERLBREW = ~/bin:/usr/local/sbin:/usr/local/bin:/usr/sbin:/usr/bin:/sbin:/bin:/usr/games
    PERL5LIB = 
    PERL5OPT = 
    PERL5_CPANPLUS_IS_RUNNING = 9907
    PERL5_CPAN_IS_RUNNING = 9907
    PERL5_CPAN_IS_RUNNING_IN_RECURSION = 2080,9907
    PERLBREW_BASHRC_VERSION = 0.39
    PERLBREW_HOME = /home/bri/.perlbrew
    PERLBREW_MANPATH = /home/bri/perl5/perlbrew/perls/perl-5.15.6-ld/man
    PERLBREW_PATH = /home/bri/perl5/perlbrew/bin:/home/bri/perl5/perlbrew/perls/perl-5.15.6-ld/bin
    PERLBREW_PERL = perl-5.15.6-ld
    PERLBREW_ROOT = /home/bri/perl5/perlbrew
    PERLBREW_VERSION = 0.39
    PERL_CPANM_OPT = --prompt --mirror http://172.16.1.3/cpan/
    PERL_CR_SMOKER_CURRENT = Froody-42.005
    PERL_EXTUTILS_AUTOINSTALL = --defaultdeps
    PERL_MM_USE_DEFAULT = 1
    SHELL = /bin/bash
    TERM = linux

Perl special variables (and OS-specific diagnostics, for MSWin32):

    $^X = /home/bri/perl5/perlbrew/perls/perl-5.15.6-ld/bin/perl5.15.6
    $UID/$EUID = 1000 / 1000
    $GID = 1000 4 20 24 46 112 120 122 1000
    $EGID = 1000 4 20 24 46 112 120 122 1000

Perl module toolchain versions installed:

    Module              Have        
    ------------------- ------------
    CPAN                1.9800      
    CPAN::Meta          2.113640    
    Cwd                 3.33        
    ExtUtils::CBuilder  0.280205    
    ExtUtils::Command   1.17        
    ExtUtils::Install   1.52        
    ExtUtils::MakeMaker 6.62        
    ExtUtils::Manifest  1.60        
    ExtUtils::ParseXS   3.11        
    File::Spec          3.33        
    JSON                2.53        
    JSON::PP            2.27008     
    Module::Build       0.39_01     
    Module::Signature   0.68        
    Parse::CPAN::Meta   1.4401      
    Test::Harness       3.23        
    Test::More          1.005000_002
    YAML                0.78        
    YAML::Syck          1.19        
    version             0.95        


--

Summary of my perl5 (revision 5 version 15 subversion 6) configuration:
   
  Platform:
    osname=linux, osvers=2.6.38-11-generic, archname=i686-linux-ld
    uname='linux lappy 2.6.38-11-generic #48-ubuntu smp fri jul 29 19:05:14 utc 2011 i686 i686 i386 gnulinux '
    config_args='-de -Dprefix=/home/bri/perl5/perlbrew/perls/perl-5.15.6-ld -Duselongdouble -Dusedevel'
    hint=recommended, useposix=true, d_sigaction=define
    useithreads=undef, usemultiplicity=undef
    useperlio=define, d_sfio=undef, uselargefiles=define, usesocks=undef
    use64bitint=undef, use64bitall=undef, uselongdouble=define
    usemymalloc=n, bincompat5005=undef
  Compiler:
    cc='cc', ccflags ='-fno-strict-aliasing -pipe -fstack-protector -I/usr/local/include -D_LARGEFILE_SOURCE -D_FILE_OFFSET_BITS=64',
    optimize='-O2',
    cppflags='-fno-strict-aliasing -pipe -fstack-protector -I/usr/local/include'
    ccversion='', gccversion='4.5.2', gccosandvers=''
    intsize=4, longsize=4, ptrsize=4, doublesize=8, byteorder=1234
    d_longlong=define, longlongsize=8, d_longdbl=define, longdblsize=12
    ivtype='long', ivsize=4, nvtype='long double', nvsize=12, Off_t='off_t', lseeksize=8
    alignbytes=4, prototype=define
  Linker and Libraries:
    ld='cc', ldflags =' -fstack-protector -L/usr/local/lib'
    libpth=/usr/local/lib /lib /usr/lib /usr/lib/i386-linux-gnu /usr/lib64
    libs=-lnsl -ldl -lm -lcrypt -lutil -lc
    perllibs=-lnsl -ldl -lm -lcrypt -lutil -lc
    libc=, so=so, useshrplib=false, libperl=libperl.a
    gnulibc_version='2.13'
  Dynamic Linking:
    dlsrc=dl_dlopen.xs, dlext=so, d_dlsymun=undef, ccdlflags='-Wl,-E'
    cccdlflags='-fPIC', lddlflags='-shared -O2 -L/usr/local/lib -fstack-protector'


Characteristics of this binary (from libperl): 
  Compile-time options: HAS_TIMES PERLIO_LAYERS PERL_DONT_CREATE_GVSV
                        PERL_MALLOC_WRAP PERL_PRESERVE_IVUV PERL_USE_DEVEL
                        USE_LARGE_FILES USE_LOCALE USE_LOCALE_COLLATE
                        USE_LOCALE_CTYPE USE_LOCALE_NUMERIC USE_LONG_DOUBLE
                        USE_PERLIO USE_PERL_ATOF
  Built under linux
  Compiled at Dec 30 2011 13:19:33
  %ENV:
    PERL5LIB=""
    PERL5OPT=""
    PERL5_CPANPLUS_IS_RUNNING="9907"
    PERL5_CPAN_IS_RUNNING="9907"
    PERL5_CPAN_IS_RUNNING_IN_RECURSION="2080,9907"
    PERLBREW_BASHRC_VERSION="0.39"
    PERLBREW_HOME="/home/bri/.perlbrew"
    PERLBREW_MANPATH="/home/bri/perl5/perlbrew/perls/perl-5.15.6-ld/man"
    PERLBREW_PATH="/home/bri/perl5/perlbrew/bin:/home/bri/perl5/perlbrew/perls/perl-5.15.6-ld/bin"
    PERLBREW_PERL="perl-5.15.6-ld"
    PERLBREW_ROOT="/home/bri/perl5/perlbrew"
    PERLBREW_VERSION="0.39"
    PERL_CPANM_OPT="--prompt --mirror http://172.16.1.3/cpan/"
    PERL_CR_SMOKER_CURRENT="Froody-42.005"
    PERL_EXTUTILS_AUTOINSTALL="--defaultdeps"
    PERL_MM_USE_DEFAULT="1"
  @INC:
    /home/bri/perl5/perlbrew/perls/perl-5.15.6-ld/lib/site_perl/5.15.6/i686-linux-ld
    /home/bri/perl5/perlbrew/perls/perl-5.15.6-ld/lib/site_perl/5.15.6
    /home/bri/perl5/perlbrew/perls/perl-5.15.6-ld/lib/5.15.6/i686-linux-ld
    /home/bri/perl5/perlbrew/perls/perl-5.15.6-ld/lib/5.15.6
    .