Report for Class-DBI-Sweet-0.08

Back
From: metabase:user:30977d10-2aae-11df-837a-5e0a49663a4f
Subject: FAIL Class-DBI-Sweet-0.08 v5.13.11 GNU/Linux
Date: 2011-04-01T07:32:38Z

This distribution has been tested as part of the CPAN Testers
project, supporting the Perl programming language.  See
http://wiki.cpantesters.org/ for more information or email
questions to cpan-testers-discuss@perl.org


--
Dear Marcus Ramberg,

This is a computer-generated report for Class-DBI-Sweet-0.08
on perl 5.13.11, created by CPAN-Reporter-1.1902.

Thank you for uploading your work to CPAN.  However, there was a problem
testing your distribution.

If you think this report is invalid, please consult the CPAN Testers Wiki
for suggestions on how to avoid getting FAIL reports for missing library
or binary dependencies, unsupported operating systems, and so on:

http://wiki.cpantesters.org/wiki/CPANAuthorNotes

Sections of this report:

    * Tester comments
    * Program output
    * Prerequisites
    * Environment and other context

------------------------------
TESTER COMMENTS
------------------------------

Additional comments from tester:

this report is from an automated smoke testing program
and was not reviewed by a human for accuracy

------------------------------
PROGRAM OUTPUT
------------------------------

Output from './Build test':

t/01use.t ................................ ok
t/02pod.t ................................ skipped: set TEST_POD to enable this test
t/03podcoverage.t ........................ skipped: set TEST_POD to enable this test
Can't use string ("5/8") as a HASH ref while "strict refs" in use at /home/stro/cpan/build/5.13.11/Class-DBI-Sweet-0.08-U03LQ2/blib/lib/Class/DBI/Sweet.pm line 309.
# Looks like you planned 17 tests but ran 1.
# Looks like your test exited with 255 just after 1.
t/04join.t ............................... 
Dubious, test returned 255 (wstat 65280, 0xff00)
Failed 16/17 subtests 
Can't use string ("4/8") as a HASH ref while "strict refs" in use at /home/stro/cpan/build/5.13.11/Class-DBI-Sweet-0.08-U03LQ2/blib/lib/Class/DBI/Sweet.pm line 126.
# Looks like you planned 5 tests but ran 1.
# Looks like your test exited with 255 just after 1.
t/05count.t .............................. 
Dubious, test returned 255 (wstat 65280, 0xff00)
Failed 4/5 subtests 
Can't use string ("4/8") as a HASH ref while "strict refs" in use at /home/stro/cpan/build/5.13.11/Class-DBI-Sweet-0.08-U03LQ2/blib/lib/Class/DBI/Sweet.pm line 212.
# Looks like you planned 31 tests but ran 1.
# Looks like your test exited with 255 just after 1.
t/06object_cache.t ....................... 
Dubious, test returned 255 (wstat 65280, 0xff00)
Failed 30/31 subtests 
Can't use string ("4/8") as a HASH ref while "strict refs" in use at /home/stro/cpan/build/5.13.11/Class-DBI-Sweet-0.08-U03LQ2/blib/lib/Class/DBI/Sweet.pm line 212.
# Looks like you planned 7 tests but ran 1.
# Looks like your test exited with 25 just after 1.
t/07prefetch.t ........................... 
Dubious, test returned 25 (wstat 6400, 0x1900)
Failed 6/7 subtests 
Can't use string ("4/8") as a HASH ref while "strict refs" in use at /home/stro/cpan/build/5.13.11/Class-DBI-Sweet-0.08-U03LQ2/blib/lib/Class/DBI/Sweet.pm line 126.
# Looks like you planned 10 tests but ran 1.
# Looks like your test exited with 255 just after 1.
t/08pager.t .............................. 
Dubious, test returned 255 (wstat 65280, 0xff00)
Failed 9/10 subtests 
t/09sequence.t ........................... ok
t/cdbi-t-ocache/01-columns.t ............. ok
t/cdbi-t-ocache/03-subclassing.t ......... ok
t/cdbi-t-ocache/05-Query.t ............... ok
t/cdbi-t-ocache/06-hasa.t ................ ok
t/cdbi-t-ocache/08-inheritcols.t ......... ok
t/cdbi-t-ocache/09-has_many.t ............ ok
t/cdbi-t-ocache/10-mysql.t ............... skipped: Need MySQL for this test
mutiple trigger registration in one add_trigger() call is deprecated. at /home/stro/perl/perl51311/lib/site_perl/5.13.11/Class/DBI.pm line 1019
# Looks like your test exited with 255 before it could output anything.
t/cdbi-t-ocache/11-triggers.t ............ 
Dubious, test returned 255 (wstat 65280, 0xff00)
Failed 13/13 subtests 
t/cdbi-t-ocache/12-filter.t .............. ok
t/cdbi-t-ocache/13-constraint.t .......... ok
t/cdbi-t-ocache/14-might_have.t .......... ok
t/cdbi-t-ocache/16-reserved.t ............ ok
t/cdbi-t-ocache/17-data_type.t ........... skipped: needs DBD::Pg for testing
Name "Ima::DBI::st::execute" used only once: possible typo at t/cdbi-t-ocache/18-has_a.t line 44.
t/cdbi-t-ocache/18-has_a.t ............... ok
t/cdbi-t-ocache/19-set_sql.t ............. ok
t/cdbi-t-ocache/21-iterator.t ............ ok
t/cdbi-t-ocache/22-deflate_order.t ....... skipped: Need MySQL for this test
t/cdbi-t-ocache/23-cascade.t ............. ok
t/cdbi-t-ocache/24-meta_info.t ........... ok
t/cdbi-t-ocache/25-closures_in_meta.t .... skipped: Need MySQL for this test
t/cdbi-t-ocache/97-pod.t ................. ok
t/cdbi-t-ocache/98-failure.t ............. ok
Use of uninitialized value $name in lc at /home/stro/perl/perl51311/lib/site_perl/5.13.11/Class/DBI/ColumnGrouper.pm line 91.
t/cdbi-t-ocache/99-misc.t ................ ok
t/cdbi-t-rescache/01-columns.t ........... ok
t/cdbi-t-rescache/03-subclassing.t ....... ok
t/cdbi-t-rescache/05-Query.t ............. ok
t/cdbi-t-rescache/06-hasa.t .............. ok
t/cdbi-t-rescache/08-inheritcols.t ....... ok
t/cdbi-t-rescache/09-has_many.t .......... ok
t/cdbi-t-rescache/10-mysql.t ............. skipped: Need MySQL for this test
mutiple trigger registration in one add_trigger() call is deprecated. at /home/stro/perl/perl51311/lib/site_perl/5.13.11/Class/DBI.pm line 1019
# Looks like your test exited with 255 before it could output anything.
t/cdbi-t-rescache/11-triggers.t .......... 
Dubious, test returned 255 (wstat 65280, 0xff00)
Failed 13/13 subtests 
t/cdbi-t-rescache/12-filter.t ............ ok
t/cdbi-t-rescache/13-constraint.t ........ ok
t/cdbi-t-rescache/14-might_have.t ........ ok
t/cdbi-t-rescache/16-reserved.t .......... ok
t/cdbi-t-rescache/17-data_type.t ......... skipped: needs DBD::Pg for testing
Name "Ima::DBI::st::execute" used only once: possible typo at t/cdbi-t-rescache/18-has_a.t line 44.
t/cdbi-t-rescache/18-has_a.t ............. ok
t/cdbi-t-rescache/19-set_sql.t ........... ok
t/cdbi-t-rescache/21-iterator.t .......... ok
t/cdbi-t-rescache/22-deflate_order.t ..... skipped: Need MySQL for this test
t/cdbi-t-rescache/23-cascade.t ........... ok
t/cdbi-t-rescache/24-meta_info.t ......... ok
t/cdbi-t-rescache/25-closures_in_meta.t .. skipped: Need MySQL for this test
t/cdbi-t-rescache/97-pod.t ............... ok
t/cdbi-t-rescache/98-failure.t ........... ok
Use of uninitialized value $name in lc at /home/stro/perl/perl51311/lib/site_perl/5.13.11/Class/DBI/ColumnGrouper.pm line 91.
t/cdbi-t-rescache/99-misc.t .............. ok
t/cdbi-t/01-columns.t .................... ok
t/cdbi-t/02-Film.t ....................... ok
t/cdbi-t/03-subclassing.t ................ ok
t/cdbi-t/04-lazy.t ....................... ok
t/cdbi-t/05-Query.t ...................... ok
t/cdbi-t/06-hasa.t ....................... ok
t/cdbi-t/08-inheritcols.t ................ ok
t/cdbi-t/09-has_many.t ................... ok
t/cdbi-t/10-mysql.t ...................... skipped: Need MySQL for this test
mutiple trigger registration in one add_trigger() call is deprecated. at /home/stro/perl/perl51311/lib/site_perl/5.13.11/Class/DBI.pm line 1019
# Looks like your test exited with 255 before it could output anything.
t/cdbi-t/11-triggers.t ................... 
Dubious, test returned 255 (wstat 65280, 0xff00)
Failed 13/13 subtests 
t/cdbi-t/12-filter.t ..................... ok
t/cdbi-t/13-constraint.t ................. ok
t/cdbi-t/14-might_have.t ................. ok
t/cdbi-t/17-data_type.t .................. skipped: needs DBD::Pg for testing
Name "Ima::DBI::st::execute" used only once: possible typo at t/cdbi-t/18-has_a.t line 38.
t/cdbi-t/18-has_a.t ...................... ok
t/cdbi-t/19-set_sql.t .................... ok
t/cdbi-t/21-iterator.t ................... ok
t/cdbi-t/22-deflate_order.t .............. skipped: Need MySQL for this test
t/cdbi-t/23-cascade.t .................... ok
t/cdbi-t/24-meta_info.t .................. ok
t/cdbi-t/25-closures_in_meta.t ........... skipped: Need MySQL for this test
t/cdbi-t/97-pod.t ........................ ok
t/cdbi-t/98-failure.t .................... ok
Use of uninitialized value $name in lc at /home/stro/perl/perl51311/lib/site_perl/5.13.11/Class/DBI/ColumnGrouper.pm line 91.
t/cdbi-t/99-misc.t ....................... ok

Test Summary Report
-------------------
t/04join.t                             (Wstat: 65280 Tests: 1 Failed: 0)
  Non-zero exit status: 255
  Parse errors: Bad plan.  You planned 17 tests but ran 1.
t/05count.t                            (Wstat: 65280 Tests: 1 Failed: 0)
  Non-zero exit status: 255
  Parse errors: Bad plan.  You planned 5 tests but ran 1.
t/06object_cache.t                     (Wstat: 65280 Tests: 1 Failed: 0)
  Non-zero exit status: 255
  Parse errors: Bad plan.  You planned 31 tests but ran 1.
t/07prefetch.t                         (Wstat: 6400 Tests: 1 Failed: 0)
  Non-zero exit status: 25
  Parse errors: Bad plan.  You planned 7 tests but ran 1.
t/08pager.t                            (Wstat: 65280 Tests: 1 Failed: 0)
  Non-zero exit status: 255
  Parse errors: Bad plan.  You planned 10 tests but ran 1.
t/cdbi-t-ocache/11-triggers.t          (Wstat: 65280 Tests: 0 Failed: 0)
  Non-zero exit status: 255
  Parse errors: Bad plan.  You planned 13 tests but ran 0.
t/cdbi-t-rescache/11-triggers.t        (Wstat: 65280 Tests: 0 Failed: 0)
  Non-zero exit status: 255
  Parse errors: Bad plan.  You planned 13 tests but ran 0.
t/cdbi-t/11-triggers.t                 (Wstat: 65280 Tests: 0 Failed: 0)
  Non-zero exit status: 255
  Parse errors: Bad plan.  You planned 13 tests but ran 0.
Files=79, Tests=1176, 188 wallclock secs ( 0.67 usr  0.84 sys + 11.44 cusr  3.42 csys = 16.37 CPU)
Result: FAIL
Failed 8/79 test programs. 0/1176 subtests failed.

------------------------------
PREREQUISITES
------------------------------

Prerequisite modules loaded:

requires:

    Module        Need    Have  
    ------------- ------- ------
    Class::DBI    v3.0.12 3.0.17
    Data::Page    0       2.02  
    DBD::SQLite   1.08    1.31  
    DBI           0       1.616 
    List::Util    0       1.23  
    SQL::Abstract 1.17    1.72  


------------------------------
ENVIRONMENT AND OTHER CONTEXT
------------------------------

Environment variables:

    AUTOMATED_TESTING = 1
    LANG = en_US.UTF-8
    PATH = /usr/local/bin:/usr/bin:/bin:/usr/games
    PERL5LIB = 
    PERL5OPT = 
    PERL5_CPANPLUS_IS_RUNNING = 2174
    PERL5_CPAN_IS_RUNNING = 2174
    PERL5_CPAN_IS_RUNNING_IN_RECURSION = 3367,2174
    PERL_CR_SMOKER_CURRENT = Class-DBI-Sweet-0.08
    PERL_EXTUTILS_AUTOINSTALL = --defaultdeps
    PERL_MM_USE_DEFAULT = 1
    SHELL = /bin/bash
    TERM = xterm

Perl special variables (and OS-specific diagnostics, for MSWin32):

    $^X = /home/stro/perl/perl51311/bin/perl
    $UID/$EUID = 1000 / 1000
    $GID = 1000 20 24 25 29 44 46 1000
    $EGID = 1000 20 24 25 29 44 46 1000

Perl module toolchain versions installed:

    Module              Have    
    ------------------- --------
    CPAN                1.9600  
    Cwd                 3.36    
    ExtUtils::CBuilder  0.280202
    ExtUtils::Command   1.17    
    ExtUtils::Install   1.56    
    ExtUtils::MakeMaker 6.57_05 
    ExtUtils::Manifest  1.58    
    ExtUtils::ParseXS   2.2209  
    File::Spec          3.33    
    Module::Build       0.3800  
    Module::Signature   0.66    
    Test::Harness       3.23    
    Test::More          0.98    
    YAML                n/a     
    YAML::Syck          1.17    
    version             0.88    


--

Summary of my perl5 (revision 5 version 13 subversion 11) configuration:
   
  Platform:
    osname=linux, osvers=2.6.26-2-686, archname=i686-linux
    uname='linux debian5 2.6.26-2-686 #1 smp thu nov 25 01:53:57 utc 2010 i686 gnulinux '
    config_args=''
    hint=recommended, useposix=true, d_sigaction=define
    useithreads=undef, usemultiplicity=undef
    useperlio=define, d_sfio=undef, uselargefiles=define, usesocks=undef
    use64bitint=undef, use64bitall=undef, uselongdouble=undef
    usemymalloc=n, bincompat5005=undef
  Compiler:
    cc='cc', ccflags ='-fno-strict-aliasing -pipe -fstack-protector -I/usr/local/include -D_LARGEFILE_SOURCE -D_FILE_OFFSET_BITS=64',
    optimize='-O2',
    cppflags='-fno-strict-aliasing -pipe -fstack-protector -I/usr/local/include'
    ccversion='', gccversion='4.3.2', gccosandvers=''
    intsize=4, longsize=4, ptrsize=4, doublesize=8, byteorder=1234
    d_longlong=define, longlongsize=8, d_longdbl=define, longdblsize=12
    ivtype='long', ivsize=4, nvtype='double', nvsize=8, Off_t='off_t', lseeksize=8
    alignbytes=4, prototype=define
  Linker and Libraries:
    ld='cc', ldflags =' -fstack-protector -L/usr/local/lib'
    libpth=/usr/local/lib /lib /usr/lib
    libs=-lnsl -ldl -lm -lcrypt -lutil -lc
    perllibs=-lnsl -ldl -lm -lcrypt -lutil -lc
    libc=/lib/libc-2.7.so, so=so, useshrplib=false, libperl=libperl.a
    gnulibc_version='2.7'
  Dynamic Linking:
    dlsrc=dl_dlopen.xs, dlext=so, d_dlsymun=undef, ccdlflags='-Wl,-E'
    cccdlflags='-fPIC', lddlflags='-shared -O2 -L/usr/local/lib -fstack-protector'


Characteristics of this binary (from libperl): 
  Compile-time options: PERL_DONT_CREATE_GVSV PERL_MALLOC_WRAP
                        PERL_PRESERVE_IVUV USE_LARGE_FILES USE_PERLIO
                        USE_PERL_ATOF
  Built under linux
  Compiled at Mar 28 2011 15:28:52
  %ENV:
    PERL5LIB=""
    PERL5OPT=""
    PERL5_CPANPLUS_IS_RUNNING="2174"
    PERL5_CPAN_IS_RUNNING="2174"
    PERL5_CPAN_IS_RUNNING_IN_RECURSION="3367,2174"
    PERL_CR_SMOKER_CURRENT="Class-DBI-Sweet-0.08"
    PERL_EXTUTILS_AUTOINSTALL="--defaultdeps"
    PERL_MM_USE_DEFAULT="1"
  @INC:
    /home/stro/perl/perl51311/lib/site_perl/5.13.11/i686-linux
    /home/stro/perl/perl51311/lib/site_perl/5.13.11
    /home/stro/perl/perl51311/lib/5.13.11/i686-linux
    /home/stro/perl/perl51311/lib/5.13.11
    .