Back
From: metabase:user:30f4dfbe-2aae-11df-837a-5e0a49663a4f
Subject: FAIL Sub-Context-1.00 v5.10.0 Mac OS X
Date: 2011-07-21T10:14:29Z
This distribution has been tested as part of the CPAN Testers
project, supporting the Perl programming language. See
http://wiki.cpantesters.org/ for more information or email
questions to cpan-testers-discuss@perl.org
--
Dear chromatic,
This is a computer-generated report for Sub-Context-1.00
on perl 5.10.0, created by CPAN-Reporter-1.1902.
Thank you for uploading your work to CPAN. However, there was a problem
testing your distribution.
If you think this report is invalid, please consult the CPAN Testers Wiki
for suggestions on how to avoid getting FAIL reports for missing library
or binary dependencies, unsupported operating systems, and so on:
http://wiki.cpantesters.org/wiki/CPANAuthorNotes
Sections of this report:
* Tester comments
* Program output
* Prerequisites
* Environment and other context
------------------------------
TESTER COMMENTS
------------------------------
Additional comments from tester:
this report is from an automated smoke testing program
and was not reviewed by a human for accuracy
------------------------------
PROGRAM OUTPUT
------------------------------
Output from './Build test':
Can't exec "gpg": No such file or directory at /Users/nigel/perl/lib/perl5/site_perl/Module/Signature.pm line 146.
Use of uninitialized value in pattern match (m//) at /Users/nigel/perl/lib/perl5/site_perl/Module/Signature.pm line 146.
Can't locate object method "decrypt" via package "Crypt::OpenPGP::Plaintext" at /Users/nigel/perl/lib/perl5/site_perl/Crypt/OpenPGP.pm line 654.
# Looks like your test exited with 2 before it could output anything.
t/0-signature.t ...
Dubious, test returned 2 (wstat 512, 0x200)
Failed 1/1 subtests
t/basic.t ......... ok
t/pod-coverage.t .. ok
t/pod.t ........... ok
t/subs.t .......... ok
Test Summary Report
-------------------
t/0-signature.t (Wstat: 512 Tests: 0 Failed: 0)
Non-zero exit status: 2
Parse errors: Bad plan. You planned 1 tests but ran 0.
Files=5, Tests=58, 0 wallclock secs ( 0.04 usr 0.03 sys + 0.36 cusr 0.08 csys = 0.51 CPU)
Result: FAIL
Failed 1/5 test programs. 0/58 subtests failed.
------------------------------
PREREQUISITES
------------------------------
Prerequisite modules loaded:
requires:
Module Need Have
--------------- ---- ----
Scalar::Util 0 1.23
build_requires:
Module Need Have
--------------- ---- ----
Test::Exception 0 0.31
Test::More 0.30 0.98
------------------------------
ENVIRONMENT AND OTHER CONTEXT
------------------------------
Environment variables:
AUTOMATED_TESTING = 1
PATH = /usr/bin:/bin
PERL5LIB = /Users/nigel/perl/Library/Perl/Updates/5.10.0:/Users/nigel/perl/Users/nigel/perl::/Users/nigel/perl/lib/perl5:/Users/nigel/perl/lib/perl5/site_perl:
PERL5OPT =
PERL5_CPANPLUS_IS_RUNNING = 1153
PERL5_CPAN_IS_RUNNING = 1153
PERL5_MINISMOKEBOX = 0.54
PERL_EXTUTILS_AUTOINSTALL = --defaultdeps
PERL_MM_USE_DEFAULT = 1
SHELL = /bin/sh
VERSIONER_PERL_PREFER_32_BIT = no
VERSIONER_PERL_VERSION = 5.10.0
Perl special variables (and OS-specific diagnostics, for MSWin32):
$^X = /usr/bin/perl5.10.0
$UID/$EUID = 1077 / 1077
$GID = 20 20 403 401 204 100 98 81 80 79 61 12 402
$EGID = 20 20 403 401 204 100 98 81 80 79 61 12 402
Perl module toolchain versions installed:
Module Have
------------------- --------
CPAN 1.9600
Cwd 3.33
ExtUtils::CBuilder 0.280202
ExtUtils::Command 1.17
ExtUtils::Install 1.54
ExtUtils::MakeMaker 6.56
ExtUtils::Manifest 1.58
ExtUtils::ParseXS 2.2206
File::Spec 3.33
Module::Build 0.3800
Module::Signature 0.68
Test::Harness 3.23
Test::More 0.98
YAML 0.73
YAML::Syck 1.17
version 0.91
--
Summary of my perl5 (revision 5 version 10 subversion 0) configuration:
Platform:
osname=darwin, osvers=10.0, archname=darwin-thread-multi-2level
uname='darwin neige.apple.com 10.0 darwin kernel version 10.0.0d8: tue may 5 19:29:59 pdt 2009; root:xnu-1437.2~2release_i386 i386 '
config_args='-ds -e -Dprefix=/usr -Dccflags=-g -pipe -Dldflags= -Dman3ext=3pm -Duseithreads -Duseshrplib -Dinc_version_list=none -Dcc=gcc-4.2'
hint=recommended, useposix=true, d_sigaction=define
useithreads=define, usemultiplicity=define
useperlio=define, d_sfio=undef, uselargefiles=define, usesocks=undef
use64bitint=define, use64bitall=define, uselongdouble=undef
usemymalloc=n, bincompat5005=undef
Compiler:
cc='gcc-4.2', ccflags ='-arch x86_64 -arch i386 -g -pipe -fno-common -DPERL_DARWIN -fno-strict-aliasing -I/usr/local/include',
optimize='-Os',
cppflags='-g -pipe -fno-common -DPERL_DARWIN -fno-strict-aliasing -I/usr/local/include'
ccversion='', gccversion='4.2.1 (Apple Inc. build 5646)', gccosandvers=''
intsize=4, longsize=8, ptrsize=8, doublesize=8, byteorder=12345678
d_longlong=define, longlongsize=8, d_longdbl=define, longdblsize=16
ivtype='long', ivsize=8, nvtype='double', nvsize=8, Off_t='off_t', lseeksize=8
alignbytes=8, prototype=define
Linker and Libraries:
ld='gcc-4.2 -mmacosx-version-min=10.6', ldflags ='-arch x86_64 -arch i386 -L/usr/local/lib'
libpth=/usr/local/lib /usr/lib
libs=-ldbm -ldl -lm -lutil -lc
perllibs=-ldl -lm -lutil -lc
libc=/usr/lib/libc.dylib, so=dylib, useshrplib=true, libperl=libperl.dylib
gnulibc_version=''
Dynamic Linking:
dlsrc=dl_dlopen.xs, dlext=bundle, d_dlsymun=undef, ccdlflags=' '
cccdlflags=' ', lddlflags='-arch x86_64 -arch i386 -bundle -undefined dynamic_lookup -L/usr/local/lib'
Characteristics of this binary (from libperl):
Compile-time options: MULTIPLICITY PERL_DONT_CREATE_GVSV
PERL_IMPLICIT_CONTEXT PERL_MALLOC_WRAP USE_64_BIT_ALL
USE_64_BIT_INT USE_ITHREADS USE_LARGE_FILES
USE_PERLIO USE_REENTRANT_API
Locally applied patches:
/Library/Perl/Updates/<version> comes before system perl directories
installprivlib and installarchlib points to the Updates directory
Built under darwin
Compiled at Jun 24 2009 00:35:27
%ENV:
PERL5LIB="/Users/nigel/perl/Library/Perl/Updates/5.10.0:/Users/nigel/perl/Users/nigel/perl::/Users/nigel/perl/lib/perl5:/Users/nigel/perl/lib/perl5/site_perl:"
PERL5OPT=""
PERL5_CPANPLUS_IS_RUNNING="1153"
PERL5_CPAN_IS_RUNNING="1153"
PERL5_MINISMOKEBOX="0.54"
PERL_EXTUTILS_AUTOINSTALL="--defaultdeps"
PERL_MM_USE_DEFAULT="1"
@INC:
/Users/nigel/perl/Library/Perl/Updates/5.10.0/darwin-thread-multi-2level
/Users/nigel/perl/Library/Perl/Updates/5.10.0
/Users/nigel/perl/Users/nigel/perl
/Users/nigel/perl/lib/perl5/darwin-thread-multi-2level
/Users/nigel/perl/lib/perl5
/Users/nigel/perl/lib/perl5/site_perl/5.10.0/darwin-thread-multi-2level
/Users/nigel/perl/lib/perl5/site_perl/5.10.0
/Users/nigel/perl/lib/perl5/site_perl
/Library/Perl/Updates/5.10.0/darwin-thread-multi-2level
/Library/Perl/Updates/5.10.0
/System/Library/Perl/5.10.0/darwin-thread-multi-2level
/System/Library/Perl/5.10.0
/Library/Perl/5.10.0/darwin-thread-multi-2level
/Library/Perl/5.10.0
/Network/Library/Perl/5.10.0/darwin-thread-multi-2level
/Network/Library/Perl/5.10.0
/Network/Library/Perl
/System/Library/Perl/Extras/5.10.0/darwin-thread-multi-2level
/System/Library/Perl/Extras/5.10.0
.