DBI-Test v0.001 Perl 5 v5.39.1 x86_64-linux

Status
Fail
From
Andreas J. König (ANDK)
Dist
DBI-Test v0.001
Platform
Perl 5 v5.39.1 x86_64-linux
Date
2023-07-28 04:21:24
ID
36e6f37e-2cfe-11ee-89a4-c896a64fe8f5
This distribution has been tested as part of the CPAN Testers
project, supporting the Perl programming language.  See
http://wiki.cpantesters.org/ for more information or email
questions to cpan-testers-discuss@perl.org


--
Dear Jens Rehsack,

This is a computer-generated report for DBI-Test-0.001
on perl 5.39.1, created by CPAN-Reporter-1.2019.

Thank you for uploading your work to CPAN.  However, there was a problem
testing your distribution.

If you think this report is invalid, please consult the CPAN Testers Wiki
for suggestions on how to avoid getting FAIL reports for missing library
or binary dependencies, unsupported operating systems, and so on:

http://wiki.cpantesters.org/wiki/CPANAuthorNotes

Sections of this report:

    * Tester comments
    * Program output
    * Prerequisites
    * Environment and other context

------------------------------
TESTER COMMENTS
------------------------------

Additional comments from tester:

this report is from an automated smoke testing program
and was not reviewed by a human for accuracy

------------------------------
PROGRAM OUTPUT
------------------------------

Output from '/usr/bin/make test':

PERL_DL_NONLAZY=1 "/tmp/basesmoker-reloperl-MRoJ/bin/perl" "-MExtUtils::Command::MM" "-MTest::Harness" "-e" "undef *Test::Harness::Switches; test_harness(0, 'blib/lib', 'blib/arch')" xt/*.t t/basic/*.t
t/basic/dvb_connect.t ......... ok
t/basic/dvb_disconnect.t ...... ok
DBI connect('','',...) failed: Can't connect to : Unable to connect to any Cassandra server. Last error: On localhost: Error -1: Disconnected: Connection refused at /tmp/loop_over_bdir-1919402-HHU64y/DBI-Test-0.001-0/blib/lib/DBI/Test.pm line 31.

#   Failed test 'basic connect'
#   at /tmp/loop_over_bdir-1919402-HHU64y/DBI-Test-0.001-0/blib/lib/DBI/Test/Case/basic/connect.pm line 16.

#   Failed test 'dbh is active'
#   at /tmp/loop_over_bdir-1919402-HHU64y/DBI-Test-0.001-0/blib/lib/DBI/Test/Case/basic/connect.pm line 20.
DBI connect('','',...) failed: Can't connect to : Unable to connect to any Cassandra server. Last error: On localhost: Error -1: Disconnected: Connection refused at /tmp/loop_over_bdir-1919402-HHU64y/DBI-Test-0.001-0/blib/lib/DBI/Test.pm line 31.

#   Failed test 'basic connect'
#   at /tmp/loop_over_bdir-1919402-HHU64y/DBI-Test-0.001-0/blib/lib/DBI/Test/Case/basic/connect.pm line 29.
DBI connect('','',...) failed: Can't connect to : Unable to connect to any Cassandra server. Last error: On localhost: Error -1: Disconnected: Connection refused at /tmp/loop_over_bdir-1919402-HHU64y/DBI-Test-0.001-0/blib/lib/DBI/Test.pm line 31.

#   Failed test 'connect without attr'
#   at /tmp/loop_over_bdir-1919402-HHU64y/DBI-Test-0.001-0/blib/lib/DBI/Test/Case/basic/connect.pm line 46.
Use of uninitialized value $got in numeric eq (==) at (eval in cmp_ok) /tmp/loop_over_bdir-1919402-HHU64y/DBI-Test-0.001-0/blib/lib/DBI/Test/Case/basic/connect.pm line 50.

#   Failed test 'AutoCommit == 1'
#   at /tmp/loop_over_bdir-1919402-HHU64y/DBI-Test-0.001-0/blib/lib/DBI/Test/Case/basic/connect.pm line 50.
Use of uninitialized value $val in addition (+) at /home/sand/src/perl/repoperls/installed-perls/host/k93jammy/v5.39.1/6567/lib/5.39.1/Test/Builder.pm line 798.
#          got: undef
#     expected: 1
Can't call method "FETCH" on unblessed reference at /tmp/loop_over_bdir-1919402-HHU64y/DBI-Test-0.001-0/blib/lib/DBI/Test/Case/basic/connect.pm line 51.
# Tests were run but no plan was declared and done_testing() was not seen.
# Looks like your test exited with 255 just after 5.
t/basic/dvc_connect.t ......... 
Dubious, test returned 255 (wstat 65280, 0xff00)
Failed 5/5 subtests 
DBI connect('','',...) failed: Can't connect to : Unable to connect to any Cassandra server. Last error: On localhost: Error -1: Disconnected: Connection refused at /tmp/loop_over_bdir-1919402-HHU64y/DBI-Test-0.001-0/blib/lib/DBI/Test.pm line 31.

#   Failed test 'basic connect'
#   at /tmp/loop_over_bdir-1919402-HHU64y/DBI-Test-0.001-0/blib/lib/DBI/Test/Case/basic/disconnect.pm line 20.
Can't call method "disconnect" on an undefined value at /tmp/loop_over_bdir-1919402-HHU64y/DBI-Test-0.001-0/blib/lib/DBI/Test/Case/basic/disconnect.pm line 22.
# Tests were run but no plan was declared and done_testing() was not seen.
# Looks like your test exited with 255 just after 1.
t/basic/dvc_disconnect.t ...... 
Dubious, test returned 255 (wstat 65280, 0xff00)
Failed 1/1 subtests 
t/basic/dvd_connect.t ......... ok
t/basic/dvd_disconnect.t ...... ok
t/basic/dve_connect.t ......... ok
t/basic/dve_disconnect.t ...... ok
t/basic/dvf_connect.t ......... ok
t/basic/dvf_disconnect.t ...... ok
DBD::Log initialisation failed: Can't call method "driver" without a package or object reference at /home/sand/src/perl/repoperls/installed-perls/host/k93jammy/v5.39.1/6567/lib/site_perl/5.39.1/DBD/Log.pm line 219.
 at /tmp/loop_over_bdir-1919402-HHU64y/DBI-Test-0.001-0/blib/lib/DBI/Test.pm line 31.
t/basic/dvl_connect.t ......... 
Dubious, test returned 255 (wstat 65280, 0xff00)
No subtests run 
DBD::Log initialisation failed: Can't call method "driver" without a package or object reference at /home/sand/src/perl/repoperls/installed-perls/host/k93jammy/v5.39.1/6567/lib/site_perl/5.39.1/DBD/Log.pm line 219.
 at /tmp/loop_over_bdir-1919402-HHU64y/DBI-Test-0.001-0/blib/lib/DBI/Test.pm line 31.
t/basic/dvl_disconnect.t ...... 
Dubious, test returned 255 (wstat 65280, 0xff00)
No subtests run 

#   Failed test 'dbh is active'
#   at /tmp/loop_over_bdir-1919402-HHU64y/DBI-Test-0.001-0/blib/lib/DBI/Test/Case/basic/connect.pm line 20.
# Looks like you failed 1 test of 16.
t/basic/dvm_connect.t ......... 
Dubious, test returned 1 (wstat 256, 0x100)
Failed 1/16 subtests 

#   Failed test 'Disconnect'
#   at /tmp/loop_over_bdir-1919402-HHU64y/DBI-Test-0.001-0/blib/lib/DBI/Test/Case/basic/disconnect.pm line 22.
# Looks like you failed 1 test of 19.
t/basic/dvm_disconnect.t ...... 
Dubious, test returned 1 (wstat 256, 0x100)
Failed 1/19 subtests 
	(less 1 skipped subtest: 17 okay)
	(7 TODO tests unexpectedly succeeded)
t/basic/dvn_connect.t ......... ok
t/basic/dvn_disconnect.t ...... ok
install_driver(Ovrimos) failed: Attempt to reload DBD/Ovrimos.pm aborted.
Compilation failed in require at (eval 143) line 3.

 at /tmp/loop_over_bdir-1919402-HHU64y/DBI-Test-0.001-0/blib/lib/DBI/Test.pm line 31.
t/basic/dvo_connect.t ......... 
Dubious, test returned 255 (wstat 65280, 0xff00)
No subtests run 
install_driver(Ovrimos) failed: Attempt to reload DBD/Ovrimos.pm aborted.
Compilation failed in require at (eval 143) line 3.

 at /tmp/loop_over_bdir-1919402-HHU64y/DBI-Test-0.001-0/blib/lib/DBI/Test.pm line 31.
t/basic/dvo_disconnect.t ...... 
Dubious, test returned 255 (wstat 65280, 0xff00)
No subtests run 
DBI connect('','',...) failed: Couldn't connect to /tmp/.s.PGSQL.5432: No such file or directory at /home/sand/src/perl/repoperls/installed-perls/host/k93jammy/v5.39.1/6567/lib/site_perl/5.39.1/DBD/PgPPSjis.pm line 113.
 at /tmp/loop_over_bdir-1919402-HHU64y/DBI-Test-0.001-0/blib/lib/DBI/Test.pm line 31.

#   Failed test 'basic connect'
#   at /tmp/loop_over_bdir-1919402-HHU64y/DBI-Test-0.001-0/blib/lib/DBI/Test/Case/basic/connect.pm line 16.

#   Failed test 'dbh is active'
#   at /tmp/loop_over_bdir-1919402-HHU64y/DBI-Test-0.001-0/blib/lib/DBI/Test/Case/basic/connect.pm line 20.
DBI connect('','',...) failed: Couldn't connect to /tmp/.s.PGSQL.5432: No such file or directory at /home/sand/src/perl/repoperls/installed-perls/host/k93jammy/v5.39.1/6567/lib/site_perl/5.39.1/DBD/PgPPSjis.pm line 113.
 at /tmp/loop_over_bdir-1919402-HHU64y/DBI-Test-0.001-0/blib/lib/DBI/Test.pm line 31.

#   Failed test 'basic connect'
#   at /tmp/loop_over_bdir-1919402-HHU64y/DBI-Test-0.001-0/blib/lib/DBI/Test/Case/basic/connect.pm line 29.
DBI connect('','',...) failed: Couldn't connect to /tmp/.s.PGSQL.5432: No such file or directory at /home/sand/src/perl/repoperls/installed-perls/host/k93jammy/v5.39.1/6567/lib/site_perl/5.39.1/DBD/PgPPSjis.pm line 113.
 at /tmp/loop_over_bdir-1919402-HHU64y/DBI-Test-0.001-0/blib/lib/DBI/Test.pm line 31.

#   Failed test 'connect without attr'
#   at /tmp/loop_over_bdir-1919402-HHU64y/DBI-Test-0.001-0/blib/lib/DBI/Test/Case/basic/connect.pm line 46.
Use of uninitialized value $got in numeric eq (==) at (eval in cmp_ok) /tmp/loop_over_bdir-1919402-HHU64y/DBI-Test-0.001-0/blib/lib/DBI/Test/Case/basic/connect.pm line 50.

#   Failed test 'AutoCommit == 1'
#   at /tmp/loop_over_bdir-1919402-HHU64y/DBI-Test-0.001-0/blib/lib/DBI/Test/Case/basic/connect.pm line 50.
Use of uninitialized value $val in addition (+) at /home/sand/src/perl/repoperls/installed-perls/host/k93jammy/v5.39.1/6567/lib/5.39.1/Test/Builder.pm line 798.
#          got: undef
#     expected: 1
Can't call method "FETCH" on unblessed reference at /tmp/loop_over_bdir-1919402-HHU64y/DBI-Test-0.001-0/blib/lib/DBI/Test/Case/basic/connect.pm line 51.
# Tests were run but no plan was declared and done_testing() was not seen.
# Looks like your test exited with 255 just after 5.
t/basic/dvp_connect.t ......... 
Dubious, test returned 255 (wstat 65280, 0xff00)
Failed 5/5 subtests 
DBI connect('','',...) failed: Couldn't connect to /tmp/.s.PGSQL.5432: No such file or directory at /home/sand/src/perl/repoperls/installed-perls/host/k93jammy/v5.39.1/6567/lib/site_perl/5.39.1/DBD/PgPPSjis.pm line 113.
 at /tmp/loop_over_bdir-1919402-HHU64y/DBI-Test-0.001-0/blib/lib/DBI/Test.pm line 31.

#   Failed test 'basic connect'
#   at /tmp/loop_over_bdir-1919402-HHU64y/DBI-Test-0.001-0/blib/lib/DBI/Test/Case/basic/disconnect.pm line 20.
Can't call method "disconnect" on an undefined value at /tmp/loop_over_bdir-1919402-HHU64y/DBI-Test-0.001-0/blib/lib/DBI/Test/Case/basic/disconnect.pm line 22.
# Tests were run but no plan was declared and done_testing() was not seen.
# Looks like your test exited with 255 just after 1.
t/basic/dvp_disconnect.t ...... 
Dubious, test returned 255 (wstat 65280, 0xff00)
Failed 1/1 subtests 
install_driver(SQLeet) failed: Attempt to reload DBD/SQLeet.pm aborted.
Compilation failed in require at (eval 141) line 3.

 at /tmp/loop_over_bdir-1919402-HHU64y/DBI-Test-0.001-0/blib/lib/DBI/Test.pm line 31.
t/basic/dvs_connect.t ......... 
Dubious, test returned 2 (wstat 512, 0x200)
No subtests run 
install_driver(SQLite2) failed: Attempt to reload DBD/SQLite2.pm aborted.
Compilation failed in require at (eval 141) line 3.

 at /tmp/loop_over_bdir-1919402-HHU64y/DBI-Test-0.001-0/blib/lib/DBI/Test.pm line 31.
t/basic/dvs_disconnect.t ...... 
Dubious, test returned 2 (wstat 512, 0x200)
No subtests run 

#   Failed test 'dbh is active'
#   at /tmp/loop_over_bdir-1919402-HHU64y/DBI-Test-0.001-0/blib/lib/DBI/Test/Case/basic/connect.pm line 20.
# Looks like you failed 1 test of 16.
t/basic/dvx_connect.t ......... 
Dubious, test returned 1 (wstat 256, 0x100)
Failed 1/16 subtests 
t/basic/dvx_disconnect.t ...... ok
t/basic/mvb_dvn_connect.t ..... ok
t/basic/mvb_dvn_disconnect.t .. ok

Test Summary Report
-------------------
t/basic/dvb_disconnect.t    (Wstat: 0 Tests: 19 Failed: 0)
  TODO passed:   8-9, 14-15, 18
t/basic/dvc_connect.t       (Wstat: 65280 (exited 255) Tests: 5 Failed: 5)
  Failed tests:  1-5
  Non-zero exit status: 255
  Parse errors: No plan found in TAP output
t/basic/dvc_disconnect.t    (Wstat: 65280 (exited 255) Tests: 1 Failed: 1)
  Failed test:  1
  Non-zero exit status: 255
  Parse errors: No plan found in TAP output
t/basic/dvd_disconnect.t    (Wstat: 0 Tests: 19 Failed: 0)
  TODO passed:   8-9, 14-15, 18
t/basic/dve_disconnect.t    (Wstat: 0 Tests: 19 Failed: 0)
  TODO passed:   8-9, 14-15, 18
t/basic/dvf_disconnect.t    (Wstat: 0 Tests: 19 Failed: 0)
  TODO passed:   8-9, 14-15, 18
t/basic/dvl_connect.t       (Wstat: 65280 (exited 255) Tests: 0 Failed: 0)
  Non-zero exit status: 255
  Parse errors: No plan found in TAP output
t/basic/dvl_disconnect.t    (Wstat: 65280 (exited 255) Tests: 0 Failed: 0)
  Non-zero exit status: 255
  Parse errors: No plan found in TAP output
t/basic/dvm_connect.t       (Wstat: 256 (exited 1) Tests: 16 Failed: 1)
  Failed test:  3
  Non-zero exit status: 1
t/basic/dvm_disconnect.t    (Wstat: 256 (exited 1) Tests: 19 Failed: 1)
  Failed test:  3
  TODO passed:   8-10, 14-16, 18
  Non-zero exit status: 1
t/basic/dvn_disconnect.t    (Wstat: 0 Tests: 19 Failed: 0)
  TODO passed:   8-9, 14-15, 18
t/basic/dvo_connect.t       (Wstat: 65280 (exited 255) Tests: 0 Failed: 0)
  Non-zero exit status: 255
  Parse errors: No plan found in TAP output
t/basic/dvo_disconnect.t    (Wstat: 65280 (exited 255) Tests: 0 Failed: 0)
  Non-zero exit status: 255
  Parse errors: No plan found in TAP output
t/basic/dvp_connect.t       (Wstat: 65280 (exited 255) Tests: 5 Failed: 5)
  Failed tests:  1-5
  Non-zero exit status: 255
  Parse errors: No plan found in TAP output
t/basic/dvp_disconnect.t    (Wstat: 65280 (exited 255) Tests: 1 Failed: 1)
  Failed test:  1
  Non-zero exit status: 255
  Parse errors: No plan found in TAP output
t/basic/dvs_connect.t       (Wstat: 512 (exited 2) Tests: 0 Failed: 0)
  Non-zero exit status: 2
  Parse errors: No plan found in TAP output
t/basic/dvs_disconnect.t    (Wstat: 512 (exited 2) Tests: 0 Failed: 0)
  Non-zero exit status: 2
  Parse errors: No plan found in TAP output
t/basic/dvx_connect.t       (Wstat: 256 (exited 1) Tests: 16 Failed: 1)
  Failed test:  3
  Non-zero exit status: 1
t/basic/dvx_disconnect.t    (Wstat: 0 Tests: 19 Failed: 0)
  TODO passed:   8-9, 14-15, 18
t/basic/mvb_dvn_connect.t   (Wstat: 0 Tests: 16 Failed: 0)
  TODO passed:   12
t/basic/mvb_dvn_disconnect.t (Wstat: 0 Tests: 19 Failed: 0)
  TODO passed:   8-9, 14-15, 18
Files=26, Tests=296,  8 wallclock secs ( 0.09 usr  0.03 sys +  4.81 cusr  1.06 csys =  5.99 CPU)
Result: FAIL
Failed 13/26 test programs. 15/296 subtests failed.
make: *** [Makefile:900: test_dynamic] Error 255

------------------------------
PREREQUISITES
------------------------------

Prerequisite modules loaded:

requires:

    Module              Need     Have    
    ------------------- -------- --------
    perl                5.008001 5.039001

build_requires:

    Module              Need     Have    
    ------------------- -------- --------
    Test::Simple        0.90     1.302195

configure_requires:

    Module              Need     Have    
    ------------------- -------- --------
    ExtUtils::MakeMaker 0        7.70    


------------------------------
ENVIRONMENT AND OTHER CONTEXT
------------------------------

Environment variables:

    AUTOMATED_TESTING = 1
    LANG = en_US.UTF-8
    LC_ADDRESS = de_DE.UTF-8
    LC_IDENTIFICATION = de_DE.UTF-8
    LC_MEASUREMENT = de_DE.UTF-8
    LC_MONETARY = de_DE.UTF-8
    LC_NAME = de_DE.UTF-8
    LC_NUMERIC = de_DE.UTF-8
    LC_PAPER = de_DE.UTF-8
    LC_TELEPHONE = de_DE.UTF-8
    LC_TIME = de_DE.UTF-8
    PATH = /home/sand/bin:/usr/local/bin:/usr/local/sbin:/usr/sbin:/usr/bin:/sbin:/bin:/usr/games:/usr/local/games:/snap/bin:/usr/local/perl/bin:/usr/X11/bin
    PERL5LIB = /tmp/loop_over_bdir-1919402-HHU64y/Business-Shipping-DataFiles-1.02-0/blib/arch:/tmp/loop_over_bdir-1919402-HHU64y/Business-Shipping-DataFiles-1.02-0/blib/lib:/tmp/loop_over_bdir-1919402-HHU64y/Lingua-BioYaTeA-0.11-0/blib/arch:/tmp/loop_over_bdir-1919402-HHU64y/Lingua-BioYaTeA-0.11-0/blib/lib:/tmp/loop_over_bdir-1919402-HHU64y/shishi-0.0.1-0/blib/arch:/tmp/loop_over_bdir-1919402-HHU64y/shishi-0.0.1-0/blib/lib:/tmp/loop_over_bdir-1919402-HHU64y/Devel-Required-0.16-0/blib/arch:/tmp/loop_over_bdir-1919402-HHU64y/Devel-Required-0.16-0/blib/lib:/tmp/loop_over_bdir-1919402-HHU64y/Lingua-YaTeA-0.626-0/blib/arch:/tmp/loop_over_bdir-1919402-HHU64y/Lingua-YaTeA-0.626-0/blib/lib:/tmp/loop_over_bdir-1919402-HHU64y/Alien-SNMP-MIBDEV-2.020000-0/blib/arch:/tmp/loop_over_bdir-1919402-HHU64y/Alien-SNMP-MIBDEV-2.020000-0/blib/lib:/tmp/loop_over_bdir-1919402-HHU64y/Linux-InitFS-0.2-0/blib/arch:/tmp/loop_over_bdir-1919402-HHU64y/Linux-InitFS-0.2-0/blib/lib:/tmp/loop_over_bdir-1919402-HHU64y/LiquidWeb-Storm-CLI-1.03-0/blib/arch:/tmp/loop_over_bdir-1919402-HHU64y/LiquidWeb-Storm-CLI-1.03-0/blib/lib:/tmp/loop_over_bdir-1919402-HHU64y/Sysync-0.35-0/blib/arch:/tmp/loop_over_bdir-1919402-HHU64y/Sysync-0.35-0/blib/lib:/tmp/loop_over_bdir-1919402-HHU64y/ProjectBuilder-0.14.1-0/blib/arch:/tmp/loop_over_bdir-1919402-HHU64y/ProjectBuilder-0.14.1-0/blib/lib:/tmp/loop_over_bdir-1919402-HHU64y/App-rmcd-0.280-0/blib/arch:/tmp/loop_over_bdir-1919402-HHU64y/App-rmcd-0.280-0/blib/lib:/tmp/loop_over_bdir-1919402-HHU64y/DBIx-Migration-Directories-0.12-0/blib/arch:/tmp/loop_over_bdir-1919402-HHU64y/DBIx-Migration-Directories-0.12-0/blib/lib:/tmp/loop_over_bdir-1919402-HHU64y/dta-tokwrap-0.98-0/blib/arch:/tmp/loop_over_bdir-1919402-HHU64y/dta-tokwrap-0.98-0/blib/lib
    PERL5OPT = 
    PERL5_CPANPLUS_IS_RUNNING = 1919410
    PERL5_CPAN_IS_RUNNING = 1919410
    PERL_CANARY_STABILITY_NOPROMPT = 1
    PERL_MM_USE_DEFAULT = 1
    PERL_USE_UNSAFE_INC = 1
    SHELL = /usr/bin/zsh
    TERM = screen

Perl special variables (and OS-specific diagnostics, for MSWin32):

    $^X = /tmp/basesmoker-reloperl-MRoJ/bin/perl
    $UID/$EUID = 1005 / 1005
    $GID = 1005 1005
    $EGID = 1005 1005

Perl module toolchain versions installed:

    Module              Have    
    ------------------- --------
    CPAN                2.36    
    CPAN::Meta          2.150010
    Cwd                 3.89    
    ExtUtils::CBuilder  0.280239
    ExtUtils::Command   7.70    
    ExtUtils::Install   2.22    
    ExtUtils::MakeMaker 7.70    
    ExtUtils::Manifest  1.75    
    ExtUtils::ParseXS   3.51    
    File::Spec          3.88    
    JSON                4.10    
    JSON::PP            4.16    
    Module::Build       0.4234  
    Module::Signature   0.88    
    Parse::CPAN::Meta   2.150010
    Test2               1.302195
    Test::Harness       3.44    
    Test::More          1.302195
    YAML                1.30    
    YAML::Syck          1.34    
    version             0.9929  


--

Summary of my perl5 (revision 5 version 39 subversion 1) configuration:
  Commit id: 8c6729f5e3d051878ec60933bcc19650d2dddb85
  Platform:
    osname=linux
    osvers=5.19.0-46-generic
    archname=x86_64-linux
    uname='linux k93jammy 5.19.0-46-generic #47~22.04.1-ubuntu smp preempt_dynamic wed jun 21 15:35:31 utc 2 x86_64 x86_64 x86_64 gnulinux '
    config_args='-Dprefix=/home/sand/src/perl/repoperls/installed-perls/host/k93jammy/v5.39.1/6567 -Dmyhostname=k93jammy -Dinstallusrbinperl=n -Uversiononly -Dusedevel -des -Ui_db -Dlibswanted=cl pthread socket inet nsl gdbm dbm malloc dl ld sun m crypt sec util c cposix posix ucb BSD gdbm_compat -Uuseithreads -Uuselongdouble -DEBUGGING=-g'
    hint=recommended
    useposix=true
    d_sigaction=define
    useithreads=undef
    usemultiplicity=undef
    use64bitint=define
    use64bitall=define
    uselongdouble=undef
    usemymalloc=n
    default_inc_excludes_dot=define
  Compiler:
    cc='cc'
    ccflags ='-fwrapv -fno-strict-aliasing -pipe -fstack-protector-strong -I/usr/local/include -D_LARGEFILE_SOURCE -D_FILE_OFFSET_BITS=64'
    optimize='-O2 -g'
    cppflags='-fwrapv -fno-strict-aliasing -pipe -fstack-protector-strong -I/usr/local/include'
    ccversion=''
    gccversion='11.3.0'
    gccosandvers=''
    intsize=4
    longsize=8
    ptrsize=8
    doublesize=8
    byteorder=12345678
    doublekind=3
    d_longlong=define
    longlongsize=8
    d_longdbl=define
    longdblsize=16
    longdblkind=3
    ivtype='long'
    ivsize=8
    nvtype='double'
    nvsize=8
    Off_t='off_t'
    lseeksize=8
    alignbytes=8
    prototype=define
  Linker and Libraries:
    ld='cc'
    ldflags =' -fstack-protector-strong -L/usr/local/lib'
    libpth=/usr/local/lib /usr/lib/x86_64-linux-gnu /usr/lib /usr/lib64
    libs=-lpthread -lnsl -ldl -lm -lcrypt -lutil -lc
    perllibs=-lpthread -lnsl -ldl -lm -lcrypt -lutil -lc
    libc=/lib/x86_64-linux-gnu/libc.so.6
    so=so
    useshrplib=false
    libperl=libperl.a
    gnulibc_version='2.35'
  Dynamic Linking:
    dlsrc=dl_dlopen.xs
    dlext=so
    d_dlsymun=undef
    ccdlflags='-Wl,-E'
    cccdlflags='-fPIC'
    lddlflags='-shared -O2 -g -L/usr/local/lib -fstack-protector-strong'


Characteristics of this binary (from libperl): 
  Compile-time options:
    HAS_LONG_DOUBLE
    HAS_STRTOLD
    HAS_TIMES
    PERLIO_LAYERS
    PERL_COPY_ON_WRITE
    PERL_DONT_CREATE_GVSV
    PERL_HASH_FUNC_SIPHASH13
    PERL_HASH_USE_SBOX32
    PERL_MALLOC_WRAP
    PERL_OP_PARENT
    PERL_PRESERVE_IVUV
    PERL_USE_DEVEL
    PERL_USE_SAFE_PUTENV
    USE_64_BIT_ALL
    USE_64_BIT_INT
    USE_LARGE_FILES
    USE_LOCALE
    USE_LOCALE_COLLATE
    USE_LOCALE_CTYPE
    USE_LOCALE_NUMERIC
    USE_LOCALE_TIME
    USE_PERLIO
    USE_PERL_ATOF
  Built under linux
  Compiled at Jul 21 2023 01:52:39
  %ENV:
    PERL5LIB="/tmp/loop_over_bdir-1919402-HHU64y/Business-Shipping-DataFiles-1.02-0/blib/arch:/tmp/loop_over_bdir-1919402-HHU64y/Business-Shipping-DataFiles-1.02-0/blib/lib:/tmp/loop_over_bdir-1919402-HHU64y/Lingua-BioYaTeA-0.11-0/blib/arch:/tmp/loop_over_bdir-1919402-HHU64y/Lingua-BioYaTeA-0.11-0/blib/lib:/tmp/loop_over_bdir-1919402-HHU64y/shishi-0.0.1-0/blib/arch:/tmp/loop_over_bdir-1919402-HHU64y/shishi-0.0.1-0/blib/lib:/tmp/loop_over_bdir-1919402-HHU64y/Devel-Required-0.16-0/blib/arch:/tmp/loop_over_bdir-1919402-HHU64y/Devel-Required-0.16-0/blib/lib:/tmp/loop_over_bdir-1919402-HHU64y/Lingua-YaTeA-0.626-0/blib/arch:/tmp/loop_over_bdir-1919402-HHU64y/Lingua-YaTeA-0.626-0/blib/lib:/tmp/loop_over_bdir-1919402-HHU64y/Alien-SNMP-MIBDEV-2.020000-0/blib/arch:/tmp/loop_over_bdir-1919402-HHU64y/Alien-SNMP-MIBDEV-2.020000-0/blib/lib:/tmp/loop_over_bdir-1919402-HHU64y/Linux-InitFS-0.2-0/blib/arch:/tmp/loop_over_bdir-1919402-HHU64y/Linux-InitFS-0.2-0/blib/lib:/tmp/loop_over_bdir-1919402-HHU64y/LiquidWeb-Storm-CLI-1.03-0/blib/arch:/tmp/loop_over_bdir-1919402-HHU64y/LiquidWeb-Storm-CLI-1.03-0/blib/lib:/tmp/loop_over_bdir-1919402-HHU64y/Sysync-0.35-0/blib/arch:/tmp/loop_over_bdir-1919402-HHU64y/Sysync-0.35-0/blib/lib:/tmp/loop_over_bdir-1919402-HHU64y/ProjectBuilder-0.14.1-0/blib/arch:/tmp/loop_over_bdir-1919402-HHU64y/ProjectBuilder-0.14.1-0/blib/lib:/tmp/loop_over_bdir-1919402-HHU64y/App-rmcd-0.280-0/blib/arch:/tmp/loop_over_bdir-1919402-HHU64y/App-rmcd-0.280-0/blib/lib:/tmp/loop_over_bdir-1919402-HHU64y/DBIx-Migration-Directories-0.12-0/blib/arch:/tmp/loop_over_bdir-1919402-HHU64y/DBIx-Migration-Directories-0.12-0/blib/lib:/tmp/loop_over_bdir-1919402-HHU64y/dta-tokwrap-0.98-0/blib/arch:/tmp/loop_over_bdir-1919402-HHU64y/dta-tokwrap-0.98-0/blib/lib"
    PERL5OPT=""
    PERL5_CPANPLUS_IS_RUNNING="1919410"
    PERL5_CPAN_IS_RUNNING="1919410"
    PERL_CANARY_STABILITY_NOPROMPT="1"
    PERL_MM_USE_DEFAULT="1"
    PERL_USE_UNSAFE_INC="1"
  @INC:
    /tmp/loop_over_bdir-1919402-HHU64y/Business-Shipping-DataFiles-1.02-0/blib/arch
    /tmp/loop_over_bdir-1919402-HHU64y/Business-Shipping-DataFiles-1.02-0/blib/lib
    /tmp/loop_over_bdir-1919402-HHU64y/Lingua-BioYaTeA-0.11-0/blib/arch
    /tmp/loop_over_bdir-1919402-HHU64y/Lingua-BioYaTeA-0.11-0/blib/lib
    /tmp/loop_over_bdir-1919402-HHU64y/shishi-0.0.1-0/blib/arch
    /tmp/loop_over_bdir-1919402-HHU64y/shishi-0.0.1-0/blib/lib
    /tmp/loop_over_bdir-1919402-HHU64y/Devel-Required-0.16-0/blib/arch
    /tmp/loop_over_bdir-1919402-HHU64y/Devel-Required-0.16-0/blib/lib
    /tmp/loop_over_bdir-1919402-HHU64y/Lingua-YaTeA-0.626-0/blib/arch
    /tmp/loop_over_bdir-1919402-HHU64y/Lingua-YaTeA-0.626-0/blib/lib
    /tmp/loop_over_bdir-1919402-HHU64y/Alien-SNMP-MIBDEV-2.020000-0/blib/arch
    /tmp/loop_over_bdir-1919402-HHU64y/Alien-SNMP-MIBDEV-2.020000-0/blib/lib
    /tmp/loop_over_bdir-1919402-HHU64y/Linux-InitFS-0.2-0/blib/arch
    /tmp/loop_over_bdir-1919402-HHU64y/Linux-InitFS-0.2-0/blib/lib
    /tmp/loop_over_bdir-1919402-HHU64y/LiquidWeb-Storm-CLI-1.03-0/blib/arch
    /tmp/loop_over_bdir-1919402-HHU64y/LiquidWeb-Storm-CLI-1.03-0/blib/lib
    /tmp/loop_over_bdir-1919402-HHU64y/Sysync-0.35-0/blib/arch
    /tmp/loop_over_bdir-1919402-HHU64y/Sysync-0.35-0/blib/lib
    /tmp/loop_over_bdir-1919402-HHU64y/ProjectBuilder-0.14.1-0/blib/arch
    /tmp/loop_over_bdir-1919402-HHU64y/ProjectBuilder-0.14.1-0/blib/lib
    /tmp/loop_over_bdir-1919402-HHU64y/App-rmcd-0.280-0/blib/arch
    /tmp/loop_over_bdir-1919402-HHU64y/App-rmcd-0.280-0/blib/lib
    /tmp/loop_over_bdir-1919402-HHU64y/DBIx-Migration-Directories-0.12-0/blib/arch
    /tmp/loop_over_bdir-1919402-HHU64y/DBIx-Migration-Directories-0.12-0/blib/lib
    /tmp/loop_over_bdir-1919402-HHU64y/dta-tokwrap-0.98-0/blib/arch
    /tmp/loop_over_bdir-1919402-HHU64y/dta-tokwrap-0.98-0/blib/lib
    /home/sand/src/perl/repoperls/installed-perls/host/k93jammy/v5.39.1/6567/lib/site_perl/5.39.1/x86_64-linux
    /home/sand/src/perl/repoperls/installed-perls/host/k93jammy/v5.39.1/6567/lib/site_perl/5.39.1
    /home/sand/src/perl/repoperls/installed-perls/host/k93jammy/v5.39.1/6567/lib/5.39.1/x86_64-linux
    /home/sand/src/perl/repoperls/installed-perls/host/k93jammy/v5.39.1/6567/lib/5.39.1
    .