Catalyst-View-Templated v0.02 Perl 5 v5.37.9 x86_64-linux-thread-multi
- Status
- Fail
- From
- Andreas J. König (ANDK)
- Dist
-
Catalyst-View-Templated v0.02
- Platform
- Perl 5 v5.37.9 x86_64-linux-thread-multi
- Date
- 2023-03-02 06:55:27
- ID
- 36afae9c-b8c7-11ed-b1ee-5b3ccd5be989
This distribution has been tested as part of the CPAN Testers
project, supporting the Perl programming language. See
http://wiki.cpantesters.org/ for more information or email
questions to cpan-testers-discuss@perl.org
--
Dear Jonathan Rockway,
This is a computer-generated report for Catalyst-View-Templated-0.02
on perl 5.37.9, created by CPAN-Reporter-1.2018.
Thank you for uploading your work to CPAN. However, there was a problem
testing your distribution.
If you think this report is invalid, please consult the CPAN Testers Wiki
for suggestions on how to avoid getting FAIL reports for missing library
or binary dependencies, unsupported operating systems, and so on:
http://wiki.cpantesters.org/wiki/CPANAuthorNotes
Sections of this report:
* Tester comments
* Program output
* Prerequisites
* Environment and other context
------------------------------
TESTER COMMENTS
------------------------------
Additional comments from tester:
this report is from an automated smoke testing program
and was not reviewed by a human for accuracy
------------------------------
PROGRAM OUTPUT
------------------------------
Output from '/usr/bin/make test':
PERL_DL_NONLAZY=1 "/tmp/basesmoker-reloperl-rxkN/bin/perl" "-MExtUtils::Command::MM" "-MTest::Harness" "-e" "undef *Test::Harness::Switches; test_harness(0, 'inc', 'blib/lib', 'blib/arch')" t/*.t
t/00-load.t ...... ok
# Failed test 'a == b'
# at t/basics.t line 65.
# got: '12345678
# stash the
# TestApp nameTest::MockObject
# testing for CatTest
# template# __TestApp::View::Something_template
# base base
# cool is template'
# expected: '12345678
# template# __TestApp::View::Something_template
# base base
# cool is
# stash theTest::MockObject
# testing for CatTest
# TestApp name template'
# Failed test 'b == c'
# at t/basics.t line 66.
# got: '12345678
# template# __TestApp::View::Something_template
# base base
# cool is
# stash theTest::MockObject
# testing for CatTest
# TestApp name template'
# expected: '12345678
# template# __TestApp::View::Something_template
# cool is
# base base
# stash theTest::MockObject
# testing for CatTest
# TestApp name template'
# Failed test 'c == d'
# at t/basics.t line 67.
# got: '12345678
# template# __TestApp::View::Something_template
# cool is
# base base
# stash theTest::MockObject
# testing for CatTest
# TestApp name template'
# expected: '12345678
# stash the
# TestApp nameTest::MockObject
# testing for CatTest
# template# __TestApp::View::Something_template
# base base
# cool is template'
# Looks like you failed 3 tests of 23.
t/basics.t .......
Dubious, test returned 3 (wstat 768, 0x300)
Failed 3/23 subtests
t/encoding.t ..... ok
[warn] Attempted to use view 'TestApp::View::View::Something', but does not exist
[warn] Used regexp fallback for $c->view('View::Something'), which found 'TestApp::View::Something'. Relying on regexp fallback behavior for component resolution is unreliable and unsafe. You probably meant $c->view('Something') instead of $c->view('View::Something'), but if you really wanted to search, pass in a regexp as the argument like so: $c->view(qr/View::Something/) at /tmp/loop_over_bdir-2052-7dHShn/Catalyst-View-Templated-0.02-0/t/lib/TestApp/Controller/Root.pm line 12.
[warn] Attempted to use view 'TestApp::View::View::Something', but does not exist
[warn] Used regexp fallback for $c->view('View::Something'), which found 'TestApp::View::Something'. Relying on regexp fallback behavior for component resolution is unreliable and unsafe. You probably meant $c->view('Something') instead of $c->view('View::Something'), but if you really wanted to search, pass in a regexp as the argument like so: $c->view(qr/View::Something/) at /tmp/loop_over_bdir-2052-7dHShn/Catalyst-View-Templated-0.02-0/t/lib/TestApp/Controller/Root.pm line 15.
[error] Couldn't render template 'hello_world': Can't store GLOB items at /home/sand/src/perl/repoperls/installed-perls/host/k93focal/v5.37.9/d119/lib/5.37.9/x86_64-linux-thread-multi/Storable.pm line 370, at /tmp/loop_over_bdir-2052-7dHShn/Catalyst-View-Templated-0.02-0/t/lib/TestApp/View/Something.pm line 15.
# Failed test 'GET http://localhost/template_detach'
# at t/live.t line 18.
# http://localhost/template_detach
# 500
# Internal Server Error
Frozen string corrupt - contains characters outside 0-255 at /home/sand/src/perl/repoperls/installed-perls/host/k93focal/v5.37.9/d119/lib/5.37.9/x86_64-linux-thread-multi/Storable.pm line 471, at t/live.t line 21.
# Looks like your test exited with 255 just after 1.
t/live.t .........
Dubious, test returned 255 (wstat 65280, 0xff00)
Failed 4/4 subtests
[warn] Attempted to use view 'TestApp::View::View::Something', but does not exist
[warn] Used regexp fallback for $c->view('View::Something'), which found 'TestApp::View::Something'. Relying on regexp fallback behavior for component resolution is unreliable and unsafe. You probably meant $c->view('Something') instead of $c->view('View::Something'), but if you really wanted to search, pass in a regexp as the argument like so: $c->view(qr/View::Something/) at /tmp/loop_over_bdir-2052-7dHShn/Catalyst-View-Templated-0.02-0/t/lib/TestApp/Controller/Root.pm line 21.
[error] Couldn't render template 'action_detach.template': Can't store GLOB items at /home/sand/src/perl/repoperls/installed-perls/host/k93focal/v5.37.9/d119/lib/5.37.9/x86_64-linux-thread-multi/Storable.pm line 370, at /tmp/loop_over_bdir-2052-7dHShn/Catalyst-View-Templated-0.02-0/t/lib/TestApp/View/Something.pm line 15.
# Failed test 'GET http://localhost/action_detach'
# at t/live_config.t line 19.
# http://localhost/action_detach
# 500
# Internal Server Error
Frozen string corrupt - contains characters outside 0-255 at /home/sand/src/perl/repoperls/installed-perls/host/k93focal/v5.37.9/d119/lib/5.37.9/x86_64-linux-thread-multi/Storable.pm line 471, at t/live_config.t line 22.
# Looks like your test exited with 255 just after 1.
t/live_config.t ..
Dubious, test returned 255 (wstat 65280, 0xff00)
Failed 2/2 subtests
Test Summary Report
-------------------
t/basics.t (Wstat: 768 (exited 3) Tests: 23 Failed: 3)
Failed tests: 12-14
Non-zero exit status: 3
t/live.t (Wstat: 65280 (exited 255) Tests: 1 Failed: 1)
Failed test: 1
Non-zero exit status: 255
Parse errors: Bad plan. You planned 4 tests but ran 1.
t/live_config.t (Wstat: 65280 (exited 255) Tests: 1 Failed: 1)
Failed test: 1
Non-zero exit status: 255
Parse errors: Bad plan. You planned 2 tests but ran 1.
Files=5, Tests=32, 2 wallclock secs ( 0.03 usr 0.00 sys + 2.60 cusr 0.19 csys = 2.82 CPU)
Result: FAIL
Failed 3/5 test programs. 5/32 subtests failed.
make: *** [Makefile:777: test_dynamic] Error 255
------------------------------
PREREQUISITES
------------------------------
Prerequisite modules loaded:
requires:
Module Need Have
----------------------------------- ------ ----------
Catalyst 5.7001 5.90130
Catalyst::Component::ACCEPT_CONTEXT 0.03 0.07
Class::C3 0 0.35
ok 0 1.302192
Path::Class 0 0.37
Storable 0 3.29
Test::MockObject 0 1.20200122
Test::More 0 1.302192
Test::WWW::Mechanize::Catalyst 0 0.62
build_requires:
Module Need Have
----------------------------------- ------ ----------
ExtUtils::MakeMaker 0 7.66
------------------------------
ENVIRONMENT AND OTHER CONTEXT
------------------------------
Environment variables:
AUTOMATED_TESTING = 1
LANG = en_US.UTF-8
PATH = /home/sand/bin:/usr/local/bin:/usr/local/sbin:/usr/sbin:/usr/bin:/sbin:/bin:/usr/games:/usr/local/games:/snap/bin:/usr/local/perl/bin:/usr/X11/bin
PERL = /tmp/basesmoker-reloperl-rxkN/bin/perl
PERL5LIB = /tmp/loop_over_bdir-2052-7dHShn/Devel-Required-0.16-0/blib/arch:/tmp/loop_over_bdir-2052-7dHShn/Devel-Required-0.16-0/blib/lib:/tmp/loop_over_bdir-2052-7dHShn/Simulation-Automate-1.0.1-0/blib/arch:/tmp/loop_over_bdir-2052-7dHShn/Simulation-Automate-1.0.1-0/blib/lib:/tmp/loop_over_bdir-2052-7dHShn/mmds-1.902-0/blib/arch:/tmp/loop_over_bdir-2052-7dHShn/mmds-1.902-0/blib/lib
PERL5OPT =
PERL5_CPANPLUS_IS_RUNNING = 2061
PERL5_CPAN_IS_RUNNING = 2061
PERL_CANARY_STABILITY_NOPROMPT = 1
PERL_MM_USE_DEFAULT = 1
PERL_USE_UNSAFE_INC = 1
SHELL = /usr/bin/zsh
TERM = screen
Perl special variables (and OS-specific diagnostics, for MSWin32):
$^X = /tmp/basesmoker-reloperl-rxkN/bin/perl
$UID/$EUID = 1005 / 1005
$GID = 1005 1005
$EGID = 1005 1005
Perl module toolchain versions installed:
Module Have
------------------- --------
CPAN 2.34
CPAN::Meta 2.150010
Cwd 3.88
ExtUtils::CBuilder 0.280238
ExtUtils::Command 7.66
ExtUtils::Install 2.22
ExtUtils::MakeMaker 7.66
ExtUtils::Manifest 1.73
ExtUtils::ParseXS 3.49
File::Spec 3.88
JSON 4.10
JSON::PP 4.16
Module::Build 0.4232
Module::Signature 0.88
Parse::CPAN::Meta 2.150010
Test::Harness 3.44
Test::More 1.302192
YAML 1.30
YAML::Syck 1.34
version 0.9929
--
Summary of my perl5 (revision 5 version 37 subversion 9) configuration:
Commit id: 692cfdb0a41902b1e4fd4d934426ef95c2b4b694
Platform:
osname=linux
osvers=5.4.0-139-generic
archname=x86_64-linux-thread-multi
uname='linux k93focal 5.4.0-139-generic #156-ubuntu smp fri jan 20 17:27:18 utc 2023 x86_64 x86_64 x86_64 gnulinux '
config_args='-Dprefix=/home/sand/src/perl/repoperls/installed-perls/host/k93focal/v5.37.9/d119 -Dmyhostname=k93focal -Dinstallusrbinperl=n -Uversiononly -Dusedevel -des -Ui_db -Dlibswanted=cl pthread socket inet nsl gdbm dbm malloc dl ld sun m crypt sec util c cposix posix ucb BSD gdbm_compat -Duseithreads -Uuselongdouble -DEBUGGING=both'
hint=recommended
useposix=true
d_sigaction=define
useithreads=define
usemultiplicity=define
use64bitint=define
use64bitall=define
uselongdouble=undef
usemymalloc=n
default_inc_excludes_dot=define
Compiler:
cc='cc'
ccflags ='-D_REENTRANT -D_GNU_SOURCE -fwrapv -DDEBUGGING -fno-strict-aliasing -pipe -fstack-protector-strong -I/usr/local/include -D_LARGEFILE_SOURCE -D_FILE_OFFSET_BITS=64'
optimize='-O2 -g'
cppflags='-D_REENTRANT -D_GNU_SOURCE -fwrapv -DDEBUGGING -fno-strict-aliasing -pipe -fstack-protector-strong -I/usr/local/include'
ccversion=''
gccversion='9.4.0'
gccosandvers=''
intsize=4
longsize=8
ptrsize=8
doublesize=8
byteorder=12345678
doublekind=3
d_longlong=define
longlongsize=8
d_longdbl=define
longdblsize=16
longdblkind=3
ivtype='long'
ivsize=8
nvtype='double'
nvsize=8
Off_t='off_t'
lseeksize=8
alignbytes=8
prototype=define
Linker and Libraries:
ld='cc'
ldflags =' -fstack-protector-strong -L/usr/local/lib'
libpth=/usr/local/lib /usr/lib/x86_64-linux-gnu /usr/lib /usr/lib64
libs=-lpthread -lnsl -ldl -lm -lcrypt -lutil -lc
perllibs=-lpthread -lnsl -ldl -lm -lcrypt -lutil -lc
libc=libc-2.31.so
so=so
useshrplib=false
libperl=libperl.a
gnulibc_version='2.31'
Dynamic Linking:
dlsrc=dl_dlopen.xs
dlext=so
d_dlsymun=undef
ccdlflags='-Wl,-E'
cccdlflags='-fPIC'
lddlflags='-shared -O2 -g -L/usr/local/lib -fstack-protector-strong'
Characteristics of this binary (from libperl):
Compile-time options:
DEBUGGING
HAS_TIMES
MULTIPLICITY
PERLIO_LAYERS
PERL_COPY_ON_WRITE
PERL_DONT_CREATE_GVSV
PERL_HASH_FUNC_SIPHASH13
PERL_HASH_USE_SBOX32
PERL_MALLOC_WRAP
PERL_OP_PARENT
PERL_PRESERVE_IVUV
PERL_TRACK_MEMPOOL
PERL_USE_DEVEL
PERL_USE_SAFE_PUTENV
USE_64_BIT_ALL
USE_64_BIT_INT
USE_ITHREADS
USE_LARGE_FILES
USE_LOCALE
USE_LOCALE_COLLATE
USE_LOCALE_CTYPE
USE_LOCALE_NUMERIC
USE_LOCALE_TIME
USE_PERLIO
USE_PERL_ATOF
USE_REENTRANT_API
USE_THREAD_SAFE_LOCALE
Built under linux
Compiled at Feb 28 2023 07:28:28
%ENV:
PERL="/tmp/basesmoker-reloperl-rxkN/bin/perl"
PERL5LIB="/tmp/loop_over_bdir-2052-7dHShn/Devel-Required-0.16-0/blib/arch:/tmp/loop_over_bdir-2052-7dHShn/Devel-Required-0.16-0/blib/lib:/tmp/loop_over_bdir-2052-7dHShn/Simulation-Automate-1.0.1-0/blib/arch:/tmp/loop_over_bdir-2052-7dHShn/Simulation-Automate-1.0.1-0/blib/lib:/tmp/loop_over_bdir-2052-7dHShn/mmds-1.902-0/blib/arch:/tmp/loop_over_bdir-2052-7dHShn/mmds-1.902-0/blib/lib"
PERL5OPT=""
PERL5_CPANPLUS_IS_RUNNING="2061"
PERL5_CPAN_IS_RUNNING="2061"
PERL_CANARY_STABILITY_NOPROMPT="1"
PERL_MM_USE_DEFAULT="1"
PERL_USE_UNSAFE_INC="1"
@INC:
/tmp/loop_over_bdir-2052-7dHShn/Devel-Required-0.16-0/blib/arch
/tmp/loop_over_bdir-2052-7dHShn/Devel-Required-0.16-0/blib/lib
/tmp/loop_over_bdir-2052-7dHShn/Simulation-Automate-1.0.1-0/blib/arch
/tmp/loop_over_bdir-2052-7dHShn/Simulation-Automate-1.0.1-0/blib/lib
/tmp/loop_over_bdir-2052-7dHShn/mmds-1.902-0/blib/arch
/tmp/loop_over_bdir-2052-7dHShn/mmds-1.902-0/blib/lib
/home/sand/src/perl/repoperls/installed-perls/host/k93focal/v5.37.9/d119/lib/site_perl/5.37.9/x86_64-linux-thread-multi
/home/sand/src/perl/repoperls/installed-perls/host/k93focal/v5.37.9/d119/lib/site_perl/5.37.9
/home/sand/src/perl/repoperls/installed-perls/host/k93focal/v5.37.9/d119/lib/5.37.9/x86_64-linux-thread-multi
/home/sand/src/perl/repoperls/installed-perls/host/k93focal/v5.37.9/d119/lib/5.37.9
.