Report for Number-Format-1.75

Back
From: metabase:user:320bfe00-2aae-11df-837a-5e0a49663a4f
Subject: NA Number-Format-1.75 v5.8.1 GNU/Linux
Date: 2016-03-21T11:08:16Z

This distribution has been tested as part of the CPAN Testers
project, supporting the Perl programming language.  See
http://wiki.cpantesters.org/ for more information or email
questions to cpan-testers-discuss@perl.org


--
Dear William R Ward,

This is a computer-generated report for Number-Format-1.75
on perl 5.8.1, created by CPAN-Reporter-1.2016.

Thank you for uploading your work to CPAN.  While attempting to build or test
this distribution, the distribution signaled that support is not available
either for this operating system or this version of Perl.  Nevertheless, any
diagnostic output produced is provided below for reference.  If this is not
what you expect, you may wish to consult the CPAN Testers Wiki:

http://wiki.cpantesters.org/wiki/CPANAuthorNotes

Sections of this report:

    * Tester comments
    * Program output
    * Prerequisites
    * Environment and other context

------------------------------
TESTER COMMENTS
------------------------------

Additional comments from tester:

this report is from an automated smoke testing program
and was not reviewed by a human for accuracy

------------------------------
PROGRAM OUTPUT
------------------------------

Output from '/usr/bin/make test':

PERL_DL_NONLAZY=1 "/home/sand/src/perl/repoperls/installed-perls/perl/perl-5.8.1/8d81/bin/perl" "-MExtUtils::Command::MM" "-MTest::Harness" "-e" "undef *Test::Harness::Switches; test_harness(0, 'blib/lib', 'blib/arch')" t/*.t

#   Failed test 'use Number::Format;'
#   at t/format_bytes.t line 10.
#     Tried to use 'Number::Format'.
#     Error:  Perl v5.10.0 required--this is only v5.8.1, stopped at /tmp/loop_over_bdir-9554-LQk4yB/Number-Format-1.75-0/blib/lib/Number/Format.pm line 5.
# Compilation failed in require at t/format_bytes.t line 10.
# BEGIN failed--compilation aborted at t/format_bytes.t line 10.
Undefined subroutine &main::format_bytes called at t/format_bytes.t line 12.
# Looks like your test exited with 255 just after 1.
t/format_bytes.t ..... 
Dubious, test returned 255 (wstat 65280, 0xff00)
Failed 1/1 subtests 

#   Failed test 'use Number::Format;'
#   at t/format_negative.t line 10.
#     Tried to use 'Number::Format'.
#     Error:  Perl v5.10.0 required--this is only v5.8.1, stopped at /tmp/loop_over_bdir-9554-LQk4yB/Number-Format-1.75-0/blib/lib/Number/Format.pm line 5.
# Compilation failed in require at t/format_negative.t line 10.
# BEGIN failed--compilation aborted at t/format_negative.t line 10.
Use of uninitialized value in string eq at /tmp/loop_over_bdir-9554-LQk4yB/Number-Format-1.75-0/blib/lib/Number/Format.pm line 474.
Use of uninitialized value in string eq at /tmp/loop_over_bdir-9554-LQk4yB/Number-Format-1.75-0/blib/lib/Number/Format.pm line 474.
Use of uninitialized value in string eq at /tmp/loop_over_bdir-9554-LQk4yB/Number-Format-1.75-0/blib/lib/Number/Format.pm line 474.
Use of uninitialized value in string eq at /tmp/loop_over_bdir-9554-LQk4yB/Number-Format-1.75-0/blib/lib/Number/Format.pm line 474.
Use of uninitialized value in pattern match (m//) at /tmp/loop_over_bdir-9554-LQk4yB/Number-Format-1.75-0/blib/lib/Number/Format.pm line 351.
Use of uninitialized value in string eq at /tmp/loop_over_bdir-9554-LQk4yB/Number-Format-1.75-0/blib/lib/Number/Format.pm line 353.
thousands_sep and decimal_point may not be equal at t/format_negative.t line 15.
# Looks like your test exited with 255 just after 2.
t/format_negative.t .. 
Dubious, test returned 255 (wstat 65280, 0xff00)
Failed 1/2 subtests 

#   Failed test 'use Number::Format;'
#   at t/format_number.t line 10.
#     Tried to use 'Number::Format'.
#     Error:  Perl v5.10.0 required--this is only v5.8.1, stopped at /tmp/loop_over_bdir-9554-LQk4yB/Number-Format-1.75-0/blib/lib/Number/Format.pm line 5.
# Compilation failed in require at t/format_number.t line 10.
# BEGIN failed--compilation aborted at t/format_number.t line 10.
Undefined subroutine &main::format_number called at t/format_number.t line 12.
# Looks like your test exited with 255 just after 1.
t/format_number.t .... 
Dubious, test returned 255 (wstat 65280, 0xff00)
Failed 1/1 subtests 

#   Failed test 'use Number::Format;'
#   at t/format_picture.t line 10.
#     Tried to use 'Number::Format'.
#     Error:  Perl v5.10.0 required--this is only v5.8.1, stopped at /tmp/loop_over_bdir-9554-LQk4yB/Number-Format-1.75-0/blib/lib/Number/Format.pm line 5.
# Compilation failed in require at t/format_picture.t line 10.
# BEGIN failed--compilation aborted at t/format_picture.t line 10.
Use of uninitialized value in string eq at /tmp/loop_over_bdir-9554-LQk4yB/Number-Format-1.75-0/blib/lib/Number/Format.pm line 474.
Use of uninitialized value in string eq at /tmp/loop_over_bdir-9554-LQk4yB/Number-Format-1.75-0/blib/lib/Number/Format.pm line 474.
Use of uninitialized value in string eq at /tmp/loop_over_bdir-9554-LQk4yB/Number-Format-1.75-0/blib/lib/Number/Format.pm line 474.
Use of uninitialized value in string eq at /tmp/loop_over_bdir-9554-LQk4yB/Number-Format-1.75-0/blib/lib/Number/Format.pm line 474.
Use of uninitialized value in pattern match (m//) at /tmp/loop_over_bdir-9554-LQk4yB/Number-Format-1.75-0/blib/lib/Number/Format.pm line 351.
Use of uninitialized value in string eq at /tmp/loop_over_bdir-9554-LQk4yB/Number-Format-1.75-0/blib/lib/Number/Format.pm line 353.
thousands_sep and decimal_point may not be equal at t/format_picture.t line 15.
# Looks like your test exited with 255 just after 1.
t/format_picture.t ... 
Dubious, test returned 255 (wstat 65280, 0xff00)
Failed 1/1 subtests 

#   Failed test 'use Number::Format;'
#   at t/format_price.t line 10.
#     Tried to use 'Number::Format'.
#     Error:  Perl v5.10.0 required--this is only v5.8.1, stopped at /tmp/loop_over_bdir-9554-LQk4yB/Number-Format-1.75-0/blib/lib/Number/Format.pm line 5.
# Compilation failed in require at t/format_price.t line 10.
# BEGIN failed--compilation aborted at t/format_price.t line 10.
Use of uninitialized value in string eq at /tmp/loop_over_bdir-9554-LQk4yB/Number-Format-1.75-0/blib/lib/Number/Format.pm line 474.
Use of uninitialized value in string eq at /tmp/loop_over_bdir-9554-LQk4yB/Number-Format-1.75-0/blib/lib/Number/Format.pm line 474.
Use of uninitialized value in string eq at /tmp/loop_over_bdir-9554-LQk4yB/Number-Format-1.75-0/blib/lib/Number/Format.pm line 474.
Use of uninitialized value in string eq at /tmp/loop_over_bdir-9554-LQk4yB/Number-Format-1.75-0/blib/lib/Number/Format.pm line 474.
Invalid argument(s) at t/format_price.t line 12.
# Looks like your test exited with 255 just after 1.
t/format_price.t ..... 
Dubious, test returned 255 (wstat 65280, 0xff00)
Failed 1/1 subtests 

#   Failed test 'use Number::Format;'
#   at t/locale.t line 16.
#     Tried to use 'Number::Format'.
#     Error:  Perl v5.10.0 required--this is only v5.8.1, stopped at /tmp/loop_over_bdir-9554-LQk4yB/Number-Format-1.75-0/blib/lib/Number/Format.pm line 5.
# Compilation failed in require at t/locale.t line 16.
# BEGIN failed--compilation aborted at t/locale.t line 16.
Use of uninitialized value in string eq at /tmp/loop_over_bdir-9554-LQk4yB/Number-Format-1.75-0/blib/lib/Number/Format.pm line 474.
Use of uninitialized value in string eq at /tmp/loop_over_bdir-9554-LQk4yB/Number-Format-1.75-0/blib/lib/Number/Format.pm line 474.
Use of uninitialized value in string eq at /tmp/loop_over_bdir-9554-LQk4yB/Number-Format-1.75-0/blib/lib/Number/Format.pm line 474.
Use of uninitialized value in string eq at /tmp/loop_over_bdir-9554-LQk4yB/Number-Format-1.75-0/blib/lib/Number/Format.pm line 474.
Use of uninitialized value in string eq at /tmp/loop_over_bdir-9554-LQk4yB/Number-Format-1.75-0/blib/lib/Number/Format.pm line 861.
Use of uninitialized value in pattern match (m//) at /tmp/loop_over_bdir-9554-LQk4yB/Number-Format-1.75-0/blib/lib/Number/Format.pm line 351.
Use of uninitialized value in string eq at /tmp/loop_over_bdir-9554-LQk4yB/Number-Format-1.75-0/blib/lib/Number/Format.pm line 353.
mon_thousands_sep and mon_decimal_point may not be equal at t/locale.t line 37.
# Looks like your test exited with 2 just after 2.
t/locale.t ........... 
Dubious, test returned 2 (wstat 512, 0x200)
Failed 1/2 subtests 

#   Failed test 'use Number::Format;'
#   at t/object.t line 10.
#     Tried to use 'Number::Format'.
#     Error:  Perl v5.10.0 required--this is only v5.8.1, stopped at /tmp/loop_over_bdir-9554-LQk4yB/Number-Format-1.75-0/blib/lib/Number/Format.pm line 5.
# Compilation failed in require at t/object.t line 10.
# BEGIN failed--compilation aborted at t/object.t line 10.
Use of uninitialized value in string eq at /tmp/loop_over_bdir-9554-LQk4yB/Number-Format-1.75-0/blib/lib/Number/Format.pm line 474.
Use of uninitialized value in string eq at /tmp/loop_over_bdir-9554-LQk4yB/Number-Format-1.75-0/blib/lib/Number/Format.pm line 474.
Use of uninitialized value in string eq at /tmp/loop_over_bdir-9554-LQk4yB/Number-Format-1.75-0/blib/lib/Number/Format.pm line 474.
Use of uninitialized value in string eq at /tmp/loop_over_bdir-9554-LQk4yB/Number-Format-1.75-0/blib/lib/Number/Format.pm line 474.
Invalid argument(s) at t/object.t line 12.
# Looks like your test exited with 255 just after 1.
t/object.t ........... 
Dubious, test returned 255 (wstat 65280, 0xff00)
Failed 1/1 subtests 

#   Failed test 'use Number::Format;'
#   at t/round.t line 10.
#     Tried to use 'Number::Format'.
#     Error:  Perl v5.10.0 required--this is only v5.8.1, stopped at /tmp/loop_over_bdir-9554-LQk4yB/Number-Format-1.75-0/blib/lib/Number/Format.pm line 5.
# Compilation failed in require at t/round.t line 10.
# BEGIN failed--compilation aborted at t/round.t line 10.
Undefined subroutine &main::round called at t/round.t line 14.
# Looks like your test exited with 255 just after 1.
t/round.t ............ 
Dubious, test returned 255 (wstat 65280, 0xff00)
Failed 1/1 subtests 

#   Failed test 'use Number::Format;'
#   at t/unformat_number.t line 10.
#     Tried to use 'Number::Format'.
#     Error:  Perl v5.10.0 required--this is only v5.8.1, stopped at /tmp/loop_over_bdir-9554-LQk4yB/Number-Format-1.75-0/blib/lib/Number/Format.pm line 5.
# Compilation failed in require at t/unformat_number.t line 10.
# BEGIN failed--compilation aborted at t/unformat_number.t line 10.
Undefined subroutine &main::unformat_number called at t/unformat_number.t line 12.
# Looks like your test exited with 255 just after 1.
t/unformat_number.t .. 
Dubious, test returned 255 (wstat 65280, 0xff00)
Failed 1/1 subtests 

Test Summary Report
-------------------
t/format_bytes.t   (Wstat: 65280 Tests: 1 Failed: 1)
  Failed test:  1
  Non-zero exit status: 255
t/format_negative.t (Wstat: 65280 Tests: 2 Failed: 1)
  Failed test:  1
  Non-zero exit status: 255
t/format_number.t  (Wstat: 65280 Tests: 1 Failed: 1)
  Failed test:  1
  Non-zero exit status: 255
t/format_picture.t (Wstat: 65280 Tests: 1 Failed: 1)
  Failed test:  1
  Non-zero exit status: 255
t/format_price.t   (Wstat: 65280 Tests: 1 Failed: 1)
  Failed test:  1
  Non-zero exit status: 255
t/locale.t         (Wstat: 512 Tests: 2 Failed: 1)
  Failed test:  1
  Non-zero exit status: 2
t/object.t         (Wstat: 65280 Tests: 1 Failed: 1)
  Failed test:  1
  Non-zero exit status: 255
t/round.t          (Wstat: 65280 Tests: 1 Failed: 1)
  Failed test:  1
  Non-zero exit status: 255
t/unformat_number.t (Wstat: 65280 Tests: 1 Failed: 1)
  Failed test:  1
  Non-zero exit status: 255
Files=9, Tests=11,  1 wallclock secs ( 0.05 usr  0.05 sys +  0.38 cusr  0.12 csys =  0.60 CPU)
Result: FAIL
Failed 9/9 test programs. 9/11 subtests failed.
Makefile:852: recipe for target 'test_dynamic' failed
make: *** [test_dynamic] Error 255

------------------------------
PREREQUISITES
------------------------------

Prerequisite modules loaded:

requires:

    Module              Need Have        
    ------------------- ---- ------------
    Carp                0    1.38        
    POSIX               0    1.06        

build_requires:

    Module              Need Have        
    ------------------- ---- ------------
    ExtUtils::MakeMaker 0    7.10        
    Test::More          0    1.302013_014

configure_requires:

    Module              Need Have        
    ------------------- ---- ------------
    ExtUtils::MakeMaker 0    7.10        


------------------------------
ENVIRONMENT AND OTHER CONTEXT
------------------------------

Environment variables:

    AUTOMATED_TESTING = 1
    LANG = en_US.UTF-8
    LANGUAGE = en_US:en
    PATH = /usr/lib/ccache:/home/sand/bin:/usr/local/bin:/usr/lib/ccache:/usr/bin:/bin:/usr/games:/usr/local/perl/bin:/usr/X11/bin:/sbin:/usr/sbin
    PERL5LIB = 
    PERL5OPT = 
    PERL5_CPANPLUS_IS_RUNNING = 9555
    PERL5_CPAN_IS_RUNNING = 9555
    PERL_MM_USE_DEFAULT = 1
    SHELL = /usr/bin/zsh
    TERM = screen

Perl special variables (and OS-specific diagnostics, for MSWin32):

    $^X = /home/sand/src/perl/repoperls/installed-perls/perl/perl-5.8.1/8d81/bin/perl
    $UID/$EUID = 1005 / 1005
    $GID = 1005 1005
    $EGID = 1005 1005

Perl module toolchain versions installed:

    Module              Have        
    ------------------- ------------
    CPAN                2.12        
    CPAN::Meta          2.150005    
    Cwd                 3.62        
    ExtUtils::CBuilder  0.280224    
    ExtUtils::Command   7.10        
    ExtUtils::Install   2.04        
    ExtUtils::MakeMaker 7.10        
    ExtUtils::Manifest  1.70        
    ExtUtils::ParseXS   3.30        
    File::Spec          3.62        
    JSON                2.90        
    JSON::PP            2.27300     
    Module::Build       0.4216      
    Module::Signature   0.79        
    Parse::CPAN::Meta   1.4417      
    Test::Harness       3.36        
    Test::More          1.302013_014
    YAML                1.15        
    YAML::Syck          1.29        
    version             0.9916      


--

Summary of my perl5 (revision 5.0 version 8 subversion 1) configuration:
  Platform:
    osname=linux, osvers=4.3.0-1-amd64, archname=x86_64-linux-ld
    uname='linux k83 4.3.0-1-amd64 #1 smp debian 4.3.3-7 (2016-01-19) x86_64 gnulinux '
    config_args='-Dprefix=/home/sand/src/perl/repoperls/installed-perls/perl/perl-5.8.1/8d81 -Dmyhostname=k83 -Dinstallusrbinperl=n -Uversiononly -Dusedevel -des -Ui_db -Dlibswanted=cl pthread socket inet nsl gdbm dbm malloc dl ld sun m crypt sec util c cposix posix ucb BSD gdbm_compat -Uuseithreads -Duselongdouble'
    hint=recommended, useposix=true, d_sigaction=define
    usethreads=undef use5005threads=undef useithreads=undef usemultiplicity=undef
    useperlio=define d_sfio=undef uselargefiles=define usesocks=undef
    use64bitint=define use64bitall=define uselongdouble=define
    usemymalloc=n, bincompat5005=undef
  Compiler:
    cc='cc', ccflags ='-fno-strict-aliasing -I/usr/local/include -D_LARGEFILE_SOURCE -D_FILE_OFFSET_BITS=64',
    optimize='-O2',
    cppflags='-fno-strict-aliasing -I/usr/local/include'
    ccversion='', gccversion='5.3.1 20160121', gccosandvers=''
    intsize=4, longsize=8, ptrsize=8, doublesize=8, byteorder=12345678
    d_longlong=define, longlongsize=8, d_longdbl=define, longdblsize=16
    ivtype='long', ivsize=8, nvtype='long double', nvsize=16, Off_t='off_t', lseeksize=8
    alignbytes=16, prototype=define
  Linker and Libraries:
    ld='cc', ldflags =' -L/usr/local/lib'
    libpth=/usr/local/lib /lib/x86_64-linux-gnu /lib/../lib /usr/lib/x86_64-linux-gnu /usr/lib/../lib /lib /usr/lib
    libs=-lpthread -lnsl -lgdbm -ldl -lm -lcrypt -lutil -lc -lgdbm_compat
    perllibs=-lpthread -lnsl -ldl -lm -lcrypt -lutil -lc -lgdbm_compat
    libc=libc-2.21.so, so=so, useshrplib=false, libperl=libperl.a
    gnulibc_version='2.21'
  Dynamic Linking:
    dlsrc=dl_dlopen.xs, dlext=so, d_dlsymun=undef, ccdlflags='-rdynamic'
    cccdlflags='-fpic', lddlflags='-shared -L/usr/local/lib'


Characteristics of this binary (from libperl): 
  Compile-time options: USE_64_BIT_INT USE_64_BIT_ALL USE_LONG_DOUBLE USE_LARGE_FILES
  Locally applied patches:
  	Devel::PatchPerl 1.40
  Built under linux
  Compiled at Feb 12 2016 20:00:03
  %ENV:
    PERL5LIB=""
    PERL5OPT=""
    PERL5_CPANPLUS_IS_RUNNING="9555"
    PERL5_CPAN_IS_RUNNING="9555"
    PERL_MM_USE_DEFAULT="1"
  @INC:
    /home/sand/src/perl/repoperls/installed-perls/perl/perl-5.8.1/8d81/lib/5.8.1/x86_64-linux-ld
    /home/sand/src/perl/repoperls/installed-perls/perl/perl-5.8.1/8d81/lib/5.8.1
    /home/sand/src/perl/repoperls/installed-perls/perl/perl-5.8.1/8d81/lib/site_perl/5.8.1/x86_64-linux-ld
    /home/sand/src/perl/repoperls/installed-perls/perl/perl-5.8.1/8d81/lib/site_perl/5.8.1
    /home/sand/src/perl/repoperls/installed-perls/perl/perl-5.8.1/8d81/lib/site_perl
    .