Report for CSS-Prepare-v0.9.2.4

Back
From: metabase:user:322078bc-2aae-11df-837a-5e0a49663a4f
Subject: FAIL CSS-Prepare-v0.9.2.4 v5.13.0 GNU/Linux
Date: 2011-06-24T08:30:25Z

This distribution has been tested as part of the CPAN Testers
project, supporting the Perl programming language.  See
http://wiki.cpantesters.org/ for more information or email
questions to cpan-testers-discuss@perl.org


--

Dear MNF,

This is a computer-generated error report created automatically by
CPANPLUS, version 0.9105. Testers personal comments may appear
at the end of this report.


Thank you for uploading your work to CPAN.  However, it appears that
there were some problems testing your distribution.

TEST RESULTS:

Below is the error stack from stage 'make test':

[MSG] [Fri Jun 24 09:29:02 2011] cp lib/CSS/Prepare/CSSGrammar.pm blib/lib/CSS/Prepare/CSSGrammar.pm
cp lib/CSS/Prepare/Property/Tables.pm blib/lib/CSS/Prepare/Property/Tables.pm
cp lib/CSS/Prepare/Manual/Support.pod blib/lib/CSS/Prepare/Manual/Support.pod
cp lib/CSS/Prepare/Manual/Features.pod blib/lib/CSS/Prepare/Manual/Features.pod
cp lib/CSS/Prepare/Manual/Validation.pod blib/lib/CSS/Prepare/Manual/Validation.pod
cp lib/CSS/Prepare/Manual/Syntax.pod blib/lib/CSS/Prepare/Manual/Syntax.pod
cp lib/CSS/Prepare/Plugin/Contain.pm blib/lib/CSS/Prepare/Plugin/Contain.pm
cp lib/CSS/Prepare.pm blib/lib/CSS/Prepare.pm
cp lib/CSS/Prepare/Manual/Hierarchy.pod blib/lib/CSS/Prepare/Manual/Hierarchy.pod
cp lib/CSS/Prepare/Plugin/Opacity.pm blib/lib/CSS/Prepare/Plugin/Opacity.pm
cp lib/CSS/Prepare/Property/Padding.pm blib/lib/CSS/Prepare/Property/Padding.pm
cp lib/CSS/Prepare/Manual/Introduction.pod blib/lib/CSS/Prepare/Manual/Introduction.pod
cp lib/CSS/Prepare/Property/Values.pm blib/lib/CSS/Prepare/Property/Values.pm
cp lib/CSS/Prepare/Property/Background.pm blib/lib/CSS/Prepare/Property/Background.pm
cp lib/CSS/Prepare/Property/Margin.pm blib/lib/CSS/Prepare/Property/Margin.pm
cp lib/CSS/Prepare/Plugin/TestPlugins.pm blib/lib/CSS/Prepare/Plugin/TestPlugins.pm
cp lib/CSS/Prepare/Manual/Hacks.pod blib/lib/CSS/Prepare/Manual/Hacks.pod
cp lib/CSS/Prepare/Property/BorderRadius.pm blib/lib/CSS/Prepare/Property/BorderRadius.pm
cp lib/CSS/Prepare/Plugin/BorderRadius.pm blib/lib/CSS/Prepare/Plugin/BorderRadius.pm
cp lib/CSS/Prepare/Property/Font.pm blib/lib/CSS/Prepare/Property/Font.pm
cp lib/CSS/Prepare/Property/Text.pm blib/lib/CSS/Prepare/Property/Text.pm
cp lib/CSS/Prepare/Property/Vendor.pm blib/lib/CSS/Prepare/Property/Vendor.pm
cp lib/CSS/Prepare/Property/Expansions.pm blib/lib/CSS/Prepare/Property/Expansions.pm
cp lib/CSS/Prepare/Property/UI.pm blib/lib/CSS/Prepare/Property/UI.pm
cp lib/CSS/Prepare/Manual/Optimising.pod blib/lib/CSS/Prepare/Manual/Optimising.pod
cp lib/CSS/Prepare/Property/Effects.pm blib/lib/CSS/Prepare/Property/Effects.pm
cp lib/CSS/Prepare/Property/Generated.pm blib/lib/CSS/Prepare/Property/Generated.pm
cp lib/CSS/Prepare/Property/Border.pm blib/lib/CSS/Prepare/Property/Border.pm
cp lib/CSS/Prepare/Property/Color.pm blib/lib/CSS/Prepare/Property/Color.pm
cp lib/CSS/Prepare/Property/Hacks.pm blib/lib/CSS/Prepare/Property/Hacks.pm
cp lib/CSS/Prepare/Manual/Deploying.pod blib/lib/CSS/Prepare/Manual/Deploying.pod
cp lib/CSS/Prepare/Property/Formatting.pm blib/lib/CSS/Prepare/Property/Formatting.pm
cp bin/cssprepare blib/script/cssprepare
/home/cpan/pit/thr/perl-5.13.0/bin/perl5.13.0 -MExtUtils::MY -e 'MY->fixin(shift)' -- blib/script/cssprepare
cp bin/assets blib/script/assets
/home/cpan/pit/thr/perl-5.13.0/bin/perl5.13.0 -MExtUtils::MY -e 'MY->fixin(shift)' -- blib/script/assets
Manifying blib/man1/cssprepare.1
Manifying blib/man1/assets.1
Manifying blib/man3/CSS::Prepare::Manual::Hacks.3
Manifying blib/man3/CSS::Prepare::Plugin::BorderRadius.3
Manifying blib/man3/CSS::Prepare::Manual::Support.3
Manifying blib/man3/CSS::Prepare::Manual::Syntax.3
Manifying blib/man3/CSS::Prepare::Manual::Validation.3
Manifying blib/man3/CSS::Prepare::Manual::Features.3
Manifying blib/man3/CSS::Prepare::Plugin::Contain.3
Manifying blib/man3/CSS::Prepare::Plugin::Opacity.3
Manifying blib/man3/CSS::Prepare::Manual::Hierarchy.3
Manifying blib/man3/CSS::Prepare.3
Manifying blib/man3/CSS::Prepare::Manual::Optimising.3
Manifying blib/man3/CSS::Prepare::Manual::Introduction.3
Manifying blib/man3/CSS::Prepare::Manual::Deploying.3

[ERROR] [Fri Jun 24 09:29:08 2011] MAKE TEST failed: PERL_DL_NONLAZY=1 /home/cpan/pit/thr/perl-5.13.0/bin/perl5.13.0 "-MExtUtils::Command::MM" "-e" "test_harness(0, 'blib/lib', 'blib/arch')" t/*.t
t/00.load.t ............. ok
t/01.expansion.t ........ ok
t/01.parse.t ............ ok
t/01.plugins.t .......... ok
t/01.selectors.t ........ ok
t/01.values.t ........... ok
t/02.background.t ....... ok
t/02.border.t ........... ok
t/02.borderradius.t ..... ok
t/02.color.t ............ ok
t/02.cp-borderradius.t .. ok
t/02.cp-contain.t ....... ok
t/02.cp-opacity.t ....... ok
t/02.effects.t .......... ok
t/02.font.t ............. ok
t/02.formatting.t ....... ok
t/02.generated.t ........ ok
t/02.hacks.t ............ ok
t/02.margin.t ........... ok
t/02.padding.t .......... ok
t/02.tables.t ........... ok
t/02.text.t ............. ok
t/02.ui.t ............... ok
t/02.vendor.t ........... ok
t/03.files.t ............ ok

#   Failed test 'HTTP::Lite or LWP::UserAgent not found'
#   at t/03.http.t line 24.

#   Failed test at t/03.http.t line 53.
#     Structures begin differing at:
#          $got->[0] = HASH(0xe79ab8)
#     $expected->[0] = Does not exist

#   Failed test at t/03.http.t line 95.
#     Structures begin differing at:
#          $got->[0] = HASH(0x7899d0)
#     $expected->[0] = Does not exist
# Looks like you planned 2 tests but ran 3.
# Looks like you failed 3 tests of 3 run.
t/03.http.t ............. 
Dubious, test returned 3 (wstat 768, 0x300)
Failed 2/2 subtests 
t/03.import.t ........... ok
t/04.background.t ....... ok
t/04.border.t ........... ok
t/04.borderradius.t ..... ok
t/04.color.t ............ ok
t/04.cp-borderradius.t .. ok
t/04.cp-contain.t ....... ok
t/04.cp-opacity.t ....... ok
t/04.effects.t .......... ok
t/04.font.t ............. ok
t/04.formatting.t ....... ok
t/04.generated.t ........ ok
t/04.hacks.t ............ ok
t/04.margin.t ........... ok
t/04.padding.t .......... ok
t/04.tables.t ........... ok
t/04.text.t ............. ok
t/04.ui.t ............... ok
t/04.vendor.t ........... ok
t/05.basic.t ............ ok

#   Failed test 'HTTP::Lite or LWP::UserAgent not found'
#   at t/05.combining.t line 16.

#   Failed test at t/05.combining.t line 131.

#   Failed test at t/05.combining.t line 154.
# Looks like you planned 9 tests but ran 10.
# Looks like you failed 3 tests of 10 run.
t/05.combining.t ........ 
Dubious, test returned 3 (wstat 768, 0x300)
Failed 3/9 subtests 
t/05.files.t ............ ok

#   Failed test 'HTTP::Lite or LWP::UserAgent not found'
#   at t/05.yui-fonts.t line 22.

#   Failed test at t/05.yui-fonts.t line 49.
#     Structures begin differing at:
#          $got->[0] = HASH(0x787398)
#     $expected->[0] = Does not exist

#   Failed test at t/05.yui-fonts.t line 53.
# Looks like you planned 2 tests but ran 3.
# Looks like you failed 3 tests of 3 run.
t/05.yui-fonts.t ........ 
Dubious, test returned 3 (wstat 768, 0x300)
Failed 2/2 subtests 

#   Failed test 'HTTP::Lite or LWP::UserAgent not found'
#   at t/05.yui-grids.t line 22.

#   Failed test at t/05.yui-grids.t line 107.
#     Structures begin differing at:
#          $got->[0] = HASH(0x787398)
#     $expected->[0] = Does not exist

#   Failed test at t/05.yui-grids.t line 111.
# Looks like you planned 2 tests but ran 3.
# Looks like you failed 3 tests of 3 run.
t/05.yui-grids.t ........ 
Dubious, test returned 3 (wstat 768, 0x300)
Failed 2/2 subtests 

#   Failed test 'HTTP::Lite or LWP::UserAgent not found'
#   at t/05.yui-reset.t line 22.

#   Failed test at t/05.yui-reset.t line 62.
# Looks like you planned 2 tests but ran 3.
# Looks like you failed 2 tests of 3 run.
t/05.yui-reset.t ........ 
Dubious, test returned 2 (wstat 512, 0x200)
Failed 1/2 subtests 
t/06.basic.t ............ ok

#   Failed test 'HTTP::Lite or LWP::UserAgent not found'
#   at t/06.combining.t line 16.

#   Failed test at t/06.combining.t line 143.

#   Failed test at t/06.combining.t line 168.
# Looks like you planned 9 tests but ran 10.
# Looks like you failed 3 tests of 10 run.
t/06.combining.t ........ 
Dubious, test returned 3 (wstat 768, 0x300)
Failed 3/9 subtests 
t/06.files.t ............ ok

#   Failed test 'HTTP::Lite or LWP::UserAgent not found'
#   at t/06.yui-fonts.t line 22.

#   Failed test at t/06.yui-fonts.t line 49.
#     Structures begin differing at:
#          $got->[0] = HASH(0x77e940)
#     $expected->[0] = Does not exist

#   Failed test at t/06.yui-fonts.t line 54.
# Looks like you planned 2 tests but ran 3.
# Looks like you failed 3 tests of 3 run.
t/06.yui-fonts.t ........ 
Dubious, test returned 3 (wstat 768, 0x300)
Failed 2/2 subtests 

#   Failed test 'HTTP::Lite or LWP::UserAgent not found'
#   at t/06.yui-grids.t line 22.

#   Failed test at t/06.yui-grids.t line 104.
#     Structures begin differing at:
#          $got->[0] = HASH(0x77e940)
#     $expected->[0] = Does not exist

#   Failed test at t/06.yui-grids.t line 109.
# Looks like you planned 2 tests but ran 3.
# Looks like you failed 3 tests of 3 run.
t/06.yui-grids.t ........ 
Dubious, test returned 3 (wstat 768, 0x300)
Failed 2/2 subtests 

#   Failed test 'HTTP::Lite or LWP::UserAgent not found'
#   at t/06.yui-reset.t line 22.

#   Failed test at t/06.yui-reset.t line 62.
# Looks like you planned 2 tests but ran 3.
# Looks like you failed 2 tests of 3 run.
t/06.yui-reset.t ........ 
Dubious, test returned 2 (wstat 512, 0x200)
Failed 1/2 subtests 

#   Failed test at t/assets.t line 70.
#     Structures begin differing at:
#          $got->[0] = Does not exist
#     $expected->[0] = HASH(0xe9c538)

#   Failed test at t/assets.t line 83.

#   Failed test at t/assets.t line 93.
# Looks like you failed 3 tests of 10.
t/assets.t .............. 
Dubious, test returned 3 (wstat 768, 0x300)
Failed 3/10 subtests 
t/comments.t ............ ok

Test Summary Report
-------------------
t/03.http.t           (Wstat: 768 Tests: 3 Failed: 3)
  Failed tests:  1-3
  Non-zero exit status: 3
  Parse errors: Bad plan.  You planned 2 tests but ran 3.
t/05.combining.t      (Wstat: 768 Tests: 10 Failed: 4)
  Failed tests:  1, 5, 7, 10
  Non-zero exit status: 3
  Parse errors: Bad plan.  You planned 9 tests but ran 10.
t/05.yui-fonts.t      (Wstat: 768 Tests: 3 Failed: 3)
  Failed tests:  1-3
  Non-zero exit status: 3
  Parse errors: Bad plan.  You planned 2 tests but ran 3.
t/05.yui-grids.t      (Wstat: 768 Tests: 3 Failed: 3)
  Failed tests:  1-3
  Non-zero exit status: 3
  Parse errors: Bad plan.  You planned 2 tests but ran 3.
t/05.yui-reset.t      (Wstat: 512 Tests: 3 Failed: 2)
  Failed tests:  1, 3
  Non-zero exit status: 2
  Parse errors: Bad plan.  You planned 2 tests but ran 3.
t/06.combining.t      (Wstat: 768 Tests: 10 Failed: 4)
  Failed tests:  1, 5, 7, 10
  Non-zero exit status: 3
  Parse errors: Bad plan.  You planned 9 tests but ran 10.
t/06.yui-fonts.t      (Wstat: 768 Tests: 3 Failed: 3)
  Failed tests:  1-3
  Non-zero exit status: 3
  Parse errors: Bad plan.  You planned 2 tests but ran 3.
t/06.yui-grids.t      (Wstat: 768 Tests: 3 Failed: 3)
  Failed tests:  1-3
  Non-zero exit status: 3
  Parse errors: Bad plan.  You planned 2 tests but ran 3.
t/06.yui-reset.t      (Wstat: 512 Tests: 3 Failed: 2)
  Failed tests:  1, 3
  Non-zero exit status: 2
  Parse errors: Bad plan.  You planned 2 tests but ran 3.
t/assets.t            (Wstat: 768 Tests: 10 Failed: 3)
  Failed tests:  5-7
  Non-zero exit status: 3
Files=59, Tests=1122,  6 wallclock secs ( 0.25 usr  0.07 sys +  5.51 cusr  0.53 csys =  6.36 CPU)
Result: FAIL
Failed 10/59 test programs. 30/1122 subtests failed.
make: *** [test_dynamic] Error 255

[MSG] [Fri Jun 24 09:29:08 2011] DEFAULT 'proceed_on_test_failure' HANDLER RETURNING 'sub return value'

PREREQUISITES:

Here is a list of prerequisites you specified and versions we
managed to load:

	  Module Name                        Have     Want
	  Digest::SHA1                       2.13        0
	  Modern::Perl                       1.03        0
	  Test::More                         0.98        0
	  version                            0.91        0

Perl module toolchain versions installed:
	Module Name                        Have
	CPANPLUS                         0.9105
	CPANPLUS::Dist::Build              0.56
	Cwd                                3.33
	ExtUtils::CBuilder             0.280202
	ExtUtils::Command                  1.16
	ExtUtils::Install                  1.55
	ExtUtils::MakeMaker              6.5601
	ExtUtils::Manifest                 1.58
	ExtUtils::ParseXS                2.2206
	File::Spec                         3.33
	Module::Build                    0.3800
	Test::Harness                      3.23
	Test::More                         0.98
	version                            0.91

******************************** NOTE ********************************
The comments above are created mechanically, possibly without manual
checking by the sender.  As there are many people performing automatic
tests on each upload to CPAN, it is likely that you will receive
identical messages about the same problem.

If you believe that the message is mistaken, please reply to the first
one with correction and/or additional informations, and do not take
it personally.  We appreciate your patience. :)
**********************************************************************

Additional comments:


This report was machine-generated by CPANPLUS::Dist::YACSmoke 0.62.
Powered by minismokebox version 0.54

------------------------------
ENVIRONMENT AND OTHER CONTEXT
------------------------------

Environment variables:

    AUTOMATED_TESTING = 1
    LANG = en_US
    LC_COLLATE = C
    PATH = /usr/local/bin:/usr/bin:/bin:/usr/games:/usr/lib64/java/bin:/usr/lib64/qt/bin:/usr/share/texmf/bin:.
    PERL5LIB = :/home/cpan/pit/thr/conf/perl-5.13.0/.cpanplus/5.13.0/build/Digest-SHA1-2.13/blib/lib:/home/cpan/pit/thr/conf/perl-5.13.0/.cpanplus/5.13.0/build/Digest-SHA1-2.13/blib/arch:/home/cpan/pit/thr/conf/perl-5.13.0/.cpanplus/5.13.0/build/Modern-Perl-1.03/blib/lib:/home/cpan/pit/thr/conf/perl-5.13.0/.cpanplus/5.13.0/build/Modern-Perl-1.03/blib/arch:/home/cpan/pit/thr/conf/perl-5.13.0/.cpanplus/5.13.0/build/CSS-Prepare-v0.9.2.4/blib/lib:/home/cpan/pit/thr/conf/perl-5.13.0/.cpanplus/5.13.0/build/CSS-Prepare-v0.9.2.4/blib/arch
    PERL5_CPANPLUS_IS_RUNNING = 20075
    PERL5_CPANPLUS_IS_VERSION = 0.9105
    PERL5_MINISMOKEBOX = 0.54
    PERL5_YACSMOKE_BASE = /home/cpan/pit/thr/conf/perl-5.13.0
    PERL_EXTUTILS_AUTOINSTALL = --defaultdeps
    PERL_MM_USE_DEFAULT = 1
    SHELL = /bin/bash
    TERM = screen

Perl special variables (and OS-specific diagnostics, for MSWin32):

    Perl: $^X = /home/cpan/pit/thr/perl-5.13.0/bin/perl5.13.0
    UID:  $<  = 1001
    EUID: $>  = 1001
    GID:  $(  = 100 100
    EGID: $)  = 100 100


-------------------------------


--

Summary of my perl5 (revision 5 version 13 subversion 0) configuration:
   
  Platform:
    osname=linux, osvers=2.6.33.4, archname=x86_64-linux-thread-multi
    uname='linux slack64 2.6.33.4 #3 smp wed may 12 23:13:09 cdt 2010 x86_64 intel(r) xeon(r) cpu e5520 @ 2.27ghz genuineintel gnulinux '
    config_args='-des -Dprefix=/home/cpan/pit/thr/perl-5.13.0 -Dusethreads -Dusedevel'
    hint=recommended, useposix=true, d_sigaction=define
    useithreads=define, usemultiplicity=define
    useperlio=define, d_sfio=undef, uselargefiles=define, usesocks=undef
    use64bitint=define, use64bitall=define, uselongdouble=undef
    usemymalloc=n, bincompat5005=undef
  Compiler:
    cc='cc', ccflags ='-D_REENTRANT -D_GNU_SOURCE -fno-strict-aliasing -pipe -fstack-protector -I/usr/local/include -D_LARGEFILE_SOURCE -D_FILE_OFFSET_BITS=64',
    optimize='-O2',
    cppflags='-D_REENTRANT -D_GNU_SOURCE -fno-strict-aliasing -pipe -fstack-protector -I/usr/local/include'
    ccversion='', gccversion='4.4.4', gccosandvers=''
    intsize=4, longsize=8, ptrsize=8, doublesize=8, byteorder=12345678
    d_longlong=define, longlongsize=8, d_longdbl=define, longdblsize=16
    ivtype='long', ivsize=8, nvtype='double', nvsize=8, Off_t='off_t', lseeksize=8
    alignbytes=8, prototype=define
  Linker and Libraries:
    ld='cc', ldflags =' -fstack-protector -L/usr/local/lib'
    libpth=/usr/local/lib /lib /usr/lib /lib64 /usr/lib64 /usr/local/lib64
    libs=-lnsl -lgdbm -ldb -ldl -lm -lcrypt -lutil -lpthread -lc
    perllibs=-lnsl -ldl -lm -lcrypt -lutil -lpthread -lc
    libc=, so=so, useshrplib=false, libperl=libperl.a
    gnulibc_version='2.11.1'
  Dynamic Linking:
    dlsrc=dl_dlopen.xs, dlext=so, d_dlsymun=undef, ccdlflags='-Wl,-E'
    cccdlflags='-fPIC', lddlflags='-shared -O2 -L/usr/local/lib -fstack-protector'


Characteristics of this binary (from libperl): 
  Compile-time options: MULTIPLICITY PERL_DONT_CREATE_GVSV
                        PERL_IMPLICIT_CONTEXT PERL_MALLOC_WRAP PERL_USE_DEVEL
                        USE_64_BIT_ALL USE_64_BIT_INT USE_ITHREADS
                        USE_LARGE_FILES USE_PERLIO USE_PERL_ATOF
                        USE_REENTRANT_API
  Built under linux
  Compiled at Feb 18 2011 11:35:02
  %ENV:
    PERL5LIB=":/home/cpan/pit/thr/conf/perl-5.13.0/.cpanplus/5.13.0/build/Digest-SHA1-2.13/blib/lib:/home/cpan/pit/thr/conf/perl-5.13.0/.cpanplus/5.13.0/build/Digest-SHA1-2.13/blib/arch:/home/cpan/pit/thr/conf/perl-5.13.0/.cpanplus/5.13.0/build/Modern-Perl-1.03/blib/lib:/home/cpan/pit/thr/conf/perl-5.13.0/.cpanplus/5.13.0/build/Modern-Perl-1.03/blib/arch:/home/cpan/pit/thr/conf/perl-5.13.0/.cpanplus/5.13.0/build/CSS-Prepare-v0.9.2.4/blib/lib:/home/cpan/pit/thr/conf/perl-5.13.0/.cpanplus/5.13.0/build/CSS-Prepare-v0.9.2.4/blib/arch"
    PERL5_CPANPLUS_IS_RUNNING="20075"
    PERL5_CPANPLUS_IS_VERSION="0.9105"
    PERL5_MINISMOKEBOX="0.54"
    PERL5_YACSMOKE_BASE="/home/cpan/pit/thr/conf/perl-5.13.0"
    PERL_EXTUTILS_AUTOINSTALL="--defaultdeps"
    PERL_MM_USE_DEFAULT="1"
  @INC:
    /home/cpan/pit/thr/conf/perl-5.13.0/.cpanplus/5.13.0/build/Digest-SHA1-2.13/blib/lib
    /home/cpan/pit/thr/conf/perl-5.13.0/.cpanplus/5.13.0/build/Digest-SHA1-2.13/blib/arch
    /home/cpan/pit/thr/conf/perl-5.13.0/.cpanplus/5.13.0/build/Modern-Perl-1.03/blib/lib
    /home/cpan/pit/thr/conf/perl-5.13.0/.cpanplus/5.13.0/build/Modern-Perl-1.03/blib/arch
    /home/cpan/pit/thr/conf/perl-5.13.0/.cpanplus/5.13.0/build/CSS-Prepare-v0.9.2.4/blib/lib
    /home/cpan/pit/thr/conf/perl-5.13.0/.cpanplus/5.13.0/build/CSS-Prepare-v0.9.2.4/blib/arch
    /home/cpan/pit/thr/perl-5.13.0/lib/site_perl/5.13.0/x86_64-linux-thread-multi
    /home/cpan/pit/thr/perl-5.13.0/lib/site_perl/5.13.0
    /home/cpan/pit/thr/perl-5.13.0/lib/5.13.0/x86_64-linux-thread-multi
    /home/cpan/pit/thr/perl-5.13.0/lib/5.13.0
    .