Back
From: metabase:user:d2c9f356-b46f-11df-9a90-20a83c0b7757
Subject: FAIL Acme-Perl-VM-0.006 v5.15.5 SunOS/Solaris
Date: 2011-12-12T00:49:54Z
This distribution has been tested as part of the CPAN Testers
project, supporting the Perl programming language. See
http://wiki.cpantesters.org/ for more information or email
questions to cpan-testers-discuss@perl.org
--
Dear Goro Fuji,
This is a computer-generated report for Acme-Perl-VM-0.006
on perl 5.15.5, created by CPAN-Reporter-1.2002.
Thank you for uploading your work to CPAN. However, there was a problem
testing your distribution.
If you think this report is invalid, please consult the CPAN Testers Wiki
for suggestions on how to avoid getting FAIL reports for missing library
or binary dependencies, unsupported operating systems, and so on:
http://wiki.cpantesters.org/wiki/CPANAuthorNotes
Sections of this report:
* Tester comments
* Program output
* Prerequisites
* Environment and other context
------------------------------
TESTER COMMENTS
------------------------------
Additional comments from tester:
this report is from an automated smoke testing program
and was not reviewed by a human for accuracy
------------------------------
PROGRAM OUTPUT
------------------------------
Output from '/usr/local/bin/make test':
PERL_DL_NONLAZY=1 /export/home/cpant4/perl5/bin/perl5.15.5 "-MExtUtils::Command::MM" "-e" "test_harness(0, 'inc', 'blib/lib', 'blib/arch')" t/*.t
defined(%hash) is deprecated at /export/home/cpant4/.cpan/build/Acme-Perl-VM-0.006-v8qi4M/blib/lib/Acme/Perl/VM/PP.pm line 1130.
(Maybe you should just omit the defined()?)
# Testing Acme::Perl::VM/0.006 (APVM_DEBUG=0)
t/00_load.t ....... ok
defined(%hash) is deprecated at /export/home/cpant4/.cpan/build/Acme-Perl-VM-0.006-v8qi4M/blib/lib/Acme/Perl/VM/PP.pm line 1130.
(Maybe you should just omit the defined()?)
t/01_print.t ...... ok
defined(%hash) is deprecated at /export/home/cpant4/.cpan/build/Acme-Perl-VM-0.006-v8qi4M/blib/lib/Acme/Perl/VM/PP.pm line 1130.
(Maybe you should just omit the defined()?)
t/02_return.t ..... ok
defined(%hash) is deprecated at /export/home/cpant4/.cpan/build/Acme-Perl-VM-0.006-v8qi4M/blib/lib/Acme/Perl/VM/PP.pm line 1130.
(Maybe you should just omit the defined()?)
t/03_assign.t ..... ok
defined(%hash) is deprecated at /export/home/cpant4/.cpan/build/Acme-Perl-VM-0.006-v8qi4M/blib/lib/Acme/Perl/VM/PP.pm line 1130.
(Maybe you should just omit the defined()?)
t/04_funcall.t .... ok
defined(%hash) is deprecated at /export/home/cpant4/.cpan/build/Acme-Perl-VM-0.006-v8qi4M/blib/lib/Acme/Perl/VM/PP.pm line 1130.
(Maybe you should just omit the defined()?)
t/05_methcall.t ... ok
defined(%hash) is deprecated at /export/home/cpant4/.cpan/build/Acme-Perl-VM-0.006-v8qi4M/blib/lib/Acme/Perl/VM/PP.pm line 1130.
(Maybe you should just omit the defined()?)
t/06_misc.t ....... ok
defined(%hash) is deprecated at /export/home/cpant4/.cpan/build/Acme-Perl-VM-0.006-v8qi4M/blib/lib/Acme/Perl/VM/PP.pm line 1130.
(Maybe you should just omit the defined()?)
Can't call method "object_2svref" on an undefined value at /export/home/cpant4/.cpan/build/Acme-Perl-VM-0.006-v8qi4M/blib/lib/Acme/Perl/VM.pm line 733.
# Looks like your test exited with 255 before it could output anything.
t/07_loop.t .......
Dubious, test returned 255 (wstat 65280, 0xff00)
Failed 16/16 subtests
defined(%hash) is deprecated at /export/home/cpant4/.cpan/build/Acme-Perl-VM-0.006-v8qi4M/blib/lib/Acme/Perl/VM/PP.pm line 1130.
(Maybe you should just omit the defined()?)
pp_aelemfast_lex is not implemented at /export/home/cpant4/.cpan/build/Acme-Perl-VM-0.006-v8qi4M/blib/lib/Acme/Perl/VM.pm line 143
Acme::Perl::VM::__ANON__ called at /export/home/cpant4/.cpan/build/Acme-Perl-VM-0.006-v8qi4M/blib/lib/Acme/Perl/VM.pm line 150
Acme::Perl::VM::runops_standard() called at /export/home/cpant4/.cpan/build/Acme-Perl-VM-0.006-v8qi4M/blib/lib/Acme/Perl/VM.pm line 1009
Acme::Perl::VM::call_sv('B::CV=SCALAR(0x8558e6c)', 2) called at /export/home/cpant4/.cpan/build/Acme-Perl-VM-0.006-v8qi4M/blib/lib/Acme/Perl/VM.pm line 1042
Acme::Perl::VM::run_block('CODE(0x8505f3c)') called at t/08_array.t line 37
# Looks like you planned 24 tests but ran 5.
# Looks like your test exited with 255 just after 5.
t/08_array.t ......
Dubious, test returned 255 (wstat 65280, 0xff00)
Failed 19/24 subtests
defined(%hash) is deprecated at /export/home/cpant4/.cpan/build/Acme-Perl-VM-0.006-v8qi4M/blib/lib/Acme/Perl/VM/PP.pm line 1130.
(Maybe you should just omit the defined()?)
t/09_hash.t ....... ok
defined(%hash) is deprecated at /export/home/cpant4/.cpan/build/Acme-Perl-VM-0.006-v8qi4M/blib/lib/Acme/Perl/VM/PP.pm line 1130.
(Maybe you should just omit the defined()?)
t/10_rv2xv.t ...... ok
defined(%hash) is deprecated at /export/home/cpant4/.cpan/build/Acme-Perl-VM-0.006-v8qi4M/blib/lib/Acme/Perl/VM/PP.pm line 1130.
(Maybe you should just omit the defined()?)
t/11_readline.t ... ok
defined(%hash) is deprecated at /export/home/cpant4/.cpan/build/Acme-Perl-VM-0.006-v8qi4M/blib/lib/Acme/Perl/VM/PP.pm line 1130.
(Maybe you should just omit the defined()?)
t/12_anon.t ....... ok
defined(%hash) is deprecated at /export/home/cpant4/.cpan/build/Acme-Perl-VM-0.006-v8qi4M/blib/lib/Acme/Perl/VM/PP.pm line 1130.
(Maybe you should just omit the defined()?)
t/13_foreach.t .... ok
defined(%hash) is deprecated at /export/home/cpant4/.cpan/build/Acme-Perl-VM-0.006-v8qi4M/blib/lib/Acme/Perl/VM/PP.pm line 1130.
(Maybe you should just omit the defined()?)
t/14_assign2.t .... ok
defined(%hash) is deprecated at /export/home/cpant4/.cpan/build/Acme-Perl-VM-0.006-v8qi4M/blib/lib/Acme/Perl/VM/PP.pm line 1130.
(Maybe you should just omit the defined()?)
t/15_range.t ...... ok
defined(%hash) is deprecated at /export/home/cpant4/.cpan/build/Acme-Perl-VM-0.006-v8qi4M/blib/lib/Acme/Perl/VM/PP.pm line 1130.
(Maybe you should just omit the defined()?)
t/16_wantarray.t .. ok
defined(%hash) is deprecated at /export/home/cpant4/.cpan/build/Acme-Perl-VM-0.006-v8qi4M/blib/lib/Acme/Perl/VM/PP.pm line 1130.
(Maybe you should just omit the defined()?)
t/17_pushpop.t .... ok
defined(%hash) is deprecated at /export/home/cpant4/.cpan/build/Acme-Perl-VM-0.006-v8qi4M/blib/lib/Acme/Perl/VM/PP.pm line 1130.
(Maybe you should just omit the defined()?)
t/18_extern.t ..... ok
defined(%hash) is deprecated at /export/home/cpant4/.cpan/build/Acme-Perl-VM-0.006-v8qi4M/blib/lib/Acme/Perl/VM/PP.pm line 1130.
(Maybe you should just omit the defined()?)
Can't call method "object_2svref" on an undefined value at /export/home/cpant4/.cpan/build/Acme-Perl-VM-0.006-v8qi4M/blib/lib/Acme/Perl/VM/PP.pm line 1411.
# Looks like your test exited with 255 before it could output anything.
t/19_bless.t ......
Dubious, test returned 255 (wstat 65280, 0xff00)
Failed 15/15 subtests
defined(%hash) is deprecated at /export/home/cpant4/.cpan/build/Acme-Perl-VM-0.006-v8qi4M/blib/lib/Acme/Perl/VM/PP.pm line 1130.
(Maybe you should just omit the defined()?)
t/20_join.t ....... ok
defined(%hash) is deprecated at /export/home/cpant4/.cpan/build/Acme-Perl-VM-0.006-v8qi4M/blib/lib/Acme/Perl/VM/PP.pm line 1130.
(Maybe you should just omit the defined()?)
t/21_assign3.t .... ok
Test Summary Report
-------------------
t/07_loop.t (Wstat: 65280 Tests: 0 Failed: 0)
Non-zero exit status: 255
Parse errors: Bad plan. You planned 16 tests but ran 0.
t/08_array.t (Wstat: 65280 Tests: 5 Failed: 0)
Non-zero exit status: 255
Parse errors: Bad plan. You planned 24 tests but ran 5.
t/19_bless.t (Wstat: 65280 Tests: 0 Failed: 0)
Non-zero exit status: 255
Parse errors: Bad plan. You planned 15 tests but ran 0.
Files=22, Tests=272, 5 wallclock secs ( 0.32 usr 0.22 sys + 3.28 cusr 0.85 csys = 4.67 CPU)
Result: FAIL
Failed 3/22 test programs. 0/272 subtests failed.
make: *** [test_dynamic] Error 255
------------------------------
PREREQUISITES
------------------------------
Prerequisite modules loaded:
requires:
Module Need Have
------------------- ---- -------
B 0 1.32
Exporter 5.57 5.65
ExtUtils::MakeMaker 6.42 6.63_02
Mouse 0.21 0.97
Test::More 0.62 0.98
build_requires:
Module Need Have
------------------- ---- -------
ExtUtils::MakeMaker 0 6.63_02
configure_requires:
Module Need Have
------------------- ---- -------
ExtUtils::MakeMaker 6.42 6.63_02
------------------------------
ENVIRONMENT AND OTHER CONTEXT
------------------------------
Environment variables:
AUTOMATED_TESTING = 1
LANG = C
LD_LIBRARY_PATH = /usr/local/lib:
PATH = /export/home/cpant4/perl5/bin:/usr/local/bin:/usr/bin
PERL5LIB =
PERL5OPT =
PERL5_CPANPLUS_IS_RUNNING = 16804
PERL5_CPAN_IS_RUNNING = 16804
PERL5_CPAN_IS_RUNNING_IN_RECURSION = 19504,16804
PERL_CR_SMOKER_CURRENT = Acme-Perl-VM-0.006
PERL_EXTUTILS_AUTOINSTALL = --defaultdeps
PERL_MM_USE_DEFAULT = 1
SHELL = /bin/bash
TERM = xterm
Perl special variables (and OS-specific diagnostics, for MSWin32):
$^X = /export/home/cpant4/perl5/bin/perl5.15.5
$UID/$EUID = 104 / 104
$GID = 1 1
$EGID = 1 1
Perl module toolchain versions installed:
Module Have
------------------- --------
CPAN 1.9800
CPAN::Meta 2.112621
Cwd 3.37
ExtUtils::CBuilder 0.280204
ExtUtils::Command 1.17
ExtUtils::Install 1.57
ExtUtils::MakeMaker 6.63_02
ExtUtils::Manifest 1.60
ExtUtils::ParseXS 3.05
File::Spec 3.34
JSON 2.53
JSON::PP 2.27200
Module::Build 0.39_01
Module::Signature n/a
Parse::CPAN::Meta 1.4401
Test::Harness 3.23
Test::More 0.98
YAML 0.77
YAML::Syck 1.19
version 0.95
--
Summary of my perl5 (revision 5 version 15 subversion 5) configuration:
Platform:
osname=solaris, osvers=2.10, archname=i86pc-solaris-64int
uname='sunos vmrz0046 5.10 generic_141445-09 i86pc i386 i86pc solaris '
config_args='-Dcc=gcc -Dprefix=~/perl5 -Duse64bitint -Dusedevel -d'
hint=recommended, useposix=true, d_sigaction=define
useithreads=undef, usemultiplicity=undef
useperlio=define, d_sfio=undef, uselargefiles=define, usesocks=undef
use64bitint=define, use64bitall=undef, uselongdouble=undef
usemymalloc=n, bincompat5005=undef
Compiler:
cc='gcc', ccflags ='-DPTR_IS_LONG -fno-strict-aliasing -pipe -I/usr/local/include -D_LARGEFILE_SOURCE -D_FILE_OFFSET_BITS=64 -DPERL_USE_SAFE_PUTENV',
optimize='-O',
cppflags='-DPTR_IS_LONG -fno-strict-aliasing -pipe -I/usr/local/include'
ccversion='', gccversion='3.4.6', gccosandvers='solaris2.10'
intsize=4, longsize=4, ptrsize=4, doublesize=8, byteorder=12345678
d_longlong=define, longlongsize=8, d_longdbl=define, longdblsize=12
ivtype='long long', ivsize=8, nvtype='double', nvsize=8, Off_t='off_t', lseeksize=8
alignbytes=4, prototype=define
Linker and Libraries:
ld='gcc', ldflags =' -L/usr/local/lib '
libpth=/usr/local/lib /usr/lib /usr/ccs/lib
libs=-lsocket -lnsl -lgdbm -ldl -lm -lc
perllibs=-lsocket -lnsl -ldl -lm -lc
libc=/lib/libc.so, so=so, useshrplib=false, libperl=libperl.a
gnulibc_version=''
Dynamic Linking:
dlsrc=dl_dlopen.xs, dlext=so, d_dlsymun=undef, ccdlflags=' '
cccdlflags='-fPIC', lddlflags='-G -L/usr/local/lib'
Characteristics of this binary (from libperl):
Compile-time options: HAS_TIMES PERLIO_LAYERS PERL_DONT_CREATE_GVSV
PERL_MALLOC_WRAP PERL_PRESERVE_IVUV PERL_USE_DEVEL
PERL_USE_SAFE_PUTENV USE_64_BIT_INT USE_LARGE_FILES
USE_LOCALE USE_LOCALE_COLLATE USE_LOCALE_CTYPE
USE_LOCALE_NUMERIC USE_PERLIO USE_PERL_ATOF
Built under solaris
Compiled at Nov 28 2011 11:34:47
%ENV:
PERL5LIB=""
PERL5OPT=""
PERL5_CPANPLUS_IS_RUNNING="16804"
PERL5_CPAN_IS_RUNNING="16804"
PERL5_CPAN_IS_RUNNING_IN_RECURSION="19504,16804"
PERL_CR_SMOKER_CURRENT="Acme-Perl-VM-0.006"
PERL_EXTUTILS_AUTOINSTALL="--defaultdeps"
PERL_MM_USE_DEFAULT="1"
@INC:
/export/home/cpant4/perl5/lib/site_perl/5.15.5/i86pc-solaris-64int
/export/home/cpant4/perl5/lib/site_perl/5.15.5
/export/home/cpant4/perl5/lib/5.15.5/i86pc-solaris-64int
/export/home/cpant4/perl5/lib/5.15.5
/export/home/cpant4/perl5/lib/site_perl
.