Back
From: metabase:user:314402c4-2aae-11df-837a-5e0a49663a4f
Subject: FAIL File-DigestStore-1.008 v5.14.4 FreeBSD
Date: 2014-05-18T17:02:33Z
This distribution has been tested as part of the CPAN Testers
project, supporting the Perl programming language. See
http://wiki.cpantesters.org/ for more information or email
questions to cpan-testers-discuss@perl.org
--
Dear Peter Corlett,
This is a computer-generated report for File-DigestStore-1.008
on perl 5.14.4, created by CPAN-Reporter-1.2011.
Thank you for uploading your work to CPAN. However, there was a problem
testing your distribution.
If you think this report is invalid, please consult the CPAN Testers Wiki
for suggestions on how to avoid getting FAIL reports for missing library
or binary dependencies, unsupported operating systems, and so on:
http://wiki.cpantesters.org/wiki/CPANAuthorNotes
Sections of this report:
* Tester comments
* Program output
* Prerequisites
* Environment and other context
------------------------------
TESTER COMMENTS
------------------------------
Additional comments from tester:
none provided
------------------------------
PROGRAM OUTPUT
------------------------------
Output from '/usr/bin/make test':
PERL_DL_NONLAZY=1 /usr/perl5.14.4/bin/perl "-MExtUtils::Command::MM" "-MTest::Harness" "-e" "undef *Test::Harness::Switches; test_harness(0, 'blib/lib', 'blib/arch')" t/*.t
t/00-compile.t .................. ok
t/author-critic.t ............... skipped: these tests are for testing by the author
# Failed test 'fails on unreadable file'
# at t/lib/File/DigestStore/Test/Storage.pm line 71.
# (in File::DigestStore::Test::Storage->test_store_missing_file)
# expecting: Regexp ((?^:No such file or directory))
# found: Can't read /var/tmp/cpansmoker-1023/4W6ojwkiz5/this/is/an/invalid/filename: Datei oder Verzeichnis nicht gefunden at /usr/home/eserte/.cpan/build/File-DigestStore-1.008-NIO2pe/blib/lib/File/DigestStore.pm line 164.
# File::DigestStore::_readfile() called at /usr/home/eserte/.cpan/build/File-DigestStore-1.008-NIO2pe/blib/lib/File/DigestStore.pm line 42
# File::DigestStore::store_path() called at t/lib/File/DigestStore/Test/Storage.pm line 69
# Test::Exception::throws_ok() called at t/lib/File/DigestStore/Test/Storage.pm line 71
# File::DigestStore::Test::Storage::test_store_missing_file() called at /usr/perl5.14.4/lib/site_perl/5.14.4/Test/Class.pm line 290
# eval {...} called at /usr/perl5.14.4/lib/site_perl/5.14.4/Test/Class.pm line 290
# Test::Class::_run_method() called at /usr/perl5.14.4/lib/site_perl/5.14.4/Test/Class.pm line 392
# Test::Class::runtests() called at t/File-DigestStore.t line 9
# Looks like you failed 1 test of 43.
t/File-DigestStore.t ............
Dubious, test returned 1 (wstat 256, 0x100)
Failed 1/43 subtests
t/release-consistent-version.t .. skipped: these tests are for release candidate testing
t/release-cpan-changes.t ........ skipped: these tests are for release candidate testing
t/release-distmeta.t ............ skipped: these tests are for release candidate testing
t/release-eol.t ................. skipped: these tests are for release candidate testing
t/release-has-version.t ......... skipped: these tests are for release candidate testing
t/release-kwalitee.t ............ skipped: these tests are for release candidate testing
t/release-minimum-version.t ..... skipped: these tests are for release candidate testing
t/release-no-tabs.t ............. skipped: these tests are for release candidate testing
t/release-pod-coverage.t ........ skipped: these tests are for release candidate testing
t/release-pod-syntax.t .......... skipped: these tests are for release candidate testing
t/release-portability.t ......... skipped: these tests are for release candidate testing
t/release-synopsis.t ............ skipped: these tests are for release candidate testing
t/release-unused-vars.t ......... skipped: these tests are for release candidate testing
Test Summary Report
-------------------
t/File-DigestStore.t (Wstat: 256 Tests: 43 Failed: 1)
Failed test: 26
Non-zero exit status: 1
Files=16, Tests=44, 18 wallclock secs ( 0.05 usr 0.06 sys + 1.97 cusr 0.30 csys = 2.39 CPU)
Result: FAIL
Failed 1/16 test programs. 1/44 subtests failed.
*** [test_dynamic] Error code 255
Stop in /usr/home/eserte/.cpan/build/File-DigestStore-1.008-NIO2pe.
------------------------------
PREREQUISITES
------------------------------
Prerequisite modules loaded:
requires:
Module Need Have
---------------------------- ---- --------
Algorithm::Nhash 0 0.002
Digest 0 1.16_01
IO::File 0 1.15
Moose 0 2.1206
Moose::Util::TypeConstraints 0 2.1206
MooseX::Types 0 0.44
MooseX::Types::Moose 0 0.44
MooseX::Types::Path::Class 0 0.06
Path::Class 0 0.33
Sys::Hostname 0 1.16
build_requires:
Module Need Have
---------------------------- ---- --------
English 0 1.04
File::Find 0 1.19
File::stat 0 1.05
File::Temp 0 0.2304
Moose::Role 0 2.1206
strict 0 1.04
Test::Class 0 0.42
Test::Exception 0 0.32
Test::More 0 1.001003
warnings 0 1.12
configure_requires:
Module Need Have
---------------------------- ---- --------
ExtUtils::MakeMaker 6.30 6.98
------------------------------
ENVIRONMENT AND OTHER CONTEXT
------------------------------
Environment variables:
DBIC_NO_WARN_BAD_PERL = 1
LC_ALL = de_DE.ISO8859-1
PATH = /usr/local/bin:/usr/bin:/bin:/usr/local/sbin:/usr/sbin:/sbin:/home/cpansand/bin/freebsd9.1:/home/cpansand/bin/sh:/home/cpansand/bin:/usr/games:/home/cpansand/devel:/usr/home/eserte/src/srezic-misc/scripts
PERL5LIB = /home/eserte/.cpan/build/Algorithm-Nhash-0.002-cWz8fm/blib/arch:/home/eserte/.cpan/build/Algorithm-Nhash-0.002-cWz8fm/blib/lib
PERL5OPT =
PERL5_CPANPLUS_IS_RUNNING = 83547
PERL5_CPAN_IS_RUNNING = 83547
PERL5_CPAN_IS_RUNNING_IN_RECURSION = 21142,83547
PERLDOC = -MPod::Perldoc::ToTextOverstrike
PERL_BATCH = yes
PERL_CPAN_REPORTER_CONFIG = /var/tmp/cpansmoker-1023/8Bw5aOnEfD_config.ini
PERL_EXTUTILS_AUTOINSTALL = --defaultdeps
PERL_HTML_DISPLAY_CLASS = HTML::Display::Mozilla
SHELL = /usr/local/bin/zsh
TERM = screen
TMPDIR = /var/tmp/cpansmoker-1023
Perl special variables (and OS-specific diagnostics, for MSWin32):
$^X = /usr/perl5.14.4/bin/perl
$UID/$EUID = 1023 / 1023
$GID = 1023 1023
$EGID = 1023 1023
Perl module toolchain versions installed:
Module Have
------------------- ---------
CPAN 1.9600_01
CPAN::Meta 2.141170
Cwd 3.40
ExtUtils::CBuilder 0.280216
ExtUtils::Command 1.17
ExtUtils::Install 1.56
ExtUtils::MakeMaker 6.98
ExtUtils::Manifest 1.60
ExtUtils::ParseXS 3.24
File::Spec 3.40
JSON 2.90
JSON::PP 2.27203
Module::Build 0.4205
Module::Signature 0.73
Parse::CPAN::Meta 1.4414
Test::Harness 3.30
Test::More 1.001003
YAML 0.90
YAML::Syck 1.27
version 0.9908
--
Summary of my perl5 (revision 5 version 14 subversion 4) configuration:
Platform:
osname=freebsd, osvers=9.2-release-p4, archname=amd64-freebsd
uname='freebsd cvrsnica-freebsd-92 9.2-release-p4 freebsd 9.2-release-p4 #0: tue apr 8 18:08:22 utc 2014 root@amd64-builder.daemonology.net:usrobjusrsrcsysgeneric amd64 '
config_args='-ds -e -Dprefix=/usr/perl5.14.4'
hint=recommended, useposix=true, d_sigaction=define
useithreads=undef, usemultiplicity=undef
useperlio=define, d_sfio=undef, uselargefiles=define, usesocks=undef
use64bitint=define, use64bitall=define, uselongdouble=undef
usemymalloc=n, bincompat5005=undef
Compiler:
cc='cc', ccflags ='-DHAS_FPSETMASK -DHAS_FLOATINGPOINT_H -fno-strict-aliasing -pipe -fstack-protector -I/usr/local/include',
optimize='-O',
cppflags='-DHAS_FPSETMASK -DHAS_FLOATINGPOINT_H -fno-strict-aliasing -pipe -fstack-protector -I/usr/local/include'
ccversion='', gccversion='4.2.1 20070831 patched [FreeBSD]', gccosandvers=''
intsize=4, longsize=8, ptrsize=8, doublesize=8, byteorder=12345678
d_longlong=define, longlongsize=8, d_longdbl=define, longdblsize=16
ivtype='long', ivsize=8, nvtype='double', nvsize=8, Off_t='off_t', lseeksize=8
alignbytes=8, prototype=define
Linker and Libraries:
ld='cc', ldflags ='-Wl,-E -fstack-protector -L/usr/local/lib'
libpth=/usr/lib /usr/local/lib
libs=-lgdbm -lm -lcrypt -lutil -lc
perllibs=-lm -lcrypt -lutil -lc
libc=, so=so, useshrplib=false, libperl=libperl.a
gnulibc_version=''
Dynamic Linking:
dlsrc=dl_dlopen.xs, dlext=so, d_dlsymun=undef, ccdlflags=' '
cccdlflags='-DPIC -fPIC', lddlflags='-shared -L/usr/local/lib -fstack-protector'
Characteristics of this binary (from libperl):
Compile-time options: PERL_DONT_CREATE_GVSV PERL_MALLOC_WRAP
PERL_PRESERVE_IVUV USE_64_BIT_ALL USE_64_BIT_INT
USE_LARGE_FILES USE_PERLIO USE_PERL_ATOF
Built under freebsd
Compiled at May 16 2014 00:20:44
%ENV:
PERL5LIB="/home/eserte/.cpan/build/Algorithm-Nhash-0.002-cWz8fm/blib/arch:/home/eserte/.cpan/build/Algorithm-Nhash-0.002-cWz8fm/blib/lib"
PERL5OPT=""
PERL5_CPANPLUS_IS_RUNNING="83547"
PERL5_CPAN_IS_RUNNING="83547"
PERL5_CPAN_IS_RUNNING_IN_RECURSION="21142,83547"
PERLDOC="-MPod::Perldoc::ToTextOverstrike"
PERL_BATCH="yes"
PERL_CPAN_REPORTER_CONFIG="/var/tmp/cpansmoker-1023/8Bw5aOnEfD_config.ini"
PERL_EXTUTILS_AUTOINSTALL="--defaultdeps"
PERL_HTML_DISPLAY_CLASS="HTML::Display::Mozilla"
@INC:
/home/eserte/.cpan/build/Algorithm-Nhash-0.002-cWz8fm/blib/arch
/home/eserte/.cpan/build/Algorithm-Nhash-0.002-cWz8fm/blib/lib
/usr/perl5.14.4/lib/site_perl/5.14.4/amd64-freebsd
/usr/perl5.14.4/lib/site_perl/5.14.4
/usr/perl5.14.4/lib/5.14.4/amd64-freebsd
/usr/perl5.14.4/lib/5.14.4
.