Back
From: metabase:user:320bfe00-2aae-11df-837a-5e0a49663a4f
Subject: FAIL Class-Value-Net-1.110250 v5.13.8 GNU/Linux
Date: 2011-01-25T13:29:58Z
This distribution has been tested as part of the CPAN Testers
project, supporting the Perl programming language. See
http://wiki.cpantesters.org/ for more information or email
questions to cpan-testers-discuss@perl.org
--
Dear Marcel Gruenauer,
This is a computer-generated report for Class-Value-Net-1.110250
on perl 5.13.8, created by CPAN-Reporter-1.1901.
Thank you for uploading your work to CPAN. However, there was a problem
testing your distribution.
If you think this report is invalid, please consult the CPAN Testers Wiki
for suggestions on how to avoid getting FAIL reports for missing library
or binary dependencies, unsupported operating systems, and so on:
http://wiki.cpantesters.org/wiki/CPANAuthorNotes
Sections of this report:
* Tester comments
* Program output
* Prerequisites
* Environment and other context
------------------------------
TESTER COMMENTS
------------------------------
Additional comments from tester:
this report is from an automated smoke testing program
and was not reviewed by a human for accuracy
------------------------------
PROGRAM OUTPUT
------------------------------
Output from '/usr/bin/make test':
PERL_DL_NONLAZY=1 /home/src/perl/repoperls/installed-perls/perl/v5.13.8-300-g95a517d/bin/perl "-MExtUtils::Command::MM" "-e" "test_harness(0, 'blib/lib', 'blib/arch')" t/*.t
t/00-compile.t ............... ok
# Testing with Perl 5.013008, /home/src/perl/repoperls/installed-perls/perl/v5.13.8-300-g95a517d/bin/perl
# Carp version is 1.19
# Class::Value version is 1.100840
# Class::Value::Boolean version is 1.100840
# Class::Value::Enum version is 1.100840
# Class::Value::Exception::Base version is 1.100840
# Class::Value::SemanticAdapter version is 1.100841
# Class::Value::String version is 1.100840
# Class::Value::Test version is 1.100840
# Data::Semantic::Net::IPAddress::TestData::IPv4 version is 1.101760
# Data::Semantic::Net::IPAddress::TestData::IPv6 version is 1.101760
# English version is 1.04
# Error version is 0.17016
# Error::Hierarchy::Mixin version is 1.103530
# Error::Hierarchy::Test version is 1.103530
# ExtUtils::MakeMaker version is 6.57_05
# File::Find version is 1.18
# File::Temp version is 0.22
# Scalar::Util version is 1.23
# Test::CompanionClasses version is 1.101370
# Test::CompanionClasses::Base version is 1.101370
# Test::More version is 2.0005
# constant version is 1.20
# parent version is 0.224
t/000-report-versions.t ...... ok
t/01_companion_classes.t .....
All 12 subtests passed
t/02_hostname.t .............. ok
t/author-critic.t ............ skipped: these tests are for testing by the author
t/release-check-changes.t .... skipped: these tests are for release candidate testing
t/release-dist-manifest.t .... skipped: these tests are for release candidate testing
t/release-distmeta.t ......... skipped: these tests are for release candidate testing
t/release-eol.t .............. skipped: these tests are for release candidate testing
t/release-has-version.t ...... skipped: these tests are for release candidate testing
t/release-kwalitee.t ......... skipped: these tests are for release candidate testing
t/release-minimum-version.t .. skipped: these tests are for release candidate testing
t/release-no-tabs.t .......... skipped: these tests are for release candidate testing
t/release-pod-coverage.t ..... skipped: these tests are for release candidate testing
t/release-pod-spell.t ........ skipped: these tests are for release candidate testing
t/release-pod-syntax.t ....... skipped: these tests are for release candidate testing
t/release-portability.t ...... skipped: these tests are for release candidate testing
t/release-synopsis.t ......... skipped: these tests are for release candidate testing
t/release-unused-vars.t ...... skipped: these tests are for release candidate testing
Test Summary Report
-------------------
t/01_companion_classes.t (Wstat: 0 Tests: 12 Failed: 0)
Parse errors: If TAP version is present it must be the first line of output
If TAP version is present it must be the first line of output
If TAP version is present it must be the first line of output
If TAP version is present it must be the first line of output
If TAP version is present it must be the first line of output
Displayed the first 5 of 12 TAP syntax errors.
Re-run prove with the -p option to see them all.
Files=19, Tests=96, 8 wallclock secs ( 0.20 usr 0.04 sys + 6.32 cusr 0.84 csys = 7.40 CPU)
Result: FAIL
Failed 1/19 test programs. 0/96 subtests failed.
make: *** [test_dynamic] Error 255
------------------------------
PREREQUISITES
------------------------------
Prerequisite modules loaded:
requires:
Module Need Have
---------------------------------------------- -------- --------
Class::Value::Boolean 0 1.100840
Class::Value::Enum 0 1.100840
Class::Value::Exception::Base 0 1.100840
Class::Value::SemanticAdapter 0 1.100841
Class::Value::String 0 1.100840
Class::Value::Test 0 1.100840
constant 0 1.20
Data::Semantic::Net::IPAddress::TestData::IPv4 1.101750 1.101760
Data::Semantic::Net::IPAddress::TestData::IPv6 0 1.101760
Error::Hierarchy::Mixin 0 1.103530
Error::Hierarchy::Test 0 1.103530
parent 0 0.224
Test::CompanionClasses::Base 0 1.101370
Test::More 0 2.00_05
build_requires:
Module Need Have
---------------------------------------------- -------- --------
Carp 0 1.19
Class::Value 0 1.100840
English 0 1.04
Error 0 0.17016
File::Find 0 1.18
File::Temp 0 0.22
Scalar::Util 0 1.23
Test::CompanionClasses 0 1.101370
Test::More 0.94 2.00_05
configure_requires:
Module Need Have
---------------------------------------------- -------- --------
ExtUtils::MakeMaker 6.31 6.57_05
------------------------------
ENVIRONMENT AND OTHER CONTEXT
------------------------------
Environment variables:
AUTOMATED_TESTING = 1
LANG = en_US.UTF-8
PATH = /home/sand/bin:/usr/local/bin:/usr/bin:/bin:/usr/bin/X11:/usr/games:/usr/local/perl/bin:/usr/X11/bin:/sbin:/usr/sbin
PERL5LIB =
PERL5OPT =
PERL5_CPANPLUS_IS_RUNNING = 7231
PERL5_CPAN_IS_RUNNING = 7231
PERL_MM_USE_DEFAULT = 1
SHELL = /usr/bin/zsh
TERM = screen
Perl special variables (and OS-specific diagnostics, for MSWin32):
$^X = /home/src/perl/repoperls/installed-perls/perl/v5.13.8-300-g95a517d/bin/perl
$UID/$EUID = 1001 / 1001
$GID = 1001 1001
$EGID = 1001 1001
Perl module toolchain versions installed:
Module Have
------------------- --------
CPAN 1.94_64
Cwd 3.35
ExtUtils::CBuilder 0.280202
ExtUtils::Command 1.16
ExtUtils::Install 1.55
ExtUtils::MakeMaker 6.57_05
ExtUtils::Manifest 1.58
ExtUtils::ParseXS 2.2208
File::Spec 3.33
Module::Build 0.36_21
Module::Signature 0.66
Test::Harness 3.22
Test::More 2.00_05
YAML 0.72
YAML::Syck 1.17
version 0.88
--
Summary of my perl5 (revision 5 version 13 subversion 8) configuration:
Commit id: 95a517db36c4d56cf2a5e6103e3235de4c1c38f8
Platform:
osname=linux, osvers=2.6.32-5-amd64, archname=x86_64-linux-thread-multi
uname='linux k81 2.6.32-5-amd64 #1 smp fri dec 10 15:35:08 utc 2010 x86_64 gnulinux '
config_args='-Dprefix=/home/src/perl/repoperls/installed-perls/perl/v5.13.8-300-g95a517d -Dinstallusrbinperl=n -Uversiononly -Dusedevel -des -Ui_db -Duseithreads -Uuselongdouble'
hint=recommended, useposix=true, d_sigaction=define
useithreads=define, usemultiplicity=define
useperlio=define, d_sfio=undef, uselargefiles=define, usesocks=undef
use64bitint=define, use64bitall=define, uselongdouble=undef
usemymalloc=n, bincompat5005=undef
Compiler:
cc='cc', ccflags ='-D_REENTRANT -D_GNU_SOURCE -fno-strict-aliasing -pipe -fstack-protector -I/usr/local/include -D_LARGEFILE_SOURCE -D_FILE_OFFSET_BITS=64',
optimize='-O2',
cppflags='-D_REENTRANT -D_GNU_SOURCE -fno-strict-aliasing -pipe -fstack-protector -I/usr/local/include'
ccversion='', gccversion='4.4.5', gccosandvers=''
intsize=4, longsize=8, ptrsize=8, doublesize=8, byteorder=12345678
d_longlong=define, longlongsize=8, d_longdbl=define, longdblsize=16
ivtype='long', ivsize=8, nvtype='double', nvsize=8, Off_t='off_t', lseeksize=8
alignbytes=8, prototype=define
Linker and Libraries:
ld='cc', ldflags =' -fstack-protector -L/usr/local/lib'
libpth=/usr/local/lib /lib /usr/lib /lib64 /usr/lib64
libs=-lnsl -lgdbm -ldb -ldl -lm -lcrypt -lutil -lpthread -lc -lgdbm_compat
perllibs=-lnsl -ldl -lm -lcrypt -lutil -lpthread -lc
libc=/lib/libc-2.11.2.so, so=so, useshrplib=false, libperl=libperl.a
gnulibc_version='2.11.2'
Dynamic Linking:
dlsrc=dl_dlopen.xs, dlext=so, d_dlsymun=undef, ccdlflags='-Wl,-E'
cccdlflags='-fPIC', lddlflags='-shared -O2 -L/usr/local/lib -fstack-protector'
Characteristics of this binary (from libperl):
Compile-time options: MULTIPLICITY PERL_DONT_CREATE_GVSV
PERL_IMPLICIT_CONTEXT PERL_MALLOC_WRAP PERL_USE_DEVEL
USE_64_BIT_ALL USE_64_BIT_INT USE_ITHREADS
USE_LARGE_FILES USE_PERLIO USE_PERL_ATOF
USE_REENTRANT_API
Built under linux
Compiled at Jan 16 2011 06:15:27
%ENV:
PERL5LIB=""
PERL5OPT=""
PERL5_CPANPLUS_IS_RUNNING="7231"
PERL5_CPAN_IS_RUNNING="7231"
PERL_MM_USE_DEFAULT="1"
@INC:
/home/src/perl/repoperls/installed-perls/perl/v5.13.8-300-g95a517d/lib/site_perl/5.13.8/x86_64-linux-thread-multi
/home/src/perl/repoperls/installed-perls/perl/v5.13.8-300-g95a517d/lib/site_perl/5.13.8
/home/src/perl/repoperls/installed-perls/perl/v5.13.8-300-g95a517d/lib/5.13.8/x86_64-linux-thread-multi
/home/src/perl/repoperls/installed-perls/perl/v5.13.8-300-g95a517d/lib/5.13.8
.