Report for AnyEvent-JSONRPC-0.15

Back
From: metabase:user:320bfe00-2aae-11df-837a-5e0a49663a4f
Subject: FAIL AnyEvent-JSONRPC-0.15 v5.14.4 GNU/Linux
Date: 2014-10-03T04:53:22Z

This distribution has been tested as part of the CPAN Testers
project, supporting the Perl programming language.  See
http://wiki.cpantesters.org/ for more information or email
questions to cpan-testers-discuss@perl.org


--
Dear Peter Makholm,

This is a computer-generated report for AnyEvent-JSONRPC-0.15
on perl 5.14.4, created by CPAN-Reporter-1.2011.

Thank you for uploading your work to CPAN.  However, there was a problem
testing your distribution.

If you think this report is invalid, please consult the CPAN Testers Wiki
for suggestions on how to avoid getting FAIL reports for missing library
or binary dependencies, unsupported operating systems, and so on:

http://wiki.cpantesters.org/wiki/CPANAuthorNotes

Sections of this report:

    * Tester comments
    * Program output
    * Prerequisites
    * Environment and other context

------------------------------
TESTER COMMENTS
------------------------------

Additional comments from tester:

this report is from an automated smoke testing program
and was not reviewed by a human for accuracy

------------------------------
PROGRAM OUTPUT
------------------------------

Output from '/usr/bin/make test':

PERL_DL_NONLAZY=1 "/home/sand/src/perl/repoperls/installed-perls/perl/v5.14.4/127e/bin/perl" "-MExtUtils::Command::MM" "-MTest::Harness" "-e" "undef *Test::Harness::Switches; test_harness(0, 'inc', 'blib/lib', 'blib/arch')" t/*.t

#   Failed test 'use AnyEvent::JSONRPC::HTTP::Server;'
#   at t/00_compile.t line 9.
#     Tried to use 'AnyEvent::JSONRPC::HTTP::Server'.
#     Error:  Can't locate AnyEvent/HTTPD.pm in @INC (@INC contains: /tmp/loop_over_bdir-23862-MPONFA/AnyEvent-JSONRPC-0.15-DDUzbA/inc /tmp/loop_over_bdir-23862-MPONFA/AnyEvent-JSONRPC-0.15-DDUzbA/blib/lib /tmp/loop_over_bdir-23862-MPONFA/AnyEvent-JSONRPC-0.15-DDUzbA/blib/arch /home/sand/src/perl/repoperls/installed-perls/perl/v5.14.4/127e/lib/site_perl/5.14.4/x86_64-linux-ld /home/sand/src/perl/repoperls/installed-perls/perl/v5.14.4/127e/lib/site_perl/5.14.4 /home/sand/src/perl/repoperls/installed-perls/perl/v5.14.4/127e/lib/5.14.4/x86_64-linux-ld /home/sand/src/perl/repoperls/installed-perls/perl/v5.14.4/127e/lib/5.14.4 .) at /tmp/loop_over_bdir-23862-MPONFA/AnyEvent-JSONRPC-0.15-DDUzbA/blib/lib/AnyEvent/JSONRPC/HTTP/Server.pm line 11.
# BEGIN failed--compilation aborted at /tmp/loop_over_bdir-23862-MPONFA/AnyEvent-JSONRPC-0.15-DDUzbA/blib/lib/AnyEvent/JSONRPC/HTTP/Server.pm line 11.
# Compilation failed in require at (eval 290) line 2.
# BEGIN failed--compilation aborted at (eval 290) line 2.
# Looks like you failed 1 test of 6.
t/00_compile.t ......... 
Dubious, test returned 1 (wstat 256, 0x100)
Failed 1/6 subtests 
t/client_error.t ....... ok
t/disconnect.t ......... ok
t/disconnect_server.t .. ok
t/mix_request.t ........ ok
t/multi_connection.t ... ok
t/simple_echo.t ........ ok
t/simple_echo_dsl.t .... ok

Test Summary Report
-------------------
t/00_compile.t       (Wstat: 256 Tests: 6 Failed: 1)
  Failed test:  5
  Non-zero exit status: 1
Files=8, Tests=31,  9 wallclock secs ( 0.02 usr  0.01 sys +  3.53 cusr  0.27 csys =  3.83 CPU)
Result: FAIL
Failed 1/8 test programs. 1/31 subtests failed.
Makefile:827: recipe for target 'test_dynamic' failed
make: *** [test_dynamic] Error 255

------------------------------
PREREQUISITES
------------------------------

Prerequisite modules loaded:

requires:

    Module              Need Have    
    ------------------- ---- --------
    Any::Moose          0    0.24    
    AnyEvent            5.12 7.07    
    Filter::Util::Call  0    1.08    
    JSON::RPC::Common   0    0.11    
    JSON::XS            2.22 3.01    
    Moose               0    2.1304  

build_requires:

    Module              Need Have    
    ------------------- ---- --------
    ExtUtils::MakeMaker 6.42 6.99_16 
    Test::More          0    1.001006
    Test::TCP           0    2.06    

configure_requires:

    Module              Need Have    
    ------------------- ---- --------
    ExtUtils::MakeMaker 6.42 6.99_16 


------------------------------
ENVIRONMENT AND OTHER CONTEXT
------------------------------

Environment variables:

    AUTOMATED_TESTING = 1
    LANG = en_US.UTF-8
    LANGUAGE = en_US:en
    PATH = /home/sand/bin:/usr/local/bin:/usr/lib/ccache:/usr/bin:/bin:/usr/games:/usr/local/perl/bin:/usr/X11/bin:/sbin:/usr/sbin
    PERL5LIB = 
    PERL5OPT = 
    PERL5_CPANPLUS_IS_RUNNING = 23863
    PERL5_CPAN_IS_RUNNING = 23863
    PERL_MM_USE_DEFAULT = 1
    SHELL = /usr/bin/zsh
    TERM = screen

Perl special variables (and OS-specific diagnostics, for MSWin32):

    $^X = /home/sand/src/perl/repoperls/installed-perls/perl/v5.14.4/127e/bin/perl
    $UID/$EUID = 1005 / 1005
    $GID = 1005 1005
    $EGID = 1005 1005

Perl module toolchain versions installed:

    Module              Have    
    ------------------- --------
    CPAN                2.05    
    CPAN::Meta          2.142060
    Cwd                 3.47    
    ExtUtils::CBuilder  0.280220
    ExtUtils::Command   1.17    
    ExtUtils::Install   2.04    
    ExtUtils::MakeMaker 6.99_16 
    ExtUtils::Manifest  1.65    
    ExtUtils::ParseXS   3.24    
    File::Spec          3.47    
    JSON                2.90    
    JSON::PP            2.27203 
    Module::Build       0.4210  
    Module::Signature   n/a     
    Parse::CPAN::Meta   1.4414  
    Test::Harness       3.33    
    Test::More          1.001006
    YAML                1.12    
    YAML::Syck          1.27    
    version             0.9909  


--

Summary of my perl5 (revision 5 version 14 subversion 4) configuration:
  Commit id: 26c5c13a4ece9084f310610bb17fb2f24c72a73e
  Platform:
    osname=linux, osvers=3.16-1-amd64, archname=x86_64-linux-ld
    uname='linux k83 3.16-1-amd64 #1 smp debian 3.16.2-2 (2014-09-08) x86_64 gnulinux '
    config_args='-Dprefix=/home/sand/src/perl/repoperls/installed-perls/perl/v5.14.4/127e -Dmyhostname=k83 -Dinstallusrbinperl=n -Uversiononly -Dusedevel -des -Ui_db -Uuseithreads -Duselongdouble -DDEBUGGING=-g'
    hint=recommended, useposix=true, d_sigaction=define
    useithreads=undef, usemultiplicity=undef
    useperlio=define, d_sfio=undef, uselargefiles=define, usesocks=undef
    use64bitint=define, use64bitall=define, uselongdouble=define
    usemymalloc=n, bincompat5005=undef
  Compiler:
    cc='cc', ccflags ='-fno-strict-aliasing -pipe -fstack-protector -I/usr/local/include -D_LARGEFILE_SOURCE -D_FILE_OFFSET_BITS=64',
    optimize='-O2 -g',
    cppflags='-fno-strict-aliasing -pipe -fstack-protector -I/usr/local/include'
    ccversion='', gccversion='4.9.1', gccosandvers=''
    intsize=4, longsize=8, ptrsize=8, doublesize=8, byteorder=12345678
    d_longlong=define, longlongsize=8, d_longdbl=define, longdblsize=16
    ivtype='long', ivsize=8, nvtype='long double', nvsize=16, Off_t='off_t', lseeksize=8
    alignbytes=16, prototype=define
  Linker and Libraries:
    ld='cc', ldflags =' -fstack-protector -L/usr/local/lib'
    libpth=/usr/local/lib /lib/x86_64-linux-gnu /lib/../lib /usr/lib/x86_64-linux-gnu /usr/lib/../lib /lib /usr/lib
    libs=-lnsl -lgdbm -ldb -ldl -lm -lcrypt -lutil -lc -lgdbm_compat
    perllibs=-lnsl -ldl -lm -lcrypt -lutil -lc
    libc=, so=so, useshrplib=false, libperl=libperl.a
    gnulibc_version='2.19'
  Dynamic Linking:
    dlsrc=dl_dlopen.xs, dlext=so, d_dlsymun=undef, ccdlflags='-Wl,-E'
    cccdlflags='-fPIC', lddlflags='-shared -O2 -g -L/usr/local/lib -fstack-protector'


Characteristics of this binary (from libperl): 
  Compile-time options: PERL_DONT_CREATE_GVSV PERL_MALLOC_WRAP
                        PERL_PRESERVE_IVUV PERL_USE_DEVEL USE_64_BIT_ALL
                        USE_64_BIT_INT USE_LARGE_FILES USE_LONG_DOUBLE
                        USE_PERLIO USE_PERL_ATOF
  Built under linux
  Compiled at Sep 15 2014 02:44:12
  %ENV:
    PERL5LIB=""
    PERL5OPT=""
    PERL5_CPANPLUS_IS_RUNNING="23863"
    PERL5_CPAN_IS_RUNNING="23863"
    PERL_MM_USE_DEFAULT="1"
  @INC:
    /home/sand/src/perl/repoperls/installed-perls/perl/v5.14.4/127e/lib/site_perl/5.14.4/x86_64-linux-ld
    /home/sand/src/perl/repoperls/installed-perls/perl/v5.14.4/127e/lib/site_perl/5.14.4
    /home/sand/src/perl/repoperls/installed-perls/perl/v5.14.4/127e/lib/5.14.4/x86_64-linux-ld
    /home/sand/src/perl/repoperls/installed-perls/perl/v5.14.4/127e/lib/5.14.4
    .