Back
From: metabase:user:320bfe00-2aae-11df-837a-5e0a49663a4f
Subject: FAIL Acme-Pythonic-0.47 v5.23.7 GNU/Linux
Date: 2015-12-22T16:22:32Z
This distribution has been tested as part of the CPAN Testers
project, supporting the Perl programming language. See
http://wiki.cpantesters.org/ for more information or email
questions to cpan-testers-discuss@perl.org
--
Dear Xavier Noria,
This is a computer-generated report for Acme-Pythonic-0.47
on perl 5.23.7, created by CPAN-Reporter-1.2015.
Thank you for uploading your work to CPAN. However, there was a problem
testing your distribution.
If you think this report is invalid, please consult the CPAN Testers Wiki
for suggestions on how to avoid getting FAIL reports for missing library
or binary dependencies, unsupported operating systems, and so on:
http://wiki.cpantesters.org/wiki/CPANAuthorNotes
Sections of this report:
* Tester comments
* Program output
* Prerequisites
* Environment and other context
------------------------------
TESTER COMMENTS
------------------------------
Additional comments from tester:
this report is from an automated smoke testing program
and was not reviewed by a human for accuracy
------------------------------
PROGRAM OUTPUT
------------------------------
Output from '/usr/bin/make test':
PERL_DL_NONLAZY=1 "/tmp/basesmoker-reloperl-zWVh/bin/perl" "-MExtUtils::Command::MM" "-MTest::Harness" "-e" "undef *Test::Harness::Switches; test_harness(0, 'blib/lib', 'blib/arch')" t/*.t
t/algorithms.t .... ok
# Failed test at t/calculator.t line 117.
# got: undef
# expected: '2'
# Failed test at t/calculator.t line 118.
# got: undef
# expected: '10'
Use of uninitialized value in multiplication (*) at t/calculator.t line 56.
# Failed test at t/calculator.t line 119.
# got: undef
# expected: '49'
# Looks like you failed 3 tests of 5.
t/calculator.t ....
Dubious, test returned 3 (wstat 768, 0x300)
Failed 3/5 subtests
t/constant.t ...... ok
t/dangling.t ...... ok
t/do.t ............ ok
t/eval.t .......... ok
t/for.t ........... ok
t/foreach.t ....... ok
t/hop.t ........... ok
t/if.t ............ ok
t/jlines.t ........ ok
t/labels.t ........ ok
t/map.t ........... ok
t/noindent.t ...... ok
t/pass.t .......... ok
t/pod-coverage.t .. ok
t/pod.t ........... ok
t/sub.t ........... ok
t/subproto.t ...... ok
t/text_wrap.t ..... ok
t/unless.t ........ ok
t/until.t ......... ok
t/use.t ........... ok
t/while.t ......... ok
t/with_pod.t ...... ok
Test Summary Report
-------------------
t/calculator.t (Wstat: 768 Tests: 5 Failed: 3)
Failed tests: 3-5
Non-zero exit status: 3
Files=25, Tests=197, 3 wallclock secs ( 0.09 usr 0.12 sys + 2.33 cusr 0.23 csys = 2.77 CPU)
Result: FAIL
Failed 1/25 test programs. 3/197 subtests failed.
Makefile:839: recipe for target 'test_dynamic' failed
make: *** [test_dynamic] Error 255
------------------------------
PREREQUISITES
------------------------------
Prerequisite modules loaded:
requires:
Module Need Have
------------------- --------- ---------
Filter::Simple 0.78 0.92
Test::More 0.45 1.001014
Text::Tabs 98.112801 2013.0523
build_requires:
Module Need Have
------------------- --------- ---------
ExtUtils::MakeMaker 0 7.10
configure_requires:
Module Need Have
------------------- --------- ---------
ExtUtils::MakeMaker 0 7.10
------------------------------
ENVIRONMENT AND OTHER CONTEXT
------------------------------
Environment variables:
AUTOMATED_TESTING = 1
LANG = en_US.UTF-8
LANGUAGE = en_US:en
PATH = /home/sand/bin:/usr/local/bin:/usr/bin:/bin:/usr/games:/usr/local/perl/bin:/usr/X11/bin:/sbin:/usr/sbin
PERL = /tmp/basesmoker-reloperl-zWVh/bin/perl
PERL5LIB =
PERL5OPT =
PERL5_CPANPLUS_IS_RUNNING = 14719
PERL5_CPAN_IS_RUNNING = 14719
PERL_MM_USE_DEFAULT = 1
SHELL = /usr/bin/zsh
TERM = screen
Perl special variables (and OS-specific diagnostics, for MSWin32):
$^X = /tmp/basesmoker-reloperl-zWVh/bin/perl
$UID/$EUID = 1005 / 1005
$GID = 1005 1005
$EGID = 1005 1005
Perl module toolchain versions installed:
Module Have
------------------- --------
CPAN 2.10
CPAN::Meta 2.150005
Cwd 3.60
ExtUtils::CBuilder 0.280224
ExtUtils::Command 7.10
ExtUtils::Install 2.04
ExtUtils::MakeMaker 7.10
ExtUtils::Manifest 1.70
ExtUtils::ParseXS 3.30
File::Spec 3.60
JSON 2.90
JSON::PP 2.27300
Module::Build 0.4214
Module::Signature 0.79
Parse::CPAN::Meta 1.4417
Test::Harness 3.35
Test::More 1.001014
YAML 1.15
YAML::Syck 1.29
version 0.9909
--
Summary of my perl5 (revision 5 version 23 subversion 7) configuration:
Commit id: ca81472c4bd9286992e89c470022cc79c0eb3739
Platform:
osname=linux, osvers=4.2.0-1-amd64, archname=x86_64-linux-ld
uname='linux k83 4.2.0-1-amd64 #1 smp debian 4.2.6-2 (2015-12-04) x86_64 gnulinux '
config_args='-Dprefix=/home/sand/src/perl/repoperls/installed-perls/perl/v5.23.6-5-gca81472/127e -Dmyhostname=k83 -Dinstallusrbinperl=n -Uversiononly -Dusedevel -des -Ui_db -Uuseithreads -Duselongdouble -DDEBUGGING=-g'
hint=recommended, useposix=true, d_sigaction=define
useithreads=undef, usemultiplicity=undef
use64bitint=define, use64bitall=define, uselongdouble=define
usemymalloc=n, bincompat5005=undef
Compiler:
cc='cc', ccflags ='-fwrapv -fno-strict-aliasing -pipe -fstack-protector-strong -I/usr/local/include -D_LARGEFILE_SOURCE -D_FILE_OFFSET_BITS=64 -D_FORTIFY_SOURCE=2',
optimize='-O2 -g',
cppflags='-fwrapv -fno-strict-aliasing -pipe -fstack-protector-strong -I/usr/local/include'
ccversion='', gccversion='5.3.0 20151204', gccosandvers=''
intsize=4, longsize=8, ptrsize=8, doublesize=8, byteorder=12345678, doublekind=3
d_longlong=define, longlongsize=8, d_longdbl=define, longdblsize=16, longdblkind=3
ivtype='long', ivsize=8, nvtype='long double', nvsize=16, Off_t='off_t', lseeksize=8
alignbytes=16, prototype=define
Linker and Libraries:
ld='cc', ldflags =' -fstack-protector-strong -L/usr/local/lib'
libpth=/usr/local/lib /usr/lib/gcc/x86_64-linux-gnu/5/include-fixed /usr/include/x86_64-linux-gnu /usr/lib /lib/x86_64-linux-gnu /lib/../lib /usr/lib/x86_64-linux-gnu /usr/lib/../lib /lib
libs=-lpthread -lnsl -lgdbm -ldb -ldl -lm -lcrypt -lutil -lc -lgdbm_compat
perllibs=-lpthread -lnsl -ldl -lm -lcrypt -lutil -lc
libc=libc-2.21.so, so=so, useshrplib=false, libperl=libperl.a
gnulibc_version='2.21'
Dynamic Linking:
dlsrc=dl_dlopen.xs, dlext=so, d_dlsymun=undef, ccdlflags='-Wl,-E'
cccdlflags='-fPIC', lddlflags='-shared -O2 -g -L/usr/local/lib -fstack-protector-strong'
Characteristics of this binary (from libperl):
Compile-time options: HAS_TIMES PERLIO_LAYERS PERL_COPY_ON_WRITE
PERL_DONT_CREATE_GVSV
PERL_HASH_FUNC_ONE_AT_A_TIME_HARD PERL_MALLOC_WRAP
PERL_PRESERVE_IVUV PERL_USE_DEVEL USE_64_BIT_ALL
USE_64_BIT_INT USE_LARGE_FILES USE_LOCALE
USE_LOCALE_COLLATE USE_LOCALE_CTYPE
USE_LOCALE_NUMERIC USE_LOCALE_TIME USE_LONG_DOUBLE
USE_PERLIO USE_PERL_ATOF
Built under linux
Compiled at Dec 22 2015 06:50:12
%ENV:
PERL="/tmp/basesmoker-reloperl-zWVh/bin/perl"
PERL5LIB=""
PERL5OPT=""
PERL5_CPANPLUS_IS_RUNNING="14719"
PERL5_CPAN_IS_RUNNING="14719"
PERL_MM_USE_DEFAULT="1"
@INC:
/home/sand/src/perl/repoperls/installed-perls/perl/v5.23.6-5-gca81472/127e/lib/site_perl/5.23.7/x86_64-linux-ld
/home/sand/src/perl/repoperls/installed-perls/perl/v5.23.6-5-gca81472/127e/lib/site_perl/5.23.7
/home/sand/src/perl/repoperls/installed-perls/perl/v5.23.6-5-gca81472/127e/lib/5.23.7/x86_64-linux-ld
/home/sand/src/perl/repoperls/installed-perls/perl/v5.23.6-5-gca81472/127e/lib/5.23.7
.