Parallel-SubFork v0.10 Perl 5 v5.20.2 x86_64-linux-thread-multi

Status
Fail
From
Slaven Rezić (SREZIC)
Dist
Parallel-SubFork v0.10
Platform
Perl 5 v5.20.2 x86_64-linux-thread-multi
Date
2018-01-28 16:56:36
ID
33970852-044c-11e8-81fe-dbbb3c1f7a6f
This distribution has been tested as part of the CPAN Testers
project, supporting the Perl programming language.  See
http://wiki.cpantesters.org/ for more information or email
questions to cpan-testers-discuss@perl.org


--
Dear Emmanuel Rodriguez,

This is a computer-generated report for Parallel-SubFork-0.10
on perl 5.20.2, created by CPAN-Reporter-1.2018.

Thank you for uploading your work to CPAN.  However, there was a problem
testing your distribution.

If you think this report is invalid, please consult the CPAN Testers Wiki
for suggestions on how to avoid getting FAIL reports for missing library
or binary dependencies, unsupported operating systems, and so on:

http://wiki.cpantesters.org/wiki/CPANAuthorNotes

Sections of this report:

    * Tester comments
    * Program output
    * Prerequisites
    * Environment and other context

------------------------------
TESTER COMMENTS
------------------------------

Additional comments from tester:

none provided

------------------------------
PROGRAM OUTPUT
------------------------------

Output from '/usr/bin/make test':

PERL_DL_NONLAZY=1 /bbbike/perl-5.20.2t/bin/perl "-MExtUtils::Command::MM" "-MTest::Harness" "-e" "undef *Test::Harness::Switches; test_harness(0, 'blib/lib', 'blib/arch')" t/*.t
t/01-exit.t .......... ok
t/01-manager.t ....... ok
t/01-sub-fork.t ...... ok
t/01-task.t .......... ok
t/01-wrong-usage.t ... ok

#   Failed test at t/02-task-timeout.t line 63.

#   Failed test at t/02-task-timeout.t line 65.

#   Failed test 'Removed resource to semaphore B'
#   at /tmpfs/.cpan-build-cpansand/2018012815/Parallel-SubFork-0.10-7YwfiC/t/Tsemaphore.pm line 185.

#   Failed test 'Task exit code is fine'
#   at /tmpfs/.cpan-build-cpansand/2018012815/Parallel-SubFork-0.10-7YwfiC/t/Tsemaphore.pm line 191.
#          got: '11'
#     expected: '57'

#   Failed test 'Task status is fine'
#   at /tmpfs/.cpan-build-cpansand/2018012815/Parallel-SubFork-0.10-7YwfiC/t/Tsemaphore.pm line 192.
#          got: '2816'
#     expected: '14592'

#   Failed test 'Second wait on the same task, exit code fine'
#   at /tmpfs/.cpan-build-cpansand/2018012815/Parallel-SubFork-0.10-7YwfiC/t/Tsemaphore.pm line 202.
#          got: '11'
#     expected: '57'

#   Failed test 'Second wait on the same task, status fine'
#   at /tmpfs/.cpan-build-cpansand/2018012815/Parallel-SubFork-0.10-7YwfiC/t/Tsemaphore.pm line 203.
#          got: '2816'
#     expected: '14592'

#   Failed test 'Semaphore cleared'
#   at /tmpfs/.cpan-build-cpansand/2018012815/Parallel-SubFork-0.10-7YwfiC/t/Tsemaphore.pm line 98.

#   Failed test 'Child process still running'
#   at /tmpfs/.cpan-build-cpansand/2018012815/Parallel-SubFork-0.10-7YwfiC/t/Tsemaphore.pm line 173.
#          got: '17632'
#     expected: '0'
No more processes to wait PID 17632 not found at t/02-task-timeout.t line 62.
# Looks like you planned 29 tests but ran 20.
# Looks like you failed 9 tests of 20 run.
# Looks like your test exited with 10 just after 20.
t/02-task-timeout.t .. 
Dubious, test returned 10 (wstat 2560, 0xa00)
Failed 18/29 subtests 

Test Summary Report
-------------------
t/02-task-timeout.t (Wstat: 2560 Tests: 20 Failed: 9)
  Failed tests:  8-12, 14-15, 17, 20
  Non-zero exit status: 10
  Parse errors: Bad plan.  You planned 29 tests but ran 20.
Files=6, Tests=184,  3 wallclock secs ( 0.02 usr  0.02 sys +  0.17 cusr  0.07 csys =  0.28 CPU)
Result: FAIL
Failed 1/6 test programs. 9/184 subtests failed.
Makefile:852: recipe for target 'test_dynamic' failed
make: *** [test_dynamic] Error 10

------------------------------
PREREQUISITES
------------------------------

Prerequisite modules loaded:

requires:

    Module                Need Have    
    --------------------- ---- --------
    Carp                  0    1.3301  
    Class::Accessor::Fast 0    0.51    
    FindBin               0    1.51    
    IPC::Semaphore        0    2.04    
    IPC::SysV             0    2.04    
    POSIX                 0    1.38_03 
    Test::More            0    1.001014
    Test::Pod             0    1.51    

build_requires:

    Module                Need Have    
    --------------------- ---- --------
    ExtUtils::MakeMaker   0    6.98    


------------------------------
ENVIRONMENT AND OTHER CONTEXT
------------------------------

Environment variables:

    LANG = C
    PATH = /usr/local/bin:/usr/bin:/bin:/usr/local/sbin:/usr/sbin:/sbin:/home/cpansand/bin/linux-gnu:/home/cpansand/bin/sh:/home/cpansand/bin:/usr/games:/home/cpansand/devel:/home/eserte/src/srezic-misc/scripts
    PERL5LIB = /home/cpansand/.cpan/build/2018012815/Class-Accessor-0.51-69Hgfu/blib/arch:/home/cpansand/.cpan/build/2018012815/Class-Accessor-0.51-69Hgfu/blib/lib
    PERL5OPT = 
    PERL5_CPANPLUS_IS_RUNNING = 16756
    PERL5_CPAN_IS_RUNNING = 16756
    PERL5_CPAN_IS_RUNNING_IN_RECURSION = 4619,16756
    PERLDOC = -MPod::Perldoc::ToTextOverstrike
    PERL_BATCH = yes
    PERL_CANARY_STABILITY_NOPROMPT = 1
    PERL_CPAN_REPORTER_CONFIG = /var/tmp/cpansmoker-1023/2018012815/cpanreporter_001_config.ini
    PERL_EXTUTILS_AUTOINSTALL = --defaultdeps
    SHELL = /bin/zsh
    TERM = screen
    TMPDIR = /var/tmp/cpansmoker-1023/2018012815

Perl special variables (and OS-specific diagnostics, for MSWin32):

    $^X = /bbbike/perl-5.20.2t/bin/perl
    $UID/$EUID = 1023 / 1023
    $GID = 1023 1023
    $EGID = 1023 1023

Perl module toolchain versions installed:

    Module              Have    
    ------------------- --------
    CPAN                2.05    
    CPAN::Meta          2.150010
    Cwd                 3.48_01 
    ExtUtils::CBuilder  0.280217
    ExtUtils::Command   1.18    
    ExtUtils::Install   1.67    
    ExtUtils::MakeMaker 6.98    
    ExtUtils::Manifest  1.63    
    ExtUtils::ParseXS   3.24    
    File::Spec          3.48_01 
    JSON                n/a     
    JSON::PP            2.27400 
    Module::Build       0.4224  
    Module::Signature   n/a     
    Parse::CPAN::Meta   2.150010
    Test::Harness       3.30    
    Test::More          1.001014
    YAML                1.15    
    YAML::Syck          1.29    
    version             0.9909  


--

Summary of my perl5 (revision 5 version 20 subversion 2) configuration:
   
  Platform:
    osname=linux, osvers=3.16.0-4-amd64, archname=x86_64-linux-thread-multi
    uname='linux eserte 3.16.0-4-amd64 #1 smp debian 3.16.7-ckt25-2 (2016-04-08) x86_64 gnulinux '
    config_args='-ds -e -Dprefix=/opt/perl-5.20.2t -Dusethreads -Dcf_email=srezic@cpan.org'
    hint=recommended, useposix=true, d_sigaction=define
    useithreads=define, usemultiplicity=define
    use64bitint=define, use64bitall=define, uselongdouble=undef
    usemymalloc=n, bincompat5005=undef
  Compiler:
    cc='cc', ccflags ='-D_REENTRANT -D_GNU_SOURCE -fwrapv -fno-strict-aliasing -pipe -fstack-protector -I/usr/local/include -D_LARGEFILE_SOURCE -D_FILE_OFFSET_BITS=64',
    optimize='-O2',
    cppflags='-D_REENTRANT -D_GNU_SOURCE -fwrapv -fno-strict-aliasing -pipe -fstack-protector -I/usr/local/include'
    ccversion='', gccversion='4.9.2', gccosandvers=''
    intsize=4, longsize=8, ptrsize=8, doublesize=8, byteorder=12345678
    d_longlong=define, longlongsize=8, d_longdbl=define, longdblsize=16
    ivtype='long', ivsize=8, nvtype='double', nvsize=8, Off_t='off_t', lseeksize=8
    alignbytes=8, prototype=define
  Linker and Libraries:
    ld='cc', ldflags =' -fstack-protector -L/usr/local/lib'
    libpth=/usr/local/lib /usr/lib/gcc/x86_64-linux-gnu/4.9/include-fixed /usr/include/x86_64-linux-gnu /usr/lib /lib/x86_64-linux-gnu /lib/../lib /usr/lib/x86_64-linux-gnu /usr/lib/../lib /lib
    libs=-lnsl -lgdbm -ldb -ldl -lm -lcrypt -lutil -lpthread -lc -lgdbm_compat
    perllibs=-lnsl -ldl -lm -lcrypt -lutil -lpthread -lc
    libc=libc-2.19.so, so=so, useshrplib=false, libperl=libperl.a
    gnulibc_version='2.19'
  Dynamic Linking:
    dlsrc=dl_dlopen.xs, dlext=so, d_dlsymun=undef, ccdlflags='-Wl,-E'
    cccdlflags='-fPIC', lddlflags='-shared -O2 -L/usr/local/lib -fstack-protector'


Characteristics of this binary (from libperl): 
  Compile-time options: HAS_TIMES MULTIPLICITY PERLIO_LAYERS
                        PERL_DONT_CREATE_GVSV
                        PERL_HASH_FUNC_ONE_AT_A_TIME_HARD
                        PERL_IMPLICIT_CONTEXT PERL_MALLOC_WRAP
                        PERL_NEW_COPY_ON_WRITE PERL_PRESERVE_IVUV
                        USE_64_BIT_ALL USE_64_BIT_INT USE_ITHREADS
                        USE_LARGE_FILES USE_LOCALE USE_LOCALE_COLLATE
                        USE_LOCALE_CTYPE USE_LOCALE_NUMERIC USE_PERLIO
                        USE_PERL_ATOF USE_REENTRANT_API
  Built under linux
  Compiled at May  7 2016 17:52:22
  %ENV:
    PERL5LIB="/home/cpansand/.cpan/build/2018012815/Class-Accessor-0.51-69Hgfu/blib/arch:/home/cpansand/.cpan/build/2018012815/Class-Accessor-0.51-69Hgfu/blib/lib"
    PERL5OPT=""
    PERL5_CPANPLUS_IS_RUNNING="16756"
    PERL5_CPAN_IS_RUNNING="16756"
    PERL5_CPAN_IS_RUNNING_IN_RECURSION="4619,16756"
    PERLDOC="-MPod::Perldoc::ToTextOverstrike"
    PERL_BATCH="yes"
    PERL_CANARY_STABILITY_NOPROMPT="1"
    PERL_CPAN_REPORTER_CONFIG="/var/tmp/cpansmoker-1023/2018012815/cpanreporter_001_config.ini"
    PERL_EXTUTILS_AUTOINSTALL="--defaultdeps"
  @INC:
    /home/cpansand/.cpan/build/2018012815/Class-Accessor-0.51-69Hgfu/blib/arch
    /home/cpansand/.cpan/build/2018012815/Class-Accessor-0.51-69Hgfu/blib/lib
    /opt/perl-5.20.2t/lib/site_perl/5.20.2/x86_64-linux-thread-multi
    /opt/perl-5.20.2t/lib/site_perl/5.20.2
    /opt/perl-5.20.2t/lib/5.20.2/x86_64-linux-thread-multi
    /opt/perl-5.20.2t/lib/5.20.2
    .