Music-Tag v0.4103 Perl 5 v5.28.0 x86_64-linux-thread-multi-ld
- Status
- Fail
- From
- Andreas J. König (ANDK)
- Dist
-
Music-Tag v0.4103
- Platform
- Perl 5 v5.28.0 x86_64-linux-thread-multi-ld
- Date
- 2018-04-29 11:41:04
- ID
- 32e0edea-4ba2-11e8-a189-81f0d14a4d0b
This distribution has been tested as part of the CPAN Testers
project, supporting the Perl programming language. See
http://wiki.cpantesters.org/ for more information or email
questions to cpan-testers-discuss@perl.org
--
Dear Edward J. Allen III,
This is a computer-generated report for Music-Tag-0.4103
on perl 5.28.0, created by CPAN-Reporter-1.2018.
Thank you for uploading your work to CPAN. However, there was a problem
testing your distribution.
If you think this report is invalid, please consult the CPAN Testers Wiki
for suggestions on how to avoid getting FAIL reports for missing library
or binary dependencies, unsupported operating systems, and so on:
http://wiki.cpantesters.org/wiki/CPANAuthorNotes
Sections of this report:
* Tester comments
* Program output
* Prerequisites
* Environment and other context
------------------------------
TESTER COMMENTS
------------------------------
Additional comments from tester:
this report is from an automated smoke testing program
and was not reviewed by a human for accuracy
------------------------------
PROGRAM OUTPUT
------------------------------
Output from '/usr/bin/make test':
PERL_DL_NONLAZY=1 "/tmp/basesmoker-reloperl-f8CK/bin/perl" "-MExtUtils::Command::MM" "-MTest::Harness" "-e" "undef *Test::Harness::Switches; test_harness(0, 'blib/lib', 'blib/arch')" t/*.t
Locale::Country will be removed from the Perl core distribution in the next major release. Please install it from CPAN. It is being used at /tmp/loop_over_bdir-14992-HKXB2m/Music-Tag-0.4103-0/blib/lib/Music/Tag.pm, line 12.
Locale::Codes will be removed from the Perl core distribution in the next major release. Please install it from CPAN. It is being used at /home/sand/src/perl/repoperls/installed-perls/host/k93msid/v5.27.11-22-g4bd4e9335f/ac75/lib/5.28.0/Locale/Country.pm, line 22.
t/1-general.t ........ ok
Locale::Country will be removed from the Perl core distribution in the next major release. Please install it from CPAN. It is being used at /tmp/loop_over_bdir-14992-HKXB2m/Music-Tag-0.4103-0/blib/lib/Music/Tag.pm, line 12.
Locale::Codes will be removed from the Perl core distribution in the next major release. Please install it from CPAN. It is being used at /home/sand/src/perl/repoperls/installed-perls/host/k93msid/v5.27.11-22-g4bd4e9335f/ac75/lib/5.28.0/Locale/Country.pm, line 22.
t/2-options.t ........ ok
Locale::Country will be removed from the Perl core distribution in the next major release. Please install it from CPAN. It is being used at /tmp/loop_over_bdir-14992-HKXB2m/Music-Tag-0.4103-0/blib/lib/Music/Tag.pm, line 12.
Locale::Codes will be removed from the Perl core distribution in the next major release. Please install it from CPAN. It is being used at /home/sand/src/perl/repoperls/installed-perls/host/k93msid/v5.27.11-22-g4bd4e9335f/ac75/lib/5.28.0/Locale/Country.pm, line 22.
Music::Tag::Auto Sorry, I can't find a plugin for /tmp/loop_over_bdir-14992-HKXB2m/Music-Tag-0.4103-0/t/fake.music at /tmp/loop_over_bdir-14992-HKXB2m/Music-Tag-0.4103-0/blib/lib/Music/Tag.pm line 147.
t/3-auto.t ........... ok
Locale::Country will be removed from the Perl core distribution in the next major release. Please install it from CPAN. It is being used at /tmp/loop_over_bdir-14992-HKXB2m/Music-Tag-0.4103-0/blib/lib/Music/Tag.pm, line 12.
Locale::Codes will be removed from the Perl core distribution in the next major release. Please install it from CPAN. It is being used at /home/sand/src/perl/repoperls/installed-perls/host/k93msid/v5.27.11-22-g4bd4e9335f/ac75/lib/5.28.0/Locale/Country.pm, line 22.
t/5-generic.t ........ ok
Locale::Country will be removed from the Perl core distribution in the next major release. Please install it from CPAN. It is being used at /tmp/loop_over_bdir-14992-HKXB2m/Music-Tag-0.4103-0/blib/lib/Music/Tag.pm, line 12.
Locale::Codes will be removed from the Perl core distribution in the next major release. Please install it from CPAN. It is being used at /home/sand/src/perl/repoperls/installed-perls/host/k93msid/v5.27.11-22-g4bd4e9335f/ac75/lib/5.28.0/Locale/Country.pm, line 22.
t/6-unaccent.t ....... skipped: Text::Unaccent::PurePerl required for testing accent changes
# Failed test 'POD test for blib/lib/Music/Tag.pm'
# at /home/sand/src/perl/repoperls/installed-perls/host/k93msid/v5.27.11-22-g4bd4e9335f/ac75/lib/site_perl/5.28.0/Test/Pod.pm line 184.
# blib/lib/Music/Tag.pm (2085): Non-ASCII character seen before =encoding in '©'. Assuming UTF-8
# Failed test 'POD test for blib/lib/Music/Tag/Generic.pm'
# at /home/sand/src/perl/repoperls/installed-perls/host/k93msid/v5.27.11-22-g4bd4e9335f/ac75/lib/site_perl/5.28.0/Test/Pod.pm line 184.
# blib/lib/Music/Tag/Generic.pm (364): Non-ASCII character seen before =encoding in '©'. Assuming UTF-8
# Failed test 'POD test for blib/lib/Music/Tag/Auto.pm'
# at /home/sand/src/perl/repoperls/installed-perls/host/k93msid/v5.27.11-22-g4bd4e9335f/ac75/lib/site_perl/5.28.0/Test/Pod.pm line 184.
# blib/lib/Music/Tag/Auto.pm (175): Non-ASCII character seen before =encoding in '©'. Assuming UTF-8
# Failed test 'POD test for blib/lib/Music/Tag/Test.pm'
# at /home/sand/src/perl/repoperls/installed-perls/host/k93msid/v5.27.11-22-g4bd4e9335f/ac75/lib/site_perl/5.28.0/Test/Pod.pm line 184.
# blib/lib/Music/Tag/Test.pm (328): Non-ASCII character seen before =encoding in '©'. Assuming UTF-8
# Failed test 'POD test for blib/lib/Music/Tag/Option.pm'
# at /home/sand/src/perl/repoperls/installed-perls/host/k93msid/v5.27.11-22-g4bd4e9335f/ac75/lib/site_perl/5.28.0/Test/Pod.pm line 184.
# blib/lib/Music/Tag/Option.pm (131): Non-ASCII character seen before =encoding in '©'. Assuming UTF-8
# Looks like you failed 5 tests of 6.
t/97-pod.t ...........
Dubious, test returned 5 (wstat 1280, 0x500)
Failed 5/6 subtests
Locale::Country will be removed from the Perl core distribution in the next major release. Please install it from CPAN. It is being used at /tmp/loop_over_bdir-14992-HKXB2m/Music-Tag-0.4103-0/blib/lib/Music/Tag.pm, line 12.
Locale::Codes will be removed from the Perl core distribution in the next major release. Please install it from CPAN. It is being used at /home/sand/src/perl/repoperls/installed-perls/host/k93msid/v5.27.11-22-g4bd4e9335f/ac75/lib/5.28.0/Locale/Country.pm, line 22.
t/98-pod-coverage.t .. ok
Test Summary Report
-------------------
t/97-pod.t (Wstat: 1280 Tests: 6 Failed: 5)
Failed tests: 2-6
Non-zero exit status: 5
Files=7, Tests=249, 3 wallclock secs ( 0.03 usr 0.05 sys + 2.67 cusr 0.34 csys = 3.09 CPU)
Result: FAIL
Failed 1/7 test programs. 5/249 subtests failed.
Makefile:907: recipe for target 'test_dynamic' failed
make: *** [test_dynamic] Error 255
------------------------------
PREREQUISITES
------------------------------
Prerequisite modules loaded:
requires:
Module Need Have
------------------- ------ --------
Config::Options 0.07 0.08
Data::Dumper 2 2.170
DateTimeX::Easy 0.088 0.089
Digest::SHA1 2.11 2.13
Encode 2.12 2.97
File::Copy 2 2.33
File::Slurp 1 9999.19
File::Spec 3.24 3.74
File::stat 1 1.08
IO::Dir 1 1.39
IO::File 1.13 1.39
Locale::Country 2.07 3.56
Readonly 1 2.05
Scalar::Util 1.21 1.50
Test::More 0.1 1.302136
Time::Local 1.1901 1.25
build_requires:
Module Need Have
------------------- ------ --------
ExtUtils::MakeMaker 0 7.34
configure_requires:
Module Need Have
------------------- ------ --------
ExtUtils::MakeMaker 0 7.34
------------------------------
ENVIRONMENT AND OTHER CONTEXT
------------------------------
Environment variables:
AUTOMATED_TESTING = 1
LANG = en_US.UTF-8
PATH = /home/sand/bin:/usr/local/bin:/usr/bin:/bin:/usr/games:/usr/local/perl/bin:/usr/X11/bin:/sbin:/usr/sbin
PERL5LIB =
PERL5OPT =
PERL5_CPANPLUS_IS_RUNNING = 1414
PERL5_CPAN_IS_RUNNING = 1414
PERL_CANARY_STABILITY_NOPROMPT = 1
PERL_MM_USE_DEFAULT = 1
PERL_USE_UNSAFE_INC = 1
SHELL = /usr/bin/zsh
TERM = screen
Perl special variables (and OS-specific diagnostics, for MSWin32):
$^X = /tmp/basesmoker-reloperl-f8CK/bin/perl
$UID/$EUID = 1005 / 1005
$GID = 1005 1005
$EGID = 1005 1005
Perl module toolchain versions installed:
Module Have
------------------- --------
CPAN 2.20
CPAN::Meta 2.150010
Cwd 3.74
ExtUtils::CBuilder 0.280230
ExtUtils::Command 7.34
ExtUtils::Install 2.14
ExtUtils::MakeMaker 7.34
ExtUtils::Manifest 1.70
ExtUtils::ParseXS 3.39
File::Spec 3.74
JSON 2.97001
JSON::PP 2.97001
Module::Build 0.4224
Module::Signature 0.81
Parse::CPAN::Meta 2.150010
Test::Harness 3.42
Test::More 1.302136
YAML 1.24
YAML::Syck 1.30
version 0.9924
--
Summary of my perl5 (revision 5 version 28 subversion 0) configuration:
Commit id: 4bd4e9335ffc257cbe2bf1a42789f693f5797337
Platform:
osname=linux
osvers=4.14.0-3-amd64
archname=x86_64-linux-thread-multi-ld
uname='linux k93msid 4.14.0-3-amd64 #1 smp debian 4.14.12-2 (2018-01-06) x86_64 gnulinux '
config_args='-Dprefix=/home/sand/src/perl/repoperls/installed-perls/host/k93msid/v5.27.11-22-g4bd4e9335f/ac75 -Dmyhostname=k93msid -Dinstallusrbinperl=n -Uversiononly -Dusedevel -des -Ui_db -Dlibswanted=cl pthread socket inet nsl gdbm dbm malloc dl ld sun m crypt sec util c cposix posix ucb BSD gdbm_compat -Duseithreads -Duselongdouble -DEBUGGING=both'
hint=recommended
useposix=true
d_sigaction=define
useithreads=define
usemultiplicity=define
use64bitint=define
use64bitall=define
uselongdouble=define
usemymalloc=n
default_inc_excludes_dot=define
bincompat5005=undef
Compiler:
cc='cc'
ccflags ='-D_REENTRANT -D_GNU_SOURCE -fwrapv -DDEBUGGING -fno-strict-aliasing -pipe -fstack-protector-strong -I/usr/local/include -D_LARGEFILE_SOURCE -D_FILE_OFFSET_BITS=64 -D_FORTIFY_SOURCE=2'
optimize='-O2 -g'
cppflags='-D_REENTRANT -D_GNU_SOURCE -fwrapv -DDEBUGGING -fno-strict-aliasing -pipe -fstack-protector-strong -I/usr/local/include'
ccversion=''
gccversion='7.2.0'
gccosandvers=''
intsize=4
longsize=8
ptrsize=8
doublesize=8
byteorder=12345678
doublekind=3
d_longlong=define
longlongsize=8
d_longdbl=define
longdblsize=16
longdblkind=3
ivtype='long'
ivsize=8
nvtype='long double'
nvsize=16
Off_t='off_t'
lseeksize=8
alignbytes=16
prototype=define
Linker and Libraries:
ld='cc'
ldflags =' -fstack-protector-strong -L/usr/local/lib'
libpth=/usr/local/lib /usr/lib/gcc/x86_64-linux-gnu/7/include-fixed /usr/include/x86_64-linux-gnu /usr/lib /lib/x86_64-linux-gnu /lib/../lib /usr/lib/x86_64-linux-gnu /usr/lib/../lib /lib
libs=-lpthread -lnsl -ldl -lm -lcrypt -lutil -lc
perllibs=-lpthread -lnsl -ldl -lm -lcrypt -lutil -lc
libc=libc-2.26.so
so=so
useshrplib=false
libperl=libperl.a
gnulibc_version='2.26'
Dynamic Linking:
dlsrc=dl_dlopen.xs
dlext=so
d_dlsymun=undef
ccdlflags='-Wl,-E'
cccdlflags='-fPIC'
lddlflags='-shared -O2 -g -L/usr/local/lib -fstack-protector-strong'
Characteristics of this binary (from libperl):
Compile-time options:
DEBUGGING
HAS_TIMES
MULTIPLICITY
PERLIO_LAYERS
PERL_COPY_ON_WRITE
PERL_DONT_CREATE_GVSV
PERL_IMPLICIT_CONTEXT
PERL_MALLOC_WRAP
PERL_OP_PARENT
PERL_PRESERVE_IVUV
PERL_TRACK_MEMPOOL
PERL_USE_DEVEL
USE_64_BIT_ALL
USE_64_BIT_INT
USE_ITHREADS
USE_LARGE_FILES
USE_LOCALE
USE_LOCALE_COLLATE
USE_LOCALE_CTYPE
USE_LOCALE_NUMERIC
USE_LOCALE_TIME
USE_LONG_DOUBLE
USE_PERLIO
USE_PERL_ATOF
USE_REENTRANT_API
Built under linux
Compiled at Apr 28 2018 14:57:31
%ENV:
PERL5LIB=""
PERL5OPT=""
PERL5_CPANPLUS_IS_RUNNING="1414"
PERL5_CPAN_IS_RUNNING="1414"
PERL_CANARY_STABILITY_NOPROMPT="1"
PERL_MM_USE_DEFAULT="1"
PERL_USE_UNSAFE_INC="1"
@INC:
/home/sand/src/perl/repoperls/installed-perls/host/k93msid/v5.27.11-22-g4bd4e9335f/ac75/lib/site_perl/5.28.0/x86_64-linux-thread-multi-ld
/home/sand/src/perl/repoperls/installed-perls/host/k93msid/v5.27.11-22-g4bd4e9335f/ac75/lib/site_perl/5.28.0
/home/sand/src/perl/repoperls/installed-perls/host/k93msid/v5.27.11-22-g4bd4e9335f/ac75/lib/5.28.0/x86_64-linux-thread-multi-ld
/home/sand/src/perl/repoperls/installed-perls/host/k93msid/v5.27.11-22-g4bd4e9335f/ac75/lib/5.28.0
.