Back
From: metabase:user:314402c4-2aae-11df-837a-5e0a49663a4f
Subject: FAIL Mojolicious-Plugin-JQuery-3.11001 v5.10.1 GNU/Linux
Date: 2017-01-02T09:16:52Z
This distribution has been tested as part of the CPAN Testers
project, supporting the Perl programming language. See
http://wiki.cpantesters.org/ for more information or email
questions to cpan-testers-discuss@perl.org
--
Dear Francesco Ferro,
This is a computer-generated report for Mojolicious-Plugin-JQuery-3.11001
on perl 5.10.1, created by CPAN-Reporter-1.2018.
Thank you for uploading your work to CPAN. However, there was a problem
testing your distribution.
If you think this report is invalid, please consult the CPAN Testers Wiki
for suggestions on how to avoid getting FAIL reports for missing library
or binary dependencies, unsupported operating systems, and so on:
http://wiki.cpantesters.org/wiki/CPANAuthorNotes
Sections of this report:
* Tester comments
* Program output
* Prerequisites
* Environment and other context
------------------------------
TESTER COMMENTS
------------------------------
Additional comments from tester:
none provided
------------------------------
PROGRAM OUTPUT
------------------------------
Output from '/usr/bin/make test':
PERL_DL_NONLAZY=1 "/bbbike/perl-5.10.1/bin/perl" "-MExtUtils::Command::MM" "-MTest::Harness" "-e" "undef *Test::Harness::Switches; test_harness(0, 'blib/lib', 'blib/arch')" t/*.t
t/00-basic.t ...... ok
# Loading DEPRECATED Mojolicious::Plugin::AssetPack::Backcompat.
Can't use string ("/js/jquery-3.1.1.js") as an ARRAY ref while "strict refs" in use at /home/cpansand/.cpan/build/2017010209/Mojolicious-Plugin-AssetPack-1.30-AZOnSd/blib/lib/Mojolicious/Plugin/AssetPack.pm line 149.
t/files.t .........
Dubious, test returned 2 (wstat 512, 0x200)
No subtests run
# Loading DEPRECATED Mojolicious::Plugin::AssetPack::Backcompat.
Can't use string ("/js/jquery-3.1.1.js") as an ARRAY ref while "strict refs" in use at /home/cpansand/.cpan/build/2017010209/Mojolicious-Plugin-AssetPack-1.30-AZOnSd/blib/lib/Mojolicious/Plugin/AssetPack.pm line 149.
t/pack.t ..........
Dubious, test returned 2 (wstat 512, 0x200)
No subtests run
# production
# Loading DEPRECATED Mojolicious::Plugin::AssetPack::Backcompat.
Can't use string ("/js/jquery-3.1.1.js") as an ARRAY ref while "strict refs" in use at /home/cpansand/.cpan/build/2017010209/Mojolicious-Plugin-AssetPack-1.30-AZOnSd/blib/lib/Mojolicious/Plugin/AssetPack.pm line 149.
t/synopsis.t ......
Dubious, test returned 2 (wstat 512, 0x200)
No subtests run
# Loading DEPRECATED Mojolicious::Plugin::AssetPack::Backcompat.
Can't use string ("/js/jquery-3.1.1.js") as an ARRAY ref while "strict refs" in use at /home/cpansand/.cpan/build/2017010209/Mojolicious-Plugin-AssetPack-1.30-AZOnSd/blib/lib/Mojolicious/Plugin/AssetPack.pm line 149.
t/with-migrate.t ..
Dubious, test returned 2 (wstat 512, 0x200)
No subtests run
Test Summary Report
-------------------
t/files.t (Wstat: 512 Tests: 0 Failed: 0)
Non-zero exit status: 2
Parse errors: No plan found in TAP output
t/pack.t (Wstat: 512 Tests: 0 Failed: 0)
Non-zero exit status: 2
Parse errors: No plan found in TAP output
t/synopsis.t (Wstat: 512 Tests: 0 Failed: 0)
Non-zero exit status: 2
Parse errors: No plan found in TAP output
t/with-migrate.t (Wstat: 512 Tests: 0 Failed: 0)
Non-zero exit status: 2
Parse errors: No plan found in TAP output
Files=5, Tests=3, 1 wallclock secs ( 0.02 usr 0.02 sys + 0.65 cusr 0.13 csys = 0.82 CPU)
Result: FAIL
Failed 4/5 test programs. 0/3 subtests failed.
Makefile:873: recipe for target 'test_dynamic' failed
make: *** [test_dynamic] Error 2
------------------------------
PREREQUISITES
------------------------------
Prerequisite modules loaded:
requires:
Module Need Have
------------------------------------------ -------- --------
File::Basename 2.0 2.77
File::Find 1.07 1.14
Mojolicious 6.00 7.12
Mojolicious::Plugin::AssetPack 0.68 1.30
Mojolicious::Plugin::AssetPack::Backcompat 1.21 1.23
perl 5.010001 5.010001
build_requires:
Module Need Have
------------------------------------------ -------- --------
Test::More 0.96 1.302073
configure_requires:
Module Need Have
------------------------------------------ -------- --------
ExtUtils::MakeMaker 0 7.24
------------------------------
ENVIRONMENT AND OTHER CONTEXT
------------------------------
Environment variables:
LANG = C
PATH = /usr/local/bin:/usr/bin:/bin:/usr/local/sbin:/usr/sbin:/sbin:/home/cpansand/bin/linux-gnu:/home/cpansand/bin/sh:/home/cpansand/bin:/usr/games:/home/cpansand/devel:/home/eserte/src/srezic-misc/scripts
PERL5LIB = /home/cpansand/.cpan/build/2017010209/Mojolicious-Plugin-AssetPack-Backcompat-1.23-IpLQPr/blib/arch:/home/cpansand/.cpan/build/2017010209/Mojolicious-Plugin-AssetPack-Backcompat-1.23-IpLQPr/blib/lib:/home/cpansand/.cpan/build/2017010209/Mojolicious-Plugin-AssetPack-1.30-AZOnSd/blib/arch:/home/cpansand/.cpan/build/2017010209/Mojolicious-Plugin-AssetPack-1.30-AZOnSd/blib/lib
PERL5OPT =
PERL5_CPANPLUS_IS_RUNNING = 4129
PERL5_CPAN_IS_RUNNING = 4129
PERL5_CPAN_IS_RUNNING_IN_RECURSION = 3606,4129
PERLDOC = -MPod::Perldoc::ToTextOverstrike
PERL_BATCH = yes
PERL_CANARY_STABILITY_NOPROMPT = 1
PERL_CPAN_REPORTER_CONFIG = /run/user/1023/cpansmoker/2017010209/cpanreporter_000_config.ini
PERL_EXTUTILS_AUTOINSTALL = --defaultdeps
PERL_USE_UNSAFE_INC = 1
SHELL = /bin/zsh
TERM = screen
TMPDIR = /run/user/1023/cpansmoker/2017010209
Perl special variables (and OS-specific diagnostics, for MSWin32):
$^X = /bbbike/perl-5.10.1/bin/perl
$UID/$EUID = 1023 / 1023
$GID = 1023 1023
$EGID = 1023 1023
Perl module toolchain versions installed:
Module Have
------------------- --------
CPAN 1.9402
CPAN::Meta 2.150010
Cwd 3.62
ExtUtils::CBuilder 0.280224
ExtUtils::Command 7.24
ExtUtils::Install 1.54
ExtUtils::MakeMaker 7.24
ExtUtils::Manifest 1.70
ExtUtils::ParseXS 3.30
File::Spec 3.62
JSON 2.90
JSON::PP 2.27400
Module::Build 0.4220
Module::Signature 0.80
Parse::CPAN::Meta 2.150010
Test::Harness 3.36
Test::More 1.302073
YAML 1.20
YAML::Syck 1.29
version 0.9916
--
Summary of my perl5 (revision 5 version 10 subversion 1) configuration:
Platform:
osname=linux, osvers=3.16.0-4-amd64, archname=x86_64-linux
uname='linux eserte 3.16.0-4-amd64 #1 smp debian 3.16.7-ckt25-2 (2016-04-08) x86_64 gnulinux '
config_args='-ds -e -Dprefix=/opt/perl-5.10.1 -Dcf_email=srezic@cpan.org'
hint=recommended, useposix=true, d_sigaction=define
useithreads=undef, usemultiplicity=undef
useperlio=define, d_sfio=undef, uselargefiles=define, usesocks=undef
use64bitint=define, use64bitall=define, uselongdouble=undef
usemymalloc=n, bincompat5005=undef
Compiler:
cc='cc', ccflags ='-fno-strict-aliasing -pipe -fstack-protector -I/usr/local/include -D_LARGEFILE_SOURCE -D_FILE_OFFSET_BITS=64',
optimize='-O2',
cppflags='-fno-strict-aliasing -pipe -fstack-protector -I/usr/local/include'
ccversion='', gccversion='4.9.2', gccosandvers=''
intsize=4, longsize=8, ptrsize=8, doublesize=8, byteorder=12345678
d_longlong=define, longlongsize=8, d_longdbl=define, longdblsize=16
ivtype='long', ivsize=8, nvtype='double', nvsize=8, Off_t='off_t', lseeksize=8
alignbytes=8, prototype=define
Linker and Libraries:
ld='cc', ldflags =' -fstack-protector -L/usr/local/lib'
libpth=/usr/local/lib /lib/x86_64-linux-gnu /lib/../lib /usr/lib/x86_64-linux-gnu /usr/lib/../lib /lib /usr/lib
libs=-lnsl -ldl -lm -lcrypt -lutil -lc
perllibs=-lnsl -ldl -lm -lcrypt -lutil -lc
libc=libc-2.19.so, so=so, useshrplib=false, libperl=libperl.a
gnulibc_version='2.19'
Dynamic Linking:
dlsrc=dl_dlopen.xs, dlext=so, d_dlsymun=undef, ccdlflags='-Wl,-E'
cccdlflags='-fPIC', lddlflags='-shared -O2 -L/usr/local/lib -fstack-protector'
Characteristics of this binary (from libperl):
Compile-time options: PERL_DONT_CREATE_GVSV PERL_MALLOC_WRAP USE_64_BIT_ALL
USE_64_BIT_INT USE_LARGE_FILES USE_PERLIO
Locally applied patches:
Devel::PatchPerl 1.42
Built under linux
Compiled at May 7 2016 09:04:56
%ENV:
PERL5LIB="/home/cpansand/.cpan/build/2017010209/Mojolicious-Plugin-AssetPack-Backcompat-1.23-IpLQPr/blib/arch:/home/cpansand/.cpan/build/2017010209/Mojolicious-Plugin-AssetPack-Backcompat-1.23-IpLQPr/blib/lib:/home/cpansand/.cpan/build/2017010209/Mojolicious-Plugin-AssetPack-1.30-AZOnSd/blib/arch:/home/cpansand/.cpan/build/2017010209/Mojolicious-Plugin-AssetPack-1.30-AZOnSd/blib/lib"
PERL5OPT=""
PERL5_CPANPLUS_IS_RUNNING="4129"
PERL5_CPAN_IS_RUNNING="4129"
PERL5_CPAN_IS_RUNNING_IN_RECURSION="3606,4129"
PERLDOC="-MPod::Perldoc::ToTextOverstrike"
PERL_BATCH="yes"
PERL_CANARY_STABILITY_NOPROMPT="1"
PERL_CPAN_REPORTER_CONFIG="/run/user/1023/cpansmoker/2017010209/cpanreporter_000_config.ini"
PERL_EXTUTILS_AUTOINSTALL="--defaultdeps"
PERL_USE_UNSAFE_INC="1"
@INC:
/home/cpansand/.cpan/build/2017010209/Mojolicious-Plugin-AssetPack-Backcompat-1.23-IpLQPr/blib/arch
/home/cpansand/.cpan/build/2017010209/Mojolicious-Plugin-AssetPack-Backcompat-1.23-IpLQPr/blib/lib
/home/cpansand/.cpan/build/2017010209/Mojolicious-Plugin-AssetPack-1.30-AZOnSd/blib/arch
/home/cpansand/.cpan/build/2017010209/Mojolicious-Plugin-AssetPack-1.30-AZOnSd/blib/lib
/opt/perl-5.10.1/lib/5.10.1/x86_64-linux
/opt/perl-5.10.1/lib/5.10.1
/opt/perl-5.10.1/lib/site_perl/5.10.1/x86_64-linux
/opt/perl-5.10.1/lib/site_perl/5.10.1
.