Back
From: metabase:user:30977d10-2aae-11df-837a-5e0a49663a4f
Subject: FAIL Class-OWL-0.0.6 v5.14.1 GNU/Linux
Date: 2011-07-06T15:54:14Z
This distribution has been tested as part of the CPAN Testers
project, supporting the Perl programming language. See
http://wiki.cpantesters.org/ for more information or email
questions to cpan-testers-discuss@perl.org
--
Dear Leif Johansson,
This is a computer-generated report for Class-OWL-0.0.6
on perl 5.14.1, created by CPAN-Reporter-1.1902.
Thank you for uploading your work to CPAN. However, there was a problem
testing your distribution.
If you think this report is invalid, please consult the CPAN Testers Wiki
for suggestions on how to avoid getting FAIL reports for missing library
or binary dependencies, unsupported operating systems, and so on:
http://wiki.cpantesters.org/wiki/CPANAuthorNotes
Sections of this report:
* Tester comments
* Program output
* Prerequisites
* Environment and other context
------------------------------
TESTER COMMENTS
------------------------------
Additional comments from tester:
this report is from an automated smoke testing program
and was not reviewed by a human for accuracy
------------------------------
PROGRAM OUTPUT
------------------------------
Output from '/usr/bin/make test':
PERL_DL_NONLAZY=1 /home/trushel/perl/perl5141m/bin/perl "-MExtUtils::Command::MM" "-e" "test_harness(0, 'blib/lib', 'blib/arch')" t/*.t
# Failed test 'use Class::OWL;'
# at t/00.load.t line 4.
# Tried to use 'Class::OWL'.
# Error: Can't locate object method "initialize" via package "Class::MOP::Class" at /home/trushel/perl/perl5141m/lib/site_perl/5.14.1/x86_64-linux-multi/Class/MOP/Mixin.pm line 16.
# Compilation failed in require at /home/trushel/perl/perl5141m/lib/site_perl/5.14.1/x86_64-linux-multi/Class/MOP/MiniTrait.pm line 36.
# Compilation failed in require at /home/trushel/perl/perl5141m/lib/site_perl/5.14.1/x86_64-linux-multi/Class/MOP/Class.pm line 17.
# BEGIN failed--compilation aborted at /home/trushel/perl/perl5141m/lib/site_perl/5.14.1/x86_64-linux-multi/Class/MOP/Class.pm line 17.
# Compilation failed in require at (eval 6) line 2.
# ...propagated at /home/trushel/perl/perl5141m/lib/5.14.1/base.pm line 94.
# BEGIN failed--compilation aborted at /home/trushel/cpan/build/5.14.1-m/Class-OWL-0.0.6-rdLvka/blib/lib/Class/OWL.pm line 2.
# Compilation failed in require at (eval 4) line 2.
# BEGIN failed--compilation aborted at (eval 4) line 2.
Use of uninitialized value $Class::OWL::VERSION in concatenation (.) or string at t/00.load.t line 7.
# Testing Class::OWL
# Looks like you failed 1 test of 1.
t/00.load.t ...............
Dubious, test returned 1 (wstat 256, 0x100)
Failed 1/1 subtests
Can't locate object method "initialize" via package "Class::MOP::Class" at /home/trushel/perl/perl5141m/lib/site_perl/5.14.1/x86_64-linux-multi/Class/MOP/Mixin.pm line 16.
Compilation failed in require at /home/trushel/perl/perl5141m/lib/site_perl/5.14.1/x86_64-linux-multi/Class/MOP/MiniTrait.pm line 36.
Compilation failed in require at /home/trushel/perl/perl5141m/lib/site_perl/5.14.1/x86_64-linux-multi/Class/MOP/Class.pm line 17.
BEGIN failed--compilation aborted at /home/trushel/perl/perl5141m/lib/site_perl/5.14.1/x86_64-linux-multi/Class/MOP/Class.pm line 17.
Compilation failed in require at (eval 5) line 2.
...propagated at /home/trushel/perl/perl5141m/lib/5.14.1/base.pm line 94.
BEGIN failed--compilation aborted at /home/trushel/cpan/build/5.14.1-m/Class-OWL-0.0.6-rdLvka/blib/lib/Class/OWL.pm line 2.
Compilation failed in require at t/01.wine.t line 7.
BEGIN failed--compilation aborted at t/01.wine.t line 7.
# Looks like your test exited with 2 before it could output anything.
t/01.wine.t ...............
Dubious, test returned 2 (wstat 512, 0x200)
Failed 1/1 subtests
# Failed test 'use Class::OWL;'
# at t/02.classinstance-new.t line 3.
# Tried to use 'Class::OWL'.
# Error: Can't locate object method "initialize" via package "Class::MOP::Class" at /home/trushel/perl/perl5141m/lib/site_perl/5.14.1/x86_64-linux-multi/Class/MOP/Mixin.pm line 16.
# Compilation failed in require at /home/trushel/perl/perl5141m/lib/site_perl/5.14.1/x86_64-linux-multi/Class/MOP/MiniTrait.pm line 36.
# Compilation failed in require at /home/trushel/perl/perl5141m/lib/site_perl/5.14.1/x86_64-linux-multi/Class/MOP/Class.pm line 17.
# BEGIN failed--compilation aborted at /home/trushel/perl/perl5141m/lib/site_perl/5.14.1/x86_64-linux-multi/Class/MOP/Class.pm line 17.
# Compilation failed in require at (eval 6) line 2.
# ...propagated at /home/trushel/perl/perl5141m/lib/5.14.1/base.pm line 94.
# BEGIN failed--compilation aborted at /home/trushel/cpan/build/5.14.1-m/Class-OWL-0.0.6-rdLvka/blib/lib/Class/OWL.pm line 2.
# Compilation failed in require at (eval 4) line 2.
# BEGIN failed--compilation aborted at (eval 4) line 2.
Can't locate object method "new" via package "OM2::Message" (perhaps you forgot to load "OM2::Message"?) at t/02.classinstance-new.t line 4.
# Looks like you planned 2 tests but ran 1.
# Looks like you failed 1 test of 1 run.
# Looks like your test exited with 255 just after 1.
t/02.classinstance-new.t ..
Dubious, test returned 255 (wstat 65280, 0xff00)
Failed 2/2 subtests
# Failed test 'use Class::OWL;'
# at t/02.classinstance.t line 3.
# Tried to use 'Class::OWL'.
# Error: Can't locate object method "initialize" via package "Class::MOP::Class" at /home/trushel/perl/perl5141m/lib/site_perl/5.14.1/x86_64-linux-multi/Class/MOP/Mixin.pm line 16.
# Compilation failed in require at /home/trushel/perl/perl5141m/lib/site_perl/5.14.1/x86_64-linux-multi/Class/MOP/MiniTrait.pm line 36.
# Compilation failed in require at /home/trushel/perl/perl5141m/lib/site_perl/5.14.1/x86_64-linux-multi/Class/MOP/Class.pm line 17.
# BEGIN failed--compilation aborted at /home/trushel/perl/perl5141m/lib/site_perl/5.14.1/x86_64-linux-multi/Class/MOP/Class.pm line 17.
# Compilation failed in require at (eval 6) line 2.
# ...propagated at /home/trushel/perl/perl5141m/lib/5.14.1/base.pm line 94.
# BEGIN failed--compilation aborted at /home/trushel/cpan/build/5.14.1-m/Class-OWL-0.0.6-rdLvka/blib/lib/Class/OWL.pm line 2.
# Compilation failed in require at (eval 4) line 2.
# BEGIN failed--compilation aborted at (eval 4) line 2.
Can't locate object method "meta" via package "OM2::Message" (perhaps you forgot to load "OM2::Message"?) at t/02.classinstance.t line 4.
# Looks like you planned 2 tests but ran 1.
# Looks like you failed 1 test of 1 run.
# Looks like your test exited with 255 just after 1.
t/02.classinstance.t ......
Dubious, test returned 255 (wstat 65280, 0xff00)
Failed 2/2 subtests
# Failed test 'use Class::OWL;'
# at t/03.emptyvalue.t line 3.
# Tried to use 'Class::OWL'.
# Error: Can't locate object method "initialize" via package "Class::MOP::Class" at /home/trushel/perl/perl5141m/lib/site_perl/5.14.1/x86_64-linux-multi/Class/MOP/Mixin.pm line 16.
# Compilation failed in require at /home/trushel/perl/perl5141m/lib/site_perl/5.14.1/x86_64-linux-multi/Class/MOP/MiniTrait.pm line 36.
# Compilation failed in require at /home/trushel/perl/perl5141m/lib/site_perl/5.14.1/x86_64-linux-multi/Class/MOP/Class.pm line 17.
# BEGIN failed--compilation aborted at /home/trushel/perl/perl5141m/lib/site_perl/5.14.1/x86_64-linux-multi/Class/MOP/Class.pm line 17.
# Compilation failed in require at (eval 6) line 2.
# ...propagated at /home/trushel/perl/perl5141m/lib/5.14.1/base.pm line 94.
# BEGIN failed--compilation aborted at /home/trushel/cpan/build/5.14.1-m/Class-OWL-0.0.6-rdLvka/blib/lib/Class/OWL.pm line 2.
# Compilation failed in require at (eval 4) line 2.
# BEGIN failed--compilation aborted at (eval 4) line 2.
Can't locate object method "meta" via package "OM2::Message" (perhaps you forgot to load "OM2::Message"?) at t/03.emptyvalue.t line 4.
# Looks like you failed 1 test of 1.
# Looks like your test exited with 255 just after 1.
t/03.emptyvalue.t .........
Dubious, test returned 255 (wstat 65280, 0xff00)
Failed 1/1 subtests
# Failed test 'use Class::OWL;'
# at t/04.multibnode.t line 3.
# Tried to use 'Class::OWL'.
# Error: Can't locate object method "initialize" via package "Class::MOP::Class" at /home/trushel/perl/perl5141m/lib/site_perl/5.14.1/x86_64-linux-multi/Class/MOP/Mixin.pm line 16.
# Compilation failed in require at /home/trushel/perl/perl5141m/lib/site_perl/5.14.1/x86_64-linux-multi/Class/MOP/MiniTrait.pm line 36.
# Compilation failed in require at /home/trushel/perl/perl5141m/lib/site_perl/5.14.1/x86_64-linux-multi/Class/MOP/Class.pm line 17.
# BEGIN failed--compilation aborted at /home/trushel/perl/perl5141m/lib/site_perl/5.14.1/x86_64-linux-multi/Class/MOP/Class.pm line 17.
# Compilation failed in require at (eval 6) line 2.
# ...propagated at /home/trushel/perl/perl5141m/lib/5.14.1/base.pm line 94.
# BEGIN failed--compilation aborted at /home/trushel/cpan/build/5.14.1-m/Class-OWL-0.0.6-rdLvka/blib/lib/Class/OWL.pm line 2.
# Compilation failed in require at (eval 4) line 2.
# BEGIN failed--compilation aborted at (eval 4) line 2.
Can't locate object method "meta" via package "OM2::User" (perhaps you forgot to load "OM2::User"?) at t/04.multibnode.t line 4.
# Looks like you failed 1 test of 1.
# Looks like your test exited with 255 just after 1.
t/04.multibnode.t .........
Dubious, test returned 255 (wstat 65280, 0xff00)
Failed 1/1 subtests
t/pod-coverage.t .......... skipped: rsn
t/pod.t ................... ok
Test Summary Report
-------------------
t/00.load.t (Wstat: 256 Tests: 1 Failed: 1)
Failed test: 1
Non-zero exit status: 1
t/01.wine.t (Wstat: 512 Tests: 0 Failed: 0)
Non-zero exit status: 2
Parse errors: Bad plan. You planned 1 tests but ran 0.
t/02.classinstance-new.t (Wstat: 65280 Tests: 1 Failed: 1)
Failed test: 1
Non-zero exit status: 255
Parse errors: Bad plan. You planned 2 tests but ran 1.
t/02.classinstance.t (Wstat: 65280 Tests: 1 Failed: 1)
Failed test: 1
Non-zero exit status: 255
Parse errors: Bad plan. You planned 2 tests but ran 1.
t/03.emptyvalue.t (Wstat: 65280 Tests: 1 Failed: 1)
Failed test: 1
Non-zero exit status: 255
t/04.multibnode.t (Wstat: 65280 Tests: 1 Failed: 1)
Failed test: 1
Non-zero exit status: 255
Files=8, Tests=6, 1 wallclock secs ( 0.06 usr 0.00 sys + 0.36 cusr 0.08 csys = 0.50 CPU)
Result: FAIL
Failed 6/8 test programs. 5/6 subtests failed.
make: *** [test_dynamic] Error 255
------------------------------
PREREQUISITES
------------------------------
Prerequisite modules loaded:
requires:
Module Need Have
------------------- ---- -------
Class::MOP 0 2.0010
Data::Dumper 0 2.131
LWP::Simple 0 6.00
RDF::Helper 0 2.0
Test::More 0 0.98
version 0 0.91
XML::CommonNS 0 0.06
build_requires:
Module Need Have
------------------- ---- -------
ExtUtils::MakeMaker 0 6.57_11
------------------------------
ENVIRONMENT AND OTHER CONTEXT
------------------------------
Environment variables:
AUTOMATED_TESTING = 1
LANG = en_US.UTF-8
LANGUAGE = en
LC_COLLATE = C
LC_MONETARY = C
LC_NUMERIC = C
LC_TIME = C
PATH = /usr/local/sbin:/usr/local/bin:/usr/sbin:/usr/bin:/sbin:/bin
PERL5LIB =
PERL5OPT =
PERL5_CPANPLUS_IS_RUNNING = 27328
PERL5_CPAN_IS_RUNNING = 27328
PERL5_CPAN_IS_RUNNING_IN_RECURSION = 2472,27328
PERL_CR_SMOKER_CURRENT = Class-OWL-0.0.6
PERL_EXTUTILS_AUTOINSTALL = --defaultdeps
PERL_MM_USE_DEFAULT = 1
SHELL = /bin/bash
TERM = xterm
Perl special variables (and OS-specific diagnostics, for MSWin32):
$^X = /home/trushel/perl/perl5141m/bin/perl
$UID/$EUID = 138375 / 138375
$GID = 5762 4 20 21 24 25 26 30 44 46 104 105 119 122 431 5762
$EGID = 5762 4 20 21 24 25 26 30 44 46 104 105 119 122 431 5762
Perl module toolchain versions installed:
Module Have
------------------- --------
CPAN 1.9600
Cwd 3.36
ExtUtils::CBuilder 0.280203
ExtUtils::Command 1.17
ExtUtils::Install 1.56
ExtUtils::MakeMaker 6.57_11
ExtUtils::Manifest 1.58
ExtUtils::ParseXS 2.2210
File::Spec 3.33
Module::Build 0.3800
Module::Signature 0.68
Test::Harness 3.23
Test::More 0.98
YAML 0.73
YAML::Syck 1.17
version 0.91
--
Summary of my perl5 (revision 5 version 14 subversion 1) configuration:
Platform:
osname=linux, osvers=2.6.32-32-generic, archname=x86_64-linux-multi
uname='linux trushel-glaptop 2.6.32-32-generic #62-ubuntu smp wed apr 20 21:52:38 utc 2011 x86_64 gnulinux '
config_args=''
hint=recommended, useposix=true, d_sigaction=define
useithreads=undef, usemultiplicity=define
useperlio=define, d_sfio=undef, uselargefiles=define, usesocks=undef
use64bitint=define, use64bitall=define, uselongdouble=undef
usemymalloc=n, bincompat5005=undef
Compiler:
cc='cc', ccflags ='-fno-strict-aliasing -pipe -fstack-protector -I/usr/local/include -D_LARGEFILE_SOURCE -D_FILE_OFFSET_BITS=64',
optimize='-O2',
cppflags='-fno-strict-aliasing -pipe -fstack-protector -I/usr/local/include'
ccversion='', gccversion='4.4.3', gccosandvers=''
intsize=4, longsize=8, ptrsize=8, doublesize=8, byteorder=12345678
d_longlong=define, longlongsize=8, d_longdbl=define, longdblsize=16
ivtype='long', ivsize=8, nvtype='double', nvsize=8, Off_t='off_t', lseeksize=8
alignbytes=8, prototype=define
Linker and Libraries:
ld='cc', ldflags =' -fstack-protector -L/usr/local/lib'
libpth=/usr/local/lib /lib/../lib /usr/lib/../lib /lib /usr/lib /usr/lib/x86_64-linux-gnu /lib64 /usr/lib64
libs=-lnsl -ldl -lm -lcrypt -lutil -lc
perllibs=-lnsl -ldl -lm -lcrypt -lutil -lc
libc=/lib/libc-2.11.1.so, so=so, useshrplib=false, libperl=libperl.a
gnulibc_version='2.11.1'
Dynamic Linking:
dlsrc=dl_dlopen.xs, dlext=so, d_dlsymun=undef, ccdlflags='-Wl,-E'
cccdlflags='-fPIC', lddlflags='-shared -O2 -L/usr/local/lib -fstack-protector'
Characteristics of this binary (from libperl):
Compile-time options: MULTIPLICITY PERL_DONT_CREATE_GVSV
PERL_IMPLICIT_CONTEXT PERL_MALLOC_WRAP
PERL_PRESERVE_IVUV USE_64_BIT_ALL USE_64_BIT_INT
USE_LARGE_FILES USE_PERLIO USE_PERL_ATOF
Built under linux
Compiled at Jun 22 2011 23:18:17
%ENV:
PERL5LIB=""
PERL5OPT=""
PERL5_CPANPLUS_IS_RUNNING="27328"
PERL5_CPAN_IS_RUNNING="27328"
PERL5_CPAN_IS_RUNNING_IN_RECURSION="2472,27328"
PERL_CR_SMOKER_CURRENT="Class-OWL-0.0.6"
PERL_EXTUTILS_AUTOINSTALL="--defaultdeps"
PERL_MM_USE_DEFAULT="1"
@INC:
/home/trushel/perl/perl5141m/lib/site_perl/5.14.1/x86_64-linux-multi
/home/trushel/perl/perl5141m/lib/site_perl/5.14.1
/home/trushel/perl/perl5141m/lib/5.14.1/x86_64-linux-multi
/home/trushel/perl/perl5141m/lib/5.14.1
.