Pinto-Remote-SelfContained v1.000 Perl 5 v5.20.2 amd64-freebsd

Status
Fail
From
Slaven Rezić
Dist
Pinto-Remote-SelfContained v1.000
Platform
Perl 5 v5.20.2 amd64-freebsd
Date
2022-02-26 20:32:19
ID
31b9932c-9743-11ec-aed7-04601f24ea8f
This distribution has been tested as part of the CPAN Testers
project, supporting the Perl programming language.  See
http://wiki.cpantesters.org/ for more information or email
questions to cpan-testers-discuss@perl.org


--
Dear Aaron Crane,

This is a computer-generated report for Pinto-Remote-SelfContained-1.000
on perl 5.20.2, created by CPAN-Reporter-1.2018.

Thank you for uploading your work to CPAN.  However, there was a problem
testing your distribution.

If you think this report is invalid, please consult the CPAN Testers Wiki
for suggestions on how to avoid getting FAIL reports for missing library
or binary dependencies, unsupported operating systems, and so on:

http://wiki.cpantesters.org/wiki/CPANAuthorNotes

Sections of this report:

    * Tester comments
    * Program output
    * Prerequisites
    * Environment and other context

------------------------------
TESTER COMMENTS
------------------------------

Additional comments from tester:

none provided

------------------------------
PROGRAM OUTPUT
------------------------------

Output from './Build test':


    #   Failed test 'parts of response are correct'
    #   at t/action.t line 42.
    #     Structures begin differing at:
    #          $got->{protocol} = Does not exist
    #     $expected->{protocol} = 'HTTP/1.1'
    # Looks like you failed 1 test of 1.

#   Failed test 'response parts'
#   at t/action.t line 55.
# Looks like you failed 1 test of 3.
t/action.t ... 
Dubious, test returned 1 (wstat 256, 0x100)
Failed 1/3 subtests 

    #   Failed test 'action executed successfully'
    #   at t/add.t line 51.
    # Looks like you failed 1 test of 1.

#   Failed test 'add action'
#   at t/add.t line 52.
# Looks like you failed 1 test of 2.
t/add.t ...... 
Dubious, test returned 1 (wstat 256, 0x100)
Failed 1/2 subtests 
t/app.t ...... ok
    # No tests run!

#   Failed test 'No tests run for subtest "install with pull"'
#   at t/install.t line 94.
Failed to pull packages at t/install.t line 84.
# Tests were run but no plan was declared and done_testing() was not seen.
# Looks like your test exited with 255 just after 4.
t/install.t .. 
Dubious, test returned 255 (wstat 65280, 0xff00)
Failed 1/4 subtests 
	(less 1 skipped subtest: 2 okay)

    #   Failed test 'result was successful'
    #   at t/result.t line 40.
    # Looks like you failed 1 test of 4.

#   Failed test 'response dialog'
#   at t/result.t line 44.
# Looks like you failed 1 test of 2.
t/result.t ... 
Dubious, test returned 1 (wstat 256, 0x100)
Failed 1/2 subtests 
t/types.t .... ok
t/util.t ..... ok

Test Summary Report
-------------------
t/action.t (Wstat: 256 Tests: 3 Failed: 1)
  Failed test:  1
  Non-zero exit status: 1
t/add.t    (Wstat: 256 Tests: 2 Failed: 1)
  Failed test:  1
  Non-zero exit status: 1
t/install.t (Wstat: 65280 Tests: 4 Failed: 1)
  Failed test:  4
  Non-zero exit status: 255
  Parse errors: No plan found in TAP output
t/result.t (Wstat: 256 Tests: 2 Failed: 1)
  Failed test:  1
  Non-zero exit status: 1
Files=7, Tests=35,  4 wallclock secs ( 0.02 usr  0.07 sys +  0.26 cusr  1.16 csys =  1.51 CPU)
Result: FAIL

------------------------------
PREREQUISITES
------------------------------

Prerequisite modules loaded:

requires:

    Module                    Need     Have    
    ------------------------- -------- --------
    Carp                      0        1.50    
    Getopt::Long::Descriptive 0        0.106   
    HTTP::Tiny                0.056    0.080   
    JSON::MaybeXS             0        1.004003
    List::Util                1.29     1.61    
    MIME::Base64              0        3.16    
    Module::Runtime           0        0.016   
    Moo                       1.006000 2.005004
    MooX::HandlesVia          0        0.001008
    namespace::clean          0        0.27    
    Path::Tiny                0.058    0.122   
    perl                      5.010    5.020002
    Time::Moment              0        0.44    
    Type::Library             0        1.012004
    Type::Utils               0        1.012004
    Types::Standard           0        1.012004
    URI                       0        5.09    

build_requires:

    Module                    Need     Have    
    ------------------------- -------- --------
    Capture::Tiny             0        0.48    
    Test::Deep                0        1.130   
    Test::Fatal               0        0.016   
    Test::More                0.96     1.302186
    Test::Warnings            0        0.031   

configure_requires:

    Module                    Need     Have    
    ------------------------- -------- --------
    Module::Build::Tiny       0.034    0.039   


------------------------------
ENVIRONMENT AND OTHER CONTEXT
------------------------------

Environment variables:

    LC_ALL = de_DE.ISO8859-1
    PATH = /usr/local/bin:/usr/bin:/bin:/usr/local/sbin:/usr/sbin:/sbin:/home/cpansand/bin/freebsd10.3:/home/cpansand/bin/sh:/home/cpansand/bin:/usr/games:/home/cpansand/devel:/home/eserte/src/srezic-misc/scripts
    PERL5LIB = /home/cpansand/.cpan/build/2022022621/HTTP-Tiny-0.080-2/blib/arch:/home/cpansand/.cpan/build/2022022621/HTTP-Tiny-0.080-2/blib/lib
    PERL5OPT = 
    PERL5_CPANPLUS_IS_RUNNING = 95308
    PERL5_CPAN_IS_RUNNING = 95308
    PERL5_CPAN_IS_RUNNING_IN_RECURSION = 93912,95308
    PERLDOC = -MPod::Perldoc::ToTextOverstrike
    PERL_BATCH = yes
    PERL_CANARY_STABILITY_NOPROMPT = 1
    PERL_CPAN_REPORTER_CONFIG = /var/tmp/cpansmoker-1023/2022022621/cpanreporter_001_config.ini
    PERL_EXTUTILS_AUTOINSTALL = --defaultdeps
    PERL_USE_UNSAFE_INC = 1
    SHELL = /usr/local/bin/zsh
    TERM = screen
    TMPDIR = /var/tmp/cpansmoker-1023/2022022621

Perl special variables (and OS-specific diagnostics, for MSWin32):

    $^X = /usr/perl5.20.2p/bin/perl5.20.2
    $UID/$EUID = 1023 / 1023
    $GID = 1023 1023
    $EGID = 1023 1023

Perl module toolchain versions installed:

    Module              Have    
    ------------------- --------
    CPAN                2.28    
    CPAN::Meta          2.150010
    Cwd                 3.75    
    ExtUtils::CBuilder  0.280235
    ExtUtils::Command   7.62    
    ExtUtils::Install   2.20    
    ExtUtils::MakeMaker 7.62    
    ExtUtils::Manifest  1.70    
    ExtUtils::ParseXS   3.35    
    File::Spec          3.75    
    JSON                4.04    
    JSON::PP            4.07    
    Module::Build       0.4229  
    Module::Signature   0.87    
    Parse::CPAN::Meta   2.150010
    Test::Harness       3.42    
    Test::More          1.302186
    YAML                1.30    
    YAML::Syck          1.34    
    version             0.9928  


--

Summary of my perl5 (revision 5 version 20 subversion 2) configuration:
   
  Platform:
    osname=freebsd, osvers=10.1-release, archname=amd64-freebsd
    uname='freebsd cvrsnica-freebsd-101.herceg.de 10.1-release freebsd 10.1-release #0 r274401: tue nov 11 21:02:49 utc 2014 root@releng1.nyi.freebsd.org:usrobjusrsrcsysgeneric amd64 '
    config_args='-ds -e -Dprefix=/usr/perl5.20.2p'
    hint=recommended, useposix=true, d_sigaction=define
    useithreads=undef, usemultiplicity=undef
    use64bitint=define, use64bitall=define, uselongdouble=undef
    usemymalloc=n, bincompat5005=undef
  Compiler:
    cc='cc', ccflags ='-DHAS_FPSETMASK -DHAS_FLOATINGPOINT_H -fno-strict-aliasing -pipe -fstack-protector -I/usr/local/include',
    optimize='-O',
    cppflags='-DHAS_FPSETMASK -DHAS_FLOATINGPOINT_H -fno-strict-aliasing -pipe -fstack-protector -I/usr/local/include'
    ccversion='', gccversion='4.2.1 Compatible FreeBSD Clang 3.4.1 (tags/RELEASE_34/dot1-final 208032)', gccosandvers=''
    intsize=4, longsize=8, ptrsize=8, doublesize=8, byteorder=12345678
    d_longlong=define, longlongsize=8, d_longdbl=define, longdblsize=16
    ivtype='long', ivsize=8, nvtype='double', nvsize=8, Off_t='off_t', lseeksize=8
    alignbytes=8, prototype=define
  Linker and Libraries:
    ld='cc', ldflags ='-pthread -Wl,-E  -fstack-protector -L/usr/local/lib'
    libpth=/usr/lib /usr/local/lib /usr/include/clang/3.4.1 /usr/lib
    libs=-lgdbm -lm -lcrypt -lutil -lc
    perllibs=-lm -lcrypt -lutil -lc
    libc=, so=so, useshrplib=false, libperl=libperl.a
    gnulibc_version=''
  Dynamic Linking:
    dlsrc=dl_dlopen.xs, dlext=so, d_dlsymun=undef, ccdlflags=' '
    cccdlflags='-DPIC -fPIC', lddlflags='-shared  -L/usr/local/lib -fstack-protector'


Characteristics of this binary (from libperl): 
  Compile-time options: HAS_TIMES PERLIO_LAYERS PERL_DONT_CREATE_GVSV
                        PERL_HASH_FUNC_ONE_AT_A_TIME_HARD PERL_MALLOC_WRAP
                        PERL_NEW_COPY_ON_WRITE PERL_PRESERVE_IVUV
                        USE_64_BIT_ALL USE_64_BIT_INT USE_LARGE_FILES
                        USE_LOCALE USE_LOCALE_COLLATE USE_LOCALE_CTYPE
                        USE_LOCALE_NUMERIC USE_PERLIO USE_PERL_ATOF
  Built under freebsd
  Compiled at Feb 14 2015 20:35:40
  %ENV:
    PERL5LIB="/home/cpansand/.cpan/build/2022022621/HTTP-Tiny-0.080-2/blib/arch:/home/cpansand/.cpan/build/2022022621/HTTP-Tiny-0.080-2/blib/lib"
    PERL5OPT=""
    PERL5_CPANPLUS_IS_RUNNING="95308"
    PERL5_CPAN_IS_RUNNING="95308"
    PERL5_CPAN_IS_RUNNING_IN_RECURSION="93912,95308"
    PERLDOC="-MPod::Perldoc::ToTextOverstrike"
    PERL_BATCH="yes"
    PERL_CANARY_STABILITY_NOPROMPT="1"
    PERL_CPAN_REPORTER_CONFIG="/var/tmp/cpansmoker-1023/2022022621/cpanreporter_001_config.ini"
    PERL_EXTUTILS_AUTOINSTALL="--defaultdeps"
    PERL_USE_UNSAFE_INC="1"
  @INC:
    /home/cpansand/.cpan/build/2022022621/HTTP-Tiny-0.080-2/blib/arch
    /home/cpansand/.cpan/build/2022022621/HTTP-Tiny-0.080-2/blib/lib
    /usr/perl5.20.2p/lib/site_perl/5.20.2/amd64-freebsd
    /usr/perl5.20.2p/lib/site_perl/5.20.2
    /usr/perl5.20.2p/lib/5.20.2/amd64-freebsd
    /usr/perl5.20.2p/lib/5.20.2
    .