POE-Component-Client-DNS v1.054 Perl 5 v5.38.0 OpenBSD.amd64-openbsd

Status
Fail
From
Chris Williams (BINGOS)
Dist
POE-Component-Client-DNS v1.054
Platform
Perl 5 v5.38.0 OpenBSD.amd64-openbsd
Date
2023-07-04 23:40:44
ID
31b96d4c-1ac4-11ee-98b0-b3c3213a625c
This distribution has been tested as part of the CPAN Testers
project, supporting the Perl programming language.  See
http://wiki.cpantesters.org/ for more information or email
questions to cpan-testers-discuss@perl.org


--

Dear Rocco Caputo,

This is a computer-generated error report created automatically by
CPANPLUS, version 0.9914. Testers personal comments may appear
at the end of this report.


Thank you for uploading your work to CPAN.  However, it appears that
there were some problems testing your distribution.

TEST RESULTS:

Below is the error stack from stage 'make test':

PERL_DL_NONLAZY=1 "/opt/perl-5.38.0/bin/perl" "-MExtUtils::Command::MM" "-MTest::Harness" "-e" "undef *Test::Harness::Switches; test_harness(0, 'blib/lib', 'blib/arch')" t/*.t
# Testing with Perl 5.038000, /opt/perl-5.38.0/bin/perl
#     ExtUtils::MakeMaker version is 7.70
#     Net::DNS version is 1.39
#     POE version is 1.370
#     Test::More version is 1.302195
#     Test::NoWarnings version is 1.06
t/000-report-versions.t .. ok

t/01_resolve.t ........... 
Dubious, test returned 1 (wstat 256, 0x100)
Failed 1/4 subtests 
#   Failed test 'no warnings'
#   at /opt/perl-5.38.0/lib/site_perl/5.38.0/Test/Builder.pm line 193.
# There were 1 warning(s)
#     Previous test 0 ''
#     deprecated method; prefer $rr->rdstring() at t/01_resolve.t line 107.
#  at /opt/perl-5.38.0/lib/site_perl/5.38.0/Net/DNS/RR.pm line 724.
# 	Net::DNS::RR::_deprecate(Net::DNS::RR::PTR=HASH(0xb3209207e68), "prefer \$rr->rdstring()") called at /opt/perl-5.38.0/lib/site_perl/5.38.0/Net/DNS/RR.pm line 529
# 	Net::DNS::RR::rdatastr(Net::DNS::RR::PTR=HASH(0xb3209207e68)) called at t/01_resolve.t line 107
# 	main::client_got_response(undef, POE::Session=ARRAY(0xb326d856c40), POE::Kernel=ARRAY(0xb321648e040), HASH(0xb31f5613358), "response", POE::Session=ARRAY(0xb31f5613070), undef, "/usr/local/opt/perl-5.38.0/.cpanplus/5.38.0/build/Abe_JyiOxT/"..., ...) called at /opt/perl-5.38.0/lib/site_perl/5.38.0/POE/Session.pm line 464
# 	POE::Session::_invoke_state(POE::Session=ARRAY(0xb326d856c40), POE::Session=ARRAY(0xb31f5613070), "response", ARRAY(0xb326d8704a8), "/usr/local/opt/perl-5.38.0/.cpanplus/5.38.0/build/Abe_JyiOxT/"..., 442, "got_dns_response") called at /opt/perl-5.38.0/lib/site_perl/5.38.0/POE/Kernel.pm line 1098
# 	eval {...} called at /opt/perl-5.38.0/lib/site_perl/5.38.0/POE/Kernel.pm line 1084
# 	POE::Kernel::_dispatch_event(POE::Kernel=ARRAY(0xb321648e040), POE::Session=ARRAY(0xb326d856c40), POE::Session=ARRAY(0xb31f5613070), "response", 1, ARRAY(0xb326d8704a8), "/usr/local/opt/perl-5.38.0/.cpanplus/5.38.0/build/Abe_JyiOxT/"..., 442, ...) called at /opt/perl-5.38.0/lib/site_perl/5.38.0/POE/Resource/Events.pm line 385
# 	POE::Kernel::_data_ev_dispatch_due(POE::Kernel=ARRAY(0xb321648e040)) called at /opt/perl-5.38.0/lib/site_perl/5.38.0/POE/Loop/Select.pm line 309
# 	POE::Kernel::loop_do_timeslice(POE::Kernel=ARRAY(0xb321648e040)) called at /opt/perl-5.38.0/lib/site_perl/5.38.0/POE/Loop/Select.pm line 317
# 	POE::Kernel::loop_run(POE::Kernel=ARRAY(0xb321648e040)) called at /opt/perl-5.38.0/lib/site_perl/5.38.0/POE/Kernel.pm line 1292
# 	POE::Kernel::run(POE::Kernel=ARRAY(0xb321648e040)) called at t/01_resolve.t line 187
# 
# Looks like you failed 1 test of 4.
t/02_tag_args.t .......... ok
t/03_api_3.t ............. ok
t/04_errors.t ............ ok
t/05_api_4.t ............. ok

#   Failed test 'no warnings'
#   at /opt/perl-5.38.0/lib/site_perl/5.38.0/Test/Builder.pm line 193.
# There were 1 warning(s)
#     Previous test 0 ''
#     deprecated method; prefer $rr->rdstring() at t/06_hosts.t line 143.
#  at /opt/perl-5.38.0/lib/site_perl/5.38.0/Net/DNS/RR.pm line 724.
# 	Net::DNS::RR::_deprecate(Net::DNS::RR::A=HASH(0x76e3f5ce238), "prefer \$rr->rdstring()") called at /opt/perl-5.38.0/lib/site_perl/5.38.0/Net/DNS/RR.pm line 529
# 	Net::DNS::RR::rdatastr(Net::DNS::RR::A=HASH(0x76e3f5ce238)) called at t/06_hosts.t line 143
# 	main::a_data(HASH(0x76e3f5cee50)) called at t/06_hosts.t line 58
# 	main::response_no_hosts(undef, POE::Session=ARRAY(0x76e3f5cb220), POE::Kernel=ARRAY(0x76dac883670), HASH(0x76e3f5bd880), "response_no_hosts", POE::Session=ARRAY(0x76dc730c5b0), undef, "/usr/local/opt/perl-5.38.0/.cpanplus/5.38.0/build/Abe_JyiOxT/"..., ...) called at /opt/perl-5.38.0/lib/site_perl/5.38.0/POE/Session.pm line 464
# 	POE::Session::_invoke_state(POE::Session=ARRAY(0x76e3f5cb220), POE::Session=ARRAY(0x76dc730c5b0), "response_no_hosts", ARRAY(0x76e0565c5b0), "/usr/local/opt/perl-5.38.0/.cpanplus/5.38.0/build/Abe_JyiOxT/"..., 459, "got_dns_response") called at /opt/perl-5.38.0/lib/site_perl/5.38.0/POE/Kernel.pm line 1098
# 	eval {...} called at /opt/perl-5.38.0/lib/site_perl/5.38.0/POE/Kernel.pm line 1084
# 	POE::Kernel::_dispatch_event(POE::Kernel=ARRAY(0x76dac883670), POE::Session=ARRAY(0x76e3f5cb220), POE::Session=ARRAY(0x76dc730c5b0), "response_no_hosts", 1, ARRAY(0x76e0565c5b0), "/usr/local/opt/perl-5.38.0/.cpanplus/5.38.0/build/Abe_JyiOxT/"..., 459, ...) called at /opt/perl-5.38.0/lib/site_perl/5.38.0/POE/Resource/Events.pm line 385
# 	POE::Kernel::_data_ev_dispatch_due(POE::Kernel=ARRAY(0x76dac883670)) called at /opt/perl-5.38.0/lib/site_perl/5.38.0/POE/Loop/Select.pm line 309
# 	POE::Kernel::loop_do_timeslice(POE::Kernel=ARRAY(0x76dac883670)) called at /opt/perl-5.38.0/lib/site_perl/5.38.0/POE/Loop/Select.pm line 317
# 	POE::Kernel::loop_run(POE::Kernel=ARRAY(0x76dac883670)) called at /opt/perl-5.38.0/lib/site_perl/5.38.0/POE/Kernel.pm line 1292
# 	POE::Kernel::run("POE::Kernel") called at t/06_hosts.t line 42
# 
# Looks like you failed 1 test of 5.
t/06_hosts.t ............. 
Dubious, test returned 1 (wstat 256, 0x100)
Failed 1/5 subtests 
t/author-pod-coverage.t .. skipped: these tests are for testing by the author
t/author-pod-syntax.t .... skipped: these tests are for testing by the author

Test Summary Report
-------------------
t/01_resolve.t         (Wstat: 256 (exited 1) Tests: 4 Failed: 1)
  Failed test:  4
  Non-zero exit status: 1
t/06_hosts.t           (Wstat: 256 (exited 1) Tests: 5 Failed: 1)
  Failed test:  5
  Non-zero exit status: 1
Files=9, Tests=40,  5 wallclock secs ( 0.04 usr  0.06 sys +  1.94 cusr  0.47 csys =  2.51 CPU)
Result: FAIL
Failed 2/9 test programs. 2/40 subtests failed.
*** Error 255 in /opt/perl-5.38.0/.cpanplus/5.38.0/build/Abe_JyiOxT/POE-Component-Client-DNS-1.054 (Makefile:848 'test_dynamic')


PREREQUISITES:

Here is a list of prerequisites you specified and versions we
managed to load:

	  Module Name                        Have     Want
	  ExtUtils::MakeMaker                7.70        0
	  Net::DNS                           1.39     0.65
	  POE                               1.370    1.294
	  Test::More                     1.302195     0.96
	  Test::NoWarnings                   1.06     1.02

Perl module toolchain versions installed:
	Module Name                        Have
	CPANPLUS                         0.9914
	CPANPLUS::Dist::Build              0.90
	Cwd                                3.89
	ExtUtils::CBuilder             0.280238
	ExtUtils::Command                  7.70
	ExtUtils::Install                  2.22
	ExtUtils::MakeMaker                7.70
	ExtUtils::Manifest                 1.75
	ExtUtils::ParseXS                  3.51
	File::Spec                         3.88
	Module::Build                    0.4234
	Pod::Parser                           0
	Pod::Simple                        3.45
	Test2                          1.302195
	Test::Harness                      3.44
	Test::More                     1.302195
	version                          0.9929

******************************** NOTE ********************************
The comments above are created mechanically, possibly without manual
checking by the sender.  As there are many people performing automatic
tests on each upload to CPAN, it is likely that you will receive
identical messages about the same problem.

If you believe that the message is mistaken, please reply to the first
one with correction and/or additional informations, and do not take
it personally.  We appreciate your patience. :)
**********************************************************************

Additional comments:


This report was machine-generated by CPANPLUS::Dist::YACSmoke 1.08.

CPANPLUS is prefering Build.PL

------------------------------
ENVIRONMENT AND OTHER CONTEXT
------------------------------

Environment variables:

    AUTOMATED_TESTING = 1
    PATH = /sbin:/usr/sbin:/bin:/usr/bin:/usr/X11R6/bin:/usr/local/sbin:/usr/local/bin
    PERL5LIB = :/opt/perl-5.38.0/.cpanplus/5.38.0/build/Abe_JyiOxT/POE-Component-Client-DNS-1.054/blib/lib:/opt/perl-5.38.0/.cpanplus/5.38.0/build/Abe_JyiOxT/POE-Component-Client-DNS-1.054/blib/arch
    PERL5_CPANIDX_URL = http://cpan.mirror.local/cpanidx/
    PERL5_CPANPLUS_IS_RUNNING = 47015
    PERL5_CPANPLUS_IS_VERSION = 0.9914
    PERL_EXTUTILS_AUTOINSTALL = --defaultdeps
    PERL_INSTALL_QUIET = 1
    PERL_MM_USE_DEFAULT = 1
    PERL_USE_UNSAFE_INC = 1
    SHELL = /bin/ksh
    TERM = screen.xterm-256color

Perl special variables (and OS-specific diagnostics, for MSWin32):

    Perl: $^X = /opt/perl-5.38.0/bin/perl
    UID:  $<  = 0
    EUID: $>  = 0
    GID:  $(  = 0 0 2 3 4 5 20 31
    EGID: $)  = 0 0 2 3 4 5 20 31


-------------------------------


--

Summary of my perl5 (revision 5 version 38 subversion 0) configuration:
   
  Platform:
    osname=openbsd
    osvers=7.3
    archname=OpenBSD.amd64-openbsd
    uname='openbsd overture.bingosnet.co.uk 7.3 generic#1072 amd64 '
    config_args='-des -Dprefix=/opt/perl-5.38.0'
    hint=recommended
    useposix=true
    d_sigaction=define
    useithreads=undef
    usemultiplicity=undef
    use64bitint=define
    use64bitall=define
    uselongdouble=undef
    usemymalloc=n
    default_inc_excludes_dot=define
  Compiler:
    cc='cc'
    ccflags ='-fno-strict-aliasing -pipe -fstack-protector-strong -I/usr/local/include'
    optimize='-O2'
    cppflags='-fno-strict-aliasing -pipe -fstack-protector-strong -I/usr/local/include'
    ccversion=''
    gccversion='OpenBSD Clang 13.0.0'
    gccosandvers=''
    intsize=4
    longsize=8
    ptrsize=8
    doublesize=8
    byteorder=12345678
    doublekind=3
    d_longlong=define
    longlongsize=8
    d_longdbl=define
    longdblsize=16
    longdblkind=3
    ivtype='long'
    ivsize=8
    nvtype='double'
    nvsize=8
    Off_t='off_t'
    lseeksize=8
    alignbytes=8
    prototype=define
  Linker and Libraries:
    ld='cc'
    ldflags ='-Wl,-E  -fstack-protector-strong -L/usr/local/lib'
    libpth=/usr/lib/clang/13.0.0/lib /usr/lib /usr/local/lib
    libs=-lpthread -lgdbm -lm -lutil -lc
    perllibs=-lpthread -lm -lutil -lc
    libc=/usr/lib/libc.so.97.0
    so=so
    useshrplib=false
    libperl=libperl.a
    gnulibc_version=''
  Dynamic Linking:
    dlsrc=dl_dlopen.xs
    dlext=so
    d_dlsymun=undef
    ccdlflags=' '
    cccdlflags='-DPIC -fPIC '
    lddlflags='-shared -fPIC  -L/usr/local/lib -fstack-protector-strong'


Characteristics of this binary (from libperl): 
  Compile-time options:
    HAS_LONG_DOUBLE
    HAS_STRTOLD
    HAS_TIMES
    PERLIO_LAYERS
    PERL_COPY_ON_WRITE
    PERL_DONT_CREATE_GVSV
    PERL_HASH_FUNC_SIPHASH13
    PERL_HASH_USE_SBOX32
    PERL_MALLOC_WRAP
    PERL_OP_PARENT
    PERL_PRESERVE_IVUV
    PERL_USE_SAFE_PUTENV
    USE_64_BIT_ALL
    USE_64_BIT_INT
    USE_LARGE_FILES
    USE_LOCALE
    USE_LOCALE_COLLATE
    USE_LOCALE_CTYPE
    USE_LOCALE_NUMERIC
    USE_LOCALE_TIME
    USE_PERLIO
    USE_PERL_ATOF
  Built under openbsd
  Compiled at Jul  5 2023 00:03:39
  %ENV:
    PERL5LIB=":/opt/perl-5.38.0/.cpanplus/5.38.0/build/Abe_JyiOxT/POE-Component-Client-DNS-1.054/blib/lib:/opt/perl-5.38.0/.cpanplus/5.38.0/build/Abe_JyiOxT/POE-Component-Client-DNS-1.054/blib/arch"
    PERL5_CPANIDX_URL="http://cpan.mirror.local/cpanidx/"
    PERL5_CPANPLUS_IS_RUNNING="47015"
    PERL5_CPANPLUS_IS_VERSION="0.9914"
    PERL_EXTUTILS_AUTOINSTALL="--defaultdeps"
    PERL_INSTALL_QUIET="1"
    PERL_MM_USE_DEFAULT="1"
    PERL_USE_UNSAFE_INC="1"
  @INC:
    /opt/perl-5.38.0/.cpanplus/5.38.0/build/Abe_JyiOxT/POE-Component-Client-DNS-1.054/blib/lib
    /opt/perl-5.38.0/.cpanplus/5.38.0/build/Abe_JyiOxT/POE-Component-Client-DNS-1.054/blib/arch
    /opt/perl-5.38.0/lib/site_perl/5.38.0/OpenBSD.amd64-openbsd
    /opt/perl-5.38.0/lib/site_perl/5.38.0
    /opt/perl-5.38.0/lib/5.38.0/OpenBSD.amd64-openbsd
    /opt/perl-5.38.0/lib/5.38.0
    .