Report for HTTP-WebTest-2.04

Back
From: metabase:user:320bfe00-2aae-11df-837a-5e0a49663a4f
Subject: FAIL HTTP-WebTest-2.04 v5.20.0 RC0 GNU/Linux
Date: 2014-05-14T20:41:58Z

This distribution has been tested as part of the CPAN Testers
project, supporting the Perl programming language.  See
http://wiki.cpantesters.org/ for more information or email
questions to cpan-testers-discuss@perl.org


--
Dear Ilya Martynov,

This is a computer-generated report for HTTP-WebTest-2.04
on perl 5.20.0, created by CPAN-Reporter-1.2011.

Thank you for uploading your work to CPAN.  However, there was a problem
testing your distribution.

If you think this report is invalid, please consult the CPAN Testers Wiki
for suggestions on how to avoid getting FAIL reports for missing library
or binary dependencies, unsupported operating systems, and so on:

http://wiki.cpantesters.org/wiki/CPANAuthorNotes

Sections of this report:

    * Tester comments
    * Program output
    * Prerequisites
    * Environment and other context

------------------------------
TESTER COMMENTS
------------------------------

Additional comments from tester:

this report is from an automated smoke testing program
and was not reviewed by a human for accuracy

------------------------------
PROGRAM OUTPUT
------------------------------

Output from '/usr/bin/make test':

PERL_DL_NONLAZY=1 /tmp/basesmoker-reloperl-sjTB/bin/perl "-MExtUtils::Command::MM" "-MTest::Harness" "-e" "undef *Test::Harness::Switches; test_harness(0, 'blib/lib', 'blib/arch')" t/*.t
t/01-api.t ............ ok

#   Failed test at /tmp/loop_over_bdir-5191-63glz_/HTTP-WebTest-2.04-DnDsNf/blib/lib/HTTP/WebTest/SelfTest.pm line 202.

#   Failed test at /tmp/loop_over_bdir-5191-63glz_/HTTP-WebTest-2.04-DnDsNf/blib/lib/HTTP/WebTest/SelfTest.pm line 202.

#   Failed test at /tmp/loop_over_bdir-5191-63glz_/HTTP-WebTest-2.04-DnDsNf/blib/lib/HTTP/WebTest/SelfTest.pm line 202.

#   Failed test at /tmp/loop_over_bdir-5191-63glz_/HTTP-WebTest-2.04-DnDsNf/blib/lib/HTTP/WebTest/SelfTest.pm line 202.
# Looks like you failed 4 tests of 37.
t/02-generic.t ........ 
Dubious, test returned 4 (wstat 1024, 0x400)
Failed 4/37 subtests 
t/03-proxy.t .......... ok
t/05-report.t ......... ok
t/05a-email-report.t .. ok
Use of uninitialized value $extracted in string eq at /tmp/loop_over_bdir-5191-63glz_/HTTP-WebTest-2.04-DnDsNf/blib/lib/HTTP/WebTest/Parser.pm line 237.
Use of uninitialized value $extracted in string eq at /tmp/loop_over_bdir-5191-63glz_/HTTP-WebTest-2.04-DnDsNf/blib/lib/HTTP/WebTest/Parser.pm line 237.
Use of uninitialized value $extracted in string eq at /tmp/loop_over_bdir-5191-63glz_/HTTP-WebTest-2.04-DnDsNf/blib/lib/HTTP/WebTest/Parser.pm line 262.
t/06-parser.t ......... ok
t/07-compat.t ......... ok
t/08-plugins.t ........ ok
t/09-hooks.t .......... ok
t/10-click.t .......... ok
t/11-delay.t .......... ok
t/12-request.t ........ ok
t/13-harness.t ........ ok

Test Summary Report
-------------------
t/02-generic.t      (Wstat: 1024 Tests: 37 Failed: 4)
  Failed tests:  2-4, 29
  Non-zero exit status: 4
Files=13, Tests=247, 29 wallclock secs ( 0.05 usr  0.02 sys +  1.99 cusr  0.11 csys =  2.17 CPU)
Result: FAIL
Failed 1/13 test programs. 4/247 subtests failed.
make: *** [test_dynamic] Error 255

------------------------------
PREREQUISITES
------------------------------

Prerequisite modules loaded:

requires:

    Module                Need Have      
    --------------------- ---- ----------
    Algorithm::Diff       0    1.1902    
    CGI::Cookie           0    1.31      
    LWP                   5.6  6.06      
    MIME::Base64          0    3.14      
    Net::SMTP             0    2.33      
    Pod::Man              1.14 2.28      
    Pod::Usage            0    1.63      
    Test::Builder::Tester 0    1.23_003  
    Test::MockObject      0.07 1.20140408
    Test::More            0    1.001003  
    Text::Balanced        0    2.02      
    Time::HiRes           0    1.9726    
    URI                   0    1.60      

build_requires:

    Module                Need Have      
    --------------------- ---- ----------
    ExtUtils::MakeMaker   0    6.98      


------------------------------
ENVIRONMENT AND OTHER CONTEXT
------------------------------

Environment variables:

    AUTOMATED_TESTING = 1
    LANG = en_US.UTF-8
    LANGUAGE = en_US:en
    PATH = /usr/lib/ccache:/home/sand/bin:/usr/local/bin:/usr/bin:/bin:/usr/games:/usr/local/perl/bin:/usr/X11/bin:/sbin:/usr/sbin
    PERL5LIB = 
    PERL5OPT = 
    PERL5_CPANPLUS_IS_RUNNING = 18452
    PERL5_CPAN_IS_RUNNING = 18452
    PERL_MM_USE_DEFAULT = 1
    SHELL = /usr/bin/zsh
    TERM = screen

Perl special variables (and OS-specific diagnostics, for MSWin32):

    $^X = /tmp/basesmoker-reloperl-sjTB/bin/perl
    $UID/$EUID = 1005 / 1005
    $GID = 1005 1005
    $EGID = 1005 1005

Perl module toolchain versions installed:

    Module              Have    
    ------------------- --------
    CPAN                2.05    
    CPAN::Meta          2.141170
    Cwd                 3.47    
    ExtUtils::CBuilder  0.280216
    ExtUtils::Command   1.18    
    ExtUtils::Install   1.67    
    ExtUtils::MakeMaker 6.98    
    ExtUtils::Manifest  1.63    
    ExtUtils::ParseXS   3.24    
    File::Spec          3.47    
    JSON                2.90    
    JSON::PP            2.27203 
    Module::Build       0.4205  
    Module::Signature   0.73    
    Parse::CPAN::Meta   1.4414  
    Test::Harness       3.30    
    Test::More          1.001003
    YAML                0.90    
    YAML::Syck          1.27    
    version             0.9908  


--

Summary of my perl5 (revision 5 version 20 subversion 0) configuration:
  Commit id: db93ece847ecae62a67dd3899f41f9625d05f011
  Platform:
    osname=linux, osvers=3.13-1-amd64, archname=x86_64-linux-thread-multi
    uname='linux k83 3.13-1-amd64 #1 smp debian 3.13.7-1 (2014-03-25) x86_64 gnulinux '
    config_args='-Dprefix=/home/sand/src/perl/repoperls/installed-perls/perl/v5.19.11-109-gdb93ece/9980 -Dmyhostname=k83 -Dinstallusrbinperl=n -Uversiononly -Dusedevel -des -Ui_db -Duseithreads -Uuselongdouble -DDEBUGGING=-g'
    hint=recommended, useposix=true, d_sigaction=define
    useithreads=define, usemultiplicity=define
    use64bitint=define, use64bitall=define, uselongdouble=undef
    usemymalloc=n, bincompat5005=undef
  Compiler:
    cc='cc', ccflags ='-D_REENTRANT -D_GNU_SOURCE -fwrapv -fno-strict-aliasing -pipe -fstack-protector -I/usr/local/include -D_LARGEFILE_SOURCE -D_FILE_OFFSET_BITS=64',
    optimize='-O2 -g',
    cppflags='-D_REENTRANT -D_GNU_SOURCE -fwrapv -fno-strict-aliasing -pipe -fstack-protector -I/usr/local/include'
    ccversion='', gccversion='4.8.2', gccosandvers=''
    intsize=4, longsize=8, ptrsize=8, doublesize=8, byteorder=12345678
    d_longlong=define, longlongsize=8, d_longdbl=define, longdblsize=16
    ivtype='long', ivsize=8, nvtype='double', nvsize=8, Off_t='off_t', lseeksize=8
    alignbytes=8, prototype=define
  Linker and Libraries:
    ld='cc', ldflags =' -fstack-protector -L/usr/local/lib'
    libpth=/usr/local/lib /usr/lib/gcc/x86_64-linux-gnu/4.8/include-fixed /usr/include/x86_64-linux-gnu /usr/lib /lib/x86_64-linux-gnu /lib/../lib /usr/lib/x86_64-linux-gnu /usr/lib/../lib /lib
    libs=-lnsl -lgdbm -ldb -ldl -lm -lcrypt -lutil -lpthread -lc -lgdbm_compat
    perllibs=-lnsl -ldl -lm -lcrypt -lutil -lpthread -lc
    libc=libc-2.18.so, so=so, useshrplib=false, libperl=libperl.a
    gnulibc_version='2.18'
  Dynamic Linking:
    dlsrc=dl_dlopen.xs, dlext=so, d_dlsymun=undef, ccdlflags='-Wl,-E'
    cccdlflags='-fPIC', lddlflags='-shared -O2 -g -L/usr/local/lib -fstack-protector'


Characteristics of this binary (from libperl): 
  Compile-time options: HAS_TIMES MULTIPLICITY PERLIO_LAYERS
                        PERL_DONT_CREATE_GVSV
                        PERL_HASH_FUNC_ONE_AT_A_TIME_HARD
                        PERL_IMPLICIT_CONTEXT PERL_MALLOC_WRAP
                        PERL_NEW_COPY_ON_WRITE PERL_PRESERVE_IVUV
                        PERL_USE_DEVEL USE_64_BIT_ALL USE_64_BIT_INT
                        USE_ITHREADS USE_LARGE_FILES USE_LOCALE
                        USE_LOCALE_COLLATE USE_LOCALE_CTYPE
                        USE_LOCALE_NUMERIC USE_PERLIO USE_PERL_ATOF
                        USE_REENTRANT_API
  Locally applied patches:
	RC0
  Built under linux
  Compiled at May 14 2014 05:08:47
  %ENV:
    PERL5LIB=""
    PERL5OPT=""
    PERL5_CPANPLUS_IS_RUNNING="18452"
    PERL5_CPAN_IS_RUNNING="18452"
    PERL_MM_USE_DEFAULT="1"
  @INC:
    /home/sand/src/perl/repoperls/installed-perls/perl/v5.19.11-109-gdb93ece/9980/lib/site_perl/5.20.0/x86_64-linux-thread-multi
    /home/sand/src/perl/repoperls/installed-perls/perl/v5.19.11-109-gdb93ece/9980/lib/site_perl/5.20.0
    /home/sand/src/perl/repoperls/installed-perls/perl/v5.19.11-109-gdb93ece/9980/lib/5.20.0/x86_64-linux-thread-multi
    /home/sand/src/perl/repoperls/installed-perls/perl/v5.19.11-109-gdb93ece/9980/lib/5.20.0
    .