DBIx-Class-Graph v1.05 Perl 5 v5.22.3 x86_64-linux

Status
Fail
From
Slaven Rezić (SREZIC)
Dist
DBIx-Class-Graph v1.05
Platform
Perl 5 v5.22.3 x86_64-linux
Date
2017-12-10 16:43:04
ID
312b528e-ddc9-11e7-8f63-e653a9b29fd0
This distribution has been tested as part of the CPAN Testers
project, supporting the Perl programming language.  See
http://wiki.cpantesters.org/ for more information or email
questions to cpan-testers-discuss@perl.org


--
Dear Moritz Onken,

This is a computer-generated report for DBIx-Class-Graph-1.05
on perl 5.22.3, created by CPAN-Reporter-1.2018.

Thank you for uploading your work to CPAN.  However, there was a problem
testing your distribution.

If you think this report is invalid, please consult the CPAN Testers Wiki
for suggestions on how to avoid getting FAIL reports for missing library
or binary dependencies, unsupported operating systems, and so on:

http://wiki.cpantesters.org/wiki/CPANAuthorNotes

Sections of this report:

    * Tester comments
    * Program output
    * Prerequisites
    * Environment and other context

------------------------------
TESTER COMMENTS
------------------------------

Additional comments from tester:

none provided

------------------------------
PROGRAM OUTPUT
------------------------------

Output from './Build test':

Could not generate inline handles for _graph->("" because : Failed to compile source: syntax error at (eval 200) line 21, near """( "


source:
#line 1 "inline delegation in DBIx::Class::ResultSet::Graph for _graph->("" (attribute declared in lib/DBIx/Class/Graph/Role/ResultSet.pm at line 22)"
sub {
    my $self = shift;

    my $proxy = $self->_graph;
    if ( !defined $proxy ) {
        die Module::Runtime::use_module("Moose::Exception::AttributeValueIsNotDefined")->new(method    => $self->meta->find_method_by_name("(\"\""),
instance  => $self,
attribute => $self->meta->find_attribute_by_name("_graph"),
);
    }
    elsif ( ref $proxy && !Scalar::Util::blessed($proxy) ) {
        die Module::Runtime::use_module("Moose::Exception::AttributeValueIsNotAnObject")->new(method      => $self->meta->find_method_by_name("(\"\""),
instance    => $self,
attribute   => $self->meta->find_attribute_by_name("_graph"),
given_value => $proxy,
);
    }
    return $proxy->(""( @_ );
}
 at /opt/perl-5.22.3/lib/site_perl/5.22.3/x86_64-linux/Class/MOP/Method/Generated.pm line 56.
 at /opt/perl-5.22.3/lib/site_perl/5.22.3/x86_64-linux/Moose/Meta/Method/Delegation.pm line 154
	Moose::Meta::Method::Delegation::catch {...} ('Failed to compile source: syntax error at (eval 200) line 21, near """( "^J^J^Jsource:^J#line 1 "inline delegation in DBIx::Class::ResultSet::Graph for _graph->("" (attribute declared in lib/DBIx/Class/Graph/Role/ResultSet.pm at line 22)"^Jsub {^J    my $self = shift;^J^J    my $proxy = $self->_graph;^J    if ( !defined $proxy ) {^J        die Module::Runtime::use_module("Moose::Exception::AttributeValueIsNotDefined")->new(method    => $self->meta->find_method_by_name("(\"\""),^Jinstance  => $self,^Jattribute => $self->meta->find_attribute_by_name("_graph"),^J);^J    }^J    elsif ( ref $proxy && !Scalar::Util::blessed($proxy) ) {^J        die Module::Runtime::use_module("Moose::Exception::AttributeValueIsNotAnObject")->new(method      => $self->meta->find_method_by_name("(\"\""),^Jinstance    => $self,^Jattribute   => $self->meta->find_attribute_by_name("_graph"),^Jgiven_value => $proxy,^J);^J    }^J    return $proxy->(""( @_ );^J}^J at /opt/perl-5.22.3/lib/site_perl/5.22.3/x86_64-linux/Class/MOP/Method/Generated.pm line 56.^J') called at /opt/perl-5.22.3/lib/site_perl/5.22.3/Try/Tiny.pm line 124
	Try::Tiny::try('CODE(0x2878d78)', 'Try::Tiny::Catch=REF(0x2853260)') called at /opt/perl-5.22.3/lib/site_perl/5.22.3/x86_64-linux/Moose/Meta/Method/Delegation.pm line 160
	Moose::Meta::Method::Delegation::_generate_inline_method('Moose::Meta::Method::Delegation=HASH(0x1239ed0)') called at /opt/perl-5.22.3/lib/site_perl/5.22.3/x86_64-linux/Moose/Meta/Method/Delegation.pm line 82
	Moose::Meta::Method::Delegation::_initialize_body('Moose::Meta::Method::Delegation=HASH(0x1239ed0)') called at /opt/perl-5.22.3/lib/site_perl/5.22.3/x86_64-linux/Moose/Meta/Method/Delegation.pm line 54
	Moose::Meta::Method::Delegation::new('Moose::Meta::Method::Delegation', 'name', '(""', 'package_name', 'DBIx::Class::ResultSet::Graph', 'attribute', 'Moose::Meta::Attribute=HASH(0x2853128)', 'delegate_to_method', '(""', 'curried_arguments', 'ARRAY(0x1522688)') called at /opt/perl-5.22.3/lib/site_perl/5.22.3/x86_64-linux/Moose/Meta/Attribute.pm line 1299
	Moose::Meta::Attribute::_make_delegation_method('Moose::Meta::Attribute=HASH(0x2853128)', '(""', '(""') called at /opt/perl-5.22.3/lib/site_perl/5.22.3/x86_64-linux/Moose/Meta/Attribute.pm line 1166
	Moose::Meta::Attribute::install_delegation('Moose::Meta::Attribute=HASH(0x2853128)') called at /opt/perl-5.22.3/lib/site_perl/5.22.3/x86_64-linux/Moose/Meta/Attribute.pm line 1015
	Moose::Meta::Attribute::install_accessors('Moose::Meta::Attribute=HASH(0x2853128)') called at /opt/perl-5.22.3/lib/site_perl/5.22.3/x86_64-linux/Class/MOP/Class.pm line 899
	Class::MOP::Class::try {...}  at /opt/perl-5.22.3/lib/site_perl/5.22.3/Try/Tiny.pm line 103
	eval {...} at /opt/perl-5.22.3/lib/site_perl/5.22.3/Try/Tiny.pm line 94
	Try::Tiny::try('CODE(0x2852cc0)', 'Try::Tiny::Catch=REF(0x28531d0)') called at /opt/perl-5.22.3/lib/site_perl/5.22.3/x86_64-linux/Class/MOP/Class.pm line 904
	Class::MOP::Class::_post_add_attribute('Moose::Meta::Class=HASH(0x169e510)', 'Moose::Meta::Attribute=HASH(0x2853128)') called at /opt/perl-5.22.3/lib/site_perl/5.22.3/x86_64-linux/Class/MOP/Mixin/HasAttributes.pm line 39
	Class::MOP::Mixin::HasAttributes::add_attribute('Moose::Meta::Class=HASH(0x169e510)', 'Moose::Meta::Attribute=HASH(0x2853128)') called at /opt/perl-5.22.3/lib/site_perl/5.22.3/x86_64-linux/Moose/Meta/Class.pm line 585
	Moose::Meta::Class::add_attribute('Moose::Meta::Class=HASH(0x169e510)', 'Moose::Meta::Attribute=HASH(0x2853128)') called at /opt/perl-5.22.3/lib/site_perl/5.22.3/x86_64-linux/Moose/Meta/Role/Application/ToClass.pm line 126
	Moose::Meta::Role::Application::ToClass::apply_attributes('Moose::Meta::Role::Application::ToClass=HASH(0x1f65de0)', 'Moose::Meta::Role=HASH(0x2822e38)', 'Moose::Meta::Class=HASH(0x169e510)') called at /opt/perl-5.22.3/lib/site_perl/5.22.3/x86_64-linux/Moose/Meta/Role/Application.pm line 59
	Moose::Meta::Role::Application::apply('Moose::Meta::Role::Application::ToClass=HASH(0x1f65de0)', 'Moose::Meta::Role=HASH(0x2822e38)', 'Moose::Meta::Class=HASH(0x169e510)') called at /opt/perl-5.22.3/lib/site_perl/5.22.3/x86_64-linux/Moose/Meta/Role/Application/ToClass.pm line 31
	Moose::Meta::Role::Application::ToClass::apply('Moose::Meta::Role::Application::ToClass=HASH(0x1f65de0)', 'Moose::Meta::Role=HASH(0x2822e38)', 'Moose::Meta::Class=HASH(0x169e510)', 'HASH(0x15ab820)') called at /opt/perl-5.22.3/lib/site_perl/5.22.3/x86_64-linux/Moose/Meta/Role.pm line 472
	Moose::Meta::Role::apply('Moose::Meta::Role=HASH(0x2822e38)', 'Moose::Meta::Class=HASH(0x169e510)') called at /opt/perl-5.22.3/lib/site_perl/5.22.3/x86_64-linux/Moose/Util.pm line 172
	Moose::Util::_apply_all_roles('Moose::Meta::Class=HASH(0x169e510)', undef, 'DBIx::Class::Graph::Role::ResultSet') called at /opt/perl-5.22.3/lib/site_perl/5.22.3/x86_64-linux/Moose/Util.pm line 114
	Moose::Util::apply_all_roles('Moose::Meta::Class=HASH(0x169e510)', 'DBIx::Class::Graph::Role::ResultSet') called at /opt/perl-5.22.3/lib/site_perl/5.22.3/x86_64-linux/Moose.pm line 57
	Moose::with('Moose::Meta::Class=HASH(0x169e510)', 'DBIx::Class::Graph::Role::ResultSet') called at /opt/perl-5.22.3/lib/site_perl/5.22.3/x86_64-linux/Moose/Exporter.pm line 419
	Moose::with('DBIx::Class::Graph::Role::ResultSet') called at lib/DBIx/Class/ResultSet/Graph.pm line 19
	require DBIx/Class/ResultSet/Graph.pm at -e line 1
Compilation failed in require at -e line 1.

#   Failed test 'DBIx::Class::ResultSet::Graph loaded ok'
#   at t/00-compile.t line 71.
#                   ''
#     doesn't match '(?^s:^\s*DBIx::Class::ResultSet::Graph ok)'
# Looks like you failed 1 test of 5.
t/00-compile.t ................ 
Dubious, test returned 1 (wstat 256, 0x100)
Failed 1/5 subtests 
# 
# 
# perl: v5.22.3 (wanted any version) on linux from /bbbike/perl-5.22.3/bin/perl
# 
# Class::C3                                     => 0.32       (want any version)
# DBIx::Class                                   => 0.082840   (want any version)
# DBIx::Class::ResultSet                        => <undef>    (want any version)
# DBIx::Class::Schema                           => <undef>    (want any version)
# File::Find                                    => 1.29       (want any version)
# File::Temp                                    => 0.2304     (want any version)
# Graph                                         => 0.9704     (want 0.94)   
# List::MoreUtils                               => 0.426      (want any version)
# Module::Build                                 => 0.4224     (want 0.3601) 
# Moose                                         => 2.2008     (want any version)
# Moose::Role                                   => 2.2008     (want any version)
# Scalar::Util                                  => 1.49       (want any version)
# Test::Memory::Cycle                           => 1.06       (want any version)
# Test::More                                    => 1.302118   (want 0.88)   
# base                                          => 2.22       (want any version)
# strict                                        => 1.09       (want any version)
# warnings                                      => 1.34       (want any version)
# 
# Thanks for using my code.  I hope it works for you.
# If not, please try and include this output in the bug report.
# That will help me reproduce the issue and solve you problem.
# 
t/000-report-versions-tiny.t .. ok
{UNKNOWN}: Could not generate inline handles for _graph->("" because : Failed to compile source: syntax error at (eval 757) line 21, near """( "


source:
#line 1 "inline delegation in DBIx::Class::ResultSet::Graph for _graph->("" (attribute declared in /tmpfs/.cpan-build-cpansand/2017121015/DBIx-Class-Graph-1.05-3/blib/lib/DBIx/Class/Graph/Role/ResultSet.pm at line 22)"
sub {
    my $self = shift;

    my $proxy = $self->_graph;
    if ( !defined $proxy ) {
        die Module::Runtime::use_module("Moose::Exception::AttributeValueIsNotDefined")->new(method    => $self->meta->find_method_by_name("(\"\""),
instance  => $self,
attribute => $self->meta->find_attribute_by_name("_graph"),
);
    }
    elsif ( ref $proxy && !Scalar::Util::blessed($proxy) ) {
        die Module::Runtime::use_module("Moose::Exception::AttributeValueIsNotAnObject")->new(method      => $self->meta->find_method_by_name("(\"\""),
instance    => $self,
attribute   => $self->meta->find_attribute_by_name("_graph"),
given_value => $proxy,
);
    }
    return $proxy->(""( @_ );
}
 at /opt/perl-5.22.3/lib/site_perl/5.22.3/x86_64-linux/Class/MOP/Method/Generated.pm line 56.
 at /opt/perl-5.22.3/lib/site_perl/5.22.3/x86_64-linux/Moose/Meta/Method/Delegation.pm line 154
	Moose::Meta::Method::Delegation::catch {...} ('Failed to compile source: syntax error at (eval 757) line 21, near """( "^J^J^Jsource:^J#line 1 "inline delegation in DBIx::Class::ResultSet::Graph for _graph->("" (attribute declared in /tmpfs/.cpan-build-cpansand/2017121015/DBIx-Class-Graph-1.05-3/blib/lib/DBIx/Class/Graph/Role/ResultSet.pm at line 22)"^Jsub {^J    my $self = shift;^J^J    my $proxy = $self->_graph;^J    if ( !defined $proxy ) {^J        die Module::Runtime::use_module("Moose::Exception::AttributeValueIsNotDefined")->new(method    => $self->meta->find_method_by_name("(\"\""),^Jinstance  => $self,^Jattribute => $self->meta->find_attribute_by_name("_graph"),^J);^J    }^J    elsif ( ref $proxy && !Scalar::Util::blessed($proxy) ) {^J        die Module::Runtime::use_module("Moose::Exception::AttributeValueIsNotAnObject")->new(method      => $self->meta->find_method_by_name("(\"\""),^Jinstance    => $self,^Jattribute   => $self->meta->find_attribute_by_name("_graph"),^Jgiven_value => $proxy,^J);^J    }^J    return $proxy->(""( @_ );^J}^J at /opt/perl-5.22.3/lib/site_perl/5.22.3/x86_64-linux/Class/MOP/Method/Generated.pm line 56.^J') called at /opt/perl-5.22.3/lib/site_perl/5.22.3/Try/Tiny.pm line 124
	Try::Tiny::try('CODE(0x46fe568)', 'Try::Tiny::Catch=REF(0x24d9fe8)') called at /opt/perl-5.22.3/lib/site_perl/5.22.3/x86_64-linux/Moose/Meta/Method/Delegation.pm line 160
	Moose::Meta::Method::Delegation::_generate_inline_method('Moose::Meta::Method::Delegation=HASH(0x1ee1648)') called at /opt/perl-5.22.3/lib/site_perl/5.22.3/x86_64-linux/Moose/Meta/Method/Delegation.pm line 82
	Moose::Meta::Method::Delegation::_initialize_body('Moose::Meta::Method::Delegation=HASH(0x1ee1648)') called at /opt/perl-5.22.3/lib/site_perl/5.22.3/x86_64-linux/Moose/Meta/Method/Delegation.pm line 54
	Moose::Meta::Method::Delegation::new('Moose::Meta::Method::Delegation', 'name', '(""', 'package_name', 'DBIx::Class::ResultSet::Graph', 'attribute', 'Moose::Meta::Attribute=HASH(0x46afce8)', 'delegate_to_method', '(""', 'curried_arguments', 'ARRAY(0x21d8058)') called at /opt/perl-5.22.3/lib/site_perl/5.22.3/x86_64-linux/Moose/Meta/Attribute.pm line 1299
	Moose::Meta::Attribute::_make_delegation_method('Moose::Meta::Attribute=HASH(0x46afce8)', '(""', '(""') called at /opt/perl-5.22.3/lib/site_perl/5.22.3/x86_64-linux/Moose/Meta/Attribute.pm line 1166
	Moose::Meta::Attribute::install_delegation('Moose::Meta::Attribute=HASH(0x46afce8)') called at /opt/perl-5.22.3/lib/site_perl/5.22.3/x86_64-linux/Moose/Meta/Attribute.pm line 1015
	Moose::Meta::Attribute::install_accessors('Moose::Meta::Attribute=HASH(0x46afce8)') called at /opt/perl-5.22.3/lib/site_perl/5.22.3/x86_64-linux/Class/MOP/Class.pm line 899
	Class::MOP::Class::try {...}  at /opt/perl-5.22.3/lib/site_perl/5.22.3/Try/Tiny.pm line 103
	eval {...} at /opt/perl-5.22.3/lib/site_perl/5.22.3/Try/Tiny.pm line 94
	Try::Tiny::try('CODE(0x46a22a0)', 'Try::Tiny::Catch=REF(0x3a7f370)') called at /opt/perl-5.22.3/lib/site_perl/5.22.3/x86_64-linux/Class/MOP/Class.pm line 904
	Class::MOP::Class::_post_add_attribute('Moose::Meta::Class=HASH(0x3a2cb60)', 'Moose::Meta::Attribute=HASH(0x46afce8)') called at /opt/perl-5.22.3/lib/site_perl/5.22.3/x86_64-linux/Class/MOP/Mixin/HasAttributes.pm line 39
	Class::MOP::Mixin::HasAttributes::add_attribute('Moose::Meta::Class=HASH(0x3a2cb60)', 'Moose::Meta::Attribute=HASH(0x46afce8)') called at /opt/perl-5.22.3/lib/site_perl/5.22.3/x86_64-linux/Moose/Meta/Class.pm line 585
	Moose::Meta::Class::add_attribute('Moose::Meta::Class=HASH(0x3a2cb60)', 'Moose::Meta::Attribute=HASH(0x46afce8)') called at /opt/perl-5.22.3/lib/site_perl/5.22.3/x86_64-linux/Moose/Meta/Role/Application/ToClass.pm line 126
	Moose::Meta::Role::Application::ToClass::apply_attributes('Moose::Meta::Role::Application::ToClass=HASH(0x468f680)', 'Moose::Meta::Role=HASH(0x468f788)', 'Moose::Meta::Class=HASH(0x3a2cb60)') called at /opt/perl-5.22.3/lib/site_perl/5.22.3/x86_64-linux/Moose/Meta/Role/Application.pm line 59
	Moose::Meta::Role::Application::apply('Moose::Meta::Role::Application::ToClass=HASH(0x468f680)', 'Moose::Meta::Role=HASH(0x468f788)', 'Moose::Meta::Class=HASH(0x3a2cb60)') called at /opt/perl-5.22.3/lib/site_perl/5.22.3/x86_64-linux/Moose/Meta/Role/Application/ToClass.pm line 31
	Moose::Meta::Role::Application::ToClass::apply('Moose::Meta::Role::Application::ToClass=HASH(0x468f680)', 'Moose::Meta::Role=HASH(0x468f788)', 'Moose::Meta::Class=HASH(0x3a2cb60)', 'HASH(0x24e6c40)') called at /opt/perl-5.22.3/lib/site_perl/5.22.3/x86_64-linux/Moose/Meta/Role.pm line 472
	Moose::Meta::Role::apply('Moose::Meta::Role=HASH(0x468f788)', 'Moose::Meta::Class=HASH(0x3a2cb60)') called at /opt/perl-5.22.3/lib/site_perl/5.22.3/x86_64-linux/Moose/Util.pm line 172
	Moose::Util::_apply_all_roles('Moose::Meta::Class=HASH(0x3a2cb60)', undef, 'DBIx::Class::Graph::Role::ResultSet') called at /opt/perl-5.22.3/lib/site_perl/5.22.3/x86_64-linux/Moose/Util.pm line 114
	Moose::Util::apply_all_roles('Moose::Meta::Class=HASH(0x3a2cb60)', 'DBIx::Class::Graph::Role::ResultSet') called at /opt/perl-5.22.3/lib/site_perl/5.22.3/x86_64-linux/Moose.pm line 57
	Moose::with('Moose::Meta::Class=HASH(0x3a2cb60)', 'DBIx::Class::Graph::Role::ResultSet') called at /opt/perl-5.22.3/lib/site_perl/5.22.3/x86_64-linux/Moose/Exporter.pm line 419
	Moose::with('DBIx::Class::Graph::Role::ResultSet') called at /tmpfs/.cpan-build-cpansand/2017121015/DBIx-Class-Graph-1.05-3/blib/lib/DBIx/Class/ResultSet/Graph.pm line 19
	require DBIx/Class/ResultSet/Graph.pm at /opt/perl-5.22.3/lib/site_perl/5.22.3/Class/C3/Componentised.pm line 150
	eval {...} at /opt/perl-5.22.3/lib/site_perl/5.22.3/Class/C3/Componentised.pm line 150
	Class::C3::Componentised::ensure_class_loaded('DBIx::Class::ResultSource::Table=HASH(0x2a42058)', 'DBIx::Class::ResultSet::Graph') called at /opt/perl-5.22.3/lib/site_perl/5.22.3/DBIx/Class/AccessorGroup.pm line 19
	DBIx::Class::AccessorGroup::get_component_class('DBIx::Class::ResultSource::Table=HASH(0x2a42058)', 'resultset_class') called at (eval 194) line 2
	DBIx::Class::ResultSource::resultset_class('DBIx::Class::ResultSource::Table=HASH(0x2a42058)') called at /opt/perl-5.22.3/lib/site_perl/5.22.3/DBIx/Class/ResultSource.pm line 1135
	DBIx::Class::ResultSource::resultset('DBIx::Class::ResultSource::Table=HASH(0x2a42058)') called at /opt/perl-5.22.3/lib/site_perl/5.22.3/DBIx/Class/Schema.pm line 547
	DBIx::Class::Schema::resultset('TestLib::Schema=HASH(0xe45470)', 'Simple') called at /opt/perl-5.22.3/lib/site_perl/5.22.3/DBIx/Class/Schema.pm line 769
	DBIx::Class::Schema::populate('TestLib::Schema=HASH(0xe45470)', 'Simple', 'ARRAY(0x397b8f0)') called at t/lib/TestLib.pm line 20
	TestLib::new('TestLib') called at t/complex.t line 7
Compilation failed in require at /opt/perl-5.22.3/lib/site_perl/5.22.3/Class/C3/Componentised.pm line 150. at /opt/perl-5.22.3/lib/site_perl/5.22.3/Class/C3/Componentised.pm line 155
t/complex.t ................... 
Dubious, test returned 255 (wstat 65280, 0xff00)
No subtests run 
{UNKNOWN}: Could not generate inline handles for _graph->("" because : Failed to compile source: syntax error at (eval 758) line 21, near """( "


source:
#line 1 "inline delegation in DBIx::Class::ResultSet::Graph for _graph->("" (attribute declared in /tmpfs/.cpan-build-cpansand/2017121015/DBIx-Class-Graph-1.05-3/blib/lib/DBIx/Class/Graph/Role/ResultSet.pm at line 22)"
sub {
    my $self = shift;

    my $proxy = $self->_graph;
    if ( !defined $proxy ) {
        die Module::Runtime::use_module("Moose::Exception::AttributeValueIsNotDefined")->new(method    => $self->meta->find_method_by_name("(\"\""),
instance  => $self,
attribute => $self->meta->find_attribute_by_name("_graph"),
);
    }
    elsif ( ref $proxy && !Scalar::Util::blessed($proxy) ) {
        die Module::Runtime::use_module("Moose::Exception::AttributeValueIsNotAnObject")->new(method      => $self->meta->find_method_by_name("(\"\""),
instance    => $self,
attribute   => $self->meta->find_attribute_by_name("_graph"),
given_value => $proxy,
);
    }
    return $proxy->(""( @_ );
}
 at /opt/perl-5.22.3/lib/site_perl/5.22.3/x86_64-linux/Class/MOP/Method/Generated.pm line 56.
 at /opt/perl-5.22.3/lib/site_perl/5.22.3/x86_64-linux/Moose/Meta/Method/Delegation.pm line 154
	Moose::Meta::Method::Delegation::catch {...} ('Failed to compile source: syntax error at (eval 758) line 21, near """( "^J^J^Jsource:^J#line 1 "inline delegation in DBIx::Class::ResultSet::Graph for _graph->("" (attribute declared in /tmpfs/.cpan-build-cpansand/2017121015/DBIx-Class-Graph-1.05-3/blib/lib/DBIx/Class/Graph/Role/ResultSet.pm at line 22)"^Jsub {^J    my $self = shift;^J^J    my $proxy = $self->_graph;^J    if ( !defined $proxy ) {^J        die Module::Runtime::use_module("Moose::Exception::AttributeValueIsNotDefined")->new(method    => $self->meta->find_method_by_name("(\"\""),^Jinstance  => $self,^Jattribute => $self->meta->find_attribute_by_name("_graph"),^J);^J    }^J    elsif ( ref $proxy && !Scalar::Util::blessed($proxy) ) {^J        die Module::Runtime::use_module("Moose::Exception::AttributeValueIsNotAnObject")->new(method      => $self->meta->find_method_by_name("(\"\""),^Jinstance    => $self,^Jattribute   => $self->meta->find_attribute_by_name("_graph"),^Jgiven_value => $proxy,^J);^J    }^J    return $proxy->(""( @_ );^J}^J at /opt/perl-5.22.3/lib/site_perl/5.22.3/x86_64-linux/Class/MOP/Method/Generated.pm line 56.^J') called at /opt/perl-5.22.3/lib/site_perl/5.22.3/Try/Tiny.pm line 124
	Try::Tiny::try('CODE(0x4f2c600)', 'Try::Tiny::Catch=REF(0x42ad178)') called at /opt/perl-5.22.3/lib/site_perl/5.22.3/x86_64-linux/Moose/Meta/Method/Delegation.pm line 160
	Moose::Meta::Method::Delegation::_generate_inline_method('Moose::Meta::Method::Delegation=HASH(0x2717de0)') called at /opt/perl-5.22.3/lib/site_perl/5.22.3/x86_64-linux/Moose/Meta/Method/Delegation.pm line 82
	Moose::Meta::Method::Delegation::_initialize_body('Moose::Meta::Method::Delegation=HASH(0x2717de0)') called at /opt/perl-5.22.3/lib/site_perl/5.22.3/x86_64-linux/Moose/Meta/Method/Delegation.pm line 54
	Moose::Meta::Method::Delegation::new('Moose::Meta::Method::Delegation', 'name', '(""', 'package_name', 'DBIx::Class::ResultSet::Graph', 'attribute', 'Moose::Meta::Attribute=HASH(0x42ad2c8)', 'delegate_to_method', '(""', 'curried_arguments', 'ARRAY(0x29ff8b8)') called at /opt/perl-5.22.3/lib/site_perl/5.22.3/x86_64-linux/Moose/Meta/Attribute.pm line 1299
	Moose::Meta::Attribute::_make_delegation_method('Moose::Meta::Attribute=HASH(0x42ad2c8)', '(""', '(""') called at /opt/perl-5.22.3/lib/site_perl/5.22.3/x86_64-linux/Moose/Meta/Attribute.pm line 1166
	Moose::Meta::Attribute::install_delegation('Moose::Meta::Attribute=HASH(0x42ad2c8)') called at /opt/perl-5.22.3/lib/site_perl/5.22.3/x86_64-linux/Moose/Meta/Attribute.pm line 1015
	Moose::Meta::Attribute::install_accessors('Moose::Meta::Attribute=HASH(0x42ad2c8)') called at /opt/perl-5.22.3/lib/site_perl/5.22.3/x86_64-linux/Class/MOP/Class.pm line 899
	Class::MOP::Class::try {...}  at /opt/perl-5.22.3/lib/site_perl/5.22.3/Try/Tiny.pm line 103
	eval {...} at /opt/perl-5.22.3/lib/site_perl/5.22.3/Try/Tiny.pm line 94
	Try::Tiny::try('CODE(0x42accb0)', 'Try::Tiny::Catch=REF(0x42ad160)') called at /opt/perl-5.22.3/lib/site_perl/5.22.3/x86_64-linux/Class/MOP/Class.pm line 904
	Class::MOP::Class::_post_add_attribute('Moose::Meta::Class=HASH(0x427dc00)', 'Moose::Meta::Attribute=HASH(0x42ad2c8)') called at /opt/perl-5.22.3/lib/site_perl/5.22.3/x86_64-linux/Class/MOP/Mixin/HasAttributes.pm line 39
	Class::MOP::Mixin::HasAttributes::add_attribute('Moose::Meta::Class=HASH(0x427dc00)', 'Moose::Meta::Attribute=HASH(0x42ad2c8)') called at /opt/perl-5.22.3/lib/site_perl/5.22.3/x86_64-linux/Moose/Meta/Class.pm line 585
	Moose::Meta::Class::add_attribute('Moose::Meta::Class=HASH(0x427dc00)', 'Moose::Meta::Attribute=HASH(0x42ad2c8)') called at /opt/perl-5.22.3/lib/site_perl/5.22.3/x86_64-linux/Moose/Meta/Role/Application/ToClass.pm line 126
	Moose::Meta::Role::Application::ToClass::apply_attributes('Moose::Meta::Role::Application::ToClass=HASH(0x4ebb780)', 'Moose::Meta::Role=HASH(0x4ebb960)', 'Moose::Meta::Class=HASH(0x427dc00)') called at /opt/perl-5.22.3/lib/site_perl/5.22.3/x86_64-linux/Moose/Meta/Role/Application.pm line 59
	Moose::Meta::Role::Application::apply('Moose::Meta::Role::Application::ToClass=HASH(0x4ebb780)', 'Moose::Meta::Role=HASH(0x4ebb960)', 'Moose::Meta::Class=HASH(0x427dc00)') called at /opt/perl-5.22.3/lib/site_perl/5.22.3/x86_64-linux/Moose/Meta/Role/Application/ToClass.pm line 31
	Moose::Meta::Role::Application::ToClass::apply('Moose::Meta::Role::Application::ToClass=HASH(0x4ebb780)', 'Moose::Meta::Role=HASH(0x4ebb960)', 'Moose::Meta::Class=HASH(0x427dc00)', 'HASH(0x2d14c70)') called at /opt/perl-5.22.3/lib/site_perl/5.22.3/x86_64-linux/Moose/Meta/Role.pm line 472
	Moose::Meta::Role::apply('Moose::Meta::Role=HASH(0x4ebb960)', 'Moose::Meta::Class=HASH(0x427dc00)') called at /opt/perl-5.22.3/lib/site_perl/5.22.3/x86_64-linux/Moose/Util.pm line 172
	Moose::Util::_apply_all_roles('Moose::Meta::Class=HASH(0x427dc00)', undef, 'DBIx::Class::Graph::Role::ResultSet') called at /opt/perl-5.22.3/lib/site_perl/5.22.3/x86_64-linux/Moose/Util.pm line 114
	Moose::Util::apply_all_roles('Moose::Meta::Class=HASH(0x427dc00)', 'DBIx::Class::Graph::Role::ResultSet') called at /opt/perl-5.22.3/lib/site_perl/5.22.3/x86_64-linux/Moose.pm line 57
	Moose::with('Moose::Meta::Class=HASH(0x427dc00)', 'DBIx::Class::Graph::Role::ResultSet') called at /opt/perl-5.22.3/lib/site_perl/5.22.3/x86_64-linux/Moose/Exporter.pm line 419
	Moose::with('DBIx::Class::Graph::Role::ResultSet') called at /tmpfs/.cpan-build-cpansand/2017121015/DBIx-Class-Graph-1.05-3/blib/lib/DBIx/Class/ResultSet/Graph.pm line 19
	require DBIx/Class/ResultSet/Graph.pm at /opt/perl-5.22.3/lib/site_perl/5.22.3/Class/C3/Componentised.pm line 150
	eval {...} at /opt/perl-5.22.3/lib/site_perl/5.22.3/Class/C3/Componentised.pm line 150
	Class::C3::Componentised::ensure_class_loaded('DBIx::Class::ResultSource::Table=HASH(0x164a698)', 'DBIx::Class::ResultSet::Graph') called at /opt/perl-5.22.3/lib/site_perl/5.22.3/DBIx/Class/AccessorGroup.pm line 19
	DBIx::Class::AccessorGroup::get_component_class('DBIx::Class::ResultSource::Table=HASH(0x164a698)', 'resultset_class') called at (eval 194) line 2
	DBIx::Class::ResultSource::resultset_class('DBIx::Class::ResultSource::Table=HASH(0x164a698)') called at /opt/perl-5.22.3/lib/site_perl/5.22.3/DBIx/Class/ResultSource.pm line 1135
	DBIx::Class::ResultSource::resultset('DBIx::Class::ResultSource::Table=HASH(0x164a698)') called at /opt/perl-5.22.3/lib/site_perl/5.22.3/DBIx/Class/Schema.pm line 547
	DBIx::Class::Schema::resultset('TestLib::Schema=HASH(0x1638470)', 'Simple') called at /opt/perl-5.22.3/lib/site_perl/5.22.3/DBIx/Class/Schema.pm line 769
	DBIx::Class::Schema::populate('TestLib::Schema=HASH(0x1638470)', 'Simple', 'ARRAY(0x4253888)') called at t/lib/TestLib.pm line 20
	TestLib::new('TestLib') called at t/leak.t line 8
Compilation failed in require at /opt/perl-5.22.3/lib/site_perl/5.22.3/Class/C3/Componentised.pm line 150. at /opt/perl-5.22.3/lib/site_perl/5.22.3/Class/C3/Componentised.pm line 155
t/leak.t ...................... 
Dubious, test returned 255 (wstat 65280, 0xff00)
No subtests run 
t/release-has-version.t ....... skipped: these tests are for release candidate testing
t/release-kwalitee.t .......... skipped: these tests are for release candidate testing
t/release-minimum-version.t ... skipped: these tests are for release candidate testing
t/release-pod-coverage.t ...... skipped: these tests are for release candidate testing
t/release-pod-syntax.t ........ skipped: these tests are for release candidate testing
{UNKNOWN}: Could not generate inline handles for _graph->("" because : Failed to compile source: syntax error at (eval 757) line 21, near """( "


source:
#line 1 "inline delegation in DBIx::Class::ResultSet::Graph for _graph->("" (attribute declared in /tmpfs/.cpan-build-cpansand/2017121015/DBIx-Class-Graph-1.05-3/blib/lib/DBIx/Class/Graph/Role/ResultSet.pm at line 22)"
sub {
    my $self = shift;

    my $proxy = $self->_graph;
    if ( !defined $proxy ) {
        die Module::Runtime::use_module("Moose::Exception::AttributeValueIsNotDefined")->new(method    => $self->meta->find_method_by_name("(\"\""),
instance  => $self,
attribute => $self->meta->find_attribute_by_name("_graph"),
);
    }
    elsif ( ref $proxy && !Scalar::Util::blessed($proxy) ) {
        die Module::Runtime::use_module("Moose::Exception::AttributeValueIsNotAnObject")->new(method      => $self->meta->find_method_by_name("(\"\""),
instance    => $self,
attribute   => $self->meta->find_attribute_by_name("_graph"),
given_value => $proxy,
);
    }
    return $proxy->(""( @_ );
}
 at /opt/perl-5.22.3/lib/site_perl/5.22.3/x86_64-linux/Class/MOP/Method/Generated.pm line 56.
 at /opt/perl-5.22.3/lib/site_perl/5.22.3/x86_64-linux/Moose/Meta/Method/Delegation.pm line 154
	Moose::Meta::Method::Delegation::catch {...} ('Failed to compile source: syntax error at (eval 757) line 21, near """( "^J^J^Jsource:^J#line 1 "inline delegation in DBIx::Class::ResultSet::Graph for _graph->("" (attribute declared in /tmpfs/.cpan-build-cpansand/2017121015/DBIx-Class-Graph-1.05-3/blib/lib/DBIx/Class/Graph/Role/ResultSet.pm at line 22)"^Jsub {^J    my $self = shift;^J^J    my $proxy = $self->_graph;^J    if ( !defined $proxy ) {^J        die Module::Runtime::use_module("Moose::Exception::AttributeValueIsNotDefined")->new(method    => $self->meta->find_method_by_name("(\"\""),^Jinstance  => $self,^Jattribute => $self->meta->find_attribute_by_name("_graph"),^J);^J    }^J    elsif ( ref $proxy && !Scalar::Util::blessed($proxy) ) {^J        die Module::Runtime::use_module("Moose::Exception::AttributeValueIsNotAnObject")->new(method      => $self->meta->find_method_by_name("(\"\""),^Jinstance    => $self,^Jattribute   => $self->meta->find_attribute_by_name("_graph"),^Jgiven_value => $proxy,^J);^J    }^J    return $proxy->(""( @_ );^J}^J at /opt/perl-5.22.3/lib/site_perl/5.22.3/x86_64-linux/Class/MOP/Method/Generated.pm line 56.^J') called at /opt/perl-5.22.3/lib/site_perl/5.22.3/Try/Tiny.pm line 124
	Try::Tiny::try('CODE(0x56e26d0)', 'Try::Tiny::Catch=REF(0x34c4a18)') called at /opt/perl-5.22.3/lib/site_perl/5.22.3/x86_64-linux/Moose/Meta/Method/Delegation.pm line 160
	Moose::Meta::Method::Delegation::_generate_inline_method('Moose::Meta::Method::Delegation=HASH(0x2ecc158)') called at /opt/perl-5.22.3/lib/site_perl/5.22.3/x86_64-linux/Moose/Meta/Method/Delegation.pm line 82
	Moose::Meta::Method::Delegation::_initialize_body('Moose::Meta::Method::Delegation=HASH(0x2ecc158)') called at /opt/perl-5.22.3/lib/site_perl/5.22.3/x86_64-linux/Moose/Meta/Method/Delegation.pm line 54
	Moose::Meta::Method::Delegation::new('Moose::Meta::Method::Delegation', 'name', '(""', 'package_name', 'DBIx::Class::ResultSet::Graph', 'attribute', 'Moose::Meta::Attribute=HASH(0x4a8bf30)', 'delegate_to_method', '(""', 'curried_arguments', 'ARRAY(0x31c2a08)') called at /opt/perl-5.22.3/lib/site_perl/5.22.3/x86_64-linux/Moose/Meta/Attribute.pm line 1299
	Moose::Meta::Attribute::_make_delegation_method('Moose::Meta::Attribute=HASH(0x4a8bf30)', '(""', '(""') called at /opt/perl-5.22.3/lib/site_perl/5.22.3/x86_64-linux/Moose/Meta/Attribute.pm line 1166
	Moose::Meta::Attribute::install_delegation('Moose::Meta::Attribute=HASH(0x4a8bf30)') called at /opt/perl-5.22.3/lib/site_perl/5.22.3/x86_64-linux/Moose/Meta/Attribute.pm line 1015
	Moose::Meta::Attribute::install_accessors('Moose::Meta::Attribute=HASH(0x4a8bf30)') called at /opt/perl-5.22.3/lib/site_perl/5.22.3/x86_64-linux/Class/MOP/Class.pm line 899
	Class::MOP::Class::try {...}  at /opt/perl-5.22.3/lib/site_perl/5.22.3/Try/Tiny.pm line 103
	eval {...} at /opt/perl-5.22.3/lib/site_perl/5.22.3/Try/Tiny.pm line 94
	Try::Tiny::try('CODE(0x5685cd0)', 'Try::Tiny::Catch=REF(0x4a5bf68)') called at /opt/perl-5.22.3/lib/site_perl/5.22.3/x86_64-linux/Class/MOP/Class.pm line 904
	Class::MOP::Class::_post_add_attribute('Moose::Meta::Class=HASH(0x4980070)', 'Moose::Meta::Attribute=HASH(0x4a8bf30)') called at /opt/perl-5.22.3/lib/site_perl/5.22.3/x86_64-linux/Class/MOP/Mixin/HasAttributes.pm line 39
	Class::MOP::Mixin::HasAttributes::add_attribute('Moose::Meta::Class=HASH(0x4980070)', 'Moose::Meta::Attribute=HASH(0x4a8bf30)') called at /opt/perl-5.22.3/lib/site_perl/5.22.3/x86_64-linux/Moose/Meta/Class.pm line 585
	Moose::Meta::Class::add_attribute('Moose::Meta::Class=HASH(0x4980070)', 'Moose::Meta::Attribute=HASH(0x4a8bf30)') called at /opt/perl-5.22.3/lib/site_perl/5.22.3/x86_64-linux/Moose/Meta/Role/Application/ToClass.pm line 126
	Moose::Meta::Role::Application::ToClass::apply_attributes('Moose::Meta::Role::Application::ToClass=HASH(0x5230658)', 'Moose::Meta::Role=HASH(0x5230760)', 'Moose::Meta::Class=HASH(0x4980070)') called at /opt/perl-5.22.3/lib/site_perl/5.22.3/x86_64-linux/Moose/Meta/Role/Application.pm line 59
	Moose::Meta::Role::Application::apply('Moose::Meta::Role::Application::ToClass=HASH(0x5230658)', 'Moose::Meta::Role=HASH(0x5230760)', 'Moose::Meta::Class=HASH(0x4980070)') called at /opt/perl-5.22.3/lib/site_perl/5.22.3/x86_64-linux/Moose/Meta/Role/Application/ToClass.pm line 31
	Moose::Meta::Role::Application::ToClass::apply('Moose::Meta::Role::Application::ToClass=HASH(0x5230658)', 'Moose::Meta::Role=HASH(0x5230760)', 'Moose::Meta::Class=HASH(0x4980070)', 'HASH(0x34d1660)') called at /opt/perl-5.22.3/lib/site_perl/5.22.3/x86_64-linux/Moose/Meta/Role.pm line 472
	Moose::Meta::Role::apply('Moose::Meta::Role=HASH(0x5230760)', 'Moose::Meta::Class=HASH(0x4980070)') called at /opt/perl-5.22.3/lib/site_perl/5.22.3/x86_64-linux/Moose/Util.pm line 172
	Moose::Util::_apply_all_roles('Moose::Meta::Class=HASH(0x4980070)', undef, 'DBIx::Class::Graph::Role::ResultSet') called at /opt/perl-5.22.3/lib/site_perl/5.22.3/x86_64-linux/Moose/Util.pm line 114
	Moose::Util::apply_all_roles('Moose::Meta::Class=HASH(0x4980070)', 'DBIx::Class::Graph::Role::ResultSet') called at /opt/perl-5.22.3/lib/site_perl/5.22.3/x86_64-linux/Moose.pm line 57
	Moose::with('Moose::Meta::Class=HASH(0x4980070)', 'DBIx::Class::Graph::Role::ResultSet') called at /opt/perl-5.22.3/lib/site_perl/5.22.3/x86_64-linux/Moose/Exporter.pm line 419
	Moose::with('DBIx::Class::Graph::Role::ResultSet') called at /tmpfs/.cpan-build-cpansand/2017121015/DBIx-Class-Graph-1.05-3/blib/lib/DBIx/Class/ResultSet/Graph.pm line 19
	require DBIx/Class/ResultSet/Graph.pm at /opt/perl-5.22.3/lib/site_perl/5.22.3/Class/C3/Componentised.pm line 150
	eval {...} at /opt/perl-5.22.3/lib/site_perl/5.22.3/Class/C3/Componentised.pm line 150
	Class::C3::Componentised::ensure_class_loaded('DBIx::Class::ResultSource::Table=HASH(0x1e42840)', 'DBIx::Class::ResultSet::Graph') called at /opt/perl-5.22.3/lib/site_perl/5.22.3/DBIx/Class/AccessorGroup.pm line 19
	DBIx::Class::AccessorGroup::get_component_class('DBIx::Class::ResultSource::Table=HASH(0x1e42840)', 'resultset_class') called at (eval 194) line 2
	DBIx::Class::ResultSource::resultset_class('DBIx::Class::ResultSource::Table=HASH(0x1e42840)') called at /opt/perl-5.22.3/lib/site_perl/5.22.3/DBIx/Class/ResultSource.pm line 1135
	DBIx::Class::ResultSource::resultset('DBIx::Class::ResultSource::Table=HASH(0x1e42840)') called at /opt/perl-5.22.3/lib/site_perl/5.22.3/DBIx/Class/Schema.pm line 547
	DBIx::Class::Schema::resultset('TestLib::Schema=HASH(0x1e30470)', 'Simple') called at /opt/perl-5.22.3/lib/site_perl/5.22.3/DBIx/Class/Schema.pm line 769
	DBIx::Class::Schema::populate('TestLib::Schema=HASH(0x1e30470)', 'Simple', 'ARRAY(0x3b5f8d8)') called at t/lib/TestLib.pm line 20
	TestLib::new('TestLib') called at t/result.t line 7
Compilation failed in require at /opt/perl-5.22.3/lib/site_perl/5.22.3/Class/C3/Componentised.pm line 150. at /opt/perl-5.22.3/lib/site_perl/5.22.3/Class/C3/Componentised.pm line 155
t/result.t .................... 
Dubious, test returned 255 (wstat 65280, 0xff00)
No subtests run 
{UNKNOWN}: Could not generate inline handles for _graph->("" because : Failed to compile source: syntax error at (eval 757) line 21, near """( "


source:
#line 1 "inline delegation in DBIx::Class::ResultSet::Graph for _graph->("" (attribute declared in /tmpfs/.cpan-build-cpansand/2017121015/DBIx-Class-Graph-1.05-3/blib/lib/DBIx/Class/Graph/Role/ResultSet.pm at line 22)"
sub {
    my $self = shift;

    my $proxy = $self->_graph;
    if ( !defined $proxy ) {
        die Module::Runtime::use_module("Moose::Exception::AttributeValueIsNotDefined")->new(method    => $self->meta->find_method_by_name("(\"\""),
instance  => $self,
attribute => $self->meta->find_attribute_by_name("_graph"),
);
    }
    elsif ( ref $proxy && !Scalar::Util::blessed($proxy) ) {
        die Module::Runtime::use_module("Moose::Exception::AttributeValueIsNotAnObject")->new(method      => $self->meta->find_method_by_name("(\"\""),
instance    => $self,
attribute   => $self->meta->find_attribute_by_name("_graph"),
given_value => $proxy,
);
    }
    return $proxy->(""( @_ );
}
 at /opt/perl-5.22.3/lib/site_perl/5.22.3/x86_64-linux/Class/MOP/Method/Generated.pm line 56.
 at /opt/perl-5.22.3/lib/site_perl/5.22.3/x86_64-linux/Moose/Meta/Method/Delegation.pm line 154
	Moose::Meta::Method::Delegation::catch {...} ('Failed to compile source: syntax error at (eval 757) line 21, near """( "^J^J^Jsource:^J#line 1 "inline delegation in DBIx::Class::ResultSet::Graph for _graph->("" (attribute declared in /tmpfs/.cpan-build-cpansand/2017121015/DBIx-Class-Graph-1.05-3/blib/lib/DBIx/Class/Graph/Role/ResultSet.pm at line 22)"^Jsub {^J    my $self = shift;^J^J    my $proxy = $self->_graph;^J    if ( !defined $proxy ) {^J        die Module::Runtime::use_module("Moose::Exception::AttributeValueIsNotDefined")->new(method    => $self->meta->find_method_by_name("(\"\""),^Jinstance  => $self,^Jattribute => $self->meta->find_attribute_by_name("_graph"),^J);^J    }^J    elsif ( ref $proxy && !Scalar::Util::blessed($proxy) ) {^J        die Module::Runtime::use_module("Moose::Exception::AttributeValueIsNotAnObject")->new(method      => $self->meta->find_method_by_name("(\"\""),^Jinstance    => $self,^Jattribute   => $self->meta->find_attribute_by_name("_graph"),^Jgiven_value => $proxy,^J);^J    }^J    return $proxy->(""( @_ );^J}^J at /opt/perl-5.22.3/lib/site_perl/5.22.3/x86_64-linux/Class/MOP/Method/Generated.pm line 56.^J') called at /opt/perl-5.22.3/lib/site_perl/5.22.3/Try/Tiny.pm line 124
	Try::Tiny::try('CODE(0x44eab98)', 'Try::Tiny::Catch=REF(0x22cdd38)') called at /opt/perl-5.22.3/lib/site_perl/5.22.3/x86_64-linux/Moose/Meta/Method/Delegation.pm line 160
	Moose::Meta::Method::Delegation::_generate_inline_method('Moose::Meta::Method::Delegation=HASH(0x1cd50e8)') called at /opt/perl-5.22.3/lib/site_perl/5.22.3/x86_64-linux/Moose/Meta/Method/Delegation.pm line 82
	Moose::Meta::Method::Delegation::_initialize_body('Moose::Meta::Method::Delegation=HASH(0x1cd50e8)') called at /opt/perl-5.22.3/lib/site_perl/5.22.3/x86_64-linux/Moose/Meta/Method/Delegation.pm line 54
	Moose::Meta::Method::Delegation::new('Moose::Meta::Method::Delegation', 'name', '(""', 'package_name', 'DBIx::Class::ResultSet::Graph', 'attribute', 'Moose::Meta::Attribute=HASH(0x3875458)', 'delegate_to_method', '(""', 'curried_arguments', 'ARRAY(0x1fcbc98)') called at /opt/perl-5.22.3/lib/site_perl/5.22.3/x86_64-linux/Moose/Meta/Attribute.pm line 1299
	Moose::Meta::Attribute::_make_delegation_method('Moose::Meta::Attribute=HASH(0x3875458)', '(""', '(""') called at /opt/perl-5.22.3/lib/site_perl/5.22.3/x86_64-linux/Moose/Meta/Attribute.pm line 1166
	Moose::Meta::Attribute::install_delegation('Moose::Meta::Attribute=HASH(0x3875458)') called at /opt/perl-5.22.3/lib/site_perl/5.22.3/x86_64-linux/Moose/Meta/Attribute.pm line 1015
	Moose::Meta::Attribute::install_accessors('Moose::Meta::Attribute=HASH(0x3875458)') called at /opt/perl-5.22.3/lib/site_perl/5.22.3/x86_64-linux/Class/MOP/Class.pm line 899
	Class::MOP::Class::try {...}  at /opt/perl-5.22.3/lib/site_perl/5.22.3/Try/Tiny.pm line 103
	eval {...} at /opt/perl-5.22.3/lib/site_perl/5.22.3/Try/Tiny.pm line 94
	Try::Tiny::try('CODE(0x448e198)', 'Try::Tiny::Catch=REF(0x3844ba0)') called at /opt/perl-5.22.3/lib/site_perl/5.22.3/x86_64-linux/Class/MOP/Class.pm line 904
	Class::MOP::Class::_post_add_attribute('Moose::Meta::Class=HASH(0x36af8f0)', 'Moose::Meta::Attribute=HASH(0x3875458)') called at /opt/perl-5.22.3/lib/site_perl/5.22.3/x86_64-linux/Class/MOP/Mixin/HasAttributes.pm line 39
	Class::MOP::Mixin::HasAttributes::add_attribute('Moose::Meta::Class=HASH(0x36af8f0)', 'Moose::Meta::Attribute=HASH(0x3875458)') called at /opt/perl-5.22.3/lib/site_perl/5.22.3/x86_64-linux/Moose/Meta/Class.pm line 585
	Moose::Meta::Class::add_attribute('Moose::Meta::Class=HASH(0x36af8f0)', 'Moose::Meta::Attribute=HASH(0x3875458)') called at /opt/perl-5.22.3/lib/site_perl/5.22.3/x86_64-linux/Moose/Meta/Role/Application/ToClass.pm line 126
	Moose::Meta::Role::Application::ToClass::apply_attributes('Moose::Meta::Role::Application::ToClass=HASH(0x4038820)', 'Moose::Meta::Role=HASH(0x40389e8)', 'Moose::Meta::Class=HASH(0x36af8f0)') called at /opt/perl-5.22.3/lib/site_perl/5.22.3/x86_64-linux/Moose/Meta/Role/Application.pm line 59
	Moose::Meta::Role::Application::apply('Moose::Meta::Role::Application::ToClass=HASH(0x4038820)', 'Moose::Meta::Role=HASH(0x40389e8)', 'Moose::Meta::Class=HASH(0x36af8f0)') called at /opt/perl-5.22.3/lib/site_perl/5.22.3/x86_64-linux/Moose/Meta/Role/Application/ToClass.pm line 31
	Moose::Meta::Role::Application::ToClass::apply('Moose::Meta::Role::Application::ToClass=HASH(0x4038820)', 'Moose::Meta::Role=HASH(0x40389e8)', 'Moose::Meta::Class=HASH(0x36af8f0)', 'HASH(0x22da910)') called at /opt/perl-5.22.3/lib/site_perl/5.22.3/x86_64-linux/Moose/Meta/Role.pm line 472
	Moose::Meta::Role::apply('Moose::Meta::Role=HASH(0x40389e8)', 'Moose::Meta::Class=HASH(0x36af8f0)') called at /opt/perl-5.22.3/lib/site_perl/5.22.3/x86_64-linux/Moose/Util.pm line 172
	Moose::Util::_apply_all_roles('Moose::Meta::Class=HASH(0x36af8f0)', undef, 'DBIx::Class::Graph::Role::ResultSet') called at /opt/perl-5.22.3/lib/site_perl/5.22.3/x86_64-linux/Moose/Util.pm line 114
	Moose::Util::apply_all_roles('Moose::Meta::Class=HASH(0x36af8f0)', 'DBIx::Class::Graph::Role::ResultSet') called at /opt/perl-5.22.3/lib/site_perl/5.22.3/x86_64-linux/Moose.pm line 57
	Moose::with('Moose::Meta::Class=HASH(0x36af8f0)', 'DBIx::Class::Graph::Role::ResultSet') called at /opt/perl-5.22.3/lib/site_perl/5.22.3/x86_64-linux/Moose/Exporter.pm line 419
	Moose::with('DBIx::Class::Graph::Role::ResultSet') called at /tmpfs/.cpan-build-cpansand/2017121015/DBIx-Class-Graph-1.05-3/blib/lib/DBIx/Class/ResultSet/Graph.pm line 19
	require DBIx/Class/ResultSet/Graph.pm at /opt/perl-5.22.3/lib/site_perl/5.22.3/Class/C3/Componentised.pm line 150
	eval {...} at /opt/perl-5.22.3/lib/site_perl/5.22.3/Class/C3/Componentised.pm line 150
	Class::C3::Componentised::ensure_class_loaded('DBIx::Class::ResultSource::Table=HASH(0xc4a758)', 'DBIx::Class::ResultSet::Graph') called at /opt/perl-5.22.3/lib/site_perl/5.22.3/DBIx/Class/AccessorGroup.pm line 19
	DBIx::Class::AccessorGroup::get_component_class('DBIx::Class::ResultSource::Table=HASH(0xc4a758)', 'resultset_class') called at (eval 194) line 2
	DBIx::Class::ResultSource::resultset_class('DBIx::Class::ResultSource::Table=HASH(0xc4a758)') called at /opt/perl-5.22.3/lib/site_perl/5.22.3/DBIx/Class/ResultSource.pm line 1135
	DBIx::Class::ResultSource::resultset('DBIx::Class::ResultSource::Table=HASH(0xc4a758)') called at /opt/perl-5.22.3/lib/site_perl/5.22.3/DBIx/Class/Schema.pm line 547
	DBIx::Class::Schema::resultset('TestLib::Schema=HASH(0xc39470)', 'Simple') called at /opt/perl-5.22.3/lib/site_perl/5.22.3/DBIx/Class/Schema.pm line 769
	DBIx::Class::Schema::populate('TestLib::Schema=HASH(0xc39470)', 'Simple', 'ARRAY(0x383ce78)') called at t/lib/TestLib.pm line 20
	TestLib::new('TestLib') called at t/resultset.t line 7
Compilation failed in require at /opt/perl-5.22.3/lib/site_perl/5.22.3/Class/C3/Componentised.pm line 150. at /opt/perl-5.22.3/lib/site_perl/5.22.3/Class/C3/Componentised.pm line 155
t/resultset.t ................. 
Dubious, test returned 255 (wstat 65280, 0xff00)
No subtests run 
{UNKNOWN}: Could not generate inline handles for _graph->("" because : Failed to compile source: syntax error at (eval 758) line 21, near """( "


source:
#line 1 "inline delegation in DBIx::Class::ResultSet::Graph for _graph->("" (attribute declared in /tmpfs/.cpan-build-cpansand/2017121015/DBIx-Class-Graph-1.05-3/blib/lib/DBIx/Class/Graph/Role/ResultSet.pm at line 22)"
sub {
    my $self = shift;

    my $proxy = $self->_graph;
    if ( !defined $proxy ) {
        die Module::Runtime::use_module("Moose::Exception::AttributeValueIsNotDefined")->new(method    => $self->meta->find_method_by_name("(\"\""),
instance  => $self,
attribute => $self->meta->find_attribute_by_name("_graph"),
);
    }
    elsif ( ref $proxy && !Scalar::Util::blessed($proxy) ) {
        die Module::Runtime::use_module("Moose::Exception::AttributeValueIsNotAnObject")->new(method      => $self->meta->find_method_by_name("(\"\""),
instance    => $self,
attribute   => $self->meta->find_attribute_by_name("_graph"),
given_value => $proxy,
);
    }
    return $proxy->(""( @_ );
}
 at /opt/perl-5.22.3/lib/site_perl/5.22.3/x86_64-linux/Class/MOP/Method/Generated.pm line 56.
 at /opt/perl-5.22.3/lib/site_perl/5.22.3/x86_64-linux/Moose/Meta/Method/Delegation.pm line 154
	Moose::Meta::Method::Delegation::catch {...} ('Failed to compile source: syntax error at (eval 758) line 21, near """( "^J^J^Jsource:^J#line 1 "inline delegation in DBIx::Class::ResultSet::Graph for _graph->("" (attribute declared in /tmpfs/.cpan-build-cpansand/2017121015/DBIx-Class-Graph-1.05-3/blib/lib/DBIx/Class/Graph/Role/ResultSet.pm at line 22)"^Jsub {^J    my $self = shift;^J^J    my $proxy = $self->_graph;^J    if ( !defined $proxy ) {^J        die Module::Runtime::use_module("Moose::Exception::AttributeValueIsNotDefined")->new(method    => $self->meta->find_method_by_name("(\"\""),^Jinstance  => $self,^Jattribute => $self->meta->find_attribute_by_name("_graph"),^J);^J    }^J    elsif ( ref $proxy && !Scalar::Util::blessed($proxy) ) {^J        die Module::Runtime::use_module("Moose::Exception::AttributeValueIsNotAnObject")->new(method      => $self->meta->find_method_by_name("(\"\""),^Jinstance    => $self,^Jattribute   => $self->meta->find_attribute_by_name("_graph"),^Jgiven_value => $proxy,^J);^J    }^J    return $proxy->(""( @_ );^J}^J at /opt/perl-5.22.3/lib/site_perl/5.22.3/x86_64-linux/Class/MOP/Method/Generated.pm line 56.^J') called at /opt/perl-5.22.3/lib/site_perl/5.22.3/Try/Tiny.pm line 124
	Try::Tiny::try('CODE(0x4e137f8)', 'Try::Tiny::Catch=REF(0x419ade0)') called at /opt/perl-5.22.3/lib/site_perl/5.22.3/x86_64-linux/Moose/Meta/Method/Delegation.pm line 160
	Moose::Meta::Method::Delegation::_generate_inline_method('Moose::Meta::Method::Delegation=HASH(0x25f90b8)') called at /opt/perl-5.22.3/lib/site_perl/5.22.3/x86_64-linux/Moose/Meta/Method/Delegation.pm line 82
	Moose::Meta::Method::Delegation::_initialize_body('Moose::Meta::Method::Delegation=HASH(0x25f90b8)') called at /opt/perl-5.22.3/lib/site_perl/5.22.3/x86_64-linux/Moose/Meta/Method/Delegation.pm line 54
	Moose::Meta::Method::Delegation::new('Moose::Meta::Method::Delegation', 'name', '(""', 'package_name', 'DBIx::Class::ResultSet::Graph', 'attribute', 'Moose::Meta::Attribute=HASH(0x419af78)', 'delegate_to_method', '(""', 'curried_arguments', 'ARRAY(0x28efab8)') called at /opt/perl-5.22.3/lib/site_perl/5.22.3/x86_64-linux/Moose/Meta/Attribute.pm line 1299
	Moose::Meta::Attribute::_make_delegation_method('Moose::Meta::Attribute=HASH(0x419af78)', '(""', '(""') called at /opt/perl-5.22.3/lib/site_perl/5.22.3/x86_64-linux/Moose/Meta/Attribute.pm line 1166
	Moose::Meta::Attribute::install_delegation('Moose::Meta::Attribute=HASH(0x419af78)') called at /opt/perl-5.22.3/lib/site_perl/5.22.3/x86_64-linux/Moose/Meta/Attribute.pm line 1015
	Moose::Meta::Attribute::install_accessors('Moose::Meta::Attribute=HASH(0x419af78)') called at /opt/perl-5.22.3/lib/site_perl/5.22.3/x86_64-linux/Class/MOP/Class.pm line 899
	Class::MOP::Class::try {...}  at /opt/perl-5.22.3/lib/site_perl/5.22.3/Try/Tiny.pm line 103
	eval {...} at /opt/perl-5.22.3/lib/site_perl/5.22.3/Try/Tiny.pm line 94
	Try::Tiny::try('CODE(0x4db5ee0)', 'Try::Tiny::Catch=REF(0x419adc8)') called at /opt/perl-5.22.3/lib/site_perl/5.22.3/x86_64-linux/Class/MOP/Class.pm line 904
	Class::MOP::Class::_post_add_attribute('Moose::Meta::Class=HASH(0x416b738)', 'Moose::Meta::Attribute=HASH(0x419af78)') called at /opt/perl-5.22.3/lib/site_perl/5.22.3/x86_64-linux/Class/MOP/Mixin/HasAttributes.pm line 39
	Class::MOP::Mixin::HasAttributes::add_attribute('Moose::Meta::Class=HASH(0x416b738)', 'Moose::Meta::Attribute=HASH(0x419af78)') called at /opt/perl-5.22.3/lib/site_perl/5.22.3/x86_64-linux/Moose/Meta/Class.pm line 585
	Moose::Meta::Class::add_attribute('Moose::Meta::Class=HASH(0x416b738)', 'Moose::Meta::Attribute=HASH(0x419af78)') called at /opt/perl-5.22.3/lib/site_perl/5.22.3/x86_64-linux/Moose/Meta/Role/Application/ToClass.pm line 126
	Moose::Meta::Role::Application::ToClass::apply_attributes('Moose::Meta::Role::Application::ToClass=HASH(0x495fc78)', 'Moose::Meta::Role=HASH(0x495fe28)', 'Moose::Meta::Class=HASH(0x416b738)') called at /opt/perl-5.22.3/lib/site_perl/5.22.3/x86_64-linux/Moose/Meta/Role/Application.pm line 59
	Moose::Meta::Role::Application::apply('Moose::Meta::Role::Application::ToClass=HASH(0x495fc78)', 'Moose::Meta::Role=HASH(0x495fe28)', 'Moose::Meta::Class=HASH(0x416b738)') called at /opt/perl-5.22.3/lib/site_perl/5.22.3/x86_64-linux/Moose/Meta/Role/Application/ToClass.pm line 31
	Moose::Meta::Role::Application::ToClass::apply('Moose::Meta::Role::Application::ToClass=HASH(0x495fc78)', 'Moose::Meta::Role=HASH(0x495fe28)', 'Moose::Meta::Class=HASH(0x416b738)', 'HASH(0x2bfe430)') called at /opt/perl-5.22.3/lib/site_perl/5.22.3/x86_64-linux/Moose/Meta/Role.pm line 472
	Moose::Meta::Role::apply('Moose::Meta::Role=HASH(0x495fe28)', 'Moose::Meta::Class=HASH(0x416b738)') called at /opt/perl-5.22.3/lib/site_perl/5.22.3/x86_64-linux/Moose/Util.pm line 172
	Moose::Util::_apply_all_roles('Moose::Meta::Class=HASH(0x416b738)', undef, 'DBIx::Class::Graph::Role::ResultSet') called at /opt/perl-5.22.3/lib/site_perl/5.22.3/x86_64-linux/Moose/Util.pm line 114
	Moose::Util::apply_all_roles('Moose::Meta::Class=HASH(0x416b738)', 'DBIx::Class::Graph::Role::ResultSet') called at /opt/perl-5.22.3/lib/site_perl/5.22.3/x86_64-linux/Moose.pm line 57
	Moose::with('Moose::Meta::Class=HASH(0x416b738)', 'DBIx::Class::Graph::Role::ResultSet') called at /opt/perl-5.22.3/lib/site_perl/5.22.3/x86_64-linux/Moose/Exporter.pm line 419
	Moose::with('DBIx::Class::Graph::Role::ResultSet') called at /tmpfs/.cpan-build-cpansand/2017121015/DBIx-Class-Graph-1.05-3/blib/lib/DBIx/Class/ResultSet/Graph.pm line 19
	require DBIx/Class/ResultSet/Graph.pm at /opt/perl-5.22.3/lib/site_perl/5.22.3/Class/C3/Componentised.pm line 150
	eval {...} at /opt/perl-5.22.3/lib/site_perl/5.22.3/Class/C3/Componentised.pm line 150
	Class::C3::Componentised::ensure_class_loaded('DBIx::Class::ResultSource::Table=HASH(0x3159250)', 'DBIx::Class::ResultSet::Graph') called at /opt/perl-5.22.3/lib/site_perl/5.22.3/DBIx/Class/AccessorGroup.pm line 19
	DBIx::Class::AccessorGroup::get_component_class('DBIx::Class::ResultSource::Table=HASH(0x3159250)', 'resultset_class') called at (eval 194) line 2
	DBIx::Class::ResultSource::resultset_class('DBIx::Class::ResultSource::Table=HASH(0x3159250)') called at /opt/perl-5.22.3/lib/site_perl/5.22.3/DBIx/Class/ResultSource.pm line 1135
	DBIx::Class::ResultSource::resultset('DBIx::Class::ResultSource::Table=HASH(0x3159250)') called at /opt/perl-5.22.3/lib/site_perl/5.22.3/DBIx/Class/Schema.pm line 547
	DBIx::Class::Schema::resultset('TestLib::Schema=HASH(0x155d470)', 'Simple') called at /opt/perl-5.22.3/lib/site_perl/5.22.3/DBIx/Class/Schema.pm line 769
	DBIx::Class::Schema::populate('TestLib::Schema=HASH(0x155d470)', 'Simple', 'ARRAY(0x3250a60)') called at t/lib/TestLib.pm line 20
	TestLib::new('TestLib') called at t/simple01.t line 7
Compilation failed in require at /opt/perl-5.22.3/lib/site_perl/5.22.3/Class/C3/Componentised.pm line 150. at /opt/perl-5.22.3/lib/site_perl/5.22.3/Class/C3/Componentised.pm line 155
t/simple01.t .................. 
Dubious, test returned 255 (wstat 65280, 0xff00)
No subtests run 
{UNKNOWN}: Could not generate inline handles for _graph->("" because : Failed to compile source: syntax error at (eval 758) line 21, near """( "


source:
#line 1 "inline delegation in DBIx::Class::ResultSet::Graph for _graph->("" (attribute declared in lib/DBIx/Class/Graph/Role/ResultSet.pm at line 22)"
sub {
    my $self = shift;

    my $proxy = $self->_graph;
    if ( !defined $proxy ) {
        die Module::Runtime::use_module("Moose::Exception::AttributeValueIsNotDefined")->new(method    => $self->meta->find_method_by_name("(\"\""),
instance  => $self,
attribute => $self->meta->find_attribute_by_name("_graph"),
);
    }
    elsif ( ref $proxy && !Scalar::Util::blessed($proxy) ) {
        die Module::Runtime::use_module("Moose::Exception::AttributeValueIsNotAnObject")->new(method      => $self->meta->find_method_by_name("(\"\""),
instance    => $self,
attribute   => $self->meta->find_attribute_by_name("_graph"),
given_value => $proxy,
);
    }
    return $proxy->(""( @_ );
}
 at /opt/perl-5.22.3/lib/site_perl/5.22.3/x86_64-linux/Class/MOP/Method/Generated.pm line 56.
 at /opt/perl-5.22.3/lib/site_perl/5.22.3/x86_64-linux/Moose/Meta/Method/Delegation.pm line 154
	Moose::Meta::Method::Delegation::catch {...} ('Failed to compile source: syntax error at (eval 758) line 21, near """( "^J^J^Jsource:^J#line 1 "inline delegation in DBIx::Class::ResultSet::Graph for _graph->("" (attribute declared in lib/DBIx/Class/Graph/Role/ResultSet.pm at line 22)"^Jsub {^J    my $self = shift;^J^J    my $proxy = $self->_graph;^J    if ( !defined $proxy ) {^J        die Module::Runtime::use_module("Moose::Exception::AttributeValueIsNotDefined")->new(method    => $self->meta->find_method_by_name("(\"\""),^Jinstance  => $self,^Jattribute => $self->meta->find_attribute_by_name("_graph"),^J);^J    }^J    elsif ( ref $proxy && !Scalar::Util::blessed($proxy) ) {^J        die Module::Runtime::use_module("Moose::Exception::AttributeValueIsNotAnObject")->new(method      => $self->meta->find_method_by_name("(\"\""),^Jinstance    => $self,^Jattribute   => $self->meta->find_attribute_by_name("_graph"),^Jgiven_value => $proxy,^J);^J    }^J    return $proxy->(""( @_ );^J}^J at /opt/perl-5.22.3/lib/site_perl/5.22.3/x86_64-linux/Class/MOP/Method/Generated.pm line 56.^J') called at /opt/perl-5.22.3/lib/site_perl/5.22.3/Try/Tiny.pm line 124
	Try::Tiny::try('CODE(0x58524a0)', 'Try::Tiny::Catch=REF(0x4bd6318)') called at /opt/perl-5.22.3/lib/site_perl/5.22.3/x86_64-linux/Moose/Meta/Method/Delegation.pm line 160
	Moose::Meta::Method::Delegation::_generate_inline_method('Moose::Meta::Method::Delegation=HASH(0x3038cf0)') called at /opt/perl-5.22.3/lib/site_perl/5.22.3/x86_64-linux/Moose/Meta/Method/Delegation.pm line 82
	Moose::Meta::Method::Delegation::_initialize_body('Moose::Meta::Method::Delegation=HASH(0x3038cf0)') called at /opt/perl-5.22.3/lib/site_perl/5.22.3/x86_64-linux/Moose/Meta/Method/Delegation.pm line 54
	Moose::Meta::Method::Delegation::new('Moose::Meta::Method::Delegation', 'name', '(""', 'package_name', 'DBIx::Class::ResultSet::Graph', 'attribute', 'Moose::Meta::Attribute=HASH(0x5801728)', 'delegate_to_method', '(""', 'curried_arguments', 'ARRAY(0x332dbc8)') called at /opt/perl-5.22.3/lib/site_perl/5.22.3/x86_64-linux/Moose/Meta/Attribute.pm line 1299
	Moose::Meta::Attribute::_make_delegation_method('Moose::Meta::Attribute=HASH(0x5801728)', '(""', '(""') called at /opt/perl-5.22.3/lib/site_perl/5.22.3/x86_64-linux/Moose/Meta/Attribute.pm line 1166
	Moose::Meta::Attribute::install_delegation('Moose::Meta::Attribute=HASH(0x5801728)') called at /opt/perl-5.22.3/lib/site_perl/5.22.3/x86_64-linux/Moose/Meta/Attribute.pm line 1015
	Moose::Meta::Attribute::install_accessors('Moose::Meta::Attribute=HASH(0x5801728)') called at /opt/perl-5.22.3/lib/site_perl/5.22.3/x86_64-linux/Class/MOP/Class.pm line 899
	Class::MOP::Class::try {...}  at /opt/perl-5.22.3/lib/site_perl/5.22.3/Try/Tiny.pm line 103
	eval {...} at /opt/perl-5.22.3/lib/site_perl/5.22.3/Try/Tiny.pm line 94
	Try::Tiny::try('CODE(0x4bd5e50)', 'Try::Tiny::Catch=REF(0x4bd6300)') called at /opt/perl-5.22.3/lib/site_perl/5.22.3/x86_64-linux/Class/MOP/Class.pm line 904
	Class::MOP::Class::_post_add_attribute('Moose::Meta::Class=HASH(0x4bac650)', 'Moose::Meta::Attribute=HASH(0x5801728)') called at /opt/perl-5.22.3/lib/site_perl/5.22.3/x86_64-linux/Class/MOP/Mixin/HasAttributes.pm line 39
	Class::MOP::Mixin::HasAttributes::add_attribute('Moose::Meta::Class=HASH(0x4bac650)', 'Moose::Meta::Attribute=HASH(0x5801728)') called at /opt/perl-5.22.3/lib/site_perl/5.22.3/x86_64-linux/Moose/Meta/Class.pm line 585
	Moose::Meta::Class::add_attribute('Moose::Meta::Class=HASH(0x4bac650)', 'Moose::Meta::Attribute=HASH(0x5801728)') called at /opt/perl-5.22.3/lib/site_perl/5.22.3/x86_64-linux/Moose/Meta/Role/Application/ToClass.pm line 126
	Moose::Meta::Role::Application::ToClass::apply_attributes('Moose::Meta::Role::Application::ToClass=HASH(0x52a4f70)', 'Moose::Meta::Role=HASH(0x52a5048)', 'Moose::Meta::Class=HASH(0x4bac650)') called at /opt/perl-5.22.3/lib/site_perl/5.22.3/x86_64-linux/Moose/Meta/Role/Application.pm line 59
	Moose::Meta::Role::Application::apply('Moose::Meta::Role::Application::ToClass=HASH(0x52a4f70)', 'Moose::Meta::Role=HASH(0x52a5048)', 'Moose::Meta::Class=HASH(0x4bac650)') called at /opt/perl-5.22.3/lib/site_perl/5.22.3/x86_64-linux/Moose/Meta/Role/Application/ToClass.pm line 31
	Moose::Meta::Role::Application::ToClass::apply('Moose::Meta::Role::Application::ToClass=HASH(0x52a4f70)', 'Moose::Meta::Role=HASH(0x52a5048)', 'Moose::Meta::Class=HASH(0x4bac650)', 'HASH(0x363f588)') called at /opt/perl-5.22.3/lib/site_perl/5.22.3/x86_64-linux/Moose/Meta/Role.pm line 472
	Moose::Meta::Role::apply('Moose::Meta::Role=HASH(0x52a5048)', 'Moose::Meta::Class=HASH(0x4bac650)') called at /opt/perl-5.22.3/lib/site_perl/5.22.3/x86_64-linux/Moose/Util.pm line 172
	Moose::Util::_apply_all_roles('Moose::Meta::Class=HASH(0x4bac650)', undef, 'DBIx::Class::Graph::Role::ResultSet') called at /opt/perl-5.22.3/lib/site_perl/5.22.3/x86_64-linux/Moose/Util.pm line 114
	Moose::Util::apply_all_roles('Moose::Meta::Class=HASH(0x4bac650)', 'DBIx::Class::Graph::Role::ResultSet') called at /opt/perl-5.22.3/lib/site_perl/5.22.3/x86_64-linux/Moose.pm line 57
	Moose::with('Moose::Meta::Class=HASH(0x4bac650)', 'DBIx::Class::Graph::Role::ResultSet') called at /opt/perl-5.22.3/lib/site_perl/5.22.3/x86_64-linux/Moose/Exporter.pm line 419
	Moose::with('DBIx::Class::Graph::Role::ResultSet') called at lib/DBIx/Class/ResultSet/Graph.pm line 19
	require DBIx/Class/ResultSet/Graph.pm at /opt/perl-5.22.3/lib/site_perl/5.22.3/Class/C3/Componentised.pm line 150
	eval {...} at /opt/perl-5.22.3/lib/site_perl/5.22.3/Class/C3/Componentised.pm line 150
	Class::C3::Componentised::ensure_class_loaded('DBIx::Class::ResultSource::Table=HASH(0x1fab8e8)', 'DBIx::Class::ResultSet::Graph') called at /opt/perl-5.22.3/lib/site_perl/5.22.3/DBIx/Class/AccessorGroup.pm line 19
	DBIx::Class::AccessorGroup::get_component_class('DBIx::Class::ResultSource::Table=HASH(0x1fab8e8)', 'resultset_class') called at (eval 194) line 2
	DBIx::Class::ResultSource::resultset_class('DBIx::Class::ResultSource::Table=HASH(0x1fab8e8)') called at /opt/perl-5.22.3/lib/site_perl/5.22.3/DBIx/Class/ResultSource.pm line 1135
	DBIx::Class::ResultSource::resultset('DBIx::Class::ResultSource::Table=HASH(0x1fab8e8)') called at /opt/perl-5.22.3/lib/site_perl/5.22.3/DBIx/Class/Schema.pm line 547
	DBIx::Class::Schema::resultset('TestLib::Schema=HASH(0x1f9e470)', 'Simple') called at /opt/perl-5.22.3/lib/site_perl/5.22.3/DBIx/Class/Schema.pm line 769
	DBIx::Class::Schema::populate('TestLib::Schema=HASH(0x1f9e470)', 'Simple', 'ARRAY(0x3d226e0)') called at t/lib/TestLib.pm line 20
	TestLib::new('TestLib') called at t/simple02.t line 7
Compilation failed in require at /opt/perl-5.22.3/lib/site_perl/5.22.3/Class/C3/Componentised.pm line 150. at /opt/perl-5.22.3/lib/site_perl/5.22.3/Class/C3/Componentised.pm line 155
t/simple02.t .................. 
Dubious, test returned 255 (wstat 65280, 0xff00)
No subtests run 
{UNKNOWN}: Could not generate inline handles for _graph->("" because : Failed to compile source: syntax error at (eval 758) line 21, near """( "


source:
#line 1 "inline delegation in DBIx::Class::ResultSet::Graph for _graph->("" (attribute declared in /tmpfs/.cpan-build-cpansand/2017121015/DBIx-Class-Graph-1.05-3/blib/lib/DBIx/Class/Graph/Role/ResultSet.pm at line 22)"
sub {
    my $self = shift;

    my $proxy = $self->_graph;
    if ( !defined $proxy ) {
        die Module::Runtime::use_module("Moose::Exception::AttributeValueIsNotDefined")->new(method    => $self->meta->find_method_by_name("(\"\""),
instance  => $self,
attribute => $self->meta->find_attribute_by_name("_graph"),
);
    }
    elsif ( ref $proxy && !Scalar::Util::blessed($proxy) ) {
        die Module::Runtime::use_module("Moose::Exception::AttributeValueIsNotAnObject")->new(method      => $self->meta->find_method_by_name("(\"\""),
instance    => $self,
attribute   => $self->meta->find_attribute_by_name("_graph"),
given_value => $proxy,
);
    }
    return $proxy->(""( @_ );
}
 at /opt/perl-5.22.3/lib/site_perl/5.22.3/x86_64-linux/Class/MOP/Method/Generated.pm line 56.
 at /opt/perl-5.22.3/lib/site_perl/5.22.3/x86_64-linux/Moose/Meta/Method/Delegation.pm line 154
	Moose::Meta::Method::Delegation::catch {...} ('Failed to compile source: syntax error at (eval 758) line 21, near """( "^J^J^Jsource:^J#line 1 "inline delegation in DBIx::Class::ResultSet::Graph for _graph->("" (attribute declared in /tmpfs/.cpan-build-cpansand/2017121015/DBIx-Class-Graph-1.05-3/blib/lib/DBIx/Class/Graph/Role/ResultSet.pm at line 22)"^Jsub {^J    my $self = shift;^J^J    my $proxy = $self->_graph;^J    if ( !defined $proxy ) {^J        die Module::Runtime::use_module("Moose::Exception::AttributeValueIsNotDefined")->new(method    => $self->meta->find_method_by_name("(\"\""),^Jinstance  => $self,^Jattribute => $self->meta->find_attribute_by_name("_graph"),^J);^J    }^J    elsif ( ref $proxy && !Scalar::Util::blessed($proxy) ) {^J        die Module::Runtime::use_module("Moose::Exception::AttributeValueIsNotAnObject")->new(method      => $self->meta->find_method_by_name("(\"\""),^Jinstance    => $self,^Jattribute   => $self->meta->find_attribute_by_name("_graph"),^Jgiven_value => $proxy,^J);^J    }^J    return $proxy->(""( @_ );^J}^J at /opt/perl-5.22.3/lib/site_perl/5.22.3/x86_64-linux/Class/MOP/Method/Generated.pm line 56.^J') called at /opt/perl-5.22.3/lib/site_perl/5.22.3/Try/Tiny.pm line 124
	Try::Tiny::try('CODE(0x4d589e8)', 'Try::Tiny::Catch=REF(0x40e1840)') called at /opt/perl-5.22.3/lib/site_perl/5.22.3/x86_64-linux/Moose/Meta/Method/Delegation.pm line 160
	Moose::Meta::Method::Delegation::_generate_inline_method('Moose::Meta::Method::Delegation=HASH(0x253a068)') called at /opt/perl-5.22.3/lib/site_perl/5.22.3/x86_64-linux/Moose/Meta/Method/Delegation.pm line 82
	Moose::Meta::Method::Delegation::_initialize_body('Moose::Meta::Method::Delegation=HASH(0x253a068)') called at /opt/perl-5.22.3/lib/site_perl/5.22.3/x86_64-linux/Moose/Meta/Method/Delegation.pm line 54
	Moose::Meta::Method::Delegation::new('Moose::Meta::Method::Delegation', 'name', '(""', 'package_name', 'DBIx::Class::ResultSet::Graph', 'attribute', 'Moose::Meta::Attribute=HASH(0x40e19d8)', 'delegate_to_method', '(""', 'curried_arguments', 'ARRAY(0x2830a58)') called at /opt/perl-5.22.3/lib/site_perl/5.22.3/x86_64-linux/Moose/Meta/Attribute.pm line 1299
	Moose::Meta::Attribute::_make_delegation_method('Moose::Meta::Attribute=HASH(0x40e19d8)', '(""', '(""') called at /opt/perl-5.22.3/lib/site_perl/5.22.3/x86_64-linux/Moose/Meta/Attribute.pm line 1166
	Moose::Meta::Attribute::install_delegation('Moose::Meta::Attribute=HASH(0x40e19d8)') called at /opt/perl-5.22.3/lib/site_perl/5.22.3/x86_64-linux/Moose/Meta/Attribute.pm line 1015
	Moose::Meta::Attribute::install_accessors('Moose::Meta::Attribute=HASH(0x40e19d8)') called at /opt/perl-5.22.3/lib/site_perl/5.22.3/x86_64-linux/Class/MOP/Class.pm line 899
	Class::MOP::Class::try {...}  at /opt/perl-5.22.3/lib/site_perl/5.22.3/Try/Tiny.pm line 103
	eval {...} at /opt/perl-5.22.3/lib/site_perl/5.22.3/Try/Tiny.pm line 94
	Try::Tiny::try('CODE(0x4cfb1a0)', 'Try::Tiny::Catch=REF(0x40e1828)') called at /opt/perl-5.22.3/lib/site_perl/5.22.3/x86_64-linux/Class/MOP/Class.pm line 904
	Class::MOP::Class::_post_add_attribute('Moose::Meta::Class=HASH(0x40adba8)', 'Moose::Meta::Attribute=HASH(0x40e19d8)') called at /opt/perl-5.22.3/lib/site_perl/5.22.3/x86_64-linux/Class/MOP/Mixin/HasAttributes.pm line 39
	Class::MOP::Mixin::HasAttributes::add_attribute('Moose::Meta::Class=HASH(0x40adba8)', 'Moose::Meta::Attribute=HASH(0x40e19d8)') called at /opt/perl-5.22.3/lib/site_perl/5.22.3/x86_64-linux/Moose/Meta/Class.pm line 585
	Moose::Meta::Class::add_attribute('Moose::Meta::Class=HASH(0x40adba8)', 'Moose::Meta::Attribute=HASH(0x40e19d8)') called at /opt/perl-5.22.3/lib/site_perl/5.22.3/x86_64-linux/Moose/Meta/Role/Application/ToClass.pm line 126
	Moose::Meta::Role::Application::ToClass::apply_attributes('Moose::Meta::Role::Application::ToClass=HASH(0x48a5818)', 'Moose::Meta::Role=HASH(0x48a5980)', 'Moose::Meta::Class=HASH(0x40adba8)') called at /opt/perl-5.22.3/lib/site_perl/5.22.3/x86_64-linux/Moose/Meta/Role/Application.pm line 59
	Moose::Meta::Role::Application::apply('Moose::Meta::Role::Application::ToClass=HASH(0x48a5818)', 'Moose::Meta::Role=HASH(0x48a5980)', 'Moose::Meta::Class=HASH(0x40adba8)') called at /opt/perl-5.22.3/lib/site_perl/5.22.3/x86_64-linux/Moose/Meta/Role/Application/ToClass.pm line 31
	Moose::Meta::Role::Application::ToClass::apply('Moose::Meta::Role::Application::ToClass=HASH(0x48a5818)', 'Moose::Meta::Role=HASH(0x48a5980)', 'Moose::Meta::Class=HASH(0x40adba8)', 'HASH(0x2b3f680)') called at /opt/perl-5.22.3/lib/site_perl/5.22.3/x86_64-linux/Moose/Meta/Role.pm line 472
	Moose::Meta::Role::apply('Moose::Meta::Role=HASH(0x48a5980)', 'Moose::Meta::Class=HASH(0x40adba8)') called at /opt/perl-5.22.3/lib/site_perl/5.22.3/x86_64-linux/Moose/Util.pm line 172
	Moose::Util::_apply_all_roles('Moose::Meta::Class=HASH(0x40adba8)', undef, 'DBIx::Class::Graph::Role::ResultSet') called at /opt/perl-5.22.3/lib/site_perl/5.22.3/x86_64-linux/Moose/Util.pm line 114
	Moose::Util::apply_all_roles('Moose::Meta::Class=HASH(0x40adba8)', 'DBIx::Class::Graph::Role::ResultSet') called at /opt/perl-5.22.3/lib/site_perl/5.22.3/x86_64-linux/Moose.pm line 57
	Moose::with('Moose::Meta::Class=HASH(0x40adba8)', 'DBIx::Class::Graph::Role::ResultSet') called at /opt/perl-5.22.3/lib/site_perl/5.22.3/x86_64-linux/Moose/Exporter.pm line 419
	Moose::with('DBIx::Class::Graph::Role::ResultSet') called at /tmpfs/.cpan-build-cpansand/2017121015/DBIx-Class-Graph-1.05-3/blib/lib/DBIx/Class/ResultSet/Graph.pm line 19
	require DBIx/Class/ResultSet/Graph.pm at /opt/perl-5.22.3/lib/site_perl/5.22.3/Class/C3/Componentised.pm line 150
	eval {...} at /opt/perl-5.22.3/lib/site_perl/5.22.3/Class/C3/Componentised.pm line 150
	Class::C3::Componentised::ensure_class_loaded('DBIx::Class::ResultSource::Table=HASH(0x309a5e8)', 'DBIx::Class::ResultSet::Graph') called at /opt/perl-5.22.3/lib/site_perl/5.22.3/DBIx/Class/AccessorGroup.pm line 19
	DBIx::Class::AccessorGroup::get_component_class('DBIx::Class::ResultSource::Table=HASH(0x309a5e8)', 'resultset_class') called at (eval 194) line 2
	DBIx::Class::ResultSource::resultset_class('DBIx::Class::ResultSource::Table=HASH(0x309a5e8)') called at /opt/perl-5.22.3/lib/site_perl/5.22.3/DBIx/Class/ResultSource.pm line 1135
	DBIx::Class::ResultSource::resultset('DBIx::Class::ResultSource::Table=HASH(0x309a5e8)') called at /opt/perl-5.22.3/lib/site_perl/5.22.3/DBIx/Class/Schema.pm line 547
	DBIx::Class::Schema::resultset('TestLib::Schema=HASH(0x149e470)', 'Simple') called at /opt/perl-5.22.3/lib/site_perl/5.22.3/DBIx/Class/Schema.pm line 769
	DBIx::Class::Schema::populate('TestLib::Schema=HASH(0x149e470)', 'Simple', 'ARRAY(0x40a7da8)') called at t/lib/TestLib.pm line 20
	TestLib::new('TestLib') called at t/simplesucc.t line 7
Compilation failed in require at /opt/perl-5.22.3/lib/site_perl/5.22.3/Class/C3/Componentised.pm line 150. at /opt/perl-5.22.3/lib/site_perl/5.22.3/Class/C3/Componentised.pm line 155
t/simplesucc.t ................ 
Dubious, test returned 255 (wstat 65280, 0xff00)
No subtests run 
{UNKNOWN}: Could not generate inline handles for _graph->("" because : Failed to compile source: syntax error at (eval 757) line 21, near """( "


source:
#line 1 "inline delegation in DBIx::Class::ResultSet::Graph for _graph->("" (attribute declared in /tmpfs/.cpan-build-cpansand/2017121015/DBIx-Class-Graph-1.05-3/blib/lib/DBIx/Class/Graph/Role/ResultSet.pm at line 22)"
sub {
    my $self = shift;

    my $proxy = $self->_graph;
    if ( !defined $proxy ) {
        die Module::Runtime::use_module("Moose::Exception::AttributeValueIsNotDefined")->new(method    => $self->meta->find_method_by_name("(\"\""),
instance  => $self,
attribute => $self->meta->find_attribute_by_name("_graph"),
);
    }
    elsif ( ref $proxy && !Scalar::Util::blessed($proxy) ) {
        die Module::Runtime::use_module("Moose::Exception::AttributeValueIsNotAnObject")->new(method      => $self->meta->find_method_by_name("(\"\""),
instance    => $self,
attribute   => $self->meta->find_attribute_by_name("_graph"),
given_value => $proxy,
);
    }
    return $proxy->(""( @_ );
}
 at /opt/perl-5.22.3/lib/site_perl/5.22.3/x86_64-linux/Class/MOP/Method/Generated.pm line 56.
 at /opt/perl-5.22.3/lib/site_perl/5.22.3/x86_64-linux/Moose/Meta/Method/Delegation.pm line 154
	Moose::Meta::Method::Delegation::catch {...} ('Failed to compile source: syntax error at (eval 757) line 21, near """( "^J^J^Jsource:^J#line 1 "inline delegation in DBIx::Class::ResultSet::Graph for _graph->("" (attribute declared in /tmpfs/.cpan-build-cpansand/2017121015/DBIx-Class-Graph-1.05-3/blib/lib/DBIx/Class/Graph/Role/ResultSet.pm at line 22)"^Jsub {^J    my $self = shift;^J^J    my $proxy = $self->_graph;^J    if ( !defined $proxy ) {^J        die Module::Runtime::use_module("Moose::Exception::AttributeValueIsNotDefined")->new(method    => $self->meta->find_method_by_name("(\"\""),^Jinstance  => $self,^Jattribute => $self->meta->find_attribute_by_name("_graph"),^J);^J    }^J    elsif ( ref $proxy && !Scalar::Util::blessed($proxy) ) {^J        die Module::Runtime::use_module("Moose::Exception::AttributeValueIsNotAnObject")->new(method      => $self->meta->find_method_by_name("(\"\""),^Jinstance    => $self,^Jattribute   => $self->meta->find_attribute_by_name("_graph"),^Jgiven_value => $proxy,^J);^J    }^J    return $proxy->(""( @_ );^J}^J at /opt/perl-5.22.3/lib/site_perl/5.22.3/x86_64-linux/Class/MOP/Method/Generated.pm line 56.^J') called at /opt/perl-5.22.3/lib/site_perl/5.22.3/Try/Tiny.pm line 124
	Try::Tiny::try('CODE(0x5e230d0)', 'Try::Tiny::Catch=REF(0x3c00cb8)') called at /opt/perl-5.22.3/lib/site_perl/5.22.3/x86_64-linux/Moose/Meta/Method/Delegation.pm line 160
	Moose::Meta::Method::Delegation::_generate_inline_method('Moose::Meta::Method::Delegation=HASH(0x3608378)') called at /opt/perl-5.22.3/lib/site_perl/5.22.3/x86_64-linux/Moose/Meta/Method/Delegation.pm line 82
	Moose::Meta::Method::Delegation::_initialize_body('Moose::Meta::Method::Delegation=HASH(0x3608378)') called at /opt/perl-5.22.3/lib/site_perl/5.22.3/x86_64-linux/Moose/Meta/Method/Delegation.pm line 54
	Moose::Meta::Method::Delegation::new('Moose::Meta::Method::Delegation', 'name', '(""', 'package_name', 'DBIx::Class::ResultSet::Graph', 'attribute', 'Moose::Meta::Attribute=HASH(0x5dc9900)', 'delegate_to_method', '(""', 'curried_arguments', 'ARRAY(0x38feda8)') called at /opt/perl-5.22.3/lib/site_perl/5.22.3/x86_64-linux/Moose/Meta/Attribute.pm line 1299
	Moose::Meta::Attribute::_make_delegation_method('Moose::Meta::Attribute=HASH(0x5dc9900)', '(""', '(""') called at /opt/perl-5.22.3/lib/site_perl/5.22.3/x86_64-linux/Moose/Meta/Attribute.pm line 1166
	Moose::Meta::Attribute::install_delegation('Moose::Meta::Attribute=HASH(0x5dc9900)') called at /opt/perl-5.22.3/lib/site_perl/5.22.3/x86_64-linux/Moose/Meta/Attribute.pm line 1015
	Moose::Meta::Attribute::install_accessors('Moose::Meta::Attribute=HASH(0x5dc9900)') called at /opt/perl-5.22.3/lib/site_perl/5.22.3/x86_64-linux/Class/MOP/Class.pm line 899
	Class::MOP::Class::try {...}  at /opt/perl-5.22.3/lib/site_perl/5.22.3/Try/Tiny.pm line 103
	eval {...} at /opt/perl-5.22.3/lib/site_perl/5.22.3/Try/Tiny.pm line 94
	Try::Tiny::try('CODE(0x5dc8ec8)', 'Try::Tiny::Catch=REF(0x51a5ee0)') called at /opt/perl-5.22.3/lib/site_perl/5.22.3/x86_64-linux/Class/MOP/Class.pm line 904
	Class::MOP::Class::_post_add_attribute('Moose::Meta::Class=HASH(0x517ea10)', 'Moose::Meta::Attribute=HASH(0x5dc9900)') called at /opt/perl-5.22.3/lib/site_perl/5.22.3/x86_64-linux/Class/MOP/Mixin/HasAttributes.pm line 39
	Class::MOP::Mixin::HasAttributes::add_attribute('Moose::Meta::Class=HASH(0x517ea10)', 'Moose::Meta::Attribute=HASH(0x5dc9900)') called at /opt/perl-5.22.3/lib/site_perl/5.22.3/x86_64-linux/Moose/Meta/Class.pm line 585
	Moose::Meta::Class::add_attribute('Moose::Meta::Class=HASH(0x517ea10)', 'Moose::Meta::Attribute=HASH(0x5dc9900)') called at /opt/perl-5.22.3/lib/site_perl/5.22.3/x86_64-linux/Moose/Meta/Role/Application/ToClass.pm line 126
	Moose::Meta::Role::Application::ToClass::apply_attributes('Moose::Meta::Role::Application::ToClass=HASH(0x59737b0)', 'Moose::Meta::Role=HASH(0x51a9790)', 'Moose::Meta::Class=HASH(0x517ea10)') called at /opt/perl-5.22.3/lib/site_perl/5.22.3/x86_64-linux/Moose/Meta/Role/Application.pm line 59
	Moose::Meta::Role::Application::apply('Moose::Meta::Role::Application::ToClass=HASH(0x59737b0)', 'Moose::Meta::Role=HASH(0x51a9790)', 'Moose::Meta::Class=HASH(0x517ea10)') called at /opt/perl-5.22.3/lib/site_perl/5.22.3/x86_64-linux/Moose/Meta/Role/Application/ToClass.pm line 31
	Moose::Meta::Role::Application::ToClass::apply('Moose::Meta::Role::Application::ToClass=HASH(0x59737b0)', 'Moose::Meta::Role=HASH(0x51a9790)', 'Moose::Meta::Class=HASH(0x517ea10)', 'HASH(0x3c0d950)') called at /opt/perl-5.22.3/lib/site_perl/5.22.3/x86_64-linux/Moose/Meta/Role.pm line 472
	Moose::Meta::Role::apply('Moose::Meta::Role=HASH(0x51a9790)', 'Moose::Meta::Class=HASH(0x517ea10)') called at /opt/perl-5.22.3/lib/site_perl/5.22.3/x86_64-linux/Moose/Util.pm line 172
	Moose::Util::_apply_all_roles('Moose::Meta::Class=HASH(0x517ea10)', undef, 'DBIx::Class::Graph::Role::ResultSet') called at /opt/perl-5.22.3/lib/site_perl/5.22.3/x86_64-linux/Moose/Util.pm line 114
	Moose::Util::apply_all_roles('Moose::Meta::Class=HASH(0x517ea10)', 'DBIx::Class::Graph::Role::ResultSet') called at /opt/perl-5.22.3/lib/site_perl/5.22.3/x86_64-linux/Moose.pm line 57
	Moose::with('Moose::Meta::Class=HASH(0x517ea10)', 'DBIx::Class::Graph::Role::ResultSet') called at /opt/perl-5.22.3/lib/site_perl/5.22.3/x86_64-linux/Moose/Exporter.pm line 419
	Moose::with('DBIx::Class::Graph::Role::ResultSet') called at /tmpfs/.cpan-build-cpansand/2017121015/DBIx-Class-Graph-1.05-3/blib/lib/DBIx/Class/ResultSet/Graph.pm line 19
	require DBIx/Class/ResultSet/Graph.pm at /opt/perl-5.22.3/lib/site_perl/5.22.3/Class/C3/Componentised.pm line 150
	eval {...} at /opt/perl-5.22.3/lib/site_perl/5.22.3/Class/C3/Componentised.pm line 150
	Class::C3::Componentised::ensure_class_loaded('DBIx::Class::ResultSource::Table=HASH(0x257f410)', 'DBIx::Class::ResultSet::Graph') called at /opt/perl-5.22.3/lib/site_perl/5.22.3/DBIx/Class/AccessorGroup.pm line 19
	DBIx::Class::AccessorGroup::get_component_class('DBIx::Class::ResultSource::Table=HASH(0x257f410)', 'resultset_class') called at (eval 194) line 2
	DBIx::Class::ResultSource::resultset_class('DBIx::Class::ResultSource::Table=HASH(0x257f410)') called at /opt/perl-5.22.3/lib/site_perl/5.22.3/DBIx/Class/ResultSource.pm line 1135
	DBIx::Class::ResultSource::resultset('DBIx::Class::ResultSource::Table=HASH(0x257f410)') called at /opt/perl-5.22.3/lib/site_perl/5.22.3/DBIx/Class/Schema.pm line 547
	DBIx::Class::Schema::resultset('TestLib::Schema=HASH(0x256c470)', 'Simple') called at /opt/perl-5.22.3/lib/site_perl/5.22.3/DBIx/Class/Schema.pm line 769
	DBIx::Class::Schema::populate('TestLib::Schema=HASH(0x256c470)', 'Simple', 'ARRAY(0x50a1c60)') called at t/lib/TestLib.pm line 20
	TestLib::new('TestLib') called at t/wrapper.t line 7
Compilation failed in require at /opt/perl-5.22.3/lib/site_perl/5.22.3/Class/C3/Componentised.pm line 150. at /opt/perl-5.22.3/lib/site_perl/5.22.3/Class/C3/Componentised.pm line 155
t/wrapper.t ................... 
Dubious, test returned 255 (wstat 65280, 0xff00)
No subtests run 

Test Summary Report
-------------------
t/00-compile.t              (Wstat: 256 Tests: 5 Failed: 1)
  Failed test:  5
  Non-zero exit status: 1
t/complex.t                 (Wstat: 65280 Tests: 0 Failed: 0)
  Non-zero exit status: 255
  Parse errors: No plan found in TAP output
t/leak.t                    (Wstat: 65280 Tests: 0 Failed: 0)
  Non-zero exit status: 255
  Parse errors: No plan found in TAP output
t/result.t                  (Wstat: 65280 Tests: 0 Failed: 0)
  Non-zero exit status: 255
  Parse errors: No plan found in TAP output
t/resultset.t               (Wstat: 65280 Tests: 0 Failed: 0)
  Non-zero exit status: 255
  Parse errors: No plan found in TAP output
t/simple01.t                (Wstat: 65280 Tests: 0 Failed: 0)
  Non-zero exit status: 255
  Parse errors: No plan found in TAP output
t/simple02.t                (Wstat: 65280 Tests: 0 Failed: 0)
  Non-zero exit status: 255
  Parse errors: No plan found in TAP output
t/simplesucc.t              (Wstat: 65280 Tests: 0 Failed: 0)
  Non-zero exit status: 255
  Parse errors: No plan found in TAP output
t/wrapper.t                 (Wstat: 65280 Tests: 0 Failed: 0)
  Non-zero exit status: 255
  Parse errors: No plan found in TAP output
Files=15, Tests=6, 11 wallclock secs ( 0.04 usr  0.06 sys +  4.60 cusr  0.75 csys =  5.45 CPU)
Result: FAIL
Failed 9/15 test programs. 1/6 subtests failed.

------------------------------
PREREQUISITES
------------------------------

Prerequisite modules loaded:

requires:

    Module                 Need   Have    
    ---------------------- ------ --------
    base                   0      2.22    
    Class::C3              0      0.32    
    DBIx::Class            0      0.082840
    DBIx::Class::ResultSet 0      0       
    Graph                  0.94   0.9704  
    List::MoreUtils        0      0.426   
    Moose                  0      2.2008  
    Moose::Role            0      2.2008  
    Scalar::Util           0      1.49    
    strict                 0      1.09    
    warnings               0      1.34    

build_requires:

    Module                 Need   Have    
    ---------------------- ------ --------
    DBIx::Class::Schema    0      0       
    File::Find             0      1.29    
    File::Temp             0      0.2304  
    Module::Build          0.3601 0.4224  
    Test::Memory::Cycle    0      1.06    
    Test::More             0.88   1.302118

configure_requires:

    Module                 Need   Have    
    ---------------------- ------ --------
    Module::Build          0.3601 0.4224  


------------------------------
ENVIRONMENT AND OTHER CONTEXT
------------------------------

Environment variables:

    LANG = C
    PATH = /usr/local/bin:/usr/bin:/bin:/usr/local/sbin:/usr/sbin:/sbin:/home/cpansand/bin/linux-gnu:/home/cpansand/bin/sh:/home/cpansand/bin:/usr/games:/home/cpansand/devel:/home/eserte/src/srezic-misc/scripts
    PERL5LIB = 
    PERL5OPT = 
    PERL5_CPANPLUS_IS_RUNNING = 4882
    PERL5_CPAN_IS_RUNNING = 4882
    PERL5_CPAN_IS_RUNNING_IN_RECURSION = 29578,4882
    PERLDOC = -MPod::Perldoc::ToTextOverstrike
    PERL_BATCH = yes
    PERL_CANARY_STABILITY_NOPROMPT = 1
    PERL_CPAN_REPORTER_CONFIG = /var/tmp/cpansmoker-1023/2017121012/cpanreporter_001_config.ini
    PERL_EXTUTILS_AUTOINSTALL = --defaultdeps
    SHELL = /bin/zsh
    TERM = screen
    TMPDIR = /var/tmp/cpansmoker-1023/2017121012

Perl special variables (and OS-specific diagnostics, for MSWin32):

    $^X = /bbbike/perl-5.22.3/bin/perl
    $UID/$EUID = 1023 / 1023
    $GID = 1023 1023
    $EGID = 1023 1023

Perl module toolchain versions installed:

    Module              Have    
    ------------------- --------
    CPAN                2.16    
    CPAN::Meta          2.150010
    Cwd                 3.62    
    ExtUtils::CBuilder  0.280230
    ExtUtils::Command   7.24    
    ExtUtils::Install   2.10    
    ExtUtils::MakeMaker 7.24    
    ExtUtils::Manifest  1.70    
    ExtUtils::ParseXS   3.35    
    File::Spec          3.62    
    JSON                2.96    
    JSON::PP            2.96    
    Module::Build       0.4224  
    Module::Signature   0.81    
    Parse::CPAN::Meta   2.150010
    Test::Harness       3.39    
    Test::More          1.302118
    YAML                1.23    
    YAML::Syck          1.30    
    version             0.9918  


--

Summary of my perl5 (revision 5 version 22 subversion 3) configuration:
   
  Platform:
    osname=linux, osvers=3.16.0-4-amd64, archname=x86_64-linux
    uname='linux eserte 3.16.0-4-amd64 #1 smp debian 3.16.39-1 (2016-12-30) x86_64 gnulinux '
    config_args='-ds -e -Dprefix=/opt/perl-5.22.3 -Dcf_email=srezic@cpan.org'
    hint=recommended, useposix=true, d_sigaction=define
    useithreads=undef, usemultiplicity=undef
    use64bitint=define, use64bitall=define, uselongdouble=undef
    usemymalloc=n, bincompat5005=undef
  Compiler:
    cc='cc', ccflags ='-fwrapv -fno-strict-aliasing -pipe -fstack-protector-strong -I/usr/local/include -D_LARGEFILE_SOURCE -D_FILE_OFFSET_BITS=64 -D_FORTIFY_SOURCE=2',
    optimize='-O2',
    cppflags='-fwrapv -fno-strict-aliasing -pipe -fstack-protector-strong -I/usr/local/include'
    ccversion='', gccversion='4.9.2', gccosandvers=''
    intsize=4, longsize=8, ptrsize=8, doublesize=8, byteorder=12345678, doublekind=3
    d_longlong=define, longlongsize=8, d_longdbl=define, longdblsize=16, longdblkind=3
    ivtype='long', ivsize=8, nvtype='double', nvsize=8, Off_t='off_t', lseeksize=8
    alignbytes=8, prototype=define
  Linker and Libraries:
    ld='cc', ldflags =' -fstack-protector-strong -L/usr/local/lib'
    libpth=/usr/local/lib /usr/lib/gcc/x86_64-linux-gnu/4.9/include-fixed /usr/include/x86_64-linux-gnu /usr/lib /lib/x86_64-linux-gnu /lib/../lib /usr/lib/x86_64-linux-gnu /usr/lib/../lib /lib
    libs=-lpthread -lnsl -lgdbm -ldb -ldl -lm -lcrypt -lutil -lc -lgdbm_compat
    perllibs=-lpthread -lnsl -ldl -lm -lcrypt -lutil -lc
    libc=libc-2.19.so, so=so, useshrplib=false, libperl=libperl.a
    gnulibc_version='2.19'
  Dynamic Linking:
    dlsrc=dl_dlopen.xs, dlext=so, d_dlsymun=undef, ccdlflags='-Wl,-E'
    cccdlflags='-fPIC', lddlflags='-shared -O2 -L/usr/local/lib -fstack-protector-strong'


Characteristics of this binary (from libperl): 
  Compile-time options: HAS_TIMES PERLIO_LAYERS PERL_DONT_CREATE_GVSV
                        PERL_HASH_FUNC_ONE_AT_A_TIME_HARD PERL_MALLOC_WRAP
                        PERL_NEW_COPY_ON_WRITE PERL_PRESERVE_IVUV
                        USE_64_BIT_ALL USE_64_BIT_INT USE_LARGE_FILES
                        USE_LOCALE USE_LOCALE_COLLATE USE_LOCALE_CTYPE
                        USE_LOCALE_NUMERIC USE_LOCALE_TIME USE_PERLIO
                        USE_PERL_ATOF
  Built under linux
  Compiled at Jan 14 2017 21:21:45
  %ENV:
    PERL5LIB=""
    PERL5OPT=""
    PERL5_CPANPLUS_IS_RUNNING="4882"
    PERL5_CPAN_IS_RUNNING="4882"
    PERL5_CPAN_IS_RUNNING_IN_RECURSION="29578,4882"
    PERLDOC="-MPod::Perldoc::ToTextOverstrike"
    PERL_BATCH="yes"
    PERL_CANARY_STABILITY_NOPROMPT="1"
    PERL_CPAN_REPORTER_CONFIG="/var/tmp/cpansmoker-1023/2017121012/cpanreporter_001_config.ini"
    PERL_EXTUTILS_AUTOINSTALL="--defaultdeps"
  @INC:
    /opt/perl-5.22.3/lib/site_perl/5.22.3/x86_64-linux
    /opt/perl-5.22.3/lib/site_perl/5.22.3
    /opt/perl-5.22.3/lib/5.22.3/x86_64-linux
    /opt/perl-5.22.3/lib/5.22.3
    .