Test-MockFile v0.036 Perl 5 v5.14.4 amd64-freebsd
- Status
- Fail
- From
- Slaven Rezić
- Dist
-
Test-MockFile v0.036
- Platform
- Perl 5 v5.14.4 amd64-freebsd
- Date
- 2023-08-03 06:30:08
- ID
- 31014770-31c7-11ee-9bdd-f51b6e8775ea
This distribution has been tested as part of the CPAN Testers
project, supporting the Perl programming language. See
http://wiki.cpantesters.org/ for more information or email
questions to cpan-testers-discuss@perl.org
--
Dear Todd Rinaldo,
This is a computer-generated report for Test-MockFile-0.036
on perl 5.14.4, created by CPAN-Reporter-1.2019.
Thank you for uploading your work to CPAN. However, there was a problem
testing your distribution.
If you think this report is invalid, please consult the CPAN Testers Wiki
for suggestions on how to avoid getting FAIL reports for missing library
or binary dependencies, unsupported operating systems, and so on:
http://wiki.cpantesters.org/wiki/CPANAuthorNotes
Sections of this report:
* Tester comments
* Program output
* Prerequisites
* Environment and other context
------------------------------
TESTER COMMENTS
------------------------------
Additional comments from tester:
none provided
------------------------------
PROGRAM OUTPUT
------------------------------
Output from '/usr/bin/make test':
PERL_DL_NONLAZY=1 "/usr/perl5.14.4/bin/perl" "-MExtUtils::Command::MM" "-MTest::Harness" "-e" "undef *Test::Harness::Switches; test_harness(0, 'blib/lib', 'blib/arch')" t/*.t
# Testing Test::MockFile 0.036 with Overload::FileCheck 0.013 and File::Temp 0.2311
# Perl 5.014004, /usr/perl5.14.4/bin/perl
t/00-load.t ......................... ok
t/chmod-filetemp.t .................. skipped: Skip for now < 5.28
t/chmod.t ........................... ok
t/chown-chmod-nostrict.t ............ ok
t/chown.t ........................... ok
t/detect-common-mistakes.t .......... ok
t/dir_interface.t ................... ok
t/file_access_hooks.t ............... ok
t/file_from_disk.t .................. ok
t/fileno.t .......................... ok
t/globbing.t ........................ ok
t/goto_is_available.t ............... ok
t/handle-corruption.t ............... ok
t/import.t .......................... ok
t/manifest.t ........................ skipped: Test::CheckManifest is broken - https://github.com/reneeb/Test-CheckManifest/issues/20
t/mkdir.t ........................... ok
t/mock_stat.t ....................... ok
t/new_dir_interface.t ............... ok
t/open-noclose.t .................... ok
t/open.t ............................ ok
t/open_strict.t ..................... ok
t/opendir.t ......................... ok
t/path.t ............................ ok
t/plugin-filetemp.t ................. skipped: Skip for now < 5.28
t/plugin.t .......................... ok
t/pod-coverage.t .................... skipped: Author tests not required for installation
t/pod.t ............................. skipped: Author tests not required for installation
t/readline.t ........................ ok
# Failed test '$! is EINVAL for a readlink(undef)'
# at t/readlink.t line 52.
# +-----+----+-------+
# | GOT | OP | CHECK |
# +-----+----+-------+
# | 2 | eq | 22 |
# +-----+----+-------+
# Failed test '$! is EINVAL for a readlink(undef)'
# at t/readlink.t line 63.
# +-----+----+-------+
# | GOT | OP | CHECK |
# +-----+----+-------+
# | 2 | eq | 22 |
# +-----+----+-------+
# Seeded srand with seed '20230726' from local date.
t/readlink.t ........................
Dubious, test returned 2 (wstat 512, 0x200)
Failed 2/32 subtests
t/rmdir.t ........................... ok
t/runtime-bareword-filehandles.t .... ok
t/stat-x.t .......................... ok
t/strict-rules.t .................... ok
t/strict-rules_file-temp-example.t .. ok
t/strict-rules_scalar.t ............. ok
t/symlink.t ......................... ok
t/sysopen.t ......................... ok
t/sysopen_strict.t .................. skipped: Needs FileTemp plugin
t/Test-MockFile_file.t .............. ok
t/touch.t ........................... ok
t/unlink.t .......................... ok
t/writeline.t ....................... ok
Test Summary Report
-------------------
t/readlink.t (Wstat: 512 (exited 2) Tests: 32 Failed: 2)
Failed tests: 13, 16
Non-zero exit status: 2
Files=42, Tests=432, 9 wallclock secs ( 0.09 usr 0.08 sys + 6.15 cusr 2.10 csys = 8.42 CPU)
Result: FAIL
Failed 1/42 test programs. 2/432 subtests failed.
*** [test_dynamic] Error code 255
Stop in /usr/home/cpansand/.cpan/build/2023072618/Test-MockFile-0.036-3.
------------------------------
PREREQUISITES
------------------------------
Prerequisite modules loaded:
requires:
Module Need Have
------------------------- -------- --------
Overload::FileCheck 0.013 0.013
perl 5.006 5.014004
Text::Glob 0 0.11
build_requires:
Module Need Have
------------------------- -------- --------
File::Basename 0 2.82
File::Slurper 0 0.012
File::Temp 0 0.2311
Test2::Bundle::Extended 0.000084 0.000155
Test2::Harness::Util::IPC 0 1.000073
Test2::Plugin::NoWarnings 0 0.09
Test2::Tools::Explain 0 0.02
Test::MockModule 0 0.177.0
Test::More 1.302133 1.302195
configure_requires:
Module Need Have
------------------------- -------- --------
ExtUtils::MakeMaker 0 7.70
------------------------------
ENVIRONMENT AND OTHER CONTEXT
------------------------------
Environment variables:
LC_ALL = de_DE.ISO8859-1
PATH = /usr/local/bin:/usr/bin:/bin:/usr/local/sbin:/usr/sbin:/sbin:/home/cpansand/bin/freebsd9.3:/home/cpansand/bin/sh:/home/cpansand/bin:/usr/games:/home/cpansand/devel:/usr/home/eserte/src/srezic-misc/scripts
PERL5LIB =
PERL5OPT =
PERL5_CPANPLUS_IS_RUNNING = 21312
PERL5_CPAN_IS_RUNNING = 21312
PERL5_CPAN_IS_RUNNING_IN_RECURSION = 19525,21312
PERLDOC = -MPod::Perldoc::ToTextOverstrike
PERL_BATCH = yes
PERL_CANARY_STABILITY_NOPROMPT = 1
PERL_CPAN_REPORTER_CONFIG = /var/tmp/cpansmoker-1023/2023072618/cpanreporter_000_config.ini
PERL_EXTUTILS_AUTOINSTALL = --defaultdeps
PERL_USE_UNSAFE_INC = 1
SHELL = /usr/local/bin/zsh
TERM = screen
TMPDIR = /var/tmp/cpansmoker-1023/2023072618
Perl special variables (and OS-specific diagnostics, for MSWin32):
$^X = /usr/perl5.14.4/bin/perl
$UID/$EUID = 1023 / 1023
$GID = 1023 1023
$EGID = 1023 1023
Perl module toolchain versions installed:
Module Have
------------------- --------
CPAN 2.36
CPAN::Meta 2.150010
Cwd 3.75
ExtUtils::CBuilder 0.280236
ExtUtils::Command 7.70
ExtUtils::Install 2.22
ExtUtils::MakeMaker 7.70
ExtUtils::Manifest 1.75
ExtUtils::ParseXS 3.35
File::Spec 3.75
JSON 4.10
JSON::PP 4.16
Module::Build 0.4234
Module::Signature 0.88
Parse::CPAN::Meta 2.150010
Test2 1.302195
Test::Harness 3.44
Test::More 1.302195
YAML 1.30
YAML::Syck 1.34
version 0.9929
--
Summary of my perl5 (revision 5 version 14 subversion 4) configuration:
Platform:
osname=freebsd, osvers=9.2-release-p4, archname=amd64-freebsd
uname='freebsd cvrsnica-freebsd-92 9.2-release-p4 freebsd 9.2-release-p4 #0: tue apr 8 18:08:22 utc 2014 root@amd64-builder.daemonology.net:usrobjusrsrcsysgeneric amd64 '
config_args='-ds -e -Dprefix=/usr/perl5.14.4'
hint=recommended, useposix=true, d_sigaction=define
useithreads=undef, usemultiplicity=undef
useperlio=define, d_sfio=undef, uselargefiles=define, usesocks=undef
use64bitint=define, use64bitall=define, uselongdouble=undef
usemymalloc=n, bincompat5005=undef
Compiler:
cc='cc', ccflags ='-DHAS_FPSETMASK -DHAS_FLOATINGPOINT_H -fno-strict-aliasing -pipe -fstack-protector -I/usr/local/include',
optimize='-O',
cppflags='-DHAS_FPSETMASK -DHAS_FLOATINGPOINT_H -fno-strict-aliasing -pipe -fstack-protector -I/usr/local/include'
ccversion='', gccversion='4.2.1 20070831 patched [FreeBSD]', gccosandvers=''
intsize=4, longsize=8, ptrsize=8, doublesize=8, byteorder=12345678
d_longlong=define, longlongsize=8, d_longdbl=define, longdblsize=16
ivtype='long', ivsize=8, nvtype='double', nvsize=8, Off_t='off_t', lseeksize=8
alignbytes=8, prototype=define
Linker and Libraries:
ld='cc', ldflags ='-Wl,-E -fstack-protector -L/usr/local/lib'
libpth=/usr/lib /usr/local/lib
libs=-lgdbm -lm -lcrypt -lutil -lc
perllibs=-lm -lcrypt -lutil -lc
libc=, so=so, useshrplib=false, libperl=libperl.a
gnulibc_version=''
Dynamic Linking:
dlsrc=dl_dlopen.xs, dlext=so, d_dlsymun=undef, ccdlflags=' '
cccdlflags='-DPIC -fPIC', lddlflags='-shared -L/usr/local/lib -fstack-protector'
Characteristics of this binary (from libperl):
Compile-time options: PERL_DONT_CREATE_GVSV PERL_MALLOC_WRAP
PERL_PRESERVE_IVUV USE_64_BIT_ALL USE_64_BIT_INT
USE_LARGE_FILES USE_PERLIO USE_PERL_ATOF
Built under freebsd
Compiled at May 16 2014 00:20:44
%ENV:
PERL5LIB=""
PERL5OPT=""
PERL5_CPANPLUS_IS_RUNNING="21312"
PERL5_CPAN_IS_RUNNING="21312"
PERL5_CPAN_IS_RUNNING_IN_RECURSION="19525,21312"
PERLDOC="-MPod::Perldoc::ToTextOverstrike"
PERL_BATCH="yes"
PERL_CANARY_STABILITY_NOPROMPT="1"
PERL_CPAN_REPORTER_CONFIG="/var/tmp/cpansmoker-1023/2023072618/cpanreporter_000_config.ini"
PERL_EXTUTILS_AUTOINSTALL="--defaultdeps"
PERL_USE_UNSAFE_INC="1"
@INC:
/usr/perl5.14.4/lib/site_perl/5.14.4/amd64-freebsd
/usr/perl5.14.4/lib/site_perl/5.14.4
/usr/perl5.14.4/lib/5.14.4/amd64-freebsd
/usr/perl5.14.4/lib/5.14.4
.