Report for SQL-Steno-0.3.2

Back
From: metabase:user:314402c4-2aae-11df-837a-5e0a49663a4f
Subject: NA SQL-Steno-0.3.2 v5.10.1 GNU/Linux
Date: 2016-05-15T18:59:46Z

This distribution has been tested as part of the CPAN Testers
project, supporting the Perl programming language.  See
http://wiki.cpantesters.org/ for more information or email
questions to cpan-testers-discuss@perl.org


--
Dear Daniel Pfeiffer,

This is a computer-generated report for SQL-Steno-0.3.2
on perl 5.10.1, created by CPAN-Reporter-1.2016.

Thank you for uploading your work to CPAN.  While attempting to build or test
this distribution, the distribution signaled that support is not available
either for this operating system or this version of Perl.  Nevertheless, any
diagnostic output produced is provided below for reference.  If this is not
what you expect, you may wish to consult the CPAN Testers Wiki:

http://wiki.cpantesters.org/wiki/CPANAuthorNotes

Sections of this report:

    * Tester comments
    * Program output
    * Prerequisites
    * Environment and other context

------------------------------
TESTER COMMENTS
------------------------------

Additional comments from tester:

none provided

------------------------------
PROGRAM OUTPUT
------------------------------

Output from '/usr/bin/make test':

PERL_DL_NONLAZY=1 "/bbbike/perl-5.10.1/bin/perl5.10.1" "-MExtUtils::Command::MM" "-MTest::Harness" "-e" "undef *Test::Harness::Switches; test_harness(0, 'blib/lib', 'blib/arch')" t/*.t
Perl v5.14.0 required--this is only v5.10.1, stopped at /tmpfs/.cpan-build-cpansand/2016051518/SQL-Steno-0.3.2-72wQOh/blib/lib/SQL/Steno.pm line 68.
BEGIN failed--compilation aborted at /tmpfs/.cpan-build-cpansand/2016051518/SQL-Steno-0.3.2-72wQOh/blib/lib/SQL/Steno.pm line 68.
Compilation failed in require at t/convert.t line 4.
BEGIN failed--compilation aborted at t/convert.t line 4.
t/convert.t .. 
Dubious, test returned 9 (wstat 2304, 0x900)
No subtests run 
Perl v5.14.0 required--this is only v5.10.1, stopped at /tmpfs/.cpan-build-cpansand/2016051518/SQL-Steno-0.3.2-72wQOh/blib/lib/SQL/Steno.pm line 68.
BEGIN failed--compilation aborted at /tmpfs/.cpan-build-cpansand/2016051518/SQL-Steno-0.3.2-72wQOh/blib/lib/SQL/Steno.pm line 68.
Compilation failed in require at t/db.t line 4.
BEGIN failed--compilation aborted at t/db.t line 4.
t/db.t ....... 
Dubious, test returned 9 (wstat 2304, 0x900)
No subtests run 
Perl v5.14.0 required--this is only v5.10.1, stopped at /tmpfs/.cpan-build-cpansand/2016051518/SQL-Steno-0.3.2-72wQOh/blib/lib/SQL/Steno.pm line 68.
BEGIN failed--compilation aborted at /tmpfs/.cpan-build-cpansand/2016051518/SQL-Steno-0.3.2-72wQOh/blib/lib/SQL/Steno.pm line 68.
Compilation failed in require at t/render.t line 5.
BEGIN failed--compilation aborted at t/render.t line 5.
t/render.t ... 
Dubious, test returned 9 (wstat 2304, 0x900)
No subtests run 
Perl v5.14.0 required--this is only v5.10.1, stopped at /tmpfs/.cpan-build-cpansand/2016051518/SQL-Steno-0.3.2-72wQOh/blib/lib/SQL/Steno.pm line 68.
BEGIN failed--compilation aborted at /tmpfs/.cpan-build-cpansand/2016051518/SQL-Steno-0.3.2-72wQOh/blib/lib/SQL/Steno.pm line 68.
Compilation failed in require at t/shell.t line 4.
BEGIN failed--compilation aborted at t/shell.t line 4.
t/shell.t .... 
Dubious, test returned 9 (wstat 2304, 0x900)
No subtests run 

Test Summary Report
-------------------
t/convert.t (Wstat: 2304 Tests: 0 Failed: 0)
  Non-zero exit status: 9
  Parse errors: No plan found in TAP output
t/db.t     (Wstat: 2304 Tests: 0 Failed: 0)
  Non-zero exit status: 9
  Parse errors: No plan found in TAP output
t/render.t (Wstat: 2304 Tests: 0 Failed: 0)
  Non-zero exit status: 9
  Parse errors: No plan found in TAP output
t/shell.t  (Wstat: 2304 Tests: 0 Failed: 0)
  Non-zero exit status: 9
  Parse errors: No plan found in TAP output
Files=4, Tests=0,  0 wallclock secs ( 0.02 usr  0.01 sys +  0.01 cusr  0.00 csys =  0.04 CPU)
Result: FAIL
Failed 4/4 test programs. 0/0 subtests failed.
make: *** [test_dynamic] Fehler 9

------------------------------
PREREQUISITES
------------------------------

Prerequisite modules loaded:

build_requires:

    Module              Need Have
    ------------------- ---- ----
    ExtUtils::MakeMaker 0    7.14

configure_requires:

    Module              Need Have
    ------------------- ---- ----
    ExtUtils::MakeMaker 0    7.14


------------------------------
ENVIRONMENT AND OTHER CONTEXT
------------------------------

Environment variables:

    LANG = C
    LC_ALL = de_DE.UTF-8
    PATH = /usr/local/bin:/usr/bin:/bin:/usr/local/sbin:/usr/sbin:/sbin:/home/cpansand/bin/linux-gnu:/home/cpansand/bin/sh:/home/cpansand/bin:/usr/games:/home/cpansand/devel:/home/eserte/src/srezic-misc/scripts
    PERL5LIB = 
    PERL5OPT = 
    PERL5_CPANPLUS_IS_RUNNING = 13713
    PERL5_CPAN_IS_RUNNING = 13713
    PERL5_CPAN_IS_RUNNING_IN_RECURSION = 13628,13713
    PERLDOC = -MPod::Perldoc::ToTextOverstrike
    PERL_BATCH = yes
    PERL_CANARY_STABILITY_NOPROMPT = 1
    PERL_CPAN_REPORTER_CONFIG = /var/tmp/cpansmoker-1023/2016051518/cpanreporter_000_config.ini
    PERL_EXTUTILS_AUTOINSTALL = --defaultdeps
    PERL_PARALLEL_SMOKER = yes
    SHELL = /bin/zsh
    TERM = screen
    TMPDIR = /var/tmp/cpansmoker-1023/2016051518

Perl special variables (and OS-specific diagnostics, for MSWin32):

    $^X = /bbbike/perl-5.10.1/bin/perl5.10.1
    $UID/$EUID = 1023 / 1023
    $GID = 1023 1023
    $EGID = 1023 1023

Perl module toolchain versions installed:

    Module              Have    
    ------------------- --------
    CPAN                2.10    
    CPAN::Meta          2.150005
    Cwd                 3.60    
    ExtUtils::CBuilder  0.280223
    ExtUtils::Command   7.14    
    ExtUtils::Install   2.04    
    ExtUtils::MakeMaker 7.14    
    ExtUtils::Manifest  1.70    
    ExtUtils::ParseXS   3.24    
    File::Spec          3.60    
    JSON                2.90    
    JSON::PP            2.27203 
    Module::Build       0.4218  
    Module::Signature   0.78    
    Parse::CPAN::Meta   1.4414  
    Test::Harness       3.36    
    Test::More          1.302015
    YAML                1.15    
    YAML::Syck          1.29    
    version             0.9916  


--

Summary of my perl5 (revision 5 version 10 subversion 1) configuration:
   
  Platform:
    osname=linux, osvers=3.2.0-4-amd64, archname=x86_64-linux
    uname='linux eserte 3.2.0-4-amd64 #1 smp debian 3.2.60-1+deb7u3 x86_64 gnulinux '
    config_args='-ds -e -Dprefix=/opt/perl-5.10.1'
    hint=recommended, useposix=true, d_sigaction=define
    useithreads=undef, usemultiplicity=undef
    useperlio=define, d_sfio=undef, uselargefiles=define, usesocks=undef
    use64bitint=define, use64bitall=define, uselongdouble=undef
    usemymalloc=n, bincompat5005=undef
  Compiler:
    cc='cc', ccflags ='-fno-strict-aliasing -pipe -fstack-protector -I/usr/local/include -D_LARGEFILE_SOURCE -D_FILE_OFFSET_BITS=64',
    optimize='-O2',
    cppflags='-fno-strict-aliasing -pipe -fstack-protector -I/usr/local/include'
    ccversion='', gccversion='4.7.2', gccosandvers=''
    intsize=4, longsize=8, ptrsize=8, doublesize=8, byteorder=12345678
    d_longlong=define, longlongsize=8, d_longdbl=define, longdblsize=16
    ivtype='long', ivsize=8, nvtype='double', nvsize=8, Off_t='off_t', lseeksize=8
    alignbytes=8, prototype=define
  Linker and Libraries:
    ld='cc', ldflags =' -fstack-protector -L/usr/local/lib'
    libpth=/usr/local/lib /lib/x86_64-linux-gnu /lib/../lib /usr/lib/x86_64-linux-gnu /usr/lib/../lib /lib /usr/lib
    libs=-lnsl -ldb -ldl -lm -lcrypt -lutil -lc
    perllibs=-lnsl -ldl -lm -lcrypt -lutil -lc
    libc=libc-2.13.so, so=so, useshrplib=false, libperl=libperl.a
    gnulibc_version='2.13'
  Dynamic Linking:
    dlsrc=dl_dlopen.xs, dlext=so, d_dlsymun=undef, ccdlflags='-Wl,-E'
    cccdlflags='-fPIC', lddlflags='-shared -O2 -L/usr/local/lib -fstack-protector'


Characteristics of this binary (from libperl): 
  Compile-time options: PERL_DONT_CREATE_GVSV PERL_MALLOC_WRAP USE_64_BIT_ALL
                        USE_64_BIT_INT USE_LARGE_FILES USE_PERLIO
  Built under linux
  Compiled at Aug 18 2014 20:38:33
  %ENV:
    PERL5LIB=""
    PERL5OPT=""
    PERL5_CPANPLUS_IS_RUNNING="13713"
    PERL5_CPAN_IS_RUNNING="13713"
    PERL5_CPAN_IS_RUNNING_IN_RECURSION="13628,13713"
    PERLDOC="-MPod::Perldoc::ToTextOverstrike"
    PERL_BATCH="yes"
    PERL_CANARY_STABILITY_NOPROMPT="1"
    PERL_CPAN_REPORTER_CONFIG="/var/tmp/cpansmoker-1023/2016051518/cpanreporter_000_config.ini"
    PERL_EXTUTILS_AUTOINSTALL="--defaultdeps"
    PERL_PARALLEL_SMOKER="yes"
  @INC:
    /opt/perl-5.10.1/lib/5.10.1/x86_64-linux
    /opt/perl-5.10.1/lib/5.10.1
    /opt/perl-5.10.1/lib/site_perl/5.10.1/x86_64-linux
    /opt/perl-5.10.1/lib/site_perl/5.10.1
    .