Report for XML-Debian-ENetInterfaces-0.07

Back
From: metabase:user:314402c4-2aae-11df-837a-5e0a49663a4f
Subject: FAIL XML-Debian-ENetInterfaces-0.07 v5.16.0 RC0 GNU/Linux
Date: 2012-05-13T19:16:50Z

This distribution has been tested as part of the CPAN Testers
project, supporting the Perl programming language.  See
http://wiki.cpantesters.org/ for more information or email
questions to cpan-testers-discuss@perl.org


--
Dear Mike Mestnik,

This is a computer-generated report for XML-Debian-ENetInterfaces-0.07
on perl 5.16.0, created by CPAN-Reporter-1.2006.

Thank you for uploading your work to CPAN.  However, there was a problem
testing your distribution.

If you think this report is invalid, please consult the CPAN Testers Wiki
for suggestions on how to avoid getting FAIL reports for missing library
or binary dependencies, unsupported operating systems, and so on:

http://wiki.cpantesters.org/wiki/CPANAuthorNotes

Sections of this report:

    * Tester comments
    * Program output
    * Prerequisites
    * Environment and other context

------------------------------
TESTER COMMENTS
------------------------------

Additional comments from tester:

none provided

------------------------------
PROGRAM OUTPUT
------------------------------

Output from '/usr/bin/make test':

PERL_DL_NONLAZY=1 /bbbike/ctps/5160RC0linux/install/perl-5.16.0-RC0/bin/perl "-MExtUtils::Command::MM" "-e" "test_harness(0, 'blib/lib', 'blib/arch')" t/*.t
# Testing XML::Debian::ENetInterfaces 0.07, Perl 5.016000, /bbbike/ctps/5160RC0linux/install/perl-5.16.0-RC0/bin/perl
t/00-load.t ....... ok
t/05-perl.t ....... ok

#   Failed test 'Write out interfaces compare to system interfaces.'
#   at t/10-run.t line 83.
# +---+------------------------------------------------------------------------+------------------------------------------------------------------------+
# | Ln|Got                                                                     |Expected                                                                |
# +---+------------------------------------------------------------------------+------------------------------------------------------------------------+
# |  1|'# This file describes the network interfaces available on your system  |'# This file describes the network interfaces available on your system  |
# |  2|# and how to activate them. For more information, see interfaces(5).    |# and how to activate them. For more information, see interfaces(5).    |
# |  3|                                                                        |                                                                        |
# |  4|# The loopback network interface                                        |# The loopback network interface                                        |
# |  5|auto lo                                                                 |auto lo                                                                 |
# |  6|iface lo inet loopback                                                  |iface lo inet loopback                                                  |
# |  7|                                                                        |                                                                        |
# |  8|# The primary network interface                                         |# The primary network interface                                         |
# |  9|auto eth0                                                               |auto eth0                                                               |
# | 10|iface eth0 inet static                                                  |iface eth0 inet static                                                  |
# | 11| address 10.0.0.2                                                       | address 10.0.0.2                                                       |
# | 12| gateway 10.0.0.254                                                     | gateway 10.0.0.254                                                     |
# | 13| netmask 255.255.255.0                                                  | netmask 255.255.255.0                                                  |
# * 14|\n                                                                      |\s\n                                                                    *
# * 15|\n                                                                      |\s\n                                                                    *
# | 16| # post-up  ethtool -K eth0 tx off                                      | # post-up  ethtool -K eth0 tx off                                      |
# | 17|                                                                        |                                                                        |
# | 18|#                                                                       |#                                                                       |
# | 19|# The commented out line above will disable TCP checksumming which      |# The commented out line above will disable TCP checksumming which      |
# | 20|# might resolve problems for some users.  It is disabled by default     |# might resolve problems for some users.  It is disabled by default     |
# | 21|#                                                                       |#                                                                       |
# | 22|'                                                                       |'                                                                       |
# +---+------------------------------------------------------------------------+------------------------------------------------------------------------+
# Looks like you failed 1 test of 5.
t/10-run.t ........ 
Dubious, test returned 1 (wstat 256, 0x100)
Failed 1/5 subtests 
t/manifest.t ...... skipped: Author tests not required for installation
t/pod-coverage.t .. ok
t/pod.t ........... ok

Test Summary Report
-------------------
t/10-run.t      (Wstat: 256 Tests: 5 Failed: 1)
  Failed test:  4
  Non-zero exit status: 1
Files=6, Tests=101,  1 wallclock secs ( 0.04 usr  0.03 sys +  0.39 cusr  0.11 csys =  0.57 CPU)
Result: FAIL
Failed 1/6 test programs. 1/101 subtests failed.
make: *** [test_dynamic] Error 255

------------------------------
PREREQUISITES
------------------------------

Prerequisite modules loaded:

requires:

    Module               Need     Have    
    -------------------- -------- --------
    perl                 5.010000 5.016000
    Test::More           0        0.98    
    XML::LibXML          0        1.97    
    XML::Parser::PerlSAX 0        0.08    

build_requires:

    Module               Need     Have    
    -------------------- -------- --------
    ExtUtils::MakeMaker  0        6.63_02 

configure_requires:

    Module               Need     Have    
    -------------------- -------- --------
    ExtUtils::MakeMaker  0        6.63_02 


------------------------------
ENVIRONMENT AND OTHER CONTEXT
------------------------------

Environment variables:

    DBIC_NO_WARN_BAD_PERL = 1
    LANG = C
    PATH = /usr/local/bin:/usr/bin:/bin:/usr/local/sbin:/usr/sbin:/sbin:/home/eserte/bin/linux-gnu:/home/eserte/bin/sh:/home/eserte/bin:/usr/X11R6/bin:/usr/X11/bin:/usr/games:/home/eserte/devel:/home/eserte/work/cpan-testers-parallelsmoker/utils
    PERL5LIB = 
    PERL5OPT = 
    PERL5_CPANPLUS_IS_RUNNING = 6131
    PERL5_CPAN_IS_RUNNING = 6131
    PERL5_CPAN_IS_RUNNING_IN_RECURSION = 23838,6131
    PERLDOC = -MPod::Perldoc::ToTextOverstrike
    PERL_BATCH = yes
    PERL_CPAN_REPORTER_DIR = /home/eserte/var/ctps/5160RC0linux/config/perl-5.16.0-RC0/cpanreporter
    PERL_EXTUTILS_AUTOINSTALL = --defaultdeps
    PERL_HTML_DISPLAY_CLASS = HTML::Display::Mozilla
    PERL_PARALLEL_SMOKER = yes
    PERL_TEST_UNPATCHED = 1
    SHELL = /usr/bin/zsh
    TERM = screen
    TMPDIR = /var/tmp/cpansmoker-1001

Perl special variables (and OS-specific diagnostics, for MSWin32):

    $^X = /bbbike/ctps/5160RC0linux/install/perl-5.16.0-RC0/bin/perl
    $UID/$EUID = 1001 / 1001
    $GID = 1001 1001
    $EGID = 1001 1001

Perl module toolchain versions installed:

    Module              Have    
    ------------------- --------
    CPAN                1.9800  
    CPAN::Meta          2.120921
    Cwd                 3.39_02 
    ExtUtils::CBuilder  0.280206
    ExtUtils::Command   1.17    
    ExtUtils::Install   1.58    
    ExtUtils::MakeMaker 6.63_02 
    ExtUtils::Manifest  1.61    
    ExtUtils::ParseXS   3.16    
    File::Spec          3.39_02 
    JSON                2.53    
    JSON::PP            2.27200 
    Module::Build       0.40    
    Module::Signature   0.68    
    Parse::CPAN::Meta   1.4404  
    Test::Harness       3.23    
    Test::More          0.98    
    YAML                0.81    
    YAML::Syck          1.20    
    version             0.99    


--

Summary of my perl5 (revision 5 version 16 subversion 0) configuration:
   
  Platform:
    osname=linux, osvers=2.6.32-5-xen-amd64, archname=x86_64-linux
    uname='linux eserte 2.6.32-5-xen-amd64 #1 smp sat may 5 04:18:09 utc 2012 x86_64 gnulinux '
    config_args='-ds -e -Uversiononly -Dinstallusrbinperl=n -Dusedevel -Dprefix=/home/eserte/var/ctps/5160RC0linux/install/perl-5.16.0-RC0'
    hint=recommended, useposix=true, d_sigaction=define
    useithreads=undef, usemultiplicity=undef
    useperlio=define, d_sfio=undef, uselargefiles=define, usesocks=undef
    use64bitint=define, use64bitall=define, uselongdouble=undef
    usemymalloc=n, bincompat5005=undef
  Compiler:
    cc='cc', ccflags ='-fno-strict-aliasing -pipe -fstack-protector -I/usr/local/include -D_LARGEFILE_SOURCE -D_FILE_OFFSET_BITS=64',
    optimize='-O2',
    cppflags='-fno-strict-aliasing -pipe -fstack-protector -I/usr/local/include'
    ccversion='', gccversion='4.4.5', gccosandvers=''
    intsize=4, longsize=8, ptrsize=8, doublesize=8, byteorder=12345678
    d_longlong=define, longlongsize=8, d_longdbl=define, longdblsize=16
    ivtype='long', ivsize=8, nvtype='double', nvsize=8, Off_t='off_t', lseeksize=8
    alignbytes=8, prototype=define
  Linker and Libraries:
    ld='cc', ldflags =' -fstack-protector -L/usr/local/lib'
    libpth=/usr/local/lib /lib/../lib /usr/lib/../lib /lib /usr/lib /lib64 /usr/lib64
    libs=-lnsl -ldb -ldl -lm -lcrypt -lutil -lc
    perllibs=-lnsl -ldl -lm -lcrypt -lutil -lc
    libc=/lib/libc-2.11.3.so, so=so, useshrplib=false, libperl=libperl.a
    gnulibc_version='2.11.3'
  Dynamic Linking:
    dlsrc=dl_dlopen.xs, dlext=so, d_dlsymun=undef, ccdlflags='-Wl,-E'
    cccdlflags='-fPIC', lddlflags='-shared -O2 -L/usr/local/lib -fstack-protector'


Characteristics of this binary (from libperl): 
  Compile-time options: HAS_TIMES PERLIO_LAYERS PERL_DONT_CREATE_GVSV
                        PERL_MALLOC_WRAP PERL_PRESERVE_IVUV PERL_USE_DEVEL
                        USE_64_BIT_ALL USE_64_BIT_INT USE_LARGE_FILES
                        USE_LOCALE USE_LOCALE_COLLATE USE_LOCALE_CTYPE
                        USE_LOCALE_NUMERIC USE_PERLIO USE_PERL_ATOF
  Locally applied patches:
	RC0
  Built under linux
  Compiled at May 11 2012 20:52:16
  %ENV:
    PERL5LIB=""
    PERL5OPT=""
    PERL5_CPANPLUS_IS_RUNNING="6131"
    PERL5_CPAN_IS_RUNNING="6131"
    PERL5_CPAN_IS_RUNNING_IN_RECURSION="23838,6131"
    PERLDOC="-MPod::Perldoc::ToTextOverstrike"
    PERL_BATCH="yes"
    PERL_CPAN_REPORTER_DIR="/home/eserte/var/ctps/5160RC0linux/config/perl-5.16.0-RC0/cpanreporter"
    PERL_EXTUTILS_AUTOINSTALL="--defaultdeps"
    PERL_HTML_DISPLAY_CLASS="HTML::Display::Mozilla"
    PERL_PARALLEL_SMOKER="yes"
    PERL_TEST_UNPATCHED="1"
  @INC:
    /home/eserte/var/ctps/5160RC0linux/install/perl-5.16.0-RC0/lib/site_perl/5.16.0/x86_64-linux
    /home/eserte/var/ctps/5160RC0linux/install/perl-5.16.0-RC0/lib/site_perl/5.16.0
    /home/eserte/var/ctps/5160RC0linux/install/perl-5.16.0-RC0/lib/5.16.0/x86_64-linux
    /home/eserte/var/ctps/5160RC0linux/install/perl-5.16.0-RC0/lib/5.16.0
    .