Back
From: metabase:user:e19ceca0-3168-11e0-8227-519973746d79
Subject: FAIL Template-Plugin-Filter-VisualTruncate-0.05 v5.12.3 FreeBSD
Date: 2011-07-14T09:10:59Z
This distribution has been tested as part of the CPAN Testers
project, supporting the Perl programming language. See
http://wiki.cpantesters.org/ for more information or email
questions to cpan-testers-discuss@perl.org
--
Dear Tomohiro Hosaka,
This is a computer-generated report for Template-Plugin-Filter-VisualTruncate-0.05
on perl 5.12.3, created by CPAN-Reporter-1.1902.
Thank you for uploading your work to CPAN. However, there was a problem
testing your distribution.
If you think this report is invalid, please consult the CPAN Testers Wiki
for suggestions on how to avoid getting FAIL reports for missing library
or binary dependencies, unsupported operating systems, and so on:
http://wiki.cpantesters.org/wiki/CPANAuthorNotes
Sections of this report:
* Tester comments
* Program output
* Prerequisites
* Environment and other context
------------------------------
TESTER COMMENTS
------------------------------
Additional comments from tester:
this report is from an automated smoke testing program
and was not reviewed by a human for accuracy
------------------------------
PROGRAM OUTPUT
------------------------------
Output from '/usr/bin/make test':
/usr/bin/perl "-Iinc" Makefile.PL --config= --installdeps=Test::Base,0,Template,0,Text::CharWidth,0.04,Text::VisualWidth,0.01,UNIVERSAL::require,0
Cannot determine perl version info from lib/Template/Plugin/Filter/VisualTruncate.pm
LEGAL WARNING: 'All rights reserved' may invalidate Open Source licenses. Consider removing it. at inc/Module/Install/Metadata.pm line 323.
PERL_DL_NONLAZY=1 /usr/bin/perl "-MExtUtils::Command::MM" "-e" "test_harness(0, 'inc', 'blib/lib', 'blib/arch')" t/00-load.t t/01-inernal_utf8.t t/02-utf8.t t/03-euc_jp.t t/04-locale.t t/boilerplate.t t/pod-coverage.t t/pod.t
# Testing Template::Plugin::Filter::VisualTruncate 0.05, Perl 5.012003, /usr/bin/perl
t/00-load.t .......... ok
t/01-inernal_utf8.t .. ok
t/02-utf8.t .......... ok
t/03-euc_jp.t ........ ok
"\x{672c}" does not map to ascii at /usr/local/lib/perl5/5.12.3/mach/Encode.pm line 195.
# Looks like you planned 19 tests but ran 7.
# Looks like your test exited with 255 just after 7.
t/04-locale.t ........
Dubious, test returned 255 (wstat 65280, 0xff00)
Failed 12/19 subtests
(5 TODO tests unexpectedly succeeded)
t/boilerplate.t ...... ok
t/pod-coverage.t ..... skipped: Test::Pod::Coverage 1.04 required for testing POD coverage
t/pod.t .............. skipped: Test::Pod 1.14 required for testing POD
Test Summary Report
-------------------
t/04-locale.t (Wstat: 65280 Tests: 7 Failed: 0)
TODO passed: 3-7
Non-zero exit status: 255
Parse errors: Bad plan. You planned 19 tests but ran 7.
Files=8, Tests=66, 1 wallclock secs ( 0.02 usr 0.05 sys + 0.66 cusr 0.16 csys = 0.89 CPU)
Result: FAIL
Failed 1/8 test programs. 0/66 subtests failed.
*** Error code 255
Stop in /usr/home/swills/.cpan/build/Template-Plugin-Filter-VisualTruncate-0.05-EQGS0A.
------------------------------
PREREQUISITES
------------------------------
Prerequisite modules loaded:
requires:
Module Need Have
------------------ ---- ----
Encode 2.23 2.39
Template 0 2.22
Test::Base 0 0.60
Test::More 0.42 0.94
Text::CharWidth 0.04 0.04
Text::VisualWidth 0.01 0.02
UNIVERSAL::require 0 0.13
------------------------------
ENVIRONMENT AND OTHER CONTEXT
------------------------------
Environment variables:
AUTOMATED_TESTING = 1
PATH = /sbin:/bin:/usr/sbin:/usr/bin:/usr/games:/usr/local/sbin:/usr/local/bin:/home/swills/bin
PERL5LIB = /home/swills/.cpan/build/UNIVERSAL-require-0.13-IEY3R4/blib/arch:/home/swills/.cpan/build/UNIVERSAL-require-0.13-IEY3R4/blib/lib:/home/swills/.cpan/build/Template-Toolkit-2.22-U523MY/blib/arch:/home/swills/.cpan/build/Template-Toolkit-2.22-U523MY/blib/lib:/home/swills/.cpan/build/AppConfig-1.66-VSRVEv/blib/arch:/home/swills/.cpan/build/AppConfig-1.66-VSRVEv/blib/lib:/home/swills/.cpan/build/Text-CharWidth-0.04-7E68LE/blib/arch:/home/swills/.cpan/build/Text-CharWidth-0.04-7E68LE/blib/lib:/home/swills/.cpan/build/Text-VisualWidth-0.02-c1V0to/blib/arch:/home/swills/.cpan/build/Text-VisualWidth-0.02-c1V0to/blib/lib:/home/swills/.cpan/build/Test-Base-0.60-bDWoVH/blib/arch:/home/swills/.cpan/build/Test-Base-0.60-bDWoVH/blib/lib:/home/swills/.cpan/build/Spiffy-0.30-lviyLJ/blib/arch:/home/swills/.cpan/build/Spiffy-0.30-lviyLJ/blib/lib:/home/swills/.cpan/build/ExtUtils-MakeMaker-6.56-83LuIS/blib/arch:/home/swills/.cpan/build/ExtUtils-MakeMaker-6.56-83LuIS/blib/lib
PERL5OPT =
PERL5_CPANPLUS_IS_RUNNING = 1950
PERL5_CPAN_IS_RUNNING = 1950
PERL5_CPAN_IS_RUNNING_IN_RECURSION = 65919,1950
PERL_CR_SMOKER_CURRENT = Template-Plugin-Filter-VisualTruncate-0.05
PERL_EXTUTILS_AUTOINSTALL = --defaultdeps
PERL_MM_USE_DEFAULT = 1
SHELL = /usr/local/bin/zsh
TERM = screen
Perl special variables (and OS-specific diagnostics, for MSWin32):
$^X = /usr/bin/perl
$UID/$EUID = 1001 / 1001
$GID = 1001 1001 0
$EGID = 1001 1001 0
Perl module toolchain versions installed:
Module Have
------------------- -------
CPAN 1.94_56
Cwd 3.33
ExtUtils::CBuilder 0.27
ExtUtils::Command 1.16
ExtUtils::Install 1.55
ExtUtils::MakeMaker 6.56
ExtUtils::Manifest 1.57
ExtUtils::ParseXS 2.21
File::Spec 3.33
Module::Build 0.3603
Module::Signature n/a
Test::Harness 3.17
Test::More 0.94
YAML n/a
YAML::Syck n/a
version 0.82
--
Summary of my perl5 (revision 5 version 12 subversion 3) configuration:
Platform:
osname=freebsd, osvers=8.2-stable, archname=i386-freebsd-64int
uname='freebsd tinderbox.host 8.2-stable freebsd 8.2-stable #0: sun may 22 12:37:45 edt 2011 root@tinderbox.host:usrsrcsysmagickernelpath i386 '
config_args='-sde -Dprefix=/usr/local -Darchlib=/usr/local/lib/perl5/5.12.3/mach -Dprivlib=/usr/local/lib/perl5/5.12.3 -Dman3dir=/usr/local/lib/perl5/5.12.3/perl/man/man3 -Dman1dir=/usr/local/man/man1 -Dsitearch=/usr/local/lib/perl5/site_perl/5.12.3/mach -Dsitelib=/usr/local/lib/perl5/site_perl/5.12.3 -Dscriptdir=/usr/local/bin -Dsiteman3dir=/usr/local/lib/perl5/5.12.3/man/man3 -Dsiteman1dir=/usr/local/man/man1 -Ui_malloc -Ui_iconv -Uinstallusrbinperl -Dcc=cc -Duseshrplib -Dinc_version_list=none -Dccflags=-DAPPLLIB_EXP="/usr/local/lib/perl5/5.12.3/BSDPAN" -Doptimize=-O2 -pipe -fno-strict-aliasing -Ui_gdbm -Dusethreads=n -Dusemymalloc=n -Duse64bitint'
hint=recommended, useposix=true, d_sigaction=define
useithreads=undef, usemultiplicity=undef
useperlio=define, d_sfio=undef, uselargefiles=define, usesocks=undef
use64bitint=define, use64bitall=undef, uselongdouble=undef
usemymalloc=n, bincompat5005=undef
Compiler:
cc='cc', ccflags ='-DAPPLLIB_EXP="/usr/local/lib/perl5/5.12.3/BSDPAN" -DHAS_FPSETMASK -DHAS_FLOATINGPOINT_H -fno-strict-aliasing -pipe -fstack-protector -I/usr/local/include',
optimize='-O2 -pipe -fno-strict-aliasing',
cppflags='-DAPPLLIB_EXP="/usr/local/lib/perl5/5.12.3/BSDPAN" -DHAS_FPSETMASK -DHAS_FLOATINGPOINT_H -fno-strict-aliasing -pipe -fstack-protector -I/usr/local/include'
ccversion='', gccversion='4.2.2 20070831 prerelease [FreeBSD]', gccosandvers=''
intsize=4, longsize=4, ptrsize=4, doublesize=8, byteorder=12345678
d_longlong=define, longlongsize=8, d_longdbl=define, longdblsize=12
ivtype='long long', ivsize=8, nvtype='double', nvsize=8, Off_t='off_t', lseeksize=8
alignbytes=4, prototype=define
Linker and Libraries:
ld='cc', ldflags =' -Wl,-E -fstack-protector -L/usr/local/lib'
libpth=/usr/lib /usr/local/lib
libs=-lm -lcrypt -lutil
perllibs=-lm -lcrypt -lutil
libc=, so=so, useshrplib=true, libperl=libperl.so
gnulibc_version=''
Dynamic Linking:
dlsrc=dl_dlopen.xs, dlext=so, d_dlsymun=undef, ccdlflags=' -Wl,-R/usr/local/lib/perl5/5.12.3/mach/CORE'
cccdlflags='-DPIC -fPIC', lddlflags='-shared -L/usr/local/lib -fstack-protector'
Characteristics of this binary (from libperl):
Compile-time options: PERL_DONT_CREATE_GVSV PERL_MALLOC_WRAP USE_64_BIT_INT
USE_LARGE_FILES USE_PERLIO USE_PERL_ATOF
Built under freebsd
Compiled at May 22 2011 16:40:26
%ENV:
PERL5LIB="/home/swills/.cpan/build/UNIVERSAL-require-0.13-IEY3R4/blib/arch:/home/swills/.cpan/build/UNIVERSAL-require-0.13-IEY3R4/blib/lib:/home/swills/.cpan/build/Template-Toolkit-2.22-U523MY/blib/arch:/home/swills/.cpan/build/Template-Toolkit-2.22-U523MY/blib/lib:/home/swills/.cpan/build/AppConfig-1.66-VSRVEv/blib/arch:/home/swills/.cpan/build/AppConfig-1.66-VSRVEv/blib/lib:/home/swills/.cpan/build/Text-CharWidth-0.04-7E68LE/blib/arch:/home/swills/.cpan/build/Text-CharWidth-0.04-7E68LE/blib/lib:/home/swills/.cpan/build/Text-VisualWidth-0.02-c1V0to/blib/arch:/home/swills/.cpan/build/Text-VisualWidth-0.02-c1V0to/blib/lib:/home/swills/.cpan/build/Test-Base-0.60-bDWoVH/blib/arch:/home/swills/.cpan/build/Test-Base-0.60-bDWoVH/blib/lib:/home/swills/.cpan/build/Spiffy-0.30-lviyLJ/blib/arch:/home/swills/.cpan/build/Spiffy-0.30-lviyLJ/blib/lib:/home/swills/.cpan/build/ExtUtils-MakeMaker-6.56-83LuIS/blib/arch:/home/swills/.cpan/build/ExtUtils-MakeMaker-6.56-83LuIS/blib/lib"
PERL5OPT=""
PERL5_CPANPLUS_IS_RUNNING="1950"
PERL5_CPAN_IS_RUNNING="1950"
PERL5_CPAN_IS_RUNNING_IN_RECURSION="65919,1950"
PERL_CR_SMOKER_CURRENT="Template-Plugin-Filter-VisualTruncate-0.05"
PERL_EXTUTILS_AUTOINSTALL="--defaultdeps"
PERL_MM_USE_DEFAULT="1"
@INC:
/home/swills/.cpan/build/UNIVERSAL-require-0.13-IEY3R4/blib/arch
/home/swills/.cpan/build/UNIVERSAL-require-0.13-IEY3R4/blib/lib
/home/swills/.cpan/build/Template-Toolkit-2.22-U523MY/blib/arch
/home/swills/.cpan/build/Template-Toolkit-2.22-U523MY/blib/lib
/home/swills/.cpan/build/AppConfig-1.66-VSRVEv/blib/arch
/home/swills/.cpan/build/AppConfig-1.66-VSRVEv/blib/lib
/home/swills/.cpan/build/Text-CharWidth-0.04-7E68LE/blib/arch
/home/swills/.cpan/build/Text-CharWidth-0.04-7E68LE/blib/lib
/home/swills/.cpan/build/Text-VisualWidth-0.02-c1V0to/blib/arch
/home/swills/.cpan/build/Text-VisualWidth-0.02-c1V0to/blib/lib
/home/swills/.cpan/build/Test-Base-0.60-bDWoVH/blib/arch
/home/swills/.cpan/build/Test-Base-0.60-bDWoVH/blib/lib
/home/swills/.cpan/build/Spiffy-0.30-lviyLJ/blib/arch
/home/swills/.cpan/build/Spiffy-0.30-lviyLJ/blib/lib
/home/swills/.cpan/build/ExtUtils-MakeMaker-6.56-83LuIS/blib/arch
/home/swills/.cpan/build/ExtUtils-MakeMaker-6.56-83LuIS/blib/lib
/usr/local/lib/perl5/5.12.3/BSDPAN
/usr/local/lib/perl5/site_perl/5.12.3/mach
/usr/local/lib/perl5/site_perl/5.12.3
/usr/local/lib/perl5/5.12.3/mach
/usr/local/lib/perl5/5.12.3
.