Back
From: metabase:user:e3434da8-b236-11df-85ca-0247c6d74bde
Subject: FAIL Regexp-Extended-0.01 v5.10.1 GNU/Linux
Date: 2010-11-27T14:04:03Z
This distribution has been tested as part of the CPAN Testers
project, supporting the Perl programming language. See
http://wiki.cpantesters.org/ for more information or email
questions to cpan-testers-discuss@perl.org
--
Dear Daniel Shane,
This is a computer-generated report for Regexp-Extended-0.01
on perl 5.10.1, created by CPAN-Reporter-1.1803.
Thank you for uploading your work to CPAN. However, there was a problem
testing your distribution.
If you think this report is invalid, please consult the CPAN Testers Wiki
for suggestions on how to avoid getting FAIL reports for missing library
or binary dependencies, unsupported operating systems, and so on:
http://wiki.cpantesters.org/wiki/CPANAuthorNotes
Sections of this report:
* Tester comments
* Program output
* Prerequisites
* Environment and other context
------------------------------
TESTER COMMENTS
------------------------------
Additional comments from tester:
this report is from an automated smoke testing program
and was not reviewed by a human for accuracy
------------------------------
PROGRAM OUTPUT
------------------------------
Output from '/usr/bin/make test':
PERL_DL_NONLAZY=1 /home/tester/testing/perl-5.10.1/bin/perl "-MExtUtils::Command::MM" "-e" "test_harness(0, 'blib/lib', 'blib/arch')" t/*.t
Variable "$parenGrp" is not imported at (re_eval 1) line 2.
Global symbol "$parenGrp" requires explicit package name at (re_eval 1) line 2.
Compilation failed in regexp at /home/tester/testing/perl-5.10.1/.cpan/build/Regexp-Extended-0.01-sy2viJ/blib/lib/Regexp/Extended.pm line 62.
Compilation failed in require at t/00-basic.t line 6.
BEGIN failed--compilation aborted at t/00-basic.t line 6.
# Failed test 1 in t/00-basic.t at line 4
# t/00-basic.t line 4 is: END { ok(0) unless $loaded }
t/00-basic.t ........
Dubious, test returned 9 (wstat 2304, 0x900)
Failed 1/1 subtests
Variable "$parenGrp" is not imported at (re_eval 1) line 2.
Global symbol "$parenGrp" requires explicit package name at (re_eval 1) line 2.
Compilation failed in regexp at /home/tester/testing/perl-5.10.1/.cpan/build/Regexp-Extended-0.01-sy2viJ/blib/lib/Regexp/Extended.pm line 62.
Compilation failed in require at t/01-newfeatures.t line 8.
BEGIN failed--compilation aborted at t/01-newfeatures.t line 8.
t/01-newfeatures.t ..
Dubious, test returned 9 (wstat 2304, 0x900)
Failed 11/11 subtests
Variable "$parenGrp" is not imported at (re_eval 1) line 2.
Global symbol "$parenGrp" requires explicit package name at (re_eval 1) line 2.
Compilation failed in regexp at /home/tester/testing/perl-5.10.1/.cpan/build/Regexp-Extended-0.01-sy2viJ/blib/lib/Regexp/Extended.pm line 62.
Compilation failed in require at t/02-match.t line 10.
BEGIN failed--compilation aborted at t/02-match.t line 10.
t/02-match.t ........
Dubious, test returned 9 (wstat 2304, 0x900)
Failed 1/1 subtests
Test Summary Report
-------------------
t/00-basic.t (Wstat: 2304 Tests: 1 Failed: 1)
Failed test: 1
Non-zero exit status: 9
t/01-newfeatures.t (Wstat: 2304 Tests: 0 Failed: 0)
Non-zero exit status: 9
Parse errors: Bad plan. You planned 11 tests but ran 0.
t/02-match.t (Wstat: 2304 Tests: 0 Failed: 0)
Non-zero exit status: 9
Parse errors: Bad plan. You planned 1 tests but ran 0.
Files=3, Tests=1, 1 wallclock secs ( 0.08 usr 0.03 sys + 0.23 cusr 0.04 csys = 0.38 CPU)
Result: FAIL
Failed 3/3 test programs. 1/1 subtests failed.
make: *** [test_dynamic] Error 9
------------------------------
PREREQUISITES
------------------------------
Prerequisite modules loaded:
No requirements found
------------------------------
ENVIRONMENT AND OTHER CONTEXT
------------------------------
Environment variables:
AUTOMATED_TESTING = 1
LANG = en_GB.utf8
LC_COLLATE = C
PATH = /usr/local/bin:/usr/bin:/bin:/usr/local/games:/usr/games
PERL5LIB =
PERL5OPT =
PERL5_CPANPLUS_IS_RUNNING = 13724
PERL5_CPAN_IS_RUNNING = 13724
PERL5_MINISMOKEBOX = 0.36
PERL_EXTUTILS_AUTOINSTALL = --defaultdeps
PERL_MM_USE_DEFAULT = 1
SHELL = /bin/bash
TERM = screen-bce
Perl special variables (and OS-specific diagnostics, for MSWin32):
$^X = /home/tester/testing/perl-5.10.1/bin/perl
$UID/$EUID = 1002 / 1002
$GID = 1002 20 24 25 27 29 30 44 46 100 103 104 112 114 115 1002
$EGID = 1002 20 24 25 27 29 30 44 46 100 103 104 112 114 115 1002
Perl module toolchain versions installed:
Module Have
------------------- -------
CPAN 1.9402
Cwd 3.30
ExtUtils::CBuilder 0.2703
ExtUtils::Command 1.16
ExtUtils::Install 1.54
ExtUtils::MakeMaker 6.55_02
ExtUtils::Manifest 1.56
ExtUtils::ParseXS 2.2206
File::Spec 3.30
Module::Build 0.3607
Module::Signature n/a
Test::Harness 3.22
Test::More 0.96
YAML 0.72
YAML::Syck 1.15
version 0.85
--
Summary of my perl5 (revision 5 version 10 subversion 1) configuration:
Platform:
osname=linux, osvers=2.6.34-0.slh.9-sidux-amd64, archname=x86_64-linux-thread-multi
uname='linux verona 2.6.34-0.slh.9-sidux-amd64 #1 smp preempt sat jun 12 23:27:41 utc 2010 x86_64 gnulinux '
config_args='-Dprefix=/home/tester/testing/perl-5.10.1 -Dusethreads'
hint=recommended, useposix=true, d_sigaction=define
useithreads=define, usemultiplicity=define
useperlio=define, d_sfio=undef, uselargefiles=define, usesocks=undef
use64bitint=define, use64bitall=define, uselongdouble=undef
usemymalloc=n, bincompat5005=undef
Compiler:
cc='cc', ccflags ='-D_REENTRANT -D_GNU_SOURCE -fno-strict-aliasing -pipe -fstack-protector -I/usr/local/include -D_LARGEFILE_SOURCE -D_FILE_OFFSET_BITS=64',
optimize='-O2',
cppflags='-D_REENTRANT -D_GNU_SOURCE -fno-strict-aliasing -pipe -fstack-protector -I/usr/local/include'
ccversion='', gccversion='4.4.5 20100909 (prerelease)', gccosandvers=''
intsize=4, longsize=8, ptrsize=8, doublesize=8, byteorder=12345678
d_longlong=define, longlongsize=8, d_longdbl=define, longdblsize=16
ivtype='long', ivsize=8, nvtype='double', nvsize=8, Off_t='off_t', lseeksize=8
alignbytes=8, prototype=define
Linker and Libraries:
ld='cc', ldflags =' -fstack-protector -L/usr/local/lib'
libpth=/usr/local/lib /lib /usr/lib /lib64 /usr/lib64
libs=-lnsl -lgdbm -ldb -ldl -lm -lcrypt -lutil -lpthread -lc -lgdbm_compat
perllibs=-lnsl -ldl -lm -lcrypt -lutil -lpthread -lc
libc=/lib/libc-2.11.1.so, so=so, useshrplib=false, libperl=libperl.a
gnulibc_version='2.11.1'
Dynamic Linking:
dlsrc=dl_dlopen.xs, dlext=so, d_dlsymun=undef, ccdlflags='-Wl,-E'
cccdlflags='-fPIC', lddlflags='-shared -O2 -L/usr/local/lib -fstack-protector'
Characteristics of this binary (from libperl):
Compile-time options: MULTIPLICITY PERL_DONT_CREATE_GVSV
PERL_IMPLICIT_CONTEXT PERL_MALLOC_WRAP USE_64_BIT_ALL
USE_64_BIT_INT USE_ITHREADS USE_LARGE_FILES
USE_PERLIO USE_REENTRANT_API
Built under linux
Compiled at Nov 13 2010 11:41:13
%ENV:
PERL5LIB=""
PERL5OPT=""
PERL5_CPANPLUS_IS_RUNNING="13724"
PERL5_CPAN_IS_RUNNING="13724"
PERL5_MINISMOKEBOX="0.36"
PERL_EXTUTILS_AUTOINSTALL="--defaultdeps"
PERL_MM_USE_DEFAULT="1"
@INC:
/home/tester/testing/perl-5.10.1/lib/5.10.1/x86_64-linux-thread-multi
/home/tester/testing/perl-5.10.1/lib/5.10.1
/home/tester/testing/perl-5.10.1/lib/site_perl/5.10.1/x86_64-linux-thread-multi
/home/tester/testing/perl-5.10.1/lib/site_perl/5.10.1
.