Report for Simple-SAX-Serializer-0.05

Back
From: metabase:user:30977d10-2aae-11df-837a-5e0a49663a4f
Subject: FAIL Simple-SAX-Serializer-0.05 v5.13.7 GNU/Linux
Date: 2010-12-21T19:33:28Z

This distribution has been tested as part of the CPAN Testers
project, supporting the Perl programming language.  See
http://wiki.cpantesters.org/ for more information or email
questions to cpan-testers-discuss@perl.org


--
Dear Adrian Witas,

This is a computer-generated report for Simple-SAX-Serializer-0.05
on perl 5.13.7, created by CPAN-Reporter-1.1803.

Thank you for uploading your work to CPAN.  However, there was a problem
testing your distribution.

If you think this report is invalid, please consult the CPAN Testers Wiki
for suggestions on how to avoid getting FAIL reports for missing library
or binary dependencies, unsupported operating systems, and so on:

http://wiki.cpantesters.org/wiki/CPANAuthorNotes

Sections of this report:

    * Tester comments
    * Program output
    * Prerequisites
    * Environment and other context

------------------------------
TESTER COMMENTS
------------------------------

Additional comments from tester:

this report is from an automated smoke testing program
and was not reviewed by a human for accuracy

------------------------------
PROGRAM OUTPUT
------------------------------

Output from '/usr/bin/make test':

PERL_DL_NONLAZY=1 /home/stro/perl/perl5137/bin/perl "-MExtUtils::Command::MM" "-e" "test_harness(0, 'blib/lib', 'blib/arch')" t/*.t t/xml/*.t
t/pod.t ........... ok
t/pod_coverage.t .. ok
t/xml/handler.t ... ok
read() on unopened filehandle at /home/stro/perl/perl5137/lib/site_perl/5.13.7/i686-linux/XML/LibXML.pm line 745.
read error at /home/stro/perl/perl5137/lib/site_perl/5.13.7/i686-linux/XML/LibXML.pm line 874. at /home/stro/perl/perl5137/lib/site_perl/5.13.7/i686-linux/XML/LibXML/SAX.pm line 80
 at t/xml/xml.t line 112
# Looks like you planned 19 tests but ran 14.
# Looks like your test exited with 9 just after 14.
t/xml/xml.t ....... 
Dubious, test returned 9 (wstat 2304, 0x900)
Failed 5/19 subtests 

Test Summary Report
-------------------
t/xml/xml.t     (Wstat: 2304 Tests: 14 Failed: 0)
  Non-zero exit status: 9
  Parse errors: Bad plan.  You planned 19 tests but ran 14.
Files=4, Tests=33,  2 wallclock secs ( 0.03 usr  0.03 sys +  0.41 cusr  0.24 csys =  0.71 CPU)
Result: FAIL
Failed 1/4 test programs. 0/33 subtests failed.
make: *** [test_dynamic] Error 9

------------------------------
PREREQUISITES
------------------------------

Prerequisite modules loaded:

requires:

    Module                Need Have   
    --------------------- ---- -------
    Abstract::Meta::Class 0    0.11   
    Carp                  0    1.19   
    Test::Pod             0    1.44   
    Test::Pod::Coverage   0    1.08   
    XML::SAX              0    0.96   

build_requires:

    Module                Need Have   
    --------------------- ---- -------
    ExtUtils::MakeMaker   0    6.57_05


------------------------------
ENVIRONMENT AND OTHER CONTEXT
------------------------------

Environment variables:

    AUTOMATED_TESTING = 1
    LANG = en_US.UTF-8
    PATH = /usr/local/bin:/usr/bin:/bin:/usr/games
    PERL5LIB = 
    PERL5OPT = 
    PERL5_CPANPLUS_IS_RUNNING = 22401
    PERL5_CPAN_IS_RUNNING = 22401
    PERL5_CPAN_IS_RUNNING_IN_RECURSION = 10316,22401
    PERL_CR_SMOKER_CURRENT = Simple-SAX-Serializer-0.05
    PERL_EXTUTILS_AUTOINSTALL = --defaultdeps
    PERL_MM_USE_DEFAULT = 1
    SHELL = /bin/bash
    TERM = xterm

Perl special variables (and OS-specific diagnostics, for MSWin32):

    $^X = /home/stro/perl/perl5137/bin/perl
    $UID/$EUID = 1000 / 1000
    $GID = 1000 20 24 25 29 44 46 1000
    $EGID = 1000 20 24 25 29 44 46 1000

Perl module toolchain versions installed:

    Module              Have   
    ------------------- -------
    CPAN                1.94_62
    Cwd                 3.34   
    ExtUtils::CBuilder  0.2802 
    ExtUtils::Command   1.16   
    ExtUtils::Install   1.55   
    ExtUtils::MakeMaker 6.57_05
    ExtUtils::Manifest  1.58   
    ExtUtils::ParseXS   2.2207 
    File::Spec          3.33   
    Module::Build       0.3607 
    Module::Signature   0.66   
    Test::Harness       3.22   
    Test::More          0.97_01
    YAML                n/a    
    YAML::Syck          1.17   
    version             0.88   


--

Summary of my perl5 (revision 5 version 13 subversion 7) configuration:
   
  Platform:
    osname=linux, osvers=2.6.26-2-686, archname=i686-linux
    uname='linux debian5 2.6.26-2-686 #1 smp mon jun 21 05:58:44 utc 2010 i686 gnulinux '
    config_args=''
    hint=recommended, useposix=true, d_sigaction=define
    useithreads=undef, usemultiplicity=undef
    useperlio=define, d_sfio=undef, uselargefiles=define, usesocks=undef
    use64bitint=undef, use64bitall=undef, uselongdouble=undef
    usemymalloc=n, bincompat5005=undef
  Compiler:
    cc='cc', ccflags ='-fno-strict-aliasing -pipe -fstack-protector -I/usr/local/include -D_LARGEFILE_SOURCE -D_FILE_OFFSET_BITS=64',
    optimize='-O2',
    cppflags='-fno-strict-aliasing -pipe -fstack-protector -I/usr/local/include'
    ccversion='', gccversion='4.3.2', gccosandvers=''
    intsize=4, longsize=4, ptrsize=4, doublesize=8, byteorder=1234
    d_longlong=define, longlongsize=8, d_longdbl=define, longdblsize=12
    ivtype='long', ivsize=4, nvtype='double', nvsize=8, Off_t='off_t', lseeksize=8
    alignbytes=4, prototype=define
  Linker and Libraries:
    ld='cc', ldflags =' -fstack-protector -L/usr/local/lib'
    libpth=/usr/local/lib /lib /usr/lib
    libs=-lnsl -ldb -ldl -lm -lcrypt -lutil -lc
    perllibs=-lnsl -ldl -lm -lcrypt -lutil -lc
    libc=/lib/libc-2.7.so, so=so, useshrplib=false, libperl=libperl.a
    gnulibc_version='2.7'
  Dynamic Linking:
    dlsrc=dl_dlopen.xs, dlext=so, d_dlsymun=undef, ccdlflags='-Wl,-E'
    cccdlflags='-fPIC', lddlflags='-shared -O2 -L/usr/local/lib -fstack-protector'


Characteristics of this binary (from libperl): 
  Compile-time options: PERL_DONT_CREATE_GVSV PERL_MALLOC_WRAP
                        USE_LARGE_FILES USE_PERLIO USE_PERL_ATOF
  Built under linux
  Compiled at Dec  1 2010 15:35:19
  %ENV:
    PERL5LIB=""
    PERL5OPT=""
    PERL5_CPANPLUS_IS_RUNNING="22401"
    PERL5_CPAN_IS_RUNNING="22401"
    PERL5_CPAN_IS_RUNNING_IN_RECURSION="10316,22401"
    PERL_CR_SMOKER_CURRENT="Simple-SAX-Serializer-0.05"
    PERL_EXTUTILS_AUTOINSTALL="--defaultdeps"
    PERL_MM_USE_DEFAULT="1"
  @INC:
    /home/stro/perl/perl5137/lib/site_perl/5.13.7/i686-linux
    /home/stro/perl/perl5137/lib/site_perl/5.13.7
    /home/stro/perl/perl5137/lib/5.13.7/i686-linux
    /home/stro/perl/perl5137/lib/5.13.7
    .