Back
From: metabase:user:30ae4450-2aae-11df-837a-5e0a49663a4f
Subject: FAIL CGI-Compress-Gzip-1.03 v5.12.2
Date: 2014-08-21T14:40:31Z
This distribution has been tested as part of the CPAN Testers
project, supporting the Perl programming language. See
http://wiki.cpantesters.org/ for more information or email
questions to cpan-testers-discuss@perl.org
--
Dear Chris Dolan,
This is a computer-generated report for CGI-Compress-Gzip-1.03
on perl 5.12.2, created by CPAN-Reporter-1.2011.
Thank you for uploading your work to CPAN. However, there was a problem
testing your distribution.
If you think this report is invalid, please consult the CPAN Testers Wiki
for suggestions on how to avoid getting FAIL reports for missing library
or binary dependencies, unsupported operating systems, and so on:
http://wiki.cpantesters.org/wiki/CPANAuthorNotes
Sections of this report:
* Tester comments
* Program output
* Prerequisites
* Environment and other context
------------------------------
TESTER COMMENTS
------------------------------
Additional comments from tester:
this report is from an automated smoke testing program
and was not reviewed by a human for accuracy
------------------------------
PROGRAM OUTPUT
------------------------------
Output from 'C:\strawberry\perl\bin\perl.exe ./Build test':
# Failed test 'CGI template -- extra header: X-non-gzip-reason: user agent does not want gzip
# Content-Type: text/html; charset=ISO-8859-1
#
# Hello World!'
# at t\gzip.t line 378.
# got: 'X-non-gzip-reason: user agent does not want gzip
# Content-Type: text/html; charset=ISO-8859-1
#
# Hello World!'
# expected: 'x-non-gzip-reason: user agent does not want gzip
# Content-Type: text/html; charset=ISO-8859-1
#
# Hello World!'
# Failed test 'no body -- extra header: Content-encoding: gzip
# Content-Type: text/html; charset=ISO-8859-1
#
# ÿ '
# at t\gzip.t line 378.
# got: 'Content-encoding: gzip
# Content-Type: text/html; charset=ISO-8859-1
#
# ÿ '
# expected: 'Content-Encoding: gzip
# Content-Type: text/html; charset=ISO-8859-1
#
# ÿ '
# Failed test 'Gzipped CGI template -- extra header: Content-encoding: gzip
# Content-Type: text/html; charset=ISO-8859-1
#
# ÿóHÍÉÉWÏ/ÊIQ £) '
# at t\gzip.t line 378.
# got: 'Content-encoding: gzip
# Content-Type: text/html; charset=ISO-8859-1
#
# ÿóHÍÉÉWÏ/ÊIQ £) '
# expected: 'Content-Encoding: gzip
# Content-Type: text/html; charset=ISO-8859-1
#
# ÿóHÍÉÉWÏ/ÊIQ £) '
# Failed test 'Gzipped CGI template with charset -- extra header: Content-encoding: gzip
# Content-Type: text/html; charset=UTF-8
#
# ÿóHÍÉÉWÏ/ÊIQ £) '
# at t\gzip.t line 378.
# got: 'Content-encoding: gzip
# Content-Type: text/html; charset=UTF-8
#
# ÿóHÍÉÉWÏ/ÊIQ £) '
# expected: 'Content-Encoding: gzip
# Content-Type: text/html; charset=UTF-8
#
# ÿóHÍÉÉWÏ/ÊIQ £) '
# Failed test 'Un-Gzipped with -Type flag -- extra header: X-non-gzip-reason: incompatible content-type foo/bar
# Content-Type: foo/bar; charset=ISO-8859-1
#
# Hello World!'
# at t\gzip.t line 378.
# got: 'X-non-gzip-reason: incompatible content-type foo/bar
# Content-Type: foo/bar; charset=ISO-8859-1
#
# Hello World!'
# expected: 'x-non-gzip-reason: incompatible content-type foo/bar
# Content-Type: foo/bar; charset=ISO-8859-1
#
# Hello World!'
# Failed test 'CGI redirect -- extra header: Status: 302 Found
# Location: http://www.foo.com/
# X-non-gzip-reason: HTTP status not 200
#
# '
# at t\gzip.t line 378.
# got: 'Status: 302 Found
# Location: http://www.foo.com/
# X-non-gzip-reason: HTTP status not 200
#
# '
# expected: 'x-non-gzip-reason: HTTP status not 200
# Status: 302 Found
# Location: http://www.foo.com/
#
# '
# Failed test 'unbuffered CGI -- extra header: X-non-gzip-reason: user agent does not want gzip
# Content-Type: text/html; charset=ISO-8859-1
#
# Hello World!'
# at t\gzip.t line 378.
# got: 'X-non-gzip-reason: user agent does not want gzip
# Content-Type: text/html; charset=ISO-8859-1
#
# Hello World!'
# expected: 'x-non-gzip-reason: user agent does not want gzip
# Content-Type: text/html; charset=ISO-8859-1
#
# Hello World!'
# Failed test 'mod_perl simulation -- extra header: Content-encoding: gzip
# Content-Type: text/html; charset=ISO-8859-1
#
# ÿóHÍÉÉWÏ/ÊIQ £) '
# at t\gzip.t line 378.
# got: 'Content-encoding: gzip
# Content-Type: text/html; charset=ISO-8859-1
#
# ÿóHÍÉÉWÏ/ÊIQ £) '
# expected: 'Content-Encoding: gzip
# Content-Type: text/html; charset=ISO-8859-1
#
# ÿóHÍÉÉWÏ/ÊIQ £) '
# Failed test 'double header -- extra header: Content-encoding: gzip
# Content-Type: text/html; charset=ISO-8859-1
#
# ÿóHÍÉÉWÏ/ÊIQ £) '
# at t\gzip.t line 378.
# got: 'Content-encoding: gzip
# Content-Type: text/html; charset=ISO-8859-1
#
# ÿóHÍÉÉWÏ/ÊIQ £) '
# expected: 'Content-Encoding: gzip
# Content-Type: text/html; charset=ISO-8859-1
#
# ÿóHÍÉÉWÏ/ÊIQ £) '
# Failed test 'filehandle, fh=STDOUT plus select -- extra header: Content-encoding: gzip
# Content-Type: text/html; charset=ISO-8859-1
#
# ÿóHÍÉÉWÏ/ÊIQ £) '
# at t\gzip.t line 378.
# got: 'Content-encoding: gzip
# Content-Type: text/html; charset=ISO-8859-1
#
# ÿóHÍÉÉWÏ/ÊIQ £) '
# expected: 'Content-Encoding: gzip
# Content-Type: text/html; charset=ISO-8859-1
#
# ÿóHÍÉÉWÏ/ÊIQ £) '
# Looks like you failed 10 tests of 44.
t\gzip.t ..........
Dubious, test returned 10 (wstat 2560, 0xa00)
Failed 12/44 subtests
t\pod-coverage.t .. skipped: Author test
t\pod.t ........... skipped: Author test
Test Summary Report
-------------------
t\gzip.t (Wstat: 2560 Tests: 44 Failed: 12)
Failed tests: 33-44
Non-zero exit status: 10
Files=3, Tests=44, 3 wallclock secs ( 0.01 usr + 0.01 sys = 0.02 CPU)
Result: FAIL
Failed 1/3 test programs. 12/44 subtests failed.
------------------------------
PREREQUISITES
------------------------------
Prerequisite modules loaded:
requires:
Module Need Have
-------------- ----- --------
CGI 2.00 4.03
Compress::Zlib 2 2.030
IO::Zlib 1.01 1.10
perl 5.006 5.012002
build_requires:
Module Need Have
-------------- ----- --------
File::Temp 0 0.2304
Test::More 0.01 1.001003
------------------------------
ENVIRONMENT AND OTHER CONTEXT
------------------------------
Environment variables:
AUTOMATED_TESTING = 1
COMSPEC = C:\WINDOWS\system32\cmd.exe
NUMBER_OF_PROCESSORS = 1
PATH = C:\Program Files\Far Manager\;c:\Windows\system32;%c:\Windows\;c:\Windows\System32\Wbem;C:\Git\cmd;C:\strawberry\c\bin;C:\strawberry\perl\site\bin;C:\strawberry\perl\bin
PERL5LIB = C:\strawberry\cpan\build\CGI-Application-4.50-Seij5A/blib/arch;C:\strawberry\cpan\build\CGI-Application-4.50-Seij5A/blib/lib
PERL5OPT =
PERL5_CPANPLUS_IS_RUNNING = 1720
PERL5_CPAN_IS_RUNNING = 1720
PERL5_CPAN_IS_RUNNING_IN_RECURSION = 1676,1720
PERL_CR_SMOKER_CURRENT = CGI-Application-Plugin-CompressGzip-1.02
PERL_EXTUTILS_AUTOINSTALL = --defaultdeps
PERL_MM_USE_DEFAULT = 1
PROCESSOR_IDENTIFIER = x86 Family 16 Model 5 Stepping 3, AuthenticAMD
TEMP = C:\DOCUME~1\c\LOCALS~1\Temp
TERM = dumb
Perl special variables (and OS-specific diagnostics, for MSWin32):
$^X = C:\strawberry\perl\bin\perl.exe
$UID/$EUID = 0 / 0
$GID = 0
$EGID = 0
Win32::GetOSName = WinXP/.Net
Win32::GetOSVersion = Service Pack 3, 5, 1, 2600, 2, 3, 0, 256, 1
Win32::FsType = NTFS
Win32::IsAdminUser = 1
Perl module toolchain versions installed:
Module Have
------------------- --------
CPAN 2.00
CPAN::Meta 2.141520
Cwd 3.47
ExtUtils::CBuilder 0.280216
ExtUtils::Command 1.16
ExtUtils::Install 1.55
ExtUtils::MakeMaker 6.98
ExtUtils::Manifest 1.60
ExtUtils::ParseXS 3.24
File::Spec 3.47
JSON 2.90
JSON::PP 2.27203
Module::Build 0.4206
Module::Signature 0.66
Parse::CPAN::Meta 1.4414
Test::Harness 3.32
Test::More 1.001003
YAML 0.98
YAML::Syck 1.27
version 0.9908
--
Summary of my perl5 (revision 5 version 12 subversion 2) configuration:
Platform:
osname=MSWin32, osvers=5.1, archname=MSWin32-x86-multi-thread
uname='Win32 strawberryperl 5.12.2.0 #1 Fri Nov 5 05:17:27 2010 i386'
config_args='undef'
hint=recommended, useposix=true, d_sigaction=undef
useithreads=define, usemultiplicity=define
useperlio=define, d_sfio=undef, uselargefiles=define, usesocks=undef
use64bitint=undef, use64bitall=undef, uselongdouble=undef
usemymalloc=n, bincompat5005=undef
Compiler:
cc='gcc', ccflags =' -s -O2 -DWIN32 -DHAVE_DES_FCRYPT -DUSE_SITECUSTOMIZE -DPERL_IMPLICIT_CONTEXT -DPERL_IMPLICIT_SYS -fno-strict-aliasing -mms-bitfields -DPERL_MSVCRT_READFIX',
optimize='-s -O2',
cppflags='-DWIN32'
ccversion='', gccversion='4.4.3', gccosandvers=''
intsize=4, longsize=4, ptrsize=4, doublesize=8, byteorder=1234
d_longlong=undef, longlongsize=8, d_longdbl=define, longdblsize=12
ivtype='long', ivsize=4, nvtype='double', nvsize=8, Off_t='long long', lseeksize=8
alignbytes=8, prototype=define
Linker and Libraries:
ld='g++', ldflags ='-s -L"C:\strawberry\perl\lib\CORE" -L"C:\strawberry\c\lib"'
libpth=C:\strawberry\c\lib C:\strawberry\c\i686-w64-mingw32\lib
libs=-lmoldname -lkernel32 -luser32 -lgdi32 -lwinspool -lcomdlg32 -ladvapi32 -lshell32 -lole32 -loleaut32 -lnetapi32 -luuid -lws2_32 -lmpr -lwinmm -lversion -lodbc32 -lodbccp32 -lcomctl32
perllibs=-lmoldname -lkernel32 -luser32 -lgdi32 -lwinspool -lcomdlg32 -ladvapi32 -lshell32 -lole32 -loleaut32 -lnetapi32 -luuid -lws2_32 -lmpr -lwinmm -lversion -lodbc32 -lodbccp32 -lcomctl32
libc=, so=dll, useshrplib=true, libperl=libperl512.a
gnulibc_version=''
Dynamic Linking:
dlsrc=dl_win32.xs, dlext=dll, d_dlsymun=undef, ccdlflags=' '
cccdlflags=' ', lddlflags='-mdll -s -L"C:\strawberry\perl\lib\CORE" -L"C:\strawberry\c\lib"'
Characteristics of this binary (from libperl):
Compile-time options: MULTIPLICITY PERL_DONT_CREATE_GVSV
PERL_IMPLICIT_CONTEXT PERL_IMPLICIT_SYS
PERL_MALLOC_WRAP PL_OP_SLAB_ALLOC USE_ITHREADS
USE_LARGE_FILES USE_PERLIO USE_PERL_ATOF
USE_SITECUSTOMIZE
Built under MSWin32
Compiled at Nov 5 2010 08:39:08
%ENV:
PERL5LIB="C:\strawberry\cpan\build\CGI-Application-4.50-Seij5A/blib/arch;C:\strawberry\cpan\build\CGI-Application-4.50-Seij5A/blib/lib"
PERL5_CPANPLUS_IS_RUNNING="1720"
PERL5_CPAN_IS_RUNNING="1720"
PERL5_CPAN_IS_RUNNING_IN_RECURSION="1676,1720"
PERL_CR_SMOKER_CURRENT="CGI-Application-Plugin-CompressGzip-1.02"
PERL_EXTUTILS_AUTOINSTALL="--defaultdeps"
PERL_MM_USE_DEFAULT="1"
@INC:
C:\strawberry\cpan\build\CGI-Application-4.50-Seij5A/blib/arch
C:\strawberry\cpan\build\CGI-Application-4.50-Seij5A/blib/lib
C:/strawberry/perl/site/lib
C:/strawberry/perl/vendor/lib
C:/strawberry/perl/lib
.