Back
From: metabase:user:320bfe00-2aae-11df-837a-5e0a49663a4f
Subject: FAIL Business-CCProcessor-0.09 v5.26.0 RC1 GNU/Linux
Date: 2017-05-23T18:18:14Z
This distribution has been tested as part of the CPAN Testers
project, supporting the Perl programming language. See
http://wiki.cpantesters.org/ for more information or email
questions to cpan-testers-discuss@perl.org
--
Dear Hugh Esco,
This is a computer-generated report for Business-CCProcessor-0.09
on perl 5.26.0, created by CPAN-Reporter-1.2018.
Thank you for uploading your work to CPAN. However, there was a problem
testing your distribution.
If you think this report is invalid, please consult the CPAN Testers Wiki
for suggestions on how to avoid getting FAIL reports for missing library
or binary dependencies, unsupported operating systems, and so on:
http://wiki.cpantesters.org/wiki/CPANAuthorNotes
Sections of this report:
* Tester comments
* Program output
* Prerequisites
* Environment and other context
------------------------------
TESTER COMMENTS
------------------------------
Additional comments from tester:
this report is from an automated smoke testing program
and was not reviewed by a human for accuracy
------------------------------
PROGRAM OUTPUT
------------------------------
Output from '/usr/bin/make test':
PERL_DL_NONLAZY=1 "/home/sand/src/perl/repoperls/installed-perls/host/k93msid/v5.26.0-RC1/a1a1/bin/perl" "-MExtUtils::Command::MM" "-MTest::Harness" "-e" "undef *Test::Harness::Switches; test_harness(0, 'blib/lib', 'blib/arch')" t/*.t
# Testing Business::CCProcessor 0.09
t/00.load.t ..................... ok
t/10_exercise_public_methods.t .. ok
Use of uninitialized value in numeric ge (>=) at /home/sand/src/perl/repoperls/installed-perls/host/k93msid/v5.26.0-RC1/a1a1/lib/site_perl/5.26.0/LWP/UserAgent.pm line 300.
Use of uninitialized value in concatenation (.) or string at /home/sand/src/perl/repoperls/installed-perls/host/k93msid/v5.26.0-RC1/a1a1/lib/site_perl/5.26.0/LWP/UserAgent.pm line 301.
t/12_build_button.t ............. ok
# Failed test 'Test::Perl::Critic for "blib/lib/Business/CCProcessor.pm"'
# at /home/sand/src/perl/repoperls/installed-perls/host/k93msid/v5.26.0-RC1/a1a1/lib/site_perl/5.26.0/Test/Perl/Critic.pm line 104.
#
# Variable, subroutine, and package names have to be in CamelCase at line 16, column 6. (no explanation). (Severity: 5)
# Variable, subroutine, and package names have to be in CamelCase at line 17, column 6. (no explanation). (Severity: 5)
# Variable, subroutine, and package names have to be in CamelCase at line 18, column 9. (no explanation). (Severity: 5)
# Variable, subroutine, and package names have to be in CamelCase at line 18, column 14. (no explanation). (Severity: 5)
# Variable, subroutine, and package names have to be in CamelCase at line 19, column 10. (no explanation). (Severity: 5)
# Variable, subroutine, and package names have to be in CamelCase at line 22, column 1. (no explanation). (Severity: 5)
# Variable, subroutine, and package names have to be in CamelCase at line 23, column 6. (no explanation). (Severity: 5)
# Variable, subroutine, and package names have to be in CamelCase at line 24, column 6. (no explanation). (Severity: 5)
# Variable, subroutine, and package names have to be in CamelCase at line 25, column 6. (no explanation). (Severity: 5)
# Variable, subroutine, and package names have to be in CamelCase at line 25, column 16. (no explanation). (Severity: 5)
# Private Member Data shouldn't be accessed directly at line 25, column 16. Accessing an objects data directly breaks encapsulation and should be avoided. Example: $object->{ some_key }. (Severity: 5)
# Variable, subroutine, and package names have to be in CamelCase at line 27, column 6. (no explanation). (Severity: 5)
# Variable, subroutine, and package names have to be in CamelCase at line 27, column 16. (no explanation). (Severity: 5)
# Variable, subroutine, and package names have to be in CamelCase at line 27, column 23. (no explanation). (Severity: 5)
# Variable, subroutine, and package names have to be in CamelCase at line 27, column 34. (no explanation). (Severity: 5)
# Variable, subroutine, and package names have to be in CamelCase at line 28, column 6. (no explanation). (Severity: 5)
# Variable, subroutine, and package names have to be in CamelCase at line 30, column 44. (no explanation). (Severity: 5)
# Private Member Data shouldn't be accessed directly at line 30, column 44. Accessing an objects data directly breaks encapsulation and should be avoided. Example: $object->{ some_key }. (Severity: 5)
# Variable, subroutine, and package names have to be in CamelCase at line 36, column 46. (no explanation). (Severity: 5)
# Private Member Data shouldn't be accessed directly at line 36, column 46. Accessing an objects data directly breaks encapsulation and should be avoided. Example: $object->{ some_key }. (Severity: 5)
# Variable, subroutine, and package names have to be in CamelCase at line 40, column 14. (no explanation). (Severity: 5)
# Variable, subroutine, and package names have to be in CamelCase at line 40, column 27. (no explanation). (Severity: 5)
# Variable, subroutine, and package names have to be in CamelCase at line 41, column 9. (no explanation). (Severity: 5)
# Variable, subroutine, and package names have to be in CamelCase at line 42, column 9. (no explanation). (Severity: 5)
# Variable, subroutine, and package names have to be in CamelCase at line 43, column 5. (no explanation). (Severity: 5)
# Variable, subroutine, and package names have to be in CamelCase at line 44, column 16. (no explanation). (Severity: 5)
# Private Member Data shouldn't be accessed directly at line 44, column 16. Accessing an objects data directly breaks encapsulation and should be avoided. Example: $object->{ some_key }. (Severity: 5)
# Variable, subroutine, and package names have to be in CamelCase at line 44, column 26. (no explanation). (Severity: 5)
# Variable, subroutine, and package names have to be in CamelCase at line 45, column 16. (no explanation). (Severity: 5)
# Private Member Data shouldn't be accessed directly at line 45, column 16. Accessing an objects data directly breaks encapsulation and should be avoided. Example: $object->{ some_key }. (Severity: 5)
# Variable, subroutine, and package names have to be in CamelCase at line 45, column 26. (no explanation). (Severity: 5)
# Variable, subroutine, and package names have to be in CamelCase at line 46, column 16. (no explanation). (Severity: 5)
# Private Member Data shouldn't be accessed directly at line 46, column 16. Accessing an objects data directly breaks encapsulation and should be avoided. Example: $object->{ some_key }. (Severity: 5)
# Variable, subroutine, and package names have to be in CamelCase at line 46, column 26. (no explanation). (Severity: 5)
# Variable, subroutine, and package names have to be in CamelCase at line 49, column 6. (no explanation). (Severity: 5)
# Variable, subroutine, and package names have to be in CamelCase at line 49, column 14. (no explanation). (Severity: 5)
# Variable, subroutine, and package names have to be in CamelCase at line 50, column 10. (no explanation). (Severity: 5)
# Variable, subroutine, and package names have to be in CamelCase at line 53, column 1. (no explanation). (Severity: 5)
# Variable, subroutine, and package names have to be in CamelCase at line 54, column 6. (no explanation). (Severity: 5)
# Variable, subroutine, and package names have to be in CamelCase at line 55, column 6. (no explanation). (Severity: 5)
# Variable, subroutine, and package names have to be in CamelCase at line 57, column 6. (no explanation). (Severity: 5)
# Variable, subroutine, and package names have to be in CamelCase at line 58, column 3. (no explanation). (Severity: 5)
# Private Member Data shouldn't be accessed directly at line 58, column 3. Accessing an objects data directly breaks encapsulation and should be avoided. Example: $object->{ some_key }. (Severity: 5)
# Variable, subroutine, and package names have to be in CamelCase at line 59, column 3. (no explanation). (Severity: 5)
# Private Member Data shouldn't be accessed directly at line 59, column 3. Accessing an objects data directly breaks encapsulation and should be avoided. Example: $object->{ some_key }. (Severity: 5)
# Variable, subroutine, and package names have to be in CamelCase at line 60, column 3. (no explanation). (Severity: 5)
# Private Member Data shouldn't be accessed directly at line 60, column 3. Accessing an objects data directly breaks encapsulation and should be avoided. Example: $object->{ some_key }. (Severity: 5)
# Variable, subroutine, and package names have to be in CamelCase at line 60, column 76. (no explanation). (Severity: 5)
# Private Member Data shouldn't be accessed directly at line 60, column 76. Accessing an objects data directly breaks encapsulation and should be avoided. Example: $object->{ some_key }. (Severity: 5)
# Variable, subroutine, and package names have to be in CamelCase at line 61, column 3. (no explanation). (Severity: 5)
# Private Member Data shouldn't be accessed directly at line 61, column 3. Accessing an objects data directly breaks encapsulation and should be avoided. Example: $object->{ some_key }. (Severity: 5)
# Variable, subroutine, and package names have to be in CamelCase at line 62, column 3. (no explanation). (Severity: 5)
# Private Member Data shouldn't be accessed directly at line 62, column 3. Accessing an objects data directly breaks encapsulation and should be avoided. Example: $object->{ some_key }. (Severity: 5)
# Variable, subroutine, and package names have to be in CamelCase at line 62, column 88. (no explanation). (Severity: 5)
# Private Member Data shouldn't be accessed directly at line 62, column 88. Accessing an objects data directly breaks encapsulation and should be avoided. Example: $object->{ some_key }. (Severity: 5)
# Variable, subroutine, and package names have to be in CamelCase at line 63, column 3. (no explanation). (Severity: 5)
# Private Member Data shouldn't be accessed directly at line 63, column 3. Accessing an objects data directly breaks encapsulation and should be avoided. Example: $object->{ some_key }. (Severity: 5)
# Variable, subroutine, and package names have to be in CamelCase at line 64, column 3. (no explanation). (Severity: 5)
# Private Member Data shouldn't be accessed directly at line 64, column 3. Accessing an objects data directly breaks encapsulation and should be avoided. Example: $object->{ some_key }. (Severity: 5)
# Variable, subroutine, and package names have to be in CamelCase at line 64, column 74. (no explanation). (Severity: 5)
# Private Member Data shouldn't be accessed directly at line 64, column 74. Accessing an objects data directly breaks encapsulation and should be avoided. Example: $object->{ some_key }. (Severity: 5)
# Variable, subroutine, and package names have to be in CamelCase at line 65, column 3. (no explanation). (Severity: 5)
# Private Member Data shouldn't be accessed directly at line 65, column 3. Accessing an objects data directly breaks encapsulation and should be avoided. Example: $object->{ some_key }. (Severity: 5)
# Variable, subroutine, and package names have to be in CamelCase at line 65, column 76. (no explanation). (Severity: 5)
# Private Member Data shouldn't be accessed directly at line 65, column 76. Accessing an objects data directly breaks encapsulation and should be avoided. Example: $object->{ some_key }. (Severity: 5)
# Variable, subroutine, and package names have to be in CamelCase at line 66, column 3. (no explanation). (Severity: 5)
# Private Member Data shouldn't be accessed directly at line 66, column 3. Accessing an objects data directly breaks encapsulation and should be avoided. Example: $object->{ some_key }. (Severity: 5)
# Variable, subroutine, and package names have to be in CamelCase at line 66, column 82. (no explanation). (Severity: 5)
# Private Member Data shouldn't be accessed directly at line 66, column 82. Accessing an objects data directly breaks encapsulation and should be avoided. Example: $object->{ some_key }. (Severity: 5)
# Variable, subroutine, and package names have to be in CamelCase at line 67, column 3. (no explanation). (Severity: 5)
# Private Member Data shouldn't be accessed directly at line 67, column 3. Accessing an objects data directly breaks encapsulation and should be avoided. Example: $object->{ some_key }. (Severity: 5)
# Variable, subroutine, and package names have to be in CamelCase at line 67, column 82. (no explanation). (Severity: 5)
# Private Member Data shouldn't be accessed directly at line 67, column 82. Accessing an objects data directly breaks encapsulation and should be avoided. Example: $object->{ some_key }. (Severity: 5)
# Variable, subroutine, and package names have to be in CamelCase at line 68, column 3. (no explanation). (Severity: 5)
# Private Member Data shouldn't be accessed directly at line 68, column 3. Accessing an objects data directly breaks encapsulation and should be avoided. Example: $object->{ some_key }. (Severity: 5)
# Variable, subroutine, and package names have to be in CamelCase at line 68, column 78. (no explanation). (Severity: 5)
# Private Member Data shouldn't be accessed directly at line 68, column 78. Accessing an objects data directly breaks encapsulation and should be avoided. Example: $object->{ some_key }. (Severity: 5)
# Variable, subroutine, and package names have to be in CamelCase at line 69, column 3. (no explanation). (Severity: 5)
# Private Member Data shouldn't be accessed directly at line 69, column 3. Accessing an objects data directly breaks encapsulation and should be avoided. Example: $object->{ some_key }. (Severity: 5)
# Variable, subroutine, and package names have to be in CamelCase at line 69, column 85. (no explanation). (Severity: 5)
# Private Member Data shouldn't be accessed directly at line 69, column 85. Accessing an objects data directly breaks encapsulation and should be avoided. Example: $object->{ some_key }. (Severity: 5)
# Variable, subroutine, and package names have to be in CamelCase at line 73, column 10. (no explanation). (Severity: 5)
# Variable, subroutine, and package names have to be in CamelCase at line 76, column 1. (no explanation). (Severity: 5)
# Variable, subroutine, and package names have to be in CamelCase at line 77, column 6. (no explanation). (Severity: 5)
# Variable, subroutine, and package names have to be in CamelCase at line 78, column 6. (no explanation). (Severity: 5)
# Variable, subroutine, and package names have to be in CamelCase at line 80, column 6. (no explanation). (Severity: 5)
# Variable, subroutine, and package names have to be in CamelCase at line 81, column 3. (no explanation). (Severity: 5)
# Private Member Data shouldn't be accessed directly at line 81, column 3. Accessing an objects data directly breaks encapsulation and should be avoided. Example: $object->{ some_key }. (Severity: 5)
# Variable, subroutine, and package names have to be in CamelCase at line 82, column 3. (no explanation). (Severity: 5)
# Private Member Data shouldn't be accessed directly at line 82, column 3. Accessing an objects data directly breaks encapsulation and should be avoided. Example: $object->{ some_key }. (Severity: 5)
# Variable, subroutine, and package names have to be in CamelCase at line 83, column 3. (no explanation). (Severity: 5)
# Private Member Data shouldn't be accessed directly at line 83, column 3. Accessing an objects data directly breaks encapsulation and should be avoided. Example: $object->{ some_key }. (Severity: 5)
# Variable, subroutine, and package names have to be in CamelCase at line 84, column 3. (no explanation). (Severity: 5)
# Private Member Data shouldn't be accessed directly at line 84, column 3. Accessing an objects data directly breaks encapsulation and should be avoided. Example: $object->{ some_key }. (Severity: 5)
# Variable, subroutine, and package names have to be in CamelCase at line 84, column 82. (no explanation). (Severity: 5)
# Private Member Data shouldn't be accessed directly at line 84, column 82. Accessing an objects data directly breaks encapsulation and should be avoided. Example: $object->{ some_key }. (Severity: 5)
# Variable, subroutine, and package names have to be in CamelCase at line 85, column 3. (no explanation). (Severity: 5)
# Private Member Data shouldn't be accessed directly at line 85, column 3. Accessing an objects data directly breaks encapsulation and should be avoided. Example: $object->{ some_key }. (Severity: 5)
# Variable, subroutine, and package names have to be in CamelCase at line 85, column 84. (no explanation). (Severity: 5)
# Private Member Data shouldn't be accessed directly at line 85, column 84. Accessing an objects data directly breaks encapsulation and should be avoided. Example: $object->{ some_key }. (Severity: 5)
# Variable, subroutine, and package names have to be in CamelCase at line 86, column 3. (no explanation). (Severity: 5)
# Private Member Data shouldn't be accessed directly at line 86, column 3. Accessing an objects data directly breaks encapsulation and should be avoided. Example: $object->{ some_key }. (Severity: 5)
# Variable, subroutine, and package names have to be in CamelCase at line 87, column 3. (no explanation). (Severity: 5)
# Private Member Data shouldn't be accessed directly at line 87, column 3. Accessing an objects data directly breaks encapsulation and should be avoided. Example: $object->{ some_key }. (Severity: 5)
# Variable, subroutine, and package names have to be in CamelCase at line 87, column 78. (no explanation). (Severity: 5)
# Private Member Data shouldn't be accessed directly at line 87, column 78. Accessing an objects data directly breaks encapsulation and should be avoided. Example: $object->{ some_key }. (Severity: 5)
# Variable, subroutine, and package names have to be in CamelCase at line 88, column 3. (no explanation). (Severity: 5)
# Private Member Data shouldn't be accessed directly at line 88, column 3. Accessing an objects data directly breaks encapsulation and should be avoided. Example: $object->{ some_key }. (Severity: 5)
# Variable, subroutine, and package names have to be in CamelCase at line 88, column 92. (no explanation). (Severity: 5)
# Private Member Data shouldn't be accessed directly at line 88, column 92. Accessing an objects data directly breaks encapsulation and should be avoided. Example: $object->{ some_key }. (Severity: 5)
# Variable, subroutine, and package names have to be in CamelCase at line 89, column 3. (no explanation). (Severity: 5)
# Private Member Data shouldn't be accessed directly at line 89, column 3. Accessing an objects data directly breaks encapsulation and should be avoided. Example: $object->{ some_key }. (Severity: 5)
# Variable, subroutine, and package names have to be in CamelCase at line 90, column 3. (no explanation). (Severity: 5)
# Private Member Data shouldn't be accessed directly at line 90, column 3. Accessing an objects data directly breaks encapsulation and should be avoided. Example: $object->{ some_key }. (Severity: 5)
# Variable, subroutine, and package names have to be in CamelCase at line 90, column 92. (no explanation). (Severity: 5)
# Private Member Data shouldn't be accessed directly at line 90, column 92. Accessing an objects data directly breaks encapsulation and should be avoided. Example: $object->{ some_key }. (Severity: 5)
# Variable, subroutine, and package names have to be in CamelCase at line 91, column 3. (no explanation). (Severity: 5)
# Private Member Data shouldn't be accessed directly at line 91, column 3. Accessing an objects data directly breaks encapsulation and should be avoided. Example: $object->{ some_key }. (Severity: 5)
# Variable, subroutine, and package names have to be in CamelCase at line 92, column 3. (no explanation). (Severity: 5)
# Private Member Data shouldn't be accessed directly at line 92, column 3. Accessing an objects data directly breaks encapsulation and should be avoided. Example: $object->{ some_key }. (Severity: 5)
# Variable, subroutine, and package names have to be in CamelCase at line 93, column 3. (no explanation). (Severity: 5)
# Private Member Data shouldn't be accessed directly at line 93, column 3. Accessing an objects data directly breaks encapsulation and should be avoided. Example: $object->{ some_key }. (Severity: 5)
# Variable, subroutine, and package names have to be in CamelCase at line 93, column 78. (no explanation). (Severity: 5)
# Private Member Data shouldn't be accessed directly at line 93, column 78. Accessing an objects data directly breaks encapsulation and should be avoided. Example: $object->{ some_key }. (Severity: 5)
# Variable, subroutine, and package names have to be in CamelCase at line 94, column 3. (no explanation). (Severity: 5)
# Private Member Data shouldn't be accessed directly at line 94, column 3. Accessing an objects data directly breaks encapsulation and should be avoided. Example: $object->{ some_key }. (Severity: 5)
# Variable, subroutine, and package names have to be in CamelCase at line 95, column 3. (no explanation). (Severity: 5)
# Private Member Data shouldn't be accessed directly at line 95, column 3. Accessing an objects data directly breaks encapsulation and should be avoided. Example: $object->{ some_key }. (Severity: 5)
# Variable, subroutine, and package names have to be in CamelCase at line 96, column 3. (no explanation). (Severity: 5)
# Private Member Data shouldn't be accessed directly at line 96, column 3. Accessing an objects data directly breaks encapsulation and should be avoided. Example: $object->{ some_key }. (Severity: 5)
# Variable, subroutine, and package names have to be in CamelCase at line 97, column 3. (no explanation). (Severity: 5)
# Private Member Data shouldn't be accessed directly at line 97, column 3. Accessing an objects data directly breaks encapsulation and should be avoided. Example: $object->{ some_key }. (Severity: 5)
# Variable, subroutine, and package names have to be in CamelCase at line 98, column 3. (no explanation). (Severity: 5)
# Private Member Data shouldn't be accessed directly at line 98, column 3. Accessing an objects data directly breaks encapsulation and should be avoided. Example: $object->{ some_key }. (Severity: 5)
# Variable, subroutine, and package names have to be in CamelCase at line 99, column 3. (no explanation). (Severity: 5)
# Private Member Data shouldn't be accessed directly at line 99, column 3. Accessing an objects data directly breaks encapsulation and should be avoided. Example: $object->{ some_key }. (Severity: 5)
# Variable, subroutine, and package names have to be in CamelCase at line 99, column 86. (no explanation). (Severity: 5)
# Private Member Data shouldn't be accessed directly at line 99, column 86. Accessing an objects data directly breaks encapsulation and should be avoided. Example: $object->{ some_key }. (Severity: 5)
# Variable, subroutine, and package names have to be in CamelCase at line 100, column 3. (no explanation). (Severity: 5)
# Private Member Data shouldn't be accessed directly at line 100, column 3. Accessing an objects data directly breaks encapsulation and should be avoided. Example: $object->{ some_key }. (Severity: 5)
# Variable, subroutine, and package names have to be in CamelCase at line 100, column 84. (no explanation). (Severity: 5)
# Private Member Data shouldn't be accessed directly at line 100, column 84. Accessing an objects data directly breaks encapsulation and should be avoided. Example: $object->{ some_key }. (Severity: 5)
# Variable, subroutine, and package names have to be in CamelCase at line 101, column 3. (no explanation). (Severity: 5)
# Private Member Data shouldn't be accessed directly at line 101, column 3. Accessing an objects data directly breaks encapsulation and should be avoided. Example: $object->{ some_key }. (Severity: 5)
# Variable, subroutine, and package names have to be in CamelCase at line 101, column 76. (no explanation). (Severity: 5)
# Private Member Data shouldn't be accessed directly at line 101, column 76. Accessing an objects data directly breaks encapsulation and should be avoided. Example: $object->{ some_key }. (Severity: 5)
# Variable, subroutine, and package names have to be in CamelCase at line 102, column 3. (no explanation). (Severity: 5)
# Private Member Data shouldn't be accessed directly at line 102, column 3. Accessing an objects data directly breaks encapsulation and should be avoided. Example: $object->{ some_key }. (Severity: 5)
# Variable, subroutine, and package names have to be in CamelCase at line 102, column 72. (no explanation). (Severity: 5)
# Private Member Data shouldn't be accessed directly at line 102, column 72. Accessing an objects data directly breaks encapsulation and should be avoided. Example: $object->{ some_key }. (Severity: 5)
# Variable, subroutine, and package names have to be in CamelCase at line 103, column 3. (no explanation). (Severity: 5)
# Private Member Data shouldn't be accessed directly at line 103, column 3. Accessing an objects data directly breaks encapsulation and should be avoided. Example: $object->{ some_key }. (Severity: 5)
# Variable, subroutine, and package names have to be in CamelCase at line 103, column 72. (no explanation). (Severity: 5)
# Private Member Data shouldn't be accessed directly at line 103, column 72. Accessing an objects data directly breaks encapsulation and should be avoided. Example: $object->{ some_key }. (Severity: 5)
# Variable, subroutine, and package names have to be in CamelCase at line 104, column 3. (no explanation). (Severity: 5)
# Private Member Data shouldn't be accessed directly at line 104, column 3. Accessing an objects data directly breaks encapsulation and should be avoided. Example: $object->{ some_key }. (Severity: 5)
# Variable, subroutine, and package names have to be in CamelCase at line 104, column 82. (no explanation). (Severity: 5)
# Private Member Data shouldn't be accessed directly at line 104, column 82. Accessing an objects data directly breaks encapsulation and should be avoided. Example: $object->{ some_key }. (Severity: 5)
# Variable, subroutine, and package names have to be in CamelCase at line 105, column 3. (no explanation). (Severity: 5)
# Private Member Data shouldn't be accessed directly at line 105, column 3. Accessing an objects data directly breaks encapsulation and should be avoided. Example: $object->{ some_key }. (Severity: 5)
# Variable, subroutine, and package names have to be in CamelCase at line 105, column 82. (no explanation). (Severity: 5)
# Private Member Data shouldn't be accessed directly at line 105, column 82. Accessing an objects data directly breaks encapsulation and should be avoided. Example: $object->{ some_key }. (Severity: 5)
# Variable, subroutine, and package names have to be in CamelCase at line 106, column 3. (no explanation). (Severity: 5)
# Private Member Data shouldn't be accessed directly at line 106, column 3. Accessing an objects data directly breaks encapsulation and should be avoided. Example: $object->{ some_key }. (Severity: 5)
# Variable, subroutine, and package names have to be in CamelCase at line 106, column 74. (no explanation). (Severity: 5)
# Private Member Data shouldn't be accessed directly at line 106, column 74. Accessing an objects data directly breaks encapsulation and should be avoided. Example: $object->{ some_key }. (Severity: 5)
# Variable, subroutine, and package names have to be in CamelCase at line 107, column 3. (no explanation). (Severity: 5)
# Private Member Data shouldn't be accessed directly at line 107, column 3. Accessing an objects data directly breaks encapsulation and should be avoided. Example: $object->{ some_key }. (Severity: 5)
# Variable, subroutine, and package names have to be in CamelCase at line 107, column 76. (no explanation). (Severity: 5)
# Private Member Data shouldn't be accessed directly at line 107, column 76. Accessing an objects data directly breaks encapsulation and should be avoided. Example: $object->{ some_key }. (Severity: 5)
# Variable, subroutine, and package names have to be in CamelCase at line 108, column 3. (no explanation). (Severity: 5)
# Private Member Data shouldn't be accessed directly at line 108, column 3. Accessing an objects data directly breaks encapsulation and should be avoided. Example: $object->{ some_key }. (Severity: 5)
# Variable, subroutine, and package names have to be in CamelCase at line 108, column 72. (no explanation). (Severity: 5)
# Private Member Data shouldn't be accessed directly at line 108, column 72. Accessing an objects data directly breaks encapsulation and should be avoided. Example: $object->{ some_key }. (Severity: 5)
# Variable, subroutine, and package names have to be in CamelCase at line 109, column 3. (no explanation). (Severity: 5)
# Private Member Data shouldn't be accessed directly at line 109, column 3. Accessing an objects data directly breaks encapsulation and should be avoided. Example: $object->{ some_key }. (Severity: 5)
# Variable, subroutine, and package names have to be in CamelCase at line 109, column 72. (no explanation). (Severity: 5)
# Private Member Data shouldn't be accessed directly at line 109, column 72. Accessing an objects data directly breaks encapsulation and should be avoided. Example: $object->{ some_key }. (Severity: 5)
# Variable, subroutine, and package names have to be in CamelCase at line 110, column 3. (no explanation). (Severity: 5)
# Private Member Data shouldn't be accessed directly at line 110, column 3. Accessing an objects data directly breaks encapsulation and should be avoided. Example: $object->{ some_key }. (Severity: 5)
# Variable, subroutine, and package names have to be in CamelCase at line 110, column 78. (no explanation). (Severity: 5)
# Private Member Data shouldn't be accessed directly at line 110, column 78. Accessing an objects data directly breaks encapsulation and should be avoided. Example: $object->{ some_key }. (Severity: 5)
# Variable, subroutine, and package names have to be in CamelCase at line 111, column 3. (no explanation). (Severity: 5)
# Private Member Data shouldn't be accessed directly at line 111, column 3. Accessing an objects data directly breaks encapsulation and should be avoided. Example: $object->{ some_key }. (Severity: 5)
# Variable, subroutine, and package names have to be in CamelCase at line 111, column 76. (no explanation). (Severity: 5)
# Private Member Data shouldn't be accessed directly at line 111, column 76. Accessing an objects data directly breaks encapsulation and should be avoided. Example: $object->{ some_key }. (Severity: 5)
# Variable, subroutine, and package names have to be in CamelCase at line 112, column 3. (no explanation). (Severity: 5)
# Private Member Data shouldn't be accessed directly at line 112, column 3. Accessing an objects data directly breaks encapsulation and should be avoided. Example: $object->{ some_key }. (Severity: 5)
# Variable, subroutine, and package names have to be in CamelCase at line 113, column 3. (no explanation). (Severity: 5)
# Private Member Data shouldn't be accessed directly at line 113, column 3. Accessing an objects data directly breaks encapsulation and should be avoided. Example: $object->{ some_key }. (Severity: 5)
# Variable, subroutine, and package names have to be in CamelCase at line 113, column 85. (no explanation). (Severity: 5)
# Private Member Data shouldn't be accessed directly at line 113, column 85. Accessing an objects data directly breaks encapsulation and should be avoided. Example: $object->{ some_key }. (Severity: 5)
# Variable, subroutine, and package names have to be in CamelCase at line 115, column 10. (no explanation). (Severity: 5)
# Variable, subroutine, and package names have to be in CamelCase at line 118, column 1. (no explanation). (Severity: 5)
# Variable, subroutine, and package names have to be in CamelCase at line 119, column 6. (no explanation). (Severity: 5)
# Variable, subroutine, and package names have to be in CamelCase at line 120, column 6. (no explanation). (Severity: 5)
# Variable, subroutine, and package names have to be in CamelCase at line 122, column 6. (no explanation). (Severity: 5)
# Variable, subroutine, and package names have to be in CamelCase at line 123, column 3. (no explanation). (Severity: 5)
# Private Member Data shouldn't be accessed directly at line 123, column 3. Accessing an objects data directly breaks encapsulation and should be avoided. Example: $object->{ some_key }. (Severity: 5)
# Variable, subroutine, and package names have to be in CamelCase at line 125, column 3. (no explanation). (Severity: 5)
# Private Member Data shouldn't be accessed directly at line 125, column 3. Accessing an objects data directly breaks encapsulation and should be avoided. Example: $object->{ some_key }. (Severity: 5)
# Variable, subroutine, and package names have to be in CamelCase at line 126, column 29. (no explanation). (Severity: 5)
# Private Member Data shouldn't be accessed directly at line 126, column 29. Accessing an objects data directly breaks encapsulation and should be avoided. Example: $object->{ some_key }. (Severity: 5)
# Variable, subroutine, and package names have to be in CamelCase at line 127, column 3. (no explanation). (Severity: 5)
# Private Member Data shouldn't be accessed directly at line 127, column 3. Accessing an objects data directly breaks encapsulation and should be avoided. Example: $object->{ some_key }. (Severity: 5)
# Variable, subroutine, and package names have to be in CamelCase at line 128, column 3. (no explanation). (Severity: 5)
# Private Member Data shouldn't be accessed directly at line 128, column 3. Accessing an objects data directly breaks encapsulation and should be avoided. Example: $object->{ some_key }. (Severity: 5)
# Variable, subroutine, and package names have to be in CamelCase at line 128, column 88. (no explanation). (Severity: 5)
# Private Member Data shouldn't be accessed directly at line 128, column 88. Accessing an objects data directly breaks encapsulation and should be avoided. Example: $object->{ some_key }. (Severity: 5)
# Variable, subroutine, and package names have to be in CamelCase at line 132, column 3. (no explanation). (Severity: 5)
# Private Member Data shouldn't be accessed directly at line 132, column 3. Accessing an objects data directly breaks encapsulation and should be avoided. Example: $object->{ some_key }. (Severity: 5)
# Variable, subroutine, and package names have to be in CamelCase at line 132, column 98. (no explanation). (Severity: 5)
# Private Member Data shouldn't be accessed directly at line 132, column 98. Accessing an objects data directly breaks encapsulation and should be avoided. Example: $object->{ some_key }. (Severity: 5)
# Variable, subroutine, and package names have to be in CamelCase at line 133, column 3. (no explanation). (Severity: 5)
# Private Member Data shouldn't be accessed directly at line 133, column 3. Accessing an objects data directly breaks encapsulation and should be avoided. Example: $object->{ some_key }. (Severity: 5)
# Variable, subroutine, and package names have to be in CamelCase at line 133, column 86. (no explanation). (Severity: 5)
# Private Member Data shouldn't be accessed directly at line 133, column 86. Accessing an objects data directly breaks encapsulation and should be avoided. Example: $object->{ some_key }. (Severity: 5)
# Variable, subroutine, and package names have to be in CamelCase at line 134, column 3. (no explanation). (Severity: 5)
# Private Member Data shouldn't be accessed directly at line 134, column 3. Accessing an objects data directly breaks encapsulation and should be avoided. Example: $object->{ some_key }. (Severity: 5)
# Variable, subroutine, and package names have to be in CamelCase at line 134, column 84. (no explanation). (Severity: 5)
# Private Member Data shouldn't be accessed directly at line 134, column 84. Accessing an objects data directly breaks encapsulation and should be avoided. Example: $object->{ some_key }. (Severity: 5)
# Variable, subroutine, and package names have to be in CamelCase at line 135, column 3. (no explanation). (Severity: 5)
# Private Member Data shouldn't be accessed directly at line 135, column 3. Accessing an objects data directly breaks encapsulation and should be avoided. Example: $object->{ some_key }. (Severity: 5)
# Variable, subroutine, and package names have to be in CamelCase at line 135, column 76. (no explanation). (Severity: 5)
# Private Member Data shouldn't be accessed directly at line 135, column 76. Accessing an objects data directly breaks encapsulation and should be avoided. Example: $object->{ some_key }. (Severity: 5)
# Variable, subroutine, and package names have to be in CamelCase at line 136, column 3. (no explanation). (Severity: 5)
# Private Member Data shouldn't be accessed directly at line 136, column 3. Accessing an objects data directly breaks encapsulation and should be avoided. Example: $object->{ some_key }. (Severity: 5)
# Variable, subroutine, and package names have to be in CamelCase at line 136, column 76. (no explanation). (Severity: 5)
# Private Member Data shouldn't be accessed directly at line 136, column 76. Accessing an objects data directly breaks encapsulation and should be avoided. Example: $object->{ some_key }. (Severity: 5)
# Variable, subroutine, and package names have to be in CamelCase at line 137, column 3. (no explanation). (Severity: 5)
# Private Member Data shouldn't be accessed directly at line 137, column 3. Accessing an objects data directly breaks encapsulation and should be avoided. Example: $object->{ some_key }. (Severity: 5)
# Variable, subroutine, and package names have to be in CamelCase at line 137, column 78. (no explanation). (Severity: 5)
# Private Member Data shouldn't be accessed directly at line 137, column 78. Accessing an objects data directly breaks encapsulation and should be avoided. Example: $object->{ some_key }. (Severity: 5)
# Variable, subroutine, and package names have to be in CamelCase at line 138, column 3. (no explanation). (Severity: 5)
# Private Member Data shouldn't be accessed directly at line 138, column 3. Accessing an objects data directly breaks encapsulation and should be avoided. Example: $object->{ some_key }. (Severity: 5)
# Variable, subroutine, and package names have to be in CamelCase at line 138, column 82. (no explanation). (Severity: 5)
# Private Member Data shouldn't be accessed directly at line 138, column 82. Accessing an objects data directly breaks encapsulation and should be avoided. Example: $object->{ some_key }. (Severity: 5)
# Variable, subroutine, and package names have to be in CamelCase at line 139, column 3. (no explanation). (Severity: 5)
# Private Member Data shouldn't be accessed directly at line 139, column 3. Accessing an objects data directly breaks encapsulation and should be avoided. Example: $object->{ some_key }. (Severity: 5)
# Variable, subroutine, and package names have to be in CamelCase at line 139, column 74. (no explanation). (Severity: 5)
# Private Member Data shouldn't be accessed directly at line 139, column 74. Accessing an objects data directly breaks encapsulation and should be avoided. Example: $object->{ some_key }. (Severity: 5)
# Variable, subroutine, and package names have to be in CamelCase at line 140, column 3. (no explanation). (Severity: 5)
# Private Member Data shouldn't be accessed directly at line 140, column 3. Accessing an objects data directly breaks encapsulation and should be avoided. Example: $object->{ some_key }. (Severity: 5)
# Variable, subroutine, and package names have to be in CamelCase at line 140, column 76. (no explanation). (Severity: 5)
# Private Member Data shouldn't be accessed directly at line 140, column 76. Accessing an objects data directly breaks encapsulation and should be avoided. Example: $object->{ some_key }. (Severity: 5)
# Variable, subroutine, and package names have to be in CamelCase at line 141, column 3. (no explanation). (Severity: 5)
# Private Member Data shouldn't be accessed directly at line 141, column 3. Accessing an objects data directly breaks encapsulation and should be avoided. Example: $object->{ some_key }. (Severity: 5)
# Variable, subroutine, and package names have to be in CamelCase at line 141, column 72. (no explanation). (Severity: 5)
# Private Member Data shouldn't be accessed directly at line 141, column 72. Accessing an objects data directly breaks encapsulation and should be avoided. Example: $object->{ some_key }. (Severity: 5)
# Variable, subroutine, and package names have to be in CamelCase at line 142, column 3. (no explanation). (Severity: 5)
# Private Member Data shouldn't be accessed directly at line 142, column 3. Accessing an objects data directly breaks encapsulation and should be avoided. Example: $object->{ some_key }. (Severity: 5)
# Variable, subroutine, and package names have to be in CamelCase at line 142, column 82. (no explanation). (Severity: 5)
# Private Member Data shouldn't be accessed directly at line 142, column 82. Accessing an objects data directly breaks encapsulation and should be avoided. Example: $object->{ some_key }. (Severity: 5)
# Variable, subroutine, and package names have to be in CamelCase at line 143, column 3. (no explanation). (Severity: 5)
# Private Member Data shouldn't be accessed directly at line 143, column 3. Accessing an objects data directly breaks encapsulation and should be avoided. Example: $object->{ some_key }. (Severity: 5)
# Variable, subroutine, and package names have to be in CamelCase at line 143, column 86. (no explanation). (Severity: 5)
# Private Member Data shouldn't be accessed directly at line 143, column 86. Accessing an objects data directly breaks encapsulation and should be avoided. Example: $object->{ some_key }. (Severity: 5)
# Variable, subroutine, and package names have to be in CamelCase at line 144, column 3. (no explanation). (Severity: 5)
# Private Member Data shouldn't be accessed directly at line 144, column 3. Accessing an objects data directly breaks encapsulation and should be avoided. Example: $object->{ some_key }. (Severity: 5)
# Variable, subroutine, and package names have to be in CamelCase at line 145, column 3. (no explanation). (Severity: 5)
# Private Member Data shouldn't be accessed directly at line 145, column 3. Accessing an objects data directly breaks encapsulation and should be avoided. Example: $object->{ some_key }. (Severity: 5)
# Variable, subroutine, and package names have to be in CamelCase at line 146, column 3. (no explanation). (Severity: 5)
# Private Member Data shouldn't be accessed directly at line 146, column 3. Accessing an objects data directly breaks encapsulation and should be avoided. Example: $object->{ some_key }. (Severity: 5)
# Variable, subroutine, and package names have to be in CamelCase at line 146, column 85. (no explanation). (Severity: 5)
# Private Member Data shouldn't be accessed directly at line 146, column 85. Accessing an objects data directly breaks encapsulation and should be avoided. Example: $object->{ some_key }. (Severity: 5)
# Variable, subroutine, and package names have to be in CamelCase at line 148, column 10. (no explanation). (Severity: 5)
t/perlcritic.t ..................
Dubious, test returned 1 (wstat 256, 0x100)
Failed 1/1 subtests
t/pod-coverage.t ................ ok
t/pod.t ......................... ok
Test Summary Report
-------------------
t/12_build_button.t (Wstat: 0 Tests: 9 Failed: 0)
TODO passed: 8-9
t/perlcritic.t (Wstat: 256 Tests: 1 Failed: 1)
Failed test: 1
Non-zero exit status: 1
t/pod-coverage.t (Wstat: 0 Tests: 1 Failed: 0)
TODO passed: 1
Files=6, Tests=51, 11 wallclock secs ( 0.04 usr 0.03 sys + 2.16 cusr 0.80 csys = 3.03 CPU)
Result: FAIL
Failed 1/6 test programs. 1/51 subtests failed.
Makefile:857: recipe for target 'test_dynamic' failed
make: *** [test_dynamic] Error 255
------------------------------
PREREQUISITES
------------------------------
Prerequisite modules loaded:
requires:
Module Need Have
------------------- ---- --------
Carp 0 1.42
CGI::FormBuilder 0 3.10
Test::HTML::Lint 0 2.26
Test::HTML::Tidy 0 1.00
Test::More 0 1.302085
Test::Perl::Critic 0 1.03
version 0 0.9918
WWW::Mechanize 0 1.84
build_requires:
Module Need Have
------------------- ---- --------
ExtUtils::MakeMaker 0 7.24
------------------------------
ENVIRONMENT AND OTHER CONTEXT
------------------------------
Environment variables:
AUTOMATED_TESTING = 1
LANG = en_US.UTF-8
PATH = /home/sand/bin:/usr/local/bin:/usr/bin:/bin:/usr/games:/usr/local/perl/bin:/usr/X11/bin:/sbin:/usr/sbin
PERL5LIB =
PERL5OPT =
PERL5_CPANPLUS_IS_RUNNING = 20689
PERL5_CPAN_IS_RUNNING = 20689
PERL_CANARY_STABILITY_NOPROMPT = 1
PERL_MM_USE_DEFAULT = 1
PERL_USE_UNSAFE_INC = 1
SHELL = /usr/bin/zsh
TERM = screen
Perl special variables (and OS-specific diagnostics, for MSWin32):
$^X = /home/sand/src/perl/repoperls/installed-perls/host/k93msid/v5.26.0-RC1/a1a1/bin/perl
$UID/$EUID = 1005 / 1005
$GID = 1005 1005
$EGID = 1005 1005
Perl module toolchain versions installed:
Module Have
------------------- --------
CPAN 2.18
CPAN::Meta 2.150010
Cwd 3.67
ExtUtils::CBuilder 0.280225
ExtUtils::Command 7.24
ExtUtils::Install 2.10
ExtUtils::MakeMaker 7.24
ExtUtils::Manifest 1.70
ExtUtils::ParseXS 3.34
File::Spec 3.67
JSON 2.93
JSON::PP 2.93
Module::Build 0.4222
Module::Signature 0.81
Parse::CPAN::Meta 2.150010
Test::Harness 3.39
Test::More 1.302085
YAML 1.23
YAML::Syck 1.30
version 0.9918
--
Summary of my perl5 (revision 5 version 26 subversion 0) configuration:
Commit id: c2948cede0ea855128028a060fd05ca82187b290
Platform:
osname=linux
osvers=4.9.0-2-amd64
archname=x86_64-linux-thread-multi-ld
uname='linux k93msid 4.9.0-2-amd64 #1 smp debian 4.9.18-1 (2017-03-30) x86_64 gnulinux '
config_args='-Dprefix=/home/sand/src/perl/repoperls/installed-perls/host/k93msid/v5.26.0-RC1/a1a1 -Dmyhostname=k93msid -Dinstallusrbinperl=n -Uversiononly -Dusedevel -des -Ui_db -Dlibswanted=cl pthread socket inet nsl gdbm dbm malloc dl ld sun m crypt sec util c cposix posix ucb BSD gdbm_compat -Duseithreads -Duselongdouble -DDEBUGGING=both'
hint=recommended
useposix=true
d_sigaction=define
useithreads=define
usemultiplicity=define
use64bitint=define
use64bitall=define
uselongdouble=define
usemymalloc=n
default_inc_excludes_dot=define
bincompat5005=undef
Compiler:
cc='cc'
ccflags ='-D_REENTRANT -D_GNU_SOURCE -fwrapv -DDEBUGGING -fno-strict-aliasing -pipe -fstack-protector-strong -I/usr/local/include -D_LARGEFILE_SOURCE -D_FILE_OFFSET_BITS=64'
optimize='-O2 -g'
cppflags='-D_REENTRANT -D_GNU_SOURCE -fwrapv -DDEBUGGING -fno-strict-aliasing -pipe -fstack-protector-strong -I/usr/local/include'
ccversion=''
gccversion='6.3.0 20170406'
gccosandvers=''
intsize=4
longsize=8
ptrsize=8
doublesize=8
byteorder=12345678
doublekind=3
d_longlong=define
longlongsize=8
d_longdbl=define
longdblsize=16
longdblkind=3
ivtype='long'
ivsize=8
nvtype='long double'
nvsize=16
Off_t='off_t'
lseeksize=8
alignbytes=16
prototype=define
Linker and Libraries:
ld='cc'
ldflags =' -fstack-protector-strong -L/usr/local/lib'
libpth=/usr/local/lib /usr/lib/gcc/x86_64-linux-gnu/6/include-fixed /usr/include/x86_64-linux-gnu /usr/lib /lib/x86_64-linux-gnu /lib/../lib /usr/lib/x86_64-linux-gnu /usr/lib/../lib /lib
libs=-lpthread -lnsl -ldl -lm -lcrypt -lutil -lc
perllibs=-lpthread -lnsl -ldl -lm -lcrypt -lutil -lc
libc=libc-2.24.so
so=so
useshrplib=false
libperl=libperl.a
gnulibc_version='2.24'
Dynamic Linking:
dlsrc=dl_dlopen.xs
dlext=so
d_dlsymun=undef
ccdlflags='-Wl,-E'
cccdlflags='-fPIC'
lddlflags='-shared -O2 -g -L/usr/local/lib -fstack-protector-strong'
Characteristics of this binary (from libperl):
Compile-time options:
DEBUGGING
HAS_TIMES
MULTIPLICITY
PERLIO_LAYERS
PERL_COPY_ON_WRITE
PERL_DONT_CREATE_GVSV
PERL_IMPLICIT_CONTEXT
PERL_MALLOC_WRAP
PERL_OP_PARENT
PERL_PRESERVE_IVUV
PERL_TRACK_MEMPOOL
PERL_USE_DEVEL
USE_64_BIT_ALL
USE_64_BIT_INT
USE_ITHREADS
USE_LARGE_FILES
USE_LOCALE
USE_LOCALE_COLLATE
USE_LOCALE_CTYPE
USE_LOCALE_NUMERIC
USE_LOCALE_TIME
USE_LONG_DOUBLE
USE_PERLIO
USE_PERL_ATOF
USE_REENTRANT_API
Locally applied patches:
RC1
Built under linux
Compiled at May 13 2017 02:29:10
%ENV:
PERL5LIB=""
PERL5OPT=""
PERL5_CPANPLUS_IS_RUNNING="20689"
PERL5_CPAN_IS_RUNNING="20689"
PERL_CANARY_STABILITY_NOPROMPT="1"
PERL_MM_USE_DEFAULT="1"
PERL_USE_UNSAFE_INC="1"
@INC:
/home/sand/src/perl/repoperls/installed-perls/host/k93msid/v5.26.0-RC1/a1a1/lib/site_perl/5.26.0/x86_64-linux-thread-multi-ld
/home/sand/src/perl/repoperls/installed-perls/host/k93msid/v5.26.0-RC1/a1a1/lib/site_perl/5.26.0
/home/sand/src/perl/repoperls/installed-perls/host/k93msid/v5.26.0-RC1/a1a1/lib/5.26.0/x86_64-linux-thread-multi-ld
/home/sand/src/perl/repoperls/installed-perls/host/k93msid/v5.26.0-RC1/a1a1/lib/5.26.0
.