Back
From: metabase:user:30f4dfbe-2aae-11df-837a-5e0a49663a4f
Subject: FAIL UAV-Pilot-ArdupilotProtocol-0.001 v5.14.4 Mac OS X
Date: 2014-08-02T09:48:41Z
This distribution has been tested as part of the CPAN Testers
project, supporting the Perl programming language. See
http://wiki.cpantesters.org/ for more information or email
questions to cpan-testers-discuss@perl.org
--
Dear Timm Murray,
This is a computer-generated report for UAV-Pilot-ArdupilotProtocol-0.001
on perl 5.14.4, created by CPAN-Reporter-1.2011.
Thank you for uploading your work to CPAN. However, there was a problem
testing your distribution.
If you think this report is invalid, please consult the CPAN Testers Wiki
for suggestions on how to avoid getting FAIL reports for missing library
or binary dependencies, unsupported operating systems, and so on:
http://wiki.cpantesters.org/wiki/CPANAuthorNotes
Sections of this report:
* Tester comments
* Program output
* Prerequisites
* Environment and other context
------------------------------
TESTER COMMENTS
------------------------------
Additional comments from tester:
this report is from an automated smoke testing program
and was not reviewed by a human for accuracy
------------------------------
PROGRAM OUTPUT
------------------------------
Output from '/sw/bin/make test':
PERL_DL_NONLAZY=1 /Users/hornenj/perl5/perlbrew/perls/perl-5.14.4/bin/perl "-MExtUtils::Command::MM" "-MTest::Harness" "-e" "undef *Test::Harness::Switches; test_harness(0, 'blib/lib', 'blib/arch')" t/*.t
# Failed test 'use UAV::Pilot::ArdupilotProtocol;'
# at t/001_load.t line 27.
# Tried to use 'UAV::Pilot::ArdupilotProtocol'.
# Error: Can't locate namespace/autoclean.pm in @INC (@INC contains: /Users/hornenj/.cpan/build/UAV-Pilot-ArdupilotProtocol-0.001-ybwZ4L/blib/lib /Users/hornenj/.cpan/build/UAV-Pilot-ArdupilotProtocol-0.001-ybwZ4L/blib/arch /Users/hornenj/perl5/perlbrew/perls/perl-5.14.4/lib/site_perl/5.14.4/darwin-2level /Users/hornenj/perl5/perlbrew/perls/perl-5.14.4/lib/site_perl/5.14.4 /Users/hornenj/perl5/perlbrew/perls/perl-5.14.4/lib/5.14.4/darwin-2level /Users/hornenj/perl5/perlbrew/perls/perl-5.14.4/lib/5.14.4 .) at /Users/hornenj/.cpan/build/UAV-Pilot-ArdupilotProtocol-0.001-ybwZ4L/blib/lib/UAV/Pilot/ArdupilotProtocol.pm line 28.
# BEGIN failed--compilation aborted at /Users/hornenj/.cpan/build/UAV-Pilot-ArdupilotProtocol-0.001-ybwZ4L/blib/lib/UAV/Pilot/ArdupilotProtocol.pm line 28.
# Compilation failed in require at t/001_load.t line 27.
# BEGIN failed--compilation aborted at t/001_load.t line 27.
# Failed test 'use UAV::Pilot::ArdupilotProtocol::Packet;'
# at t/001_load.t line 28.
# Tried to use 'UAV::Pilot::ArdupilotProtocol::Packet'.
# Error: Can't locate UAV/Pilot/Logger.pm in @INC (@INC contains: /Users/hornenj/.cpan/build/UAV-Pilot-ArdupilotProtocol-0.001-ybwZ4L/blib/lib /Users/hornenj/.cpan/build/UAV-Pilot-ArdupilotProtocol-0.001-ybwZ4L/blib/arch /Users/hornenj/perl5/perlbrew/perls/perl-5.14.4/lib/site_perl/5.14.4/darwin-2level /Users/hornenj/perl5/perlbrew/perls/perl-5.14.4/lib/site_perl/5.14.4 /Users/hornenj/perl5/perlbrew/perls/perl-5.14.4/lib/5.14.4/darwin-2level /Users/hornenj/perl5/perlbrew/perls/perl-5.14.4/lib/5.14.4 .) at /Users/hornenj/perl5/perlbrew/perls/perl-5.14.4/lib/site_perl/5.14.4/Module/Runtime.pm line 317.
# Compilation failed in require at t/001_load.t line 28.
# BEGIN failed--compilation aborted at t/001_load.t line 28.
# Failed test 'use UAV::Pilot::ArdupilotProtocol::Packet::Ack;'
# at t/001_load.t line 29.
# Tried to use 'UAV::Pilot::ArdupilotProtocol::Packet::Ack'.
# Error: Can't locate namespace/autoclean.pm in @INC (@INC contains: /Users/hornenj/.cpan/build/UAV-Pilot-ArdupilotProtocol-0.001-ybwZ4L/blib/lib /Users/hornenj/.cpan/build/UAV-Pilot-ArdupilotProtocol-0.001-ybwZ4L/blib/arch /Users/hornenj/perl5/perlbrew/perls/perl-5.14.4/lib/site_perl/5.14.4/darwin-2level /Users/hornenj/perl5/perlbrew/perls/perl-5.14.4/lib/site_perl/5.14.4 /Users/hornenj/perl5/perlbrew/perls/perl-5.14.4/lib/5.14.4/darwin-2level /Users/hornenj/perl5/perlbrew/perls/perl-5.14.4/lib/5.14.4 .) at /Users/hornenj/.cpan/build/UAV-Pilot-ArdupilotProtocol-0.001-ybwZ4L/blib/lib/UAV/Pilot/ArdupilotProtocol/Packet/Ack.pm line 27.
# BEGIN failed--compilation aborted at /Users/hornenj/.cpan/build/UAV-Pilot-ArdupilotProtocol-0.001-ybwZ4L/blib/lib/UAV/Pilot/ArdupilotProtocol/Packet/Ack.pm line 27.
# Compilation failed in require at t/001_load.t line 29.
# BEGIN failed--compilation aborted at t/001_load.t line 29.
# Failed test 'use UAV::Pilot::ArdupilotProtocol::Packet::Heartbeat;'
# at t/001_load.t line 30.
# Tried to use 'UAV::Pilot::ArdupilotProtocol::Packet::Heartbeat'.
# Error: Can't locate namespace/autoclean.pm in @INC (@INC contains: /Users/hornenj/.cpan/build/UAV-Pilot-ArdupilotProtocol-0.001-ybwZ4L/blib/lib /Users/hornenj/.cpan/build/UAV-Pilot-ArdupilotProtocol-0.001-ybwZ4L/blib/arch /Users/hornenj/perl5/perlbrew/perls/perl-5.14.4/lib/site_perl/5.14.4/darwin-2level /Users/hornenj/perl5/perlbrew/perls/perl-5.14.4/lib/site_perl/5.14.4 /Users/hornenj/perl5/perlbrew/perls/perl-5.14.4/lib/5.14.4/darwin-2level /Users/hornenj/perl5/perlbrew/perls/perl-5.14.4/lib/5.14.4 .) at /Users/hornenj/.cpan/build/UAV-Pilot-ArdupilotProtocol-0.001-ybwZ4L/blib/lib/UAV/Pilot/ArdupilotProtocol/Packet/Heartbeat.pm line 27.
# BEGIN failed--compilation aborted at /Users/hornenj/.cpan/build/UAV-Pilot-ArdupilotProtocol-0.001-ybwZ4L/blib/lib/UAV/Pilot/ArdupilotProtocol/Packet/Heartbeat.pm line 27.
# Compilation failed in require at t/001_load.t line 30.
# BEGIN failed--compilation aborted at t/001_load.t line 30.
# Failed test 'use UAV::Pilot::ArdupilotProtocol::Packet::RadioMaxes;'
# at t/001_load.t line 31.
# Tried to use 'UAV::Pilot::ArdupilotProtocol::Packet::RadioMaxes'.
# Error: Can't locate namespace/autoclean.pm in @INC (@INC contains: /Users/hornenj/.cpan/build/UAV-Pilot-ArdupilotProtocol-0.001-ybwZ4L/blib/lib /Users/hornenj/.cpan/build/UAV-Pilot-ArdupilotProtocol-0.001-ybwZ4L/blib/arch /Users/hornenj/perl5/perlbrew/perls/perl-5.14.4/lib/site_perl/5.14.4/darwin-2level /Users/hornenj/perl5/perlbrew/perls/perl-5.14.4/lib/site_perl/5.14.4 /Users/hornenj/perl5/perlbrew/perls/perl-5.14.4/lib/5.14.4/darwin-2level /Users/hornenj/perl5/perlbrew/perls/perl-5.14.4/lib/5.14.4 .) at /Users/hornenj/.cpan/build/UAV-Pilot-ArdupilotProtocol-0.001-ybwZ4L/blib/lib/UAV/Pilot/ArdupilotProtocol/Packet/RadioMaxes.pm line 27.
# BEGIN failed--compilation aborted at /Users/hornenj/.cpan/build/UAV-Pilot-ArdupilotProtocol-0.001-ybwZ4L/blib/lib/UAV/Pilot/ArdupilotProtocol/Packet/RadioMaxes.pm line 27.
# Compilation failed in require at t/001_load.t line 31.
# BEGIN failed--compilation aborted at t/001_load.t line 31.
# Failed test 'use UAV::Pilot::ArdupilotProtocol::Packet::RadioMins;'
# at t/001_load.t line 32.
# Tried to use 'UAV::Pilot::ArdupilotProtocol::Packet::RadioMins'.
# Error: Can't locate namespace/autoclean.pm in @INC (@INC contains: /Users/hornenj/.cpan/build/UAV-Pilot-ArdupilotProtocol-0.001-ybwZ4L/blib/lib /Users/hornenj/.cpan/build/UAV-Pilot-ArdupilotProtocol-0.001-ybwZ4L/blib/arch /Users/hornenj/perl5/perlbrew/perls/perl-5.14.4/lib/site_perl/5.14.4/darwin-2level /Users/hornenj/perl5/perlbrew/perls/perl-5.14.4/lib/site_perl/5.14.4 /Users/hornenj/perl5/perlbrew/perls/perl-5.14.4/lib/5.14.4/darwin-2level /Users/hornenj/perl5/perlbrew/perls/perl-5.14.4/lib/5.14.4 .) at /Users/hornenj/.cpan/build/UAV-Pilot-ArdupilotProtocol-0.001-ybwZ4L/blib/lib/UAV/Pilot/ArdupilotProtocol/Packet/RadioMins.pm line 27.
# BEGIN failed--compilation aborted at /Users/hornenj/.cpan/build/UAV-Pilot-ArdupilotProtocol-0.001-ybwZ4L/blib/lib/UAV/Pilot/ArdupilotProtocol/Packet/RadioMins.pm line 27.
# Compilation failed in require at t/001_load.t line 32.
# BEGIN failed--compilation aborted at t/001_load.t line 32.
# Failed test 'use UAV::Pilot::ArdupilotProtocol::Packet::RadioOutputs;'
# at t/001_load.t line 33.
# Tried to use 'UAV::Pilot::ArdupilotProtocol::Packet::RadioOutputs'.
# Error: Can't locate namespace/autoclean.pm in @INC (@INC contains: /Users/hornenj/.cpan/build/UAV-Pilot-ArdupilotProtocol-0.001-ybwZ4L/blib/lib /Users/hornenj/.cpan/build/UAV-Pilot-ArdupilotProtocol-0.001-ybwZ4L/blib/arch /Users/hornenj/perl5/perlbrew/perls/perl-5.14.4/lib/site_perl/5.14.4/darwin-2level /Users/hornenj/perl5/perlbrew/perls/perl-5.14.4/lib/site_perl/5.14.4 /Users/hornenj/perl5/perlbrew/perls/perl-5.14.4/lib/5.14.4/darwin-2level /Users/hornenj/perl5/perlbrew/perls/perl-5.14.4/lib/5.14.4 .) at /Users/hornenj/.cpan/build/UAV-Pilot-ArdupilotProtocol-0.001-ybwZ4L/blib/lib/UAV/Pilot/ArdupilotProtocol/Packet/RadioOutputs.pm line 27.
# BEGIN failed--compilation aborted at /Users/hornenj/.cpan/build/UAV-Pilot-ArdupilotProtocol-0.001-ybwZ4L/blib/lib/UAV/Pilot/ArdupilotProtocol/Packet/RadioOutputs.pm line 27.
# Compilation failed in require at t/001_load.t line 33.
# BEGIN failed--compilation aborted at t/001_load.t line 33.
# Failed test 'use UAV::Pilot::ArdupilotProtocol::Packet::RadioTrims;'
# at t/001_load.t line 34.
# Tried to use 'UAV::Pilot::ArdupilotProtocol::Packet::RadioTrims'.
# Error: Can't locate namespace/autoclean.pm in @INC (@INC contains: /Users/hornenj/.cpan/build/UAV-Pilot-ArdupilotProtocol-0.001-ybwZ4L/blib/lib /Users/hornenj/.cpan/build/UAV-Pilot-ArdupilotProtocol-0.001-ybwZ4L/blib/arch /Users/hornenj/perl5/perlbrew/perls/perl-5.14.4/lib/site_perl/5.14.4/darwin-2level /Users/hornenj/perl5/perlbrew/perls/perl-5.14.4/lib/site_perl/5.14.4 /Users/hornenj/perl5/perlbrew/perls/perl-5.14.4/lib/5.14.4/darwin-2level /Users/hornenj/perl5/perlbrew/perls/perl-5.14.4/lib/5.14.4 .) at /Users/hornenj/.cpan/build/UAV-Pilot-ArdupilotProtocol-0.001-ybwZ4L/blib/lib/UAV/Pilot/ArdupilotProtocol/Packet/RadioTrims.pm line 27.
# BEGIN failed--compilation aborted at /Users/hornenj/.cpan/build/UAV-Pilot-ArdupilotProtocol-0.001-ybwZ4L/blib/lib/UAV/Pilot/ArdupilotProtocol/Packet/RadioTrims.pm line 27.
# Compilation failed in require at t/001_load.t line 34.
# BEGIN failed--compilation aborted at t/001_load.t line 34.
# Failed test 'use UAV::Pilot::ArdupilotProtocol::Packet::RequestStartupMessage;'
# at t/001_load.t line 35.
# Tried to use 'UAV::Pilot::ArdupilotProtocol::Packet::RequestStartupMessage'.
# Error: Can't locate namespace/autoclean.pm in @INC (@INC contains: /Users/hornenj/.cpan/build/UAV-Pilot-ArdupilotProtocol-0.001-ybwZ4L/blib/lib /Users/hornenj/.cpan/build/UAV-Pilot-ArdupilotProtocol-0.001-ybwZ4L/blib/arch /Users/hornenj/perl5/perlbrew/perls/perl-5.14.4/lib/site_perl/5.14.4/darwin-2level /Users/hornenj/perl5/perlbrew/perls/perl-5.14.4/lib/site_perl/5.14.4 /Users/hornenj/perl5/perlbrew/perls/perl-5.14.4/lib/5.14.4/darwin-2level /Users/hornenj/perl5/perlbrew/perls/perl-5.14.4/lib/5.14.4 .) at /Users/hornenj/.cpan/build/UAV-Pilot-ArdupilotProtocol-0.001-ybwZ4L/blib/lib/UAV/Pilot/ArdupilotProtocol/Packet/RequestStartupMessage.pm line 27.
# BEGIN failed--compilation aborted at /Users/hornenj/.cpan/build/UAV-Pilot-ArdupilotProtocol-0.001-ybwZ4L/blib/lib/UAV/Pilot/ArdupilotProtocol/Packet/RequestStartupMessage.pm line 27.
# Compilation failed in require at t/001_load.t line 35.
# BEGIN failed--compilation aborted at t/001_load.t line 35.
# Failed test 'use UAV::Pilot::ArdupilotProtocol::Packet::StartupMessage;'
# at t/001_load.t line 36.
# Tried to use 'UAV::Pilot::ArdupilotProtocol::Packet::StartupMessage'.
# Error: Can't locate namespace/autoclean.pm in @INC (@INC contains: /Users/hornenj/.cpan/build/UAV-Pilot-ArdupilotProtocol-0.001-ybwZ4L/blib/lib /Users/hornenj/.cpan/build/UAV-Pilot-ArdupilotProtocol-0.001-ybwZ4L/blib/arch /Users/hornenj/perl5/perlbrew/perls/perl-5.14.4/lib/site_perl/5.14.4/darwin-2level /Users/hornenj/perl5/perlbrew/perls/perl-5.14.4/lib/site_perl/5.14.4 /Users/hornenj/perl5/perlbrew/perls/perl-5.14.4/lib/5.14.4/darwin-2level /Users/hornenj/perl5/perlbrew/perls/perl-5.14.4/lib/5.14.4 .) at /Users/hornenj/.cpan/build/UAV-Pilot-ArdupilotProtocol-0.001-ybwZ4L/blib/lib/UAV/Pilot/ArdupilotProtocol/Packet/StartupMessage.pm line 27.
# BEGIN failed--compilation aborted at /Users/hornenj/.cpan/build/UAV-Pilot-ArdupilotProtocol-0.001-ybwZ4L/blib/lib/UAV/Pilot/ArdupilotProtocol/Packet/StartupMessage.pm line 27.
# Compilation failed in require at t/001_load.t line 36.
# BEGIN failed--compilation aborted at t/001_load.t line 36.
# Failed test 'use UAV::Pilot::ArdupilotProtocol::PacketFactory;'
# at t/001_load.t line 37.
# Tried to use 'UAV::Pilot::ArdupilotProtocol::PacketFactory'.
# Error: Can't locate UAV/Pilot.pm in @INC (@INC contains: /Users/hornenj/.cpan/build/UAV-Pilot-ArdupilotProtocol-0.001-ybwZ4L/blib/lib /Users/hornenj/.cpan/build/UAV-Pilot-ArdupilotProtocol-0.001-ybwZ4L/blib/arch /Users/hornenj/perl5/perlbrew/perls/perl-5.14.4/lib/site_perl/5.14.4/darwin-2level /Users/hornenj/perl5/perlbrew/perls/perl-5.14.4/lib/site_perl/5.14.4 /Users/hornenj/perl5/perlbrew/perls/perl-5.14.4/lib/5.14.4/darwin-2level /Users/hornenj/perl5/perlbrew/perls/perl-5.14.4/lib/5.14.4 .) at /Users/hornenj/.cpan/build/UAV-Pilot-ArdupilotProtocol-0.001-ybwZ4L/blib/lib/UAV/Pilot/ArdupilotProtocol/PacketFactory.pm line 27.
# BEGIN failed--compilation aborted at /Users/hornenj/.cpan/build/UAV-Pilot-ArdupilotProtocol-0.001-ybwZ4L/blib/lib/UAV/Pilot/ArdupilotProtocol/PacketFactory.pm line 27.
# Compilation failed in require at t/001_load.t line 37.
# BEGIN failed--compilation aborted at t/001_load.t line 37.
# Looks like you failed 11 tests of 11.
t/001_load.t ....
Dubious, test returned 11 (wstat 2816, 0xb00)
Failed 11/11 subtests
t/002_pod.t ..... ok
Can't locate UAV/Pilot.pm in @INC (@INC contains: /Users/hornenj/.cpan/build/UAV-Pilot-ArdupilotProtocol-0.001-ybwZ4L/blib/lib /Users/hornenj/.cpan/build/UAV-Pilot-ArdupilotProtocol-0.001-ybwZ4L/blib/arch /Users/hornenj/perl5/perlbrew/perls/perl-5.14.4/lib/site_perl/5.14.4/darwin-2level /Users/hornenj/perl5/perlbrew/perls/perl-5.14.4/lib/site_perl/5.14.4 /Users/hornenj/perl5/perlbrew/perls/perl-5.14.4/lib/5.14.4/darwin-2level /Users/hornenj/perl5/perlbrew/perls/perl-5.14.4/lib/5.14.4 .) at /Users/hornenj/.cpan/build/UAV-Pilot-ArdupilotProtocol-0.001-ybwZ4L/blib/lib/UAV/Pilot/ArdupilotProtocol/PacketFactory.pm line 27.
BEGIN failed--compilation aborted at /Users/hornenj/.cpan/build/UAV-Pilot-ArdupilotProtocol-0.001-ybwZ4L/blib/lib/UAV/Pilot/ArdupilotProtocol/PacketFactory.pm line 27.
Compilation failed in require at t/010_packet.t line 27.
BEGIN failed--compilation aborted at t/010_packet.t line 27.
# Looks like your test exited with 2 before it could output anything.
t/010_packet.t ..
Dubious, test returned 2 (wstat 512, 0x200)
Failed 75/75 subtests
Test Summary Report
-------------------
t/001_load.t (Wstat: 2816 Tests: 11 Failed: 11)
Failed tests: 1-11
Non-zero exit status: 11
t/010_packet.t (Wstat: 512 Tests: 0 Failed: 0)
Non-zero exit status: 2
Parse errors: Bad plan. You planned 75 tests but ran 0.
Files=3, Tests=22, 0 wallclock secs ( 0.02 usr 0.01 sys + 0.22 cusr 0.02 csys = 0.27 CPU)
Result: FAIL
Failed 2/3 test programs. 11/22 subtests failed.
make: *** [test_dynamic] Error 2
------------------------------
PREREQUISITES
------------------------------
Prerequisite modules loaded:
configure_requires:
Module Need Have
------------------- ---- ----
ExtUtils::MakeMaker 6.30 6.98
------------------------------
ENVIRONMENT AND OTHER CONTEXT
------------------------------
Environment variables:
AUTOMATED_TESTING = 1
LC_ALL = POSIX
LD_LIBRARY_PATH = :/net/traces01.be-md.ncbi.nlm.nih.gov/trace_software/vdb/mac/release/x86_64/lib
PATH = /Users/hornenj/perl5/perlbrew/bin:/Users/hornenj/perl5/perlbrew/perls/perl-5.14.4/bin:/Users/hornenj/perl5/perlbrew/bin:/Users/hornenj/perl5/perlbrew/perls/perl-5.20.0/bin:/sw/lib/perl5/ExtUtils:/sw/bin:/sw/sbin:/am/ncbiapdata/bin:/usr/bin:/bin:/usr/X11R6/bin:/Users/hornenj/bin:/netopt/ncbi_tools/bin:/usr/local/ncbi/blast/bin:/net/traces01.be-md.ncbi.nlm.nih.gov/trace_software/vdb/mac/release/x86_64/bin
PERL5LIB =
PERL5OPT =
PERL5_CPANPLUS_IS_RUNNING = 92165
PERL5_CPAN_IS_RUNNING = 92165
PERL5_MINISMOKEBOX = 0.58
PERLBREW_BASHRC_VERSION = 0.69
PERLBREW_HOME = /Users/hornenj/.perlbrew
PERLBREW_MANPATH = /Users/hornenj/perl5/perlbrew/perls/perl-5.14.4/man
PERLBREW_PATH = /Users/hornenj/perl5/perlbrew/bin:/Users/hornenj/perl5/perlbrew/perls/perl-5.14.4/bin
PERLBREW_PERL = perl-5.14.4
PERLBREW_ROOT = /Users/hornenj/perl5/perlbrew
PERLBREW_VERSION = 0.69
PERL_EXTUTILS_AUTOINSTALL = --defaultdeps
PERL_MM_USE_DEFAULT = 1
SHELL = /bin/bash
TERM = xterm
TMPDIR = /var/folders/pz/pd7y1qjs6s3cbk170cw50fjc000c61/T/
VERSIONER_PERL_PREFER_32_BIT = no
VERSIONER_PERL_VERSION = 5.12
ac_cv_path_INTLTOOL_PERL = /usr/bin/perl
Perl special variables (and OS-specific diagnostics, for MSWin32):
$^X = /Users/hornenj/perl5/perlbrew/perls/perl-5.14.4/bin/perl
$UID/$EUID = 12481 / 12481
$GID = 14 14 5344 527 241 206 402 12 62 204
$EGID = 14 14 5344 527 241 206 402 12 62 204
Perl module toolchain versions installed:
Module Have
------------------- --------
CPAN 2.05
CPAN::Meta 2.141170
Cwd 3.47
ExtUtils::CBuilder 0.280216
ExtUtils::Command 1.17
ExtUtils::Install 1.56
ExtUtils::MakeMaker 6.98
ExtUtils::Manifest 1.61
ExtUtils::ParseXS 3.21
File::Spec 3.47
JSON 2.90
JSON::PP 2.27203
Module::Build 0.4205
Module::Signature n/a
Parse::CPAN::Meta 1.4414
Test::Harness 3.32
Test::More 1.001003
YAML 0.95
YAML::Syck 1.27
version 0.9903
--
Summary of my perl5 (revision 5 version 14 subversion 4) configuration:
Platform:
osname=darwin, osvers=12.2.1, archname=darwin-2level
uname='darwin ncbimac2008.ncbi.nlm.nih.gov 12.2.1 darwin kernel version 12.2.1: thu oct 18 12:13:47 pdt 2012; root:xnu-2050.20.9~1release_x86_64 x86_64 '
config_args='-de -Dprefix=/Users/hornenj/perl5/perlbrew/perls/perl-5.14.4'
hint=recommended, useposix=true, d_sigaction=define
useithreads=undef, usemultiplicity=undef
useperlio=define, d_sfio=undef, uselargefiles=define, usesocks=undef
use64bitint=define, use64bitall=define, uselongdouble=undef
usemymalloc=n, bincompat5005=undef
Compiler:
cc='cc', ccflags ='-fno-common -DPERL_DARWIN -fno-strict-aliasing -pipe -fstack-protector',
optimize='-O3',
cppflags='-fno-common -DPERL_DARWIN -fno-strict-aliasing -pipe -fstack-protector'
ccversion='', gccversion='4.2.1 Compatible Apple LLVM 4.2 (clang-425.0.24)', gccosandvers=''
intsize=4, longsize=8, ptrsize=8, doublesize=8, byteorder=12345678
d_longlong=define, longlongsize=8, d_longdbl=define, longdblsize=16
ivtype='long', ivsize=8, nvtype='double', nvsize=8, Off_t='off_t', lseeksize=8
alignbytes=8, prototype=define
Linker and Libraries:
ld='env MACOSX_DEPLOYMENT_TARGET=10.3 cc', ldflags =' -fstack-protector'
libpth=/usr/lib
libs=-ldbm -ldl -lm -lutil -lc
perllibs=-ldl -lm -lutil -lc
libc=, so=dylib, useshrplib=false, libperl=libperl.a
gnulibc_version=''
Dynamic Linking:
dlsrc=dl_dlopen.xs, dlext=bundle, d_dlsymun=undef, ccdlflags=' '
cccdlflags=' ', lddlflags=' -bundle -undefined dynamic_lookup -fstack-protector'
Characteristics of this binary (from libperl):
Compile-time options: PERL_DONT_CREATE_GVSV PERL_MALLOC_WRAP
PERL_PRESERVE_IVUV USE_64_BIT_ALL USE_64_BIT_INT
USE_LARGE_FILES USE_PERLIO USE_PERL_ATOF
Built under darwin
Compiled at Mar 11 2013 08:11:05
%ENV:
PERL5LIB=""
PERL5OPT=""
PERL5_CPANPLUS_IS_RUNNING="92165"
PERL5_CPAN_IS_RUNNING="92165"
PERL5_MINISMOKEBOX="0.58"
PERLBREW_BASHRC_VERSION="0.69"
PERLBREW_HOME="/Users/hornenj/.perlbrew"
PERLBREW_MANPATH="/Users/hornenj/perl5/perlbrew/perls/perl-5.14.4/man"
PERLBREW_PATH="/Users/hornenj/perl5/perlbrew/bin:/Users/hornenj/perl5/perlbrew/perls/perl-5.14.4/bin"
PERLBREW_PERL="perl-5.14.4"
PERLBREW_ROOT="/Users/hornenj/perl5/perlbrew"
PERLBREW_VERSION="0.69"
PERL_EXTUTILS_AUTOINSTALL="--defaultdeps"
PERL_MM_USE_DEFAULT="1"
@INC:
/Users/hornenj/perl5/perlbrew/perls/perl-5.14.4/lib/site_perl/5.14.4/darwin-2level
/Users/hornenj/perl5/perlbrew/perls/perl-5.14.4/lib/site_perl/5.14.4
/Users/hornenj/perl5/perlbrew/perls/perl-5.14.4/lib/5.14.4/darwin-2level
/Users/hornenj/perl5/perlbrew/perls/perl-5.14.4/lib/5.14.4
.