Report for Bash-Completion-0.005

Back
From: metabase:user:322078bc-2aae-11df-837a-5e0a49663a4f
Subject: FAIL Bash-Completion-0.005 v5.8.9 FreeBSD
Date: 2011-08-29T09:49:27Z

This distribution has been tested as part of the CPAN Testers
project, supporting the Perl programming language.  See
http://wiki.cpantesters.org/ for more information or email
questions to cpan-testers-discuss@perl.org


--

Dear MELO,

This is a computer-generated error report created automatically by
CPANPLUS, version 0.9109. Testers personal comments may appear
at the end of this report.


Thank you for uploading your work to CPAN.  However, it appears that
there were some problems testing your distribution.

TEST RESULTS:

Below is the error stack from stage 'make test':

[MSG] [Mon Aug 29 10:48:18 2011] cp lib/App/BashComplete.pm blib/lib/App/BashComplete.pm
cp lib/Bash/Completion/Utils.pm blib/lib/Bash/Completion/Utils.pm
cp lib/Bash/Completion/Request.pm blib/lib/Bash/Completion/Request.pm
cp lib/Bash/Completion.pm blib/lib/Bash/Completion.pm
cp lib/Bash/Completion/Plugins/Perldoc.pm blib/lib/Bash/Completion/Plugins/Perldoc.pm
cp lib/Bash/Completion/Plugins/BashComplete.pm blib/lib/Bash/Completion/Plugins/BashComplete.pm
cp lib/Bash/Completion/Plugin.pm blib/lib/Bash/Completion/Plugin.pm
cp bin/setup-bash-complete blib/script/setup-bash-complete
/usr/home/cpan/pit/bare/perl-5.8.9/bin/perl -MExtUtils::MY -e 'MY->fixin(shift)' -- blib/script/setup-bash-complete
cp bin/bash-complete blib/script/bash-complete
/usr/home/cpan/pit/bare/perl-5.8.9/bin/perl -MExtUtils::MY -e 'MY->fixin(shift)' -- blib/script/bash-complete
Manifying blib/man1/setup-bash-complete.1
Manifying blib/man1/bash-complete.1
lib/Bash/Completion/Plugins/Perldoc.pm:168: Unknown formatting code V<\-f>
Manifying blib/man3/App::BashComplete.3
Manifying blib/man3/Bash::Completion::Request.3
Manifying blib/man3/Bash::Completion::Utils.3
Manifying blib/man3/Bash::Completion::Plugins::BashComplete.3
Manifying blib/man3/Bash::Completion::Plugins::Perldoc.3
Manifying blib/man3/Bash::Completion.3
Manifying blib/man3/Bash::Completion::Plugin.3

[ERROR] [Mon Aug 29 10:48:19 2011] MAKE TEST failed: PERL_DL_NONLAZY=1 /usr/home/cpan/pit/bare/perl-5.8.9/bin/perl "-MExtUtils::Command::MM" "-e" "test_harness(0, 'blib/lib', 'blib/arch')" t/*.t
t/03-request.t .............. ok
    
    #   Failed test 'command_in_path($cmd_name) works'
    #   at t/05-utils.t line 24.
    # Looks like you failed 1 test of 2.
t/05-utils.t ................ 
Dubious, test returned 1 (wstat 256, 0x100)
Failed 1/4 subtests 

#   Failed test 'command_in_path'
#   at t/05-utils.t line 29.
# Looks like you failed 1 test of 4.
t/07-plugin.t ............... ok

#   Failed test 'Got us a setup script'
#   at t/10-bash-completion.t line 31.

#   Failed test '... with the expected setup command for bash-complete'
#   at t/10-bash-completion.t line 33.
#                   ''
#     doesn't match '(?-xism:bash-complete complete BashComplete)'

#   Failed test '... with the expected setup command for perldoc'
#   at t/10-bash-completion.t line 38.
#                   ''
#     doesn't match '(?-xism:bash-complete complete Perldoc)'

#   Failed test '...... and it even has the correct options'
#   at t/10-bash-completion.t line 43.
#                   ''
#     doesn't match '(?-xism:-o nospace -o default perldoc)'
# Looks like you failed 4 tests of 8.
t/10-bash-completion.t ...... 
Dubious, test returned 4 (wstat 1024, 0x400)
Failed 4/8 subtests 
t/50-app-bash-complete.t .... ok
t/60-plugin-bashcomplete.t .. ok
t/release-distmeta.t ........ skipped: these tests are for release candidate testing
t/release-no-tabs.t ......... skipped: these tests are for release candidate testing
t/release-pod-coverage.t .... skipped: these tests are for release candidate testing
t/release-pod-syntax.t ...... skipped: these tests are for release candidate testing

Test Summary Report
-------------------
t/05-utils.t              (Wstat: 256 Tests: 4 Failed: 1)
  Failed test:  2
  Non-zero exit status: 1
t/10-bash-completion.t    (Wstat: 1024 Tests: 8 Failed: 4)
  Failed tests:  5-8
  Non-zero exit status: 4
Files=10, Tests=38,  1 wallclock secs ( 0.05 usr  0.05 sys +  0.35 cusr  0.36 csys =  0.80 CPU)
Result: FAIL
*** Error code 255

Stop in /usr/home/cpan/pit/bare/conf/perl-5.8.9/.cpanplus/5.8.9/build/Bash-Completion-0.005.
Failed 2/10 test programs. 5/38 subtests failed.

[MSG] [Mon Aug 29 10:48:19 2011] DEFAULT 'proceed_on_test_failure' HANDLER RETURNING 'sub return value'

PREREQUISITES:

Here is a list of prerequisites you specified and versions we
managed to load:

	  Module Name                        Have     Want
	  File::Spec                         3.33        0
	  File::Temp                         0.22        0
	  Getopt::Long                       2.37     2.36
	  Module::Pluggable                   3.9        0
	  Test::Deep                        0.108        0
	  Test::More                         0.98     0.98
	  parent                            0.225        0

Perl module toolchain versions installed:
	Module Name                        Have
	CPANPLUS                         0.9109
	CPANPLUS::Dist::Build              0.56
	Cwd                                3.33
	ExtUtils::CBuilder             0.280202
	ExtUtils::Command                  1.16
	ExtUtils::Install                  1.54
	ExtUtils::MakeMaker                6.58
	ExtUtils::Manifest                 1.58
	ExtUtils::ParseXS                2.2206
	File::Spec                         3.33
	Module::Build                    0.3800
	Test::Harness                      3.23
	Test::More                         0.98
	version                            0.91

******************************** NOTE ********************************
The comments above are created mechanically, possibly without manual
checking by the sender.  As there are many people performing automatic
tests on each upload to CPAN, it is likely that you will receive
identical messages about the same problem.

If you believe that the message is mistaken, please reply to the first
one with correction and/or additional informations, and do not take
it personally.  We appreciate your patience. :)
**********************************************************************

Additional comments:


This report was machine-generated by CPANPLUS::Dist::YACSmoke 0.64.
Powered by minismokebox version 0.54

------------------------------
ENVIRONMENT AND OTHER CONTEXT
------------------------------

Environment variables:

    AUTOMATED_TESTING = 1
    PATH = /sbin:/bin:/usr/sbin:/usr/bin:/usr/games:/usr/local/sbin:/usr/local/bin:/home/cpan/bin
    PERL5LIB = :/usr/home/cpan/pit/bare/conf/perl-5.8.9/.cpanplus/5.8.9/build/Test-Tester-0.107/blib/lib:/usr/home/cpan/pit/bare/conf/perl-5.8.9/.cpanplus/5.8.9/build/Test-Tester-0.107/blib/arch:/usr/home/cpan/pit/bare/conf/perl-5.8.9/.cpanplus/5.8.9/build/Test-NoWarnings-1.03/blib/lib:/usr/home/cpan/pit/bare/conf/perl-5.8.9/.cpanplus/5.8.9/build/Test-NoWarnings-1.03/blib/arch:/usr/home/cpan/pit/bare/conf/perl-5.8.9/.cpanplus/5.8.9/build/Test-Deep-0.108/blib/lib:/usr/home/cpan/pit/bare/conf/perl-5.8.9/.cpanplus/5.8.9/build/Test-Deep-0.108/blib/arch:/usr/home/cpan/pit/bare/conf/perl-5.8.9/.cpanplus/5.8.9/build/parent-0.225/blib/lib:/usr/home/cpan/pit/bare/conf/perl-5.8.9/.cpanplus/5.8.9/build/parent-0.225/blib/arch:/usr/home/cpan/pit/bare/conf/perl-5.8.9/.cpanplus/5.8.9/build/Bash-Completion-0.005/blib/lib:/usr/home/cpan/pit/bare/conf/perl-5.8.9/.cpanplus/5.8.9/build/Bash-Completion-0.005/blib/arch
    PERL5_CPANPLUS_IS_RUNNING = 10123
    PERL5_CPANPLUS_IS_VERSION = 0.9109
    PERL5_MINISMOKEBOX = 0.54
    PERL5_YACSMOKE_BASE = /usr/home/cpan/pit/bare/conf/perl-5.8.9
    PERL_EXTUTILS_AUTOINSTALL = --defaultdeps
    PERL_MM_USE_DEFAULT = 1
    SHELL = /usr/local/bin/bash
    TERM = screen

Perl special variables (and OS-specific diagnostics, for MSWin32):

    Perl: $^X = /usr/home/cpan/pit/bare/perl-5.8.9/bin/perl
    UID:  $<  = 1002
    EUID: $>  = 1002
    GID:  $(  = 1002 1002
    EGID: $)  = 1002 1002


-------------------------------


--

Summary of my perl5 (revision 5 version 8 subversion 9) configuration:
  Platform:
    osname=freebsd, osvers=9.0-current-201101, archname=amd64-freebsd
    uname='freebsd flooble.bingosnet.co.uk 9.0-current-201101 freebsd 9.0-current-201101 #0: mon jan 3 22:15:39 utc 2011 root@farrell.cse.buffalo.edu:usrobjusrsrcsysgeneric amd64 '
    config_args='-des -Dprefix=/usr/home/cpan/pit/bare/perl-5.8.9'
    hint=recommended, useposix=true, d_sigaction=define
    usethreads=undef use5005threads=undef useithreads=undef usemultiplicity=undef
    useperlio=define d_sfio=undef uselargefiles=define usesocks=undef
    use64bitint=define use64bitall=define uselongdouble=undef
    usemymalloc=n, bincompat5005=undef
  Compiler:
    cc='cc', ccflags ='-DHAS_FPSETMASK -DHAS_FLOATINGPOINT_H -fno-strict-aliasing -pipe -I/usr/local/include',
    optimize='-O',
    cppflags='-DHAS_FPSETMASK -DHAS_FLOATINGPOINT_H -fno-strict-aliasing -pipe -I/usr/local/include'
    ccversion='', gccversion='4.2.1 20070719  [FreeBSD]', gccosandvers=''
    intsize=4, longsize=8, ptrsize=8, doublesize=8, byteorder=12345678
    d_longlong=define, longlongsize=8, d_longdbl=define, longdblsize=16
    ivtype='long', ivsize=8, nvtype='double', nvsize=8, Off_t='off_t', lseeksize=8
    alignbytes=8, prototype=define
  Linker and Libraries:
    ld='cc', ldflags ='-Wl,-E  -L/usr/local/lib'
    libpth=/usr/lib /usr/local/lib
    libs=-lgdbm -lm -lcrypt -lutil -lc
    perllibs=-lm -lcrypt -lutil -lc
    libc=, so=so, useshrplib=false, libperl=libperl.a
    gnulibc_version=''
  Dynamic Linking:
    dlsrc=dl_dlopen.xs, dlext=so, d_dlsymun=undef, ccdlflags=' '
    cccdlflags='-DPIC -fPIC', lddlflags='-shared  -L/usr/local/lib'


Characteristics of this binary (from libperl): 
  Compile-time options: PERL_MALLOC_WRAP USE_64_BIT_ALL USE_64_BIT_INT
                        USE_FAST_STDIO USE_LARGE_FILES USE_PERLIO
  Built under freebsd
  Compiled at Apr 28 2011 23:17:46
  %ENV:
    PERL5LIB=":/usr/home/cpan/pit/bare/conf/perl-5.8.9/.cpanplus/5.8.9/build/Test-Tester-0.107/blib/lib:/usr/home/cpan/pit/bare/conf/perl-5.8.9/.cpanplus/5.8.9/build/Test-Tester-0.107/blib/arch:/usr/home/cpan/pit/bare/conf/perl-5.8.9/.cpanplus/5.8.9/build/Test-NoWarnings-1.03/blib/lib:/usr/home/cpan/pit/bare/conf/perl-5.8.9/.cpanplus/5.8.9/build/Test-NoWarnings-1.03/blib/arch:/usr/home/cpan/pit/bare/conf/perl-5.8.9/.cpanplus/5.8.9/build/Test-Deep-0.108/blib/lib:/usr/home/cpan/pit/bare/conf/perl-5.8.9/.cpanplus/5.8.9/build/Test-Deep-0.108/blib/arch:/usr/home/cpan/pit/bare/conf/perl-5.8.9/.cpanplus/5.8.9/build/parent-0.225/blib/lib:/usr/home/cpan/pit/bare/conf/perl-5.8.9/.cpanplus/5.8.9/build/parent-0.225/blib/arch:/usr/home/cpan/pit/bare/conf/perl-5.8.9/.cpanplus/5.8.9/build/Bash-Completion-0.005/blib/lib:/usr/home/cpan/pit/bare/conf/perl-5.8.9/.cpanplus/5.8.9/build/Bash-Completion-0.005/blib/arch"
    PERL5_CPANPLUS_IS_RUNNING="10123"
    PERL5_CPANPLUS_IS_VERSION="0.9109"
    PERL5_MINISMOKEBOX="0.54"
    PERL5_YACSMOKE_BASE="/usr/home/cpan/pit/bare/conf/perl-5.8.9"
    PERL_EXTUTILS_AUTOINSTALL="--defaultdeps"
    PERL_MM_USE_DEFAULT="1"
  @INC:
    /usr/home/cpan/pit/bare/conf/perl-5.8.9/.cpanplus/5.8.9/build/Test-Tester-0.107/blib/lib
    /usr/home/cpan/pit/bare/conf/perl-5.8.9/.cpanplus/5.8.9/build/Test-Tester-0.107/blib/arch
    /usr/home/cpan/pit/bare/conf/perl-5.8.9/.cpanplus/5.8.9/build/Test-NoWarnings-1.03/blib/lib
    /usr/home/cpan/pit/bare/conf/perl-5.8.9/.cpanplus/5.8.9/build/Test-NoWarnings-1.03/blib/arch
    /usr/home/cpan/pit/bare/conf/perl-5.8.9/.cpanplus/5.8.9/build/Test-Deep-0.108/blib/lib
    /usr/home/cpan/pit/bare/conf/perl-5.8.9/.cpanplus/5.8.9/build/Test-Deep-0.108/blib/arch
    /usr/home/cpan/pit/bare/conf/perl-5.8.9/.cpanplus/5.8.9/build/parent-0.225/blib/lib
    /usr/home/cpan/pit/bare/conf/perl-5.8.9/.cpanplus/5.8.9/build/parent-0.225/blib/arch
    /usr/home/cpan/pit/bare/conf/perl-5.8.9/.cpanplus/5.8.9/build/Bash-Completion-0.005/blib/lib
    /usr/home/cpan/pit/bare/conf/perl-5.8.9/.cpanplus/5.8.9/build/Bash-Completion-0.005/blib/arch
    /usr/home/cpan/pit/bare/perl-5.8.9/lib/5.8.9/amd64-freebsd
    /usr/home/cpan/pit/bare/perl-5.8.9/lib/5.8.9
    /usr/home/cpan/pit/bare/perl-5.8.9/lib/site_perl/5.8.9/amd64-freebsd
    /usr/home/cpan/pit/bare/perl-5.8.9/lib/site_perl/5.8.9
    .