DBIx-Class-Graph v1.05 Perl 5 v5.28.2 MSWin32-x86-multi-thread-64int

Status
Fail
From
Alexandr Ciornii (CHORNY)
Dist
DBIx-Class-Graph v1.05
Platform
Perl 5 v5.28.2 MSWin32-x86-multi-thread-64int
Date
2019-06-08 04:51:46
ID
2f8767f6-6bfd-1014-994f-caaf7c2aa2d3
This distribution has been tested as part of the CPAN Testers
project, supporting the Perl programming language.  See
http://wiki.cpantesters.org/ for more information or email
questions to cpan-testers-discuss@perl.org


--
Dear Moritz Onken,

This is a computer-generated report for DBIx-Class-Graph-1.05
on perl 5.28.2, created by CPAN-Reporter-1.2018.

Thank you for uploading your work to CPAN.  However, there was a problem
testing your distribution.

If you think this report is invalid, please consult the CPAN Testers Wiki
for suggestions on how to avoid getting FAIL reports for missing library
or binary dependencies, unsupported operating systems, and so on:

http://wiki.cpantesters.org/wiki/CPANAuthorNotes

Sections of this report:

    * Tester comments
    * Program output
    * Prerequisites
    * Environment and other context

------------------------------
TESTER COMMENTS
------------------------------

Additional comments from tester:

this report is from an automated smoke testing program
and was not reviewed by a human for accuracy

------------------------------
PROGRAM OUTPUT
------------------------------

Output from 'C:\Strawberry282\perl\bin\perl.exe ./Build test':

Could not generate inline handles for _graph->("" because : Failed to compile source: syntax error at (eval 207) line 21, near """( "


source:
#line 1 "inline delegation in DBIx::Class::ResultSet::Graph for _graph->("" (attribute declared in lib/DBIx/Class/Graph/Role/ResultSet.pm at line 22)"
sub {
    my $self = shift;

    my $proxy = $self->_graph;
    if ( !defined $proxy ) {
        die Module::Runtime::use_module("Moose::Exception::AttributeValueIsNotDefined")->new(method    => $self->meta->find_method_by_name("(\"\""),
instance  => $self,
attribute => $self->meta->find_attribute_by_name("_graph"),
);
    }
    elsif ( ref $proxy && !Scalar::Util::blessed($proxy) ) {
        die Module::Runtime::use_module("Moose::Exception::AttributeValueIsNotAnObject")->new(method      => $self->meta->find_method_by_name("(\"\""),
instance    => $self,
attribute   => $self->meta->find_attribute_by_name("_graph"),
given_value => $proxy,
);
    }
    return $proxy->(""( @_ );
}
 at C:/Strawberry282/perl/site/lib/Class/MOP/Method/Generated.pm line 56.
 at C:\Strawberry282\perl\site\lib\Moose\Meta\Method\Delegation.pm line 154
	Moose::Meta::Method::Delegation::catch {...} ('Failed to compile source: syntax error at (eval 207) line 21, near """( "^J^J^Jsource:^J#line 1 "inline delegation in DBIx::Class::ResultSet::Graph for _graph->("" (attribute declared in lib/DBIx/Class/Graph/Role/ResultSet.pm at line 22)"^Jsub {^J    my $self = shift;^J^J    my $proxy = $self->_graph;^J    if ( !defined $proxy ) {^J        die Module::Runtime::use_module("Moose::Exception::AttributeValueIsNotDefined")->new(method    => $self->meta->find_method_by_name("(\"\""),^Jinstance  => $self,^Jattribute => $self->meta->find_attribute_by_name("_graph"),^J);^J    }^J    elsif ( ref $proxy && !Scalar::Util::blessed($proxy) ) {^J        die Module::Runtime::use_module("Moose::Exception::AttributeValueIsNotAnObject")->new(method      => $self->meta->find_method_by_name("(\"\""),^Jinstance    => $self,^Jattribute   => $self->meta->find_attribute_by_name("_graph"),^Jgiven_value => $proxy,^J);^J    }^J    return $proxy->(""( @_ );^J}^J at C:/Strawberry282/perl/site/lib/Class/MOP/Method/Generated.pm line 56.^J') called at C:\Strawberry282\perl\vendor\lib\Try\Tiny.pm line 123
	Try::Tiny::try('CODE(0x1e8ce2c)', 'Try::Tiny::Catch=REF(0x1e552b4)') called at C:\Strawberry282\perl\site\lib\Moose\Meta\Method\Delegation.pm line 160
	Moose::Meta::Method::Delegation::_generate_inline_method('Moose::Meta::Method::Delegation=HASH(0xf226c4)') called at C:\Strawberry282\perl\site\lib\Moose\Meta\Method\Delegation.pm line 82
	Moose::Meta::Method::Delegation::_initialize_body('Moose::Meta::Method::Delegation=HASH(0xf226c4)') called at C:\Strawberry282\perl\site\lib\Moose\Meta\Method\Delegation.pm line 54
	Moose::Meta::Method::Delegation::new('Moose::Meta::Method::Delegation', 'name', '(""', 'package_name', 'DBIx::Class::ResultSet::Graph', 'attribute', 'Moose::Meta::Attribute=HASH(0x1e1a1f4)', 'delegate_to_method', '(""', 'curried_arguments', 'ARRAY(0x11459c4)') called at C:\Strawberry282\perl\site\lib\Moose\Meta\Attribute.pm line 1299
	Moose::Meta::Attribute::_make_delegation_method('Moose::Meta::Attribute=HASH(0x1e1a1f4)', '(""', '(""') called at C:\Strawberry282\perl\site\lib\Moose\Meta\Attribute.pm line 1166
	Moose::Meta::Attribute::install_delegation('Moose::Meta::Attribute=HASH(0x1e1a1f4)') called at C:\Strawberry282\perl\site\lib\Moose\Meta\Attribute.pm line 1015
	Moose::Meta::Attribute::install_accessors('Moose::Meta::Attribute=HASH(0x1e1a1f4)') called at C:\Strawberry282\perl\site\lib\Class\MOP\Class.pm line 899
	Class::MOP::Class::try {...}  at C:\Strawberry282\perl\vendor\lib\Try\Tiny.pm line 102
	eval {...} at C:\Strawberry282\perl\vendor\lib\Try\Tiny.pm line 93
	Try::Tiny::try('CODE(0x1e19354)', 'Try::Tiny::Catch=REF(0x1e198ac)') called at C:\Strawberry282\perl\site\lib\Class\MOP\Class.pm line 904
	Class::MOP::Class::_post_add_attribute('Moose::Meta::Class=HASH(0x1327524)', 'Moose::Meta::Attribute=HASH(0x1e1a1f4)') called at C:\Strawberry282\perl\site\lib\Class\MOP\Mixin\HasAttributes.pm line 39
	Class::MOP::Mixin::HasAttributes::add_attribute('Moose::Meta::Class=HASH(0x1327524)', 'Moose::Meta::Attribute=HASH(0x1e1a1f4)') called at C:\Strawberry282\perl\site\lib\Moose\Meta\Class.pm line 585
	Moose::Meta::Class::add_attribute('Moose::Meta::Class=HASH(0x1327524)', 'Moose::Meta::Attribute=HASH(0x1e1a1f4)') called at C:\Strawberry282\perl\site\lib\Moose\Meta\Role\Application\ToClass.pm line 126
	Moose::Meta::Role::Application::ToClass::apply_attributes('Moose::Meta::Role::Application::ToClass=HASH(0x1d2b784)', 'Moose::Meta::Role=HASH(0x1e32ad4)', 'Moose::Meta::Class=HASH(0x1327524)') called at C:\Strawberry282\perl\site\lib\Moose\Meta\Role\Application.pm line 59
	Moose::Meta::Role::Application::apply('Moose::Meta::Role::Application::ToClass=HASH(0x1d2b784)', 'Moose::Meta::Role=HASH(0x1e32ad4)', 'Moose::Meta::Class=HASH(0x1327524)') called at C:\Strawberry282\perl\site\lib\Moose\Meta\Role\Application\ToClass.pm line 31
	Moose::Meta::Role::Application::ToClass::apply('Moose::Meta::Role::Application::ToClass=HASH(0x1d2b784)', 'Moose::Meta::Role=HASH(0x1e32ad4)', 'Moose::Meta::Class=HASH(0x1327524)', 'HASH(0x11a1f14)') called at C:\Strawberry282\perl\site\lib\Moose\Meta\Role.pm line 472
	Moose::Meta::Role::apply('Moose::Meta::Role=HASH(0x1e32ad4)', 'Moose::Meta::Class=HASH(0x1327524)') called at C:\Strawberry282\perl\site\lib\Moose\Util.pm line 171
	Moose::Util::_apply_all_roles('Moose::Meta::Class=HASH(0x1327524)', undef, 'DBIx::Class::Graph::Role::ResultSet') called at C:\Strawberry282\perl\site\lib\Moose\Util.pm line 113
	Moose::Util::apply_all_roles('Moose::Meta::Class=HASH(0x1327524)', 'DBIx::Class::Graph::Role::ResultSet') called at C:\Strawberry282\perl\site\lib\Moose.pm line 57
	Moose::with('Moose::Meta::Class=HASH(0x1327524)', 'DBIx::Class::Graph::Role::ResultSet') called at C:\Strawberry282\perl\site\lib\Moose\Exporter.pm line 419
	Moose::with('DBIx::Class::Graph::Role::ResultSet') called at lib\DBIx\Class\ResultSet\Graph.pm line 19
	require DBIx/Class/ResultSet/Graph.pm at -e line 1
Compilation failed in require at -e line 1.

#   Failed test 'DBIx::Class::ResultSet::Graph loaded ok'
#   at t/00-compile.t line 71.
#                   ''
#     doesn't match '(?^s:^\s*DBIx::Class::ResultSet::Graph ok)'
# Looks like you failed 1 test of 5.
t/00-compile.t ................ 
Dubious, test returned 1 (wstat 256, 0x100)
Failed 1/5 subtests 
# 
# 
# perl: v5.28.2 (wanted any version) on MSWin32 from C:\Strawberry282\perl\bin\perl.exe
# 
# Class::C3                                     => 0.34       (want any version)
# DBIx::Class                                   => 0.082841   (want any version)
# DBIx::Class::ResultSet                        => <undef>    (want any version)
# DBIx::Class::Schema                           => <undef>    (want any version)
# File::Find                                    => 1.34       (want any version)
# File::Temp                                    => 0.2309     (want any version)
# Graph                                         => 0.9704     (want 0.94)   
# List::MoreUtils                               => 0.428      (want any version)
# Module::Build                                 => 0.4229     (want 0.3601) 
# Moose                                         => 2.2011     (want any version)
# Moose::Role                                   => 2.2011     (want any version)
# Scalar::Util                                  => 1.5        (want any version)
# Test::Memory::Cycle                           => 1.06       (want any version)
# Test::More                                    => 1.302162   (want 0.88)   
# base                                          => 2.27       (want any version)
# strict                                        => 1.11       (want any version)
# warnings                                      => 1.42       (want any version)
# 
# Thanks for using my code.  I hope it works for you.
# If not, please try and include this output in the bug report.
# That will help me reproduce the issue and solve you problem.
# 
t/000-report-versions-tiny.t .. ok
{UNKNOWN}: Could not generate inline handles for _graph->("" because : Failed to compile source: syntax error at (eval 814) line 21, near """( "


source:
#line 1 "inline delegation in DBIx::Class::ResultSet::Graph for _graph->("" (attribute declared in C:\STRAWB~1\cpan\build\DBIx-Class-Graph-1.05-0\blib\lib/DBIx/Class/Graph/Role/ResultSet.pm at line 22)"
sub {
    my $self = shift;

    my $proxy = $self->_graph;
    if ( !defined $proxy ) {
        die Module::Runtime::use_module("Moose::Exception::AttributeValueIsNotDefined")->new(method    => $self->meta->find_method_by_name("(\"\""),
instance  => $self,
attribute => $self->meta->find_attribute_by_name("_graph"),
);
    }
    elsif ( ref $proxy && !Scalar::Util::blessed($proxy) ) {
        die Module::Runtime::use_module("Moose::Exception::AttributeValueIsNotAnObject")->new(method      => $self->meta->find_method_by_name("(\"\""),
instance    => $self,
attribute   => $self->meta->find_attribute_by_name("_graph"),
given_value => $proxy,
);
    }
    return $proxy->(""( @_ );
}
 at C:/Strawberry282/perl/site/lib/Class/MOP/Method/Generated.pm line 56.
 at C:\Strawberry282\perl\site\lib\Moose\Meta\Method\Delegation.pm line 154
	Moose::Meta::Method::Delegation::catch {...} ('Failed to compile source: syntax error at (eval 814) line 21, near """( "^J^J^Jsource:^J#line 1 "inline delegation in DBIx::Class::ResultSet::Graph for _graph->("" (attribute declared in C:\STRAWB~1\cpan\build\DBIx-Class-Graph-1.05-0\blib\lib/DBIx/Class/Graph/Role/ResultSet.pm at line 22)"^Jsub {^J    my $self = shift;^J^J    my $proxy = $self->_graph;^J    if ( !defined $proxy ) {^J        die Module::Runtime::use_module("Moose::Exception::AttributeValueIsNotDefined")->new(method    => $self->meta->find_method_by_name("(\"\""),^Jinstance  => $self,^Jattribute => $self->meta->find_attribute_by_name("_graph"),^J);^J    }^J    elsif ( ref $proxy && !Scalar::Util::blessed($proxy) ) {^J        die Module::Runtime::use_module("Moose::Exception::AttributeValueIsNotAnObject")->new(method      => $self->meta->find_method_by_name("(\"\""),^Jinstance    => $self,^Jattribute   => $self->meta->find_attribute_by_name("_graph"),^Jgiven_value => $proxy,^J);^J    }^J    return $proxy->(""( @_ );^J}^J at C:/Strawberry282/perl/site/lib/Class/MOP/Method/Generated.pm line 56.^J') called at C:\Strawberry282\perl\vendor\lib\Try\Tiny.pm line 123
	Try::Tiny::try('CODE(0x33184dc)', 'Try::Tiny::Catch=REF(0x2b32a9c)') called at C:\Strawberry282\perl\site\lib\Moose\Meta\Method\Delegation.pm line 160
	Moose::Meta::Method::Delegation::_generate_inline_method('Moose::Meta::Method::Delegation=HASH(0x176c7f4)') called at C:\Strawberry282\perl\site\lib\Moose\Meta\Method\Delegation.pm line 82
	Moose::Meta::Method::Delegation::_initialize_body('Moose::Meta::Method::Delegation=HASH(0x176c7f4)') called at C:\Strawberry282\perl\site\lib\Moose\Meta\Method\Delegation.pm line 54
	Moose::Meta::Method::Delegation::new('Moose::Meta::Method::Delegation', 'name', '(""', 'package_name', 'DBIx::Class::ResultSet::Graph', 'attribute', 'Moose::Meta::Attribute=HASH(0x32d90a4)', 'delegate_to_method', '(""', 'curried_arguments', 'ARRAY(0x19844b4)') called at C:\Strawberry282\perl\site\lib\Moose\Meta\Attribute.pm line 1299
	Moose::Meta::Attribute::_make_delegation_method('Moose::Meta::Attribute=HASH(0x32d90a4)', '(""', '(""') called at C:\Strawberry282\perl\site\lib\Moose\Meta\Attribute.pm line 1166
	Moose::Meta::Attribute::install_delegation('Moose::Meta::Attribute=HASH(0x32d90a4)') called at C:\Strawberry282\perl\site\lib\Moose\Meta\Attribute.pm line 1015
	Moose::Meta::Attribute::install_accessors('Moose::Meta::Attribute=HASH(0x32d90a4)') called at C:\Strawberry282\perl\site\lib\Class\MOP\Class.pm line 899
	Class::MOP::Class::try {...}  at C:\Strawberry282\perl\vendor\lib\Try\Tiny.pm line 102
	eval {...} at C:\Strawberry282\perl\vendor\lib\Try\Tiny.pm line 93
	Try::Tiny::try('CODE(0x32d8534)', 'Try::Tiny::Catch=REF(0x140c2fc)') called at C:\Strawberry282\perl\site\lib\Class\MOP\Class.pm line 904
	Class::MOP::Class::_post_add_attribute('Moose::Meta::Class=HASH(0x2a3acd4)', 'Moose::Meta::Attribute=HASH(0x32d90a4)') called at C:\Strawberry282\perl\site\lib\Class\MOP\Mixin\HasAttributes.pm line 39
	Class::MOP::Mixin::HasAttributes::add_attribute('Moose::Meta::Class=HASH(0x2a3acd4)', 'Moose::Meta::Attribute=HASH(0x32d90a4)') called at C:\Strawberry282\perl\site\lib\Moose\Meta\Class.pm line 585
	Moose::Meta::Class::add_attribute('Moose::Meta::Class=HASH(0x2a3acd4)', 'Moose::Meta::Attribute=HASH(0x32d90a4)') called at C:\Strawberry282\perl\site\lib\Moose\Meta\Role\Application\ToClass.pm line 126
	Moose::Meta::Role::Application::ToClass::apply_attributes('Moose::Meta::Role::Application::ToClass=HASH(0x2a3ae0c)', 'Moose::Meta::Role=HASH(0x2b3976c)', 'Moose::Meta::Class=HASH(0x2a3acd4)') called at C:\Strawberry282\perl\site\lib\Moose\Meta\Role\Application.pm line 59
	Moose::Meta::Role::Application::apply('Moose::Meta::Role::Application::ToClass=HASH(0x2a3ae0c)', 'Moose::Meta::Role=HASH(0x2b3976c)', 'Moose::Meta::Class=HASH(0x2a3acd4)') called at C:\Strawberry282\perl\site\lib\Moose\Meta\Role\Application\ToClass.pm line 31
	Moose::Meta::Role::Application::ToClass::apply('Moose::Meta::Role::Application::ToClass=HASH(0x2a3ae0c)', 'Moose::Meta::Role=HASH(0x2b3976c)', 'Moose::Meta::Class=HASH(0x2a3acd4)', 'HASH(0x1bc1524)') called at C:\Strawberry282\perl\site\lib\Moose\Meta\Role.pm line 472
	Moose::Meta::Role::apply('Moose::Meta::Role=HASH(0x2b3976c)', 'Moose::Meta::Class=HASH(0x2a3acd4)') called at C:\Strawberry282\perl\site\lib\Moose\Util.pm line 171
	Moose::Util::_apply_all_roles('Moose::Meta::Class=HASH(0x2a3acd4)', undef, 'DBIx::Class::Graph::Role::ResultSet') called at C:\Strawberry282\perl\site\lib\Moose\Util.pm line 113
	Moose::Util::apply_all_roles('Moose::Meta::Class=HASH(0x2a3acd4)', 'DBIx::Class::Graph::Role::ResultSet') called at C:\Strawberry282\perl\site\lib\Moose.pm line 57
	Moose::with('Moose::Meta::Class=HASH(0x2a3acd4)', 'DBIx::Class::Graph::Role::ResultSet') called at C:\Strawberry282\perl\site\lib\Moose\Exporter.pm line 419
	Moose::with('DBIx::Class::Graph::Role::ResultSet') called at C:\STRAWB~1\cpan\build\DBIx-Class-Graph-1.05-0\blib\lib\DBIx\Class\ResultSet\Graph.pm line 19
	require DBIx/Class/ResultSet/Graph.pm at C:\Strawberry282\perl\site\lib\Class\C3\Componentised.pm line 146
	eval {...} at C:\Strawberry282\perl\site\lib\Class\C3\Componentised.pm line 146
	Class::C3::Componentised::ensure_class_loaded('DBIx::Class::ResultSource::Table=HASH(0x9b3a6c)', 'DBIx::Class::ResultSet::Graph') called at C:\Strawberry282\perl\site\lib\DBIx\Class\AccessorGroup.pm line 19
	DBIx::Class::AccessorGroup::get_component_class('DBIx::Class::ResultSource::Table=HASH(0x9b3a6c)', 'resultset_class') called at (eval 253) line 2
	DBIx::Class::ResultSource::resultset_class('DBIx::Class::ResultSource::Table=HASH(0x9b3a6c)') called at C:\Strawberry282\perl\site\lib\DBIx\Class\ResultSource.pm line 1135
	DBIx::Class::ResultSource::resultset('DBIx::Class::ResultSource::Table=HASH(0x9b3a6c)') called at C:\Strawberry282\perl\site\lib\DBIx\Class\Schema.pm line 547
	DBIx::Class::Schema::resultset('TestLib::Schema=HASH(0x3fd0e4)', 'Simple') called at C:\Strawberry282\perl\site\lib\DBIx\Class\Schema.pm line 769
	DBIx::Class::Schema::populate('TestLib::Schema=HASH(0x3fd0e4)', 'Simple', 'ARRAY(0x2b0e9ec)') called at t\lib\TestLib.pm line 20
	TestLib::new('TestLib') called at t\complex.t line 7
Compilation failed in require at C:/Strawberry282/perl/site/lib/Class/C3/Componentised.pm line 146. at C:/Strawberry282/perl/site/lib/Class/C3/Componentised.pm line 151
t/complex.t ................... 
Dubious, test returned 255 (wstat 65280, 0xff00)
No subtests run 
{UNKNOWN}: Could not generate inline handles for _graph->("" because : Failed to compile source: syntax error at (eval 814) line 21, near """( "


source:
#line 1 "inline delegation in DBIx::Class::ResultSet::Graph for _graph->("" (attribute declared in C:\STRAWB~1\cpan\build\DBIx-Class-Graph-1.05-0\blib\lib/DBIx/Class/Graph/Role/ResultSet.pm at line 22)"
sub {
    my $self = shift;

    my $proxy = $self->_graph;
    if ( !defined $proxy ) {
        die Module::Runtime::use_module("Moose::Exception::AttributeValueIsNotDefined")->new(method    => $self->meta->find_method_by_name("(\"\""),
instance  => $self,
attribute => $self->meta->find_attribute_by_name("_graph"),
);
    }
    elsif ( ref $proxy && !Scalar::Util::blessed($proxy) ) {
        die Module::Runtime::use_module("Moose::Exception::AttributeValueIsNotAnObject")->new(method      => $self->meta->find_method_by_name("(\"\""),
instance    => $self,
attribute   => $self->meta->find_attribute_by_name("_graph"),
given_value => $proxy,
);
    }
    return $proxy->(""( @_ );
}
 at C:/Strawberry282/perl/site/lib/Class/MOP/Method/Generated.pm line 56.
 at C:\Strawberry282\perl\site\lib\Moose\Meta\Method\Delegation.pm line 154
	Moose::Meta::Method::Delegation::catch {...} ('Failed to compile source: syntax error at (eval 814) line 21, near """( "^J^J^Jsource:^J#line 1 "inline delegation in DBIx::Class::ResultSet::Graph for _graph->("" (attribute declared in C:\STRAWB~1\cpan\build\DBIx-Class-Graph-1.05-0\blib\lib/DBIx/Class/Graph/Role/ResultSet.pm at line 22)"^Jsub {^J    my $self = shift;^J^J    my $proxy = $self->_graph;^J    if ( !defined $proxy ) {^J        die Module::Runtime::use_module("Moose::Exception::AttributeValueIsNotDefined")->new(method    => $self->meta->find_method_by_name("(\"\""),^Jinstance  => $self,^Jattribute => $self->meta->find_attribute_by_name("_graph"),^J);^J    }^J    elsif ( ref $proxy && !Scalar::Util::blessed($proxy) ) {^J        die Module::Runtime::use_module("Moose::Exception::AttributeValueIsNotAnObject")->new(method      => $self->meta->find_method_by_name("(\"\""),^Jinstance    => $self,^Jattribute   => $self->meta->find_attribute_by_name("_graph"),^Jgiven_value => $proxy,^J);^J    }^J    return $proxy->(""( @_ );^J}^J at C:/Strawberry282/perl/site/lib/Class/MOP/Method/Generated.pm line 56.^J') called at C:\Strawberry282\perl\vendor\lib\Try\Tiny.pm line 123
	Try::Tiny::try('CODE(0x333c91c)', 'Try::Tiny::Catch=REF(0x3309584)') called at C:\Strawberry282\perl\site\lib\Moose\Meta\Method\Delegation.pm line 160
	Moose::Meta::Method::Delegation::_generate_inline_method('Moose::Meta::Method::Delegation=HASH(0x179b9bc)') called at C:\Strawberry282\perl\site\lib\Moose\Meta\Method\Delegation.pm line 82
	Moose::Meta::Method::Delegation::_initialize_body('Moose::Meta::Method::Delegation=HASH(0x179b9bc)') called at C:\Strawberry282\perl\site\lib\Moose\Meta\Method\Delegation.pm line 54
	Moose::Meta::Method::Delegation::new('Moose::Meta::Method::Delegation', 'name', '(""', 'package_name', 'DBIx::Class::ResultSet::Graph', 'attribute', 'Moose::Meta::Attribute=HASH(0x2b5c04c)', 'delegate_to_method', '(""', 'curried_arguments', 'ARRAY(0x19abdfc)') called at C:\Strawberry282\perl\site\lib\Moose\Meta\Attribute.pm line 1299
	Moose::Meta::Attribute::_make_delegation_method('Moose::Meta::Attribute=HASH(0x2b5c04c)', '(""', '(""') called at C:\Strawberry282\perl\site\lib\Moose\Meta\Attribute.pm line 1166
	Moose::Meta::Attribute::install_delegation('Moose::Meta::Attribute=HASH(0x2b5c04c)') called at C:\Strawberry282\perl\site\lib\Moose\Meta\Attribute.pm line 1015
	Moose::Meta::Attribute::install_accessors('Moose::Meta::Attribute=HASH(0x2b5c04c)') called at C:\Strawberry282\perl\site\lib\Class\MOP\Class.pm line 899
	Class::MOP::Class::try {...}  at C:\Strawberry282\perl\vendor\lib\Try\Tiny.pm line 102
	eval {...} at C:\Strawberry282\perl\vendor\lib\Try\Tiny.pm line 93
	Try::Tiny::try('CODE(0x32ffc4c)', 'Try::Tiny::Catch=REF(0x2b3b124)') called at C:\Strawberry282\perl\site\lib\Class\MOP\Class.pm line 904
	Class::MOP::Class::_post_add_attribute('Moose::Meta::Class=HASH(0x207097c)', 'Moose::Meta::Attribute=HASH(0x2b5c04c)') called at C:\Strawberry282\perl\site\lib\Class\MOP\Mixin\HasAttributes.pm line 39
	Class::MOP::Mixin::HasAttributes::add_attribute('Moose::Meta::Class=HASH(0x207097c)', 'Moose::Meta::Attribute=HASH(0x2b5c04c)') called at C:\Strawberry282\perl\site\lib\Moose\Meta\Class.pm line 585
	Moose::Meta::Class::add_attribute('Moose::Meta::Class=HASH(0x207097c)', 'Moose::Meta::Attribute=HASH(0x2b5c04c)') called at C:\Strawberry282\perl\site\lib\Moose\Meta\Role\Application\ToClass.pm line 126
	Moose::Meta::Role::Application::ToClass::apply_attributes('Moose::Meta::Role::Application::ToClass=HASH(0x2b3d444)', 'Moose::Meta::Role=HASH(0x2d47994)', 'Moose::Meta::Class=HASH(0x207097c)') called at C:\Strawberry282\perl\site\lib\Moose\Meta\Role\Application.pm line 59
	Moose::Meta::Role::Application::apply('Moose::Meta::Role::Application::ToClass=HASH(0x2b3d444)', 'Moose::Meta::Role=HASH(0x2d47994)', 'Moose::Meta::Class=HASH(0x207097c)') called at C:\Strawberry282\perl\site\lib\Moose\Meta\Role\Application\ToClass.pm line 31
	Moose::Meta::Role::Application::ToClass::apply('Moose::Meta::Role::Application::ToClass=HASH(0x2b3d444)', 'Moose::Meta::Role=HASH(0x2d47994)', 'Moose::Meta::Class=HASH(0x207097c)', 'HASH(0x1beb5bc)') called at C:\Strawberry282\perl\site\lib\Moose\Meta\Role.pm line 472
	Moose::Meta::Role::apply('Moose::Meta::Role=HASH(0x2d47994)', 'Moose::Meta::Class=HASH(0x207097c)') called at C:\Strawberry282\perl\site\lib\Moose\Util.pm line 171
	Moose::Util::_apply_all_roles('Moose::Meta::Class=HASH(0x207097c)', undef, 'DBIx::Class::Graph::Role::ResultSet') called at C:\Strawberry282\perl\site\lib\Moose\Util.pm line 113
	Moose::Util::apply_all_roles('Moose::Meta::Class=HASH(0x207097c)', 'DBIx::Class::Graph::Role::ResultSet') called at C:\Strawberry282\perl\site\lib\Moose.pm line 57
	Moose::with('Moose::Meta::Class=HASH(0x207097c)', 'DBIx::Class::Graph::Role::ResultSet') called at C:\Strawberry282\perl\site\lib\Moose\Exporter.pm line 419
	Moose::with('DBIx::Class::Graph::Role::ResultSet') called at C:\STRAWB~1\cpan\build\DBIx-Class-Graph-1.05-0\blib\lib\DBIx\Class\ResultSet\Graph.pm line 19
	require DBIx/Class/ResultSet/Graph.pm at C:\Strawberry282\perl\site\lib\Class\C3\Componentised.pm line 146
	eval {...} at C:\Strawberry282\perl\site\lib\Class\C3\Componentised.pm line 146
	Class::C3::Componentised::ensure_class_loaded('DBIx::Class::ResultSource::Table=HASH(0x1fd828c)', 'DBIx::Class::ResultSet::Graph') called at C:\Strawberry282\perl\site\lib\DBIx\Class\AccessorGroup.pm line 19
	DBIx::Class::AccessorGroup::get_component_class('DBIx::Class::ResultSource::Table=HASH(0x1fd828c)', 'resultset_class') called at (eval 253) line 2
	DBIx::Class::ResultSource::resultset_class('DBIx::Class::ResultSource::Table=HASH(0x1fd828c)') called at C:\Strawberry282\perl\site\lib\DBIx\Class\ResultSource.pm line 1135
	DBIx::Class::ResultSource::resultset('DBIx::Class::ResultSource::Table=HASH(0x1fd828c)') called at C:\Strawberry282\perl\site\lib\DBIx\Class\Schema.pm line 547
	DBIx::Class::Schema::resultset('TestLib::Schema=HASH(0x3fd0dc)', 'Simple') called at C:\Strawberry282\perl\site\lib\DBIx\Class\Schema.pm line 769
	DBIx::Class::Schema::populate('TestLib::Schema=HASH(0x3fd0dc)', 'Simple', 'ARRAY(0x22a9a94)') called at t\lib\TestLib.pm line 20
	TestLib::new('TestLib') called at t\leak.t line 8
Compilation failed in require at C:/Strawberry282/perl/site/lib/Class/C3/Componentised.pm line 146. at C:/Strawberry282/perl/site/lib/Class/C3/Componentised.pm line 151
t/leak.t ...................... 
Dubious, test returned 255 (wstat 65280, 0xff00)
No subtests run 
t/release-has-version.t ....... skipped: these tests are for release candidate testing
t/release-kwalitee.t .......... skipped: these tests are for release candidate testing
t/release-minimum-version.t ... skipped: these tests are for release candidate testing
t/release-pod-coverage.t ...... skipped: these tests are for release candidate testing
t/release-pod-syntax.t ........ skipped: these tests are for release candidate testing
{UNKNOWN}: Could not generate inline handles for _graph->("" because : Failed to compile source: syntax error at (eval 814) line 21, near """( "


source:
#line 1 "inline delegation in DBIx::Class::ResultSet::Graph for _graph->("" (attribute declared in C:\STRAWB~1\cpan\build\DBIx-Class-Graph-1.05-0\blib\lib/DBIx/Class/Graph/Role/ResultSet.pm at line 22)"
sub {
    my $self = shift;

    my $proxy = $self->_graph;
    if ( !defined $proxy ) {
        die Module::Runtime::use_module("Moose::Exception::AttributeValueIsNotDefined")->new(method    => $self->meta->find_method_by_name("(\"\""),
instance  => $self,
attribute => $self->meta->find_attribute_by_name("_graph"),
);
    }
    elsif ( ref $proxy && !Scalar::Util::blessed($proxy) ) {
        die Module::Runtime::use_module("Moose::Exception::AttributeValueIsNotAnObject")->new(method      => $self->meta->find_method_by_name("(\"\""),
instance    => $self,
attribute   => $self->meta->find_attribute_by_name("_graph"),
given_value => $proxy,
);
    }
    return $proxy->(""( @_ );
}
 at C:/Strawberry282/perl/site/lib/Class/MOP/Method/Generated.pm line 56.
 at C:\Strawberry282\perl\site\lib\Moose\Meta\Method\Delegation.pm line 154
	Moose::Meta::Method::Delegation::catch {...} ('Failed to compile source: syntax error at (eval 814) line 21, near """( "^J^J^Jsource:^J#line 1 "inline delegation in DBIx::Class::ResultSet::Graph for _graph->("" (attribute declared in C:\STRAWB~1\cpan\build\DBIx-Class-Graph-1.05-0\blib\lib/DBIx/Class/Graph/Role/ResultSet.pm at line 22)"^Jsub {^J    my $self = shift;^J^J    my $proxy = $self->_graph;^J    if ( !defined $proxy ) {^J        die Module::Runtime::use_module("Moose::Exception::AttributeValueIsNotDefined")->new(method    => $self->meta->find_method_by_name("(\"\""),^Jinstance  => $self,^Jattribute => $self->meta->find_attribute_by_name("_graph"),^J);^J    }^J    elsif ( ref $proxy && !Scalar::Util::blessed($proxy) ) {^J        die Module::Runtime::use_module("Moose::Exception::AttributeValueIsNotAnObject")->new(method      => $self->meta->find_method_by_name("(\"\""),^Jinstance    => $self,^Jattribute   => $self->meta->find_attribute_by_name("_graph"),^Jgiven_value => $proxy,^J);^J    }^J    return $proxy->(""( @_ );^J}^J at C:/Strawberry282/perl/site/lib/Class/MOP/Method/Generated.pm line 56.^J') called at C:\Strawberry282\perl\vendor\lib\Try\Tiny.pm line 123
	Try::Tiny::try('CODE(0x3312c04)', 'Try::Tiny::Catch=REF(0x2b2e874)') called at C:\Strawberry282\perl\site\lib\Moose\Meta\Method\Delegation.pm line 160
	Moose::Meta::Method::Delegation::_generate_inline_method('Moose::Meta::Method::Delegation=HASH(0x176ac9c)') called at C:\Strawberry282\perl\site\lib\Moose\Meta\Method\Delegation.pm line 82
	Moose::Meta::Method::Delegation::_initialize_body('Moose::Meta::Method::Delegation=HASH(0x176ac9c)') called at C:\Strawberry282\perl\site\lib\Moose\Meta\Method\Delegation.pm line 54
	Moose::Meta::Method::Delegation::new('Moose::Meta::Method::Delegation', 'name', '(""', 'package_name', 'DBIx::Class::ResultSet::Graph', 'attribute', 'Moose::Meta::Attribute=HASH(0x32da0dc)', 'delegate_to_method', '(""', 'curried_arguments', 'ARRAY(0x19830ac)') called at C:\Strawberry282\perl\site\lib\Moose\Meta\Attribute.pm line 1299
	Moose::Meta::Attribute::_make_delegation_method('Moose::Meta::Attribute=HASH(0x32da0dc)', '(""', '(""') called at C:\Strawberry282\perl\site\lib\Moose\Meta\Attribute.pm line 1166
	Moose::Meta::Attribute::install_delegation('Moose::Meta::Attribute=HASH(0x32da0dc)') called at C:\Strawberry282\perl\site\lib\Moose\Meta\Attribute.pm line 1015
	Moose::Meta::Attribute::install_accessors('Moose::Meta::Attribute=HASH(0x32da0dc)') called at C:\Strawberry282\perl\site\lib\Class\MOP\Class.pm line 899
	Class::MOP::Class::try {...}  at C:\Strawberry282\perl\vendor\lib\Try\Tiny.pm line 102
	eval {...} at C:\Strawberry282\perl\vendor\lib\Try\Tiny.pm line 93
	Try::Tiny::try('CODE(0x32d2814)', 'Try::Tiny::Catch=REF(0x2a34fa4)') called at C:\Strawberry282\perl\site\lib\Class\MOP\Class.pm line 904
	Class::MOP::Class::_post_add_attribute('Moose::Meta::Class=HASH(0x2b1587c)', 'Moose::Meta::Attribute=HASH(0x32da0dc)') called at C:\Strawberry282\perl\site\lib\Class\MOP\Mixin\HasAttributes.pm line 39
	Class::MOP::Mixin::HasAttributes::add_attribute('Moose::Meta::Class=HASH(0x2b1587c)', 'Moose::Meta::Attribute=HASH(0x32da0dc)') called at C:\Strawberry282\perl\site\lib\Moose\Meta\Class.pm line 585
	Moose::Meta::Class::add_attribute('Moose::Meta::Class=HASH(0x2b1587c)', 'Moose::Meta::Attribute=HASH(0x32da0dc)') called at C:\Strawberry282\perl\site\lib\Moose\Meta\Role\Application\ToClass.pm line 126
	Moose::Meta::Role::Application::ToClass::apply_attributes('Moose::Meta::Role::Application::ToClass=HASH(0x2a34614)', 'Moose::Meta::Role=HASH(0x32c4994)', 'Moose::Meta::Class=HASH(0x2b1587c)') called at C:\Strawberry282\perl\site\lib\Moose\Meta\Role\Application.pm line 59
	Moose::Meta::Role::Application::apply('Moose::Meta::Role::Application::ToClass=HASH(0x2a34614)', 'Moose::Meta::Role=HASH(0x32c4994)', 'Moose::Meta::Class=HASH(0x2b1587c)') called at C:\Strawberry282\perl\site\lib\Moose\Meta\Role\Application\ToClass.pm line 31
	Moose::Meta::Role::Application::ToClass::apply('Moose::Meta::Role::Application::ToClass=HASH(0x2a34614)', 'Moose::Meta::Role=HASH(0x32c4994)', 'Moose::Meta::Class=HASH(0x2b1587c)', 'HASH(0x1bbec54)') called at C:\Strawberry282\perl\site\lib\Moose\Meta\Role.pm line 472
	Moose::Meta::Role::apply('Moose::Meta::Role=HASH(0x32c4994)', 'Moose::Meta::Class=HASH(0x2b1587c)') called at C:\Strawberry282\perl\site\lib\Moose\Util.pm line 171
	Moose::Util::_apply_all_roles('Moose::Meta::Class=HASH(0x2b1587c)', undef, 'DBIx::Class::Graph::Role::ResultSet') called at C:\Strawberry282\perl\site\lib\Moose\Util.pm line 113
	Moose::Util::apply_all_roles('Moose::Meta::Class=HASH(0x2b1587c)', 'DBIx::Class::Graph::Role::ResultSet') called at C:\Strawberry282\perl\site\lib\Moose.pm line 57
	Moose::with('Moose::Meta::Class=HASH(0x2b1587c)', 'DBIx::Class::Graph::Role::ResultSet') called at C:\Strawberry282\perl\site\lib\Moose\Exporter.pm line 419
	Moose::with('DBIx::Class::Graph::Role::ResultSet') called at C:\STRAWB~1\cpan\build\DBIx-Class-Graph-1.05-0\blib\lib\DBIx\Class\ResultSet\Graph.pm line 19
	require DBIx/Class/ResultSet/Graph.pm at C:\Strawberry282\perl\site\lib\Class\C3\Componentised.pm line 146
	eval {...} at C:\Strawberry282\perl\site\lib\Class\C3\Componentised.pm line 146
	Class::C3::Componentised::ensure_class_loaded('DBIx::Class::ResultSource::Table=HASH(0x9ab80c)', 'DBIx::Class::ResultSet::Graph') called at C:\Strawberry282\perl\site\lib\DBIx\Class\AccessorGroup.pm line 19
	DBIx::Class::AccessorGroup::get_component_class('DBIx::Class::ResultSource::Table=HASH(0x9ab80c)', 'resultset_class') called at (eval 253) line 2
	DBIx::Class::ResultSource::resultset_class('DBIx::Class::ResultSource::Table=HASH(0x9ab80c)') called at C:\Strawberry282\perl\site\lib\DBIx\Class\ResultSource.pm line 1135
	DBIx::Class::ResultSource::resultset('DBIx::Class::ResultSource::Table=HASH(0x9ab80c)') called at C:\Strawberry282\perl\site\lib\DBIx\Class\Schema.pm line 547
	DBIx::Class::Schema::resultset('TestLib::Schema=HASH(0x3fd0e4)', 'Simple') called at C:\Strawberry282\perl\site\lib\DBIx\Class\Schema.pm line 769
	DBIx::Class::Schema::populate('TestLib::Schema=HASH(0x3fd0e4)', 'Simple', 'ARRAY(0x283e724)') called at t\lib\TestLib.pm line 20
	TestLib::new('TestLib') called at t\result.t line 7
Compilation failed in require at C:/Strawberry282/perl/site/lib/Class/C3/Componentised.pm line 146. at C:/Strawberry282/perl/site/lib/Class/C3/Componentised.pm line 151
t/result.t .................... 
Dubious, test returned 255 (wstat 65280, 0xff00)
No subtests run 
{UNKNOWN}: Could not generate inline handles for _graph->("" because : Failed to compile source: syntax error at (eval 815) line 21, near """( "


source:
#line 1 "inline delegation in DBIx::Class::ResultSet::Graph for _graph->("" (attribute declared in C:\STRAWB~1\cpan\build\DBIx-Class-Graph-1.05-0\blib\lib/DBIx/Class/Graph/Role/ResultSet.pm at line 22)"
sub {
    my $self = shift;

    my $proxy = $self->_graph;
    if ( !defined $proxy ) {
        die Module::Runtime::use_module("Moose::Exception::AttributeValueIsNotDefined")->new(method    => $self->meta->find_method_by_name("(\"\""),
instance  => $self,
attribute => $self->meta->find_attribute_by_name("_graph"),
);
    }
    elsif ( ref $proxy && !Scalar::Util::blessed($proxy) ) {
        die Module::Runtime::use_module("Moose::Exception::AttributeValueIsNotAnObject")->new(method      => $self->meta->find_method_by_name("(\"\""),
instance    => $self,
attribute   => $self->meta->find_attribute_by_name("_graph"),
given_value => $proxy,
);
    }
    return $proxy->(""( @_ );
}
 at C:/Strawberry282/perl/site/lib/Class/MOP/Method/Generated.pm line 56.
 at C:\Strawberry282\perl\site\lib\Moose\Meta\Method\Delegation.pm line 154
	Moose::Meta::Method::Delegation::catch {...} ('Failed to compile source: syntax error at (eval 815) line 21, near """( "^J^J^Jsource:^J#line 1 "inline delegation in DBIx::Class::ResultSet::Graph for _graph->("" (attribute declared in C:\STRAWB~1\cpan\build\DBIx-Class-Graph-1.05-0\blib\lib/DBIx/Class/Graph/Role/ResultSet.pm at line 22)"^Jsub {^J    my $self = shift;^J^J    my $proxy = $self->_graph;^J    if ( !defined $proxy ) {^J        die Module::Runtime::use_module("Moose::Exception::AttributeValueIsNotDefined")->new(method    => $self->meta->find_method_by_name("(\"\""),^Jinstance  => $self,^Jattribute => $self->meta->find_attribute_by_name("_graph"),^J);^J    }^J    elsif ( ref $proxy && !Scalar::Util::blessed($proxy) ) {^J        die Module::Runtime::use_module("Moose::Exception::AttributeValueIsNotAnObject")->new(method      => $self->meta->find_method_by_name("(\"\""),^Jinstance    => $self,^Jattribute   => $self->meta->find_attribute_by_name("_graph"),^Jgiven_value => $proxy,^J);^J    }^J    return $proxy->(""( @_ );^J}^J at C:/Strawberry282/perl/site/lib/Class/MOP/Method/Generated.pm line 56.^J') called at C:\Strawberry282\perl\vendor\lib\Try\Tiny.pm line 123
	Try::Tiny::try('CODE(0x331493c)', 'Try::Tiny::Catch=REF(0x32ddccc)') called at C:\Strawberry282\perl\site\lib\Moose\Meta\Method\Delegation.pm line 160
	Moose::Meta::Method::Delegation::_generate_inline_method('Moose::Meta::Method::Delegation=HASH(0x176c494)') called at C:\Strawberry282\perl\site\lib\Moose\Meta\Method\Delegation.pm line 82
	Moose::Meta::Method::Delegation::_initialize_body('Moose::Meta::Method::Delegation=HASH(0x176c494)') called at C:\Strawberry282\perl\site\lib\Moose\Meta\Method\Delegation.pm line 54
	Moose::Meta::Method::Delegation::new('Moose::Meta::Method::Delegation', 'name', '(""', 'package_name', 'DBIx::Class::ResultSet::Graph', 'attribute', 'Moose::Meta::Attribute=HASH(0x2b2fe44)', 'delegate_to_method', '(""', 'curried_arguments', 'ARRAY(0x1983df4)') called at C:\Strawberry282\perl\site\lib\Moose\Meta\Attribute.pm line 1299
	Moose::Meta::Attribute::_make_delegation_method('Moose::Meta::Attribute=HASH(0x2b2fe44)', '(""', '(""') called at C:\Strawberry282\perl\site\lib\Moose\Meta\Attribute.pm line 1166
	Moose::Meta::Attribute::install_delegation('Moose::Meta::Attribute=HASH(0x2b2fe44)') called at C:\Strawberry282\perl\site\lib\Moose\Meta\Attribute.pm line 1015
	Moose::Meta::Attribute::install_accessors('Moose::Meta::Attribute=HASH(0x2b2fe44)') called at C:\Strawberry282\perl\site\lib\Class\MOP\Class.pm line 899
	Class::MOP::Class::try {...}  at C:\Strawberry282\perl\vendor\lib\Try\Tiny.pm line 102
	eval {...} at C:\Strawberry282\perl\vendor\lib\Try\Tiny.pm line 93
	Try::Tiny::try('CODE(0x2b2f7cc)', 'Try::Tiny::Catch=REF(0x2b2fa6c)') called at C:\Strawberry282\perl\site\lib\Class\MOP\Class.pm line 904
	Class::MOP::Class::_post_add_attribute('Moose::Meta::Class=HASH(0x2b0f694)', 'Moose::Meta::Attribute=HASH(0x2b2fe44)') called at C:\Strawberry282\perl\site\lib\Class\MOP\Mixin\HasAttributes.pm line 39
	Class::MOP::Mixin::HasAttributes::add_attribute('Moose::Meta::Class=HASH(0x2b0f694)', 'Moose::Meta::Attribute=HASH(0x2b2fe44)') called at C:\Strawberry282\perl\site\lib\Moose\Meta\Class.pm line 585
	Moose::Meta::Class::add_attribute('Moose::Meta::Class=HASH(0x2b0f694)', 'Moose::Meta::Attribute=HASH(0x2b2fe44)') called at C:\Strawberry282\perl\site\lib\Moose\Meta\Role\Application\ToClass.pm line 126
	Moose::Meta::Role::Application::ToClass::apply_attributes('Moose::Meta::Role::Application::ToClass=HASH(0x2b0e614)', 'Moose::Meta::Role=HASH(0x32c589c)', 'Moose::Meta::Class=HASH(0x2b0f694)') called at C:\Strawberry282\perl\site\lib\Moose\Meta\Role\Application.pm line 59
	Moose::Meta::Role::Application::apply('Moose::Meta::Role::Application::ToClass=HASH(0x2b0e614)', 'Moose::Meta::Role=HASH(0x32c589c)', 'Moose::Meta::Class=HASH(0x2b0f694)') called at C:\Strawberry282\perl\site\lib\Moose\Meta\Role\Application\ToClass.pm line 31
	Moose::Meta::Role::Application::ToClass::apply('Moose::Meta::Role::Application::ToClass=HASH(0x2b0e614)', 'Moose::Meta::Role=HASH(0x32c589c)', 'Moose::Meta::Class=HASH(0x2b0f694)', 'HASH(0x1bc085c)') called at C:\Strawberry282\perl\site\lib\Moose\Meta\Role.pm line 472
	Moose::Meta::Role::apply('Moose::Meta::Role=HASH(0x32c589c)', 'Moose::Meta::Class=HASH(0x2b0f694)') called at C:\Strawberry282\perl\site\lib\Moose\Util.pm line 171
	Moose::Util::_apply_all_roles('Moose::Meta::Class=HASH(0x2b0f694)', undef, 'DBIx::Class::Graph::Role::ResultSet') called at C:\Strawberry282\perl\site\lib\Moose\Util.pm line 113
	Moose::Util::apply_all_roles('Moose::Meta::Class=HASH(0x2b0f694)', 'DBIx::Class::Graph::Role::ResultSet') called at C:\Strawberry282\perl\site\lib\Moose.pm line 57
	Moose::with('Moose::Meta::Class=HASH(0x2b0f694)', 'DBIx::Class::Graph::Role::ResultSet') called at C:\Strawberry282\perl\site\lib\Moose\Exporter.pm line 419
	Moose::with('DBIx::Class::Graph::Role::ResultSet') called at C:\STRAWB~1\cpan\build\DBIx-Class-Graph-1.05-0\blib\lib\DBIx\Class\ResultSet\Graph.pm line 19
	require DBIx/Class/ResultSet/Graph.pm at C:\Strawberry282\perl\site\lib\Class\C3\Componentised.pm line 146
	eval {...} at C:\Strawberry282\perl\site\lib\Class\C3\Componentised.pm line 146
	Class::C3::Componentised::ensure_class_loaded('DBIx::Class::ResultSource::Table=HASH(0x9b39dc)', 'DBIx::Class::ResultSet::Graph') called at C:\Strawberry282\perl\site\lib\DBIx\Class\AccessorGroup.pm line 19
	DBIx::Class::AccessorGroup::get_component_class('DBIx::Class::ResultSource::Table=HASH(0x9b39dc)', 'resultset_class') called at (eval 253) line 2
	DBIx::Class::ResultSource::resultset_class('DBIx::Class::ResultSource::Table=HASH(0x9b39dc)') called at C:\Strawberry282\perl\site\lib\DBIx\Class\ResultSource.pm line 1135
	DBIx::Class::ResultSource::resultset('DBIx::Class::ResultSource::Table=HASH(0x9b39dc)') called at C:\Strawberry282\perl\site\lib\DBIx\Class\Schema.pm line 547
	DBIx::Class::Schema::resultset('TestLib::Schema=HASH(0x3fd0e4)', 'Simple') called at C:\Strawberry282\perl\site\lib\DBIx\Class\Schema.pm line 769
	DBIx::Class::Schema::populate('TestLib::Schema=HASH(0x3fd0e4)', 'Simple', 'ARRAY(0x140a88c)') called at t\lib\TestLib.pm line 20
	TestLib::new('TestLib') called at t\resultset.t line 7
Compilation failed in require at C:/Strawberry282/perl/site/lib/Class/C3/Componentised.pm line 146. at C:/Strawberry282/perl/site/lib/Class/C3/Componentised.pm line 151
t/resultset.t ................. 
Dubious, test returned 255 (wstat 65280, 0xff00)
No subtests run 
{UNKNOWN}: Could not generate inline handles for _graph->("" because : Failed to compile source: syntax error at (eval 815) line 21, near """( "


source:
#line 1 "inline delegation in DBIx::Class::ResultSet::Graph for _graph->("" (attribute declared in C:\STRAWB~1\cpan\build\DBIx-Class-Graph-1.05-0\blib\lib/DBIx/Class/Graph/Role/ResultSet.pm at line 22)"
sub {
    my $self = shift;

    my $proxy = $self->_graph;
    if ( !defined $proxy ) {
        die Module::Runtime::use_module("Moose::Exception::AttributeValueIsNotDefined")->new(method    => $self->meta->find_method_by_name("(\"\""),
instance  => $self,
attribute => $self->meta->find_attribute_by_name("_graph"),
);
    }
    elsif ( ref $proxy && !Scalar::Util::blessed($proxy) ) {
        die Module::Runtime::use_module("Moose::Exception::AttributeValueIsNotAnObject")->new(method      => $self->meta->find_method_by_name("(\"\""),
instance    => $self,
attribute   => $self->meta->find_attribute_by_name("_graph"),
given_value => $proxy,
);
    }
    return $proxy->(""( @_ );
}
 at C:/Strawberry282/perl/site/lib/Class/MOP/Method/Generated.pm line 56.
 at C:\Strawberry282\perl\site\lib\Moose\Meta\Method\Delegation.pm line 154
	Moose::Meta::Method::Delegation::catch {...} ('Failed to compile source: syntax error at (eval 815) line 21, near """( "^J^J^Jsource:^J#line 1 "inline delegation in DBIx::Class::ResultSet::Graph for _graph->("" (attribute declared in C:\STRAWB~1\cpan\build\DBIx-Class-Graph-1.05-0\blib\lib/DBIx/Class/Graph/Role/ResultSet.pm at line 22)"^Jsub {^J    my $self = shift;^J^J    my $proxy = $self->_graph;^J    if ( !defined $proxy ) {^J        die Module::Runtime::use_module("Moose::Exception::AttributeValueIsNotDefined")->new(method    => $self->meta->find_method_by_name("(\"\""),^Jinstance  => $self,^Jattribute => $self->meta->find_attribute_by_name("_graph"),^J);^J    }^J    elsif ( ref $proxy && !Scalar::Util::blessed($proxy) ) {^J        die Module::Runtime::use_module("Moose::Exception::AttributeValueIsNotAnObject")->new(method      => $self->meta->find_method_by_name("(\"\""),^Jinstance    => $self,^Jattribute   => $self->meta->find_attribute_by_name("_graph"),^Jgiven_value => $proxy,^J);^J    }^J    return $proxy->(""( @_ );^J}^J at C:/Strawberry282/perl/site/lib/Class/MOP/Method/Generated.pm line 56.^J') called at C:\Strawberry282\perl\vendor\lib\Try\Tiny.pm line 123
	Try::Tiny::try('CODE(0x3317af4)', 'Try::Tiny::Catch=REF(0x2b31704)') called at C:\Strawberry282\perl\site\lib\Moose\Meta\Method\Delegation.pm line 160
	Moose::Meta::Method::Delegation::_generate_inline_method('Moose::Meta::Method::Delegation=HASH(0x176b4ec)') called at C:\Strawberry282\perl\site\lib\Moose\Meta\Method\Delegation.pm line 82
	Moose::Meta::Method::Delegation::_initialize_body('Moose::Meta::Method::Delegation=HASH(0x176b4ec)') called at C:\Strawberry282\perl\site\lib\Moose\Meta\Method\Delegation.pm line 54
	Moose::Meta::Method::Delegation::new('Moose::Meta::Method::Delegation', 'name', '(""', 'package_name', 'DBIx::Class::ResultSet::Graph', 'attribute', 'Moose::Meta::Attribute=HASH(0x32ddaac)', 'delegate_to_method', '(""', 'curried_arguments', 'ARRAY(0x1983b5c)') called at C:\Strawberry282\perl\site\lib\Moose\Meta\Attribute.pm line 1299
	Moose::Meta::Attribute::_make_delegation_method('Moose::Meta::Attribute=HASH(0x32ddaac)', '(""', '(""') called at C:\Strawberry282\perl\site\lib\Moose\Meta\Attribute.pm line 1166
	Moose::Meta::Attribute::install_delegation('Moose::Meta::Attribute=HASH(0x32ddaac)') called at C:\Strawberry282\perl\site\lib\Moose\Meta\Attribute.pm line 1015
	Moose::Meta::Attribute::install_accessors('Moose::Meta::Attribute=HASH(0x32ddaac)') called at C:\Strawberry282\perl\site\lib\Class\MOP\Class.pm line 899
	Class::MOP::Class::try {...}  at C:\Strawberry282\perl\vendor\lib\Try\Tiny.pm line 102
	eval {...} at C:\Strawberry282\perl\vendor\lib\Try\Tiny.pm line 93
	Try::Tiny::try('CODE(0x32dd404)', 'Try::Tiny::Catch=REF(0x32dd6d4)') called at C:\Strawberry282\perl\site\lib\Class\MOP\Class.pm line 904
	Class::MOP::Class::_post_add_attribute('Moose::Meta::Class=HASH(0x2b07b9c)', 'Moose::Meta::Attribute=HASH(0x32ddaac)') called at C:\Strawberry282\perl\site\lib\Class\MOP\Mixin\HasAttributes.pm line 39
	Class::MOP::Mixin::HasAttributes::add_attribute('Moose::Meta::Class=HASH(0x2b07b9c)', 'Moose::Meta::Attribute=HASH(0x32ddaac)') called at C:\Strawberry282\perl\site\lib\Moose\Meta\Class.pm line 585
	Moose::Meta::Class::add_attribute('Moose::Meta::Class=HASH(0x2b07b9c)', 'Moose::Meta::Attribute=HASH(0x32ddaac)') called at C:\Strawberry282\perl\site\lib\Moose\Meta\Role\Application\ToClass.pm line 126
	Moose::Meta::Role::Application::ToClass::apply_attributes('Moose::Meta::Role::Application::ToClass=HASH(0x2b16c8c)', 'Moose::Meta::Role=HASH(0x2fb4e5c)', 'Moose::Meta::Class=HASH(0x2b07b9c)') called at C:\Strawberry282\perl\site\lib\Moose\Meta\Role\Application.pm line 59
	Moose::Meta::Role::Application::apply('Moose::Meta::Role::Application::ToClass=HASH(0x2b16c8c)', 'Moose::Meta::Role=HASH(0x2fb4e5c)', 'Moose::Meta::Class=HASH(0x2b07b9c)') called at C:\Strawberry282\perl\site\lib\Moose\Meta\Role\Application\ToClass.pm line 31
	Moose::Meta::Role::Application::ToClass::apply('Moose::Meta::Role::Application::ToClass=HASH(0x2b16c8c)', 'Moose::Meta::Role=HASH(0x2fb4e5c)', 'Moose::Meta::Class=HASH(0x2b07b9c)', 'HASH(0x1bc08f4)') called at C:\Strawberry282\perl\site\lib\Moose\Meta\Role.pm line 472
	Moose::Meta::Role::apply('Moose::Meta::Role=HASH(0x2fb4e5c)', 'Moose::Meta::Class=HASH(0x2b07b9c)') called at C:\Strawberry282\perl\site\lib\Moose\Util.pm line 171
	Moose::Util::_apply_all_roles('Moose::Meta::Class=HASH(0x2b07b9c)', undef, 'DBIx::Class::Graph::Role::ResultSet') called at C:\Strawberry282\perl\site\lib\Moose\Util.pm line 113
	Moose::Util::apply_all_roles('Moose::Meta::Class=HASH(0x2b07b9c)', 'DBIx::Class::Graph::Role::ResultSet') called at C:\Strawberry282\perl\site\lib\Moose.pm line 57
	Moose::with('Moose::Meta::Class=HASH(0x2b07b9c)', 'DBIx::Class::Graph::Role::ResultSet') called at C:\Strawberry282\perl\site\lib\Moose\Exporter.pm line 419
	Moose::with('DBIx::Class::Graph::Role::ResultSet') called at C:\STRAWB~1\cpan\build\DBIx-Class-Graph-1.05-0\blib\lib\DBIx\Class\ResultSet\Graph.pm line 19
	require DBIx/Class/ResultSet/Graph.pm at C:\Strawberry282\perl\site\lib\Class\C3\Componentised.pm line 146
	eval {...} at C:\Strawberry282\perl\site\lib\Class\C3\Componentised.pm line 146
	Class::C3::Componentised::ensure_class_loaded('DBIx::Class::ResultSource::Table=HASH(0x1fae13c)', 'DBIx::Class::ResultSet::Graph') called at C:\Strawberry282\perl\site\lib\DBIx\Class\AccessorGroup.pm line 19
	DBIx::Class::AccessorGroup::get_component_class('DBIx::Class::ResultSource::Table=HASH(0x1fae13c)', 'resultset_class') called at (eval 253) line 2
	DBIx::Class::ResultSource::resultset_class('DBIx::Class::ResultSource::Table=HASH(0x1fae13c)') called at C:\Strawberry282\perl\site\lib\DBIx\Class\ResultSource.pm line 1135
	DBIx::Class::ResultSource::resultset('DBIx::Class::ResultSource::Table=HASH(0x1fae13c)') called at C:\Strawberry282\perl\site\lib\DBIx\Class\Schema.pm line 547
	DBIx::Class::Schema::resultset('TestLib::Schema=HASH(0x3fd0e4)', 'Simple') called at C:\Strawberry282\perl\site\lib\DBIx\Class\Schema.pm line 769
	DBIx::Class::Schema::populate('TestLib::Schema=HASH(0x3fd0e4)', 'Simple', 'ARRAY(0x2b10d7c)') called at t\lib\TestLib.pm line 20
	TestLib::new('TestLib') called at t\simple01.t line 7
Compilation failed in require at C:/Strawberry282/perl/site/lib/Class/C3/Componentised.pm line 146. at C:/Strawberry282/perl/site/lib/Class/C3/Componentised.pm line 151
t/simple01.t .................. 
Dubious, test returned 255 (wstat 65280, 0xff00)
No subtests run 
{UNKNOWN}: Could not generate inline handles for _graph->("" because : Failed to compile source: syntax error at (eval 815) line 21, near """( "


source:
#line 1 "inline delegation in DBIx::Class::ResultSet::Graph for _graph->("" (attribute declared in lib/DBIx/Class/Graph/Role/ResultSet.pm at line 22)"
sub {
    my $self = shift;

    my $proxy = $self->_graph;
    if ( !defined $proxy ) {
        die Module::Runtime::use_module("Moose::Exception::AttributeValueIsNotDefined")->new(method    => $self->meta->find_method_by_name("(\"\""),
instance  => $self,
attribute => $self->meta->find_attribute_by_name("_graph"),
);
    }
    elsif ( ref $proxy && !Scalar::Util::blessed($proxy) ) {
        die Module::Runtime::use_module("Moose::Exception::AttributeValueIsNotAnObject")->new(method      => $self->meta->find_method_by_name("(\"\""),
instance    => $self,
attribute   => $self->meta->find_attribute_by_name("_graph"),
given_value => $proxy,
);
    }
    return $proxy->(""( @_ );
}
 at C:/Strawberry282/perl/site/lib/Class/MOP/Method/Generated.pm line 56.
 at C:\Strawberry282\perl\site\lib\Moose\Meta\Method\Delegation.pm line 154
	Moose::Meta::Method::Delegation::catch {...} ('Failed to compile source: syntax error at (eval 815) line 21, near """( "^J^J^Jsource:^J#line 1 "inline delegation in DBIx::Class::ResultSet::Graph for _graph->("" (attribute declared in lib/DBIx/Class/Graph/Role/ResultSet.pm at line 22)"^Jsub {^J    my $self = shift;^J^J    my $proxy = $self->_graph;^J    if ( !defined $proxy ) {^J        die Module::Runtime::use_module("Moose::Exception::AttributeValueIsNotDefined")->new(method    => $self->meta->find_method_by_name("(\"\""),^Jinstance  => $self,^Jattribute => $self->meta->find_attribute_by_name("_graph"),^J);^J    }^J    elsif ( ref $proxy && !Scalar::Util::blessed($proxy) ) {^J        die Module::Runtime::use_module("Moose::Exception::AttributeValueIsNotAnObject")->new(method      => $self->meta->find_method_by_name("(\"\""),^Jinstance    => $self,^Jattribute   => $self->meta->find_attribute_by_name("_graph"),^Jgiven_value => $proxy,^J);^J    }^J    return $proxy->(""( @_ );^J}^J at C:/Strawberry282/perl/site/lib/Class/MOP/Method/Generated.pm line 56.^J') called at C:\Strawberry282\perl\vendor\lib\Try\Tiny.pm line 123
	Try::Tiny::try('CODE(0x3316a24)', 'Try::Tiny::Catch=REF(0x32dc634)') called at C:\Strawberry282\perl\site\lib\Moose\Meta\Method\Delegation.pm line 160
	Moose::Meta::Method::Delegation::_generate_inline_method('Moose::Meta::Method::Delegation=HASH(0x176b4fc)') called at C:\Strawberry282\perl\site\lib\Moose\Meta\Method\Delegation.pm line 82
	Moose::Meta::Method::Delegation::_initialize_body('Moose::Meta::Method::Delegation=HASH(0x176b4fc)') called at C:\Strawberry282\perl\site\lib\Moose\Meta\Method\Delegation.pm line 54
	Moose::Meta::Method::Delegation::new('Moose::Meta::Method::Delegation', 'name', '(""', 'package_name', 'DBIx::Class::ResultSet::Graph', 'attribute', 'Moose::Meta::Attribute=HASH(0x32da43c)', 'delegate_to_method', '(""', 'curried_arguments', 'ARRAY(0x1982aac)') called at C:\Strawberry282\perl\site\lib\Moose\Meta\Attribute.pm line 1299
	Moose::Meta::Attribute::_make_delegation_method('Moose::Meta::Attribute=HASH(0x32da43c)', '(""', '(""') called at C:\Strawberry282\perl\site\lib\Moose\Meta\Attribute.pm line 1166
	Moose::Meta::Attribute::install_delegation('Moose::Meta::Attribute=HASH(0x32da43c)') called at C:\Strawberry282\perl\site\lib\Moose\Meta\Attribute.pm line 1015
	Moose::Meta::Attribute::install_accessors('Moose::Meta::Attribute=HASH(0x32da43c)') called at C:\Strawberry282\perl\site\lib\Class\MOP\Class.pm line 899
	Class::MOP::Class::try {...}  at C:\Strawberry282\perl\vendor\lib\Try\Tiny.pm line 102
	eval {...} at C:\Strawberry282\perl\vendor\lib\Try\Tiny.pm line 93
	Try::Tiny::try('CODE(0x32d9a64)', 'Try::Tiny::Catch=REF(0x32da064)') called at C:\Strawberry282\perl\site\lib\Class\MOP\Class.pm line 904
	Class::MOP::Class::_post_add_attribute('Moose::Meta::Class=HASH(0x283c9a4)', 'Moose::Meta::Attribute=HASH(0x32da43c)') called at C:\Strawberry282\perl\site\lib\Class\MOP\Mixin\HasAttributes.pm line 39
	Class::MOP::Mixin::HasAttributes::add_attribute('Moose::Meta::Class=HASH(0x283c9a4)', 'Moose::Meta::Attribute=HASH(0x32da43c)') called at C:\Strawberry282\perl\site\lib\Moose\Meta\Class.pm line 585
	Moose::Meta::Class::add_attribute('Moose::Meta::Class=HASH(0x283c9a4)', 'Moose::Meta::Attribute=HASH(0x32da43c)') called at C:\Strawberry282\perl\site\lib\Moose\Meta\Role\Application\ToClass.pm line 126
	Moose::Meta::Role::Application::ToClass::apply_attributes('Moose::Meta::Role::Application::ToClass=HASH(0x2b0ba1c)', 'Moose::Meta::Role=HASH(0x324fe64)', 'Moose::Meta::Class=HASH(0x283c9a4)') called at C:\Strawberry282\perl\site\lib\Moose\Meta\Role\Application.pm line 59
	Moose::Meta::Role::Application::apply('Moose::Meta::Role::Application::ToClass=HASH(0x2b0ba1c)', 'Moose::Meta::Role=HASH(0x324fe64)', 'Moose::Meta::Class=HASH(0x283c9a4)') called at C:\Strawberry282\perl\site\lib\Moose\Meta\Role\Application\ToClass.pm line 31
	Moose::Meta::Role::Application::ToClass::apply('Moose::Meta::Role::Application::ToClass=HASH(0x2b0ba1c)', 'Moose::Meta::Role=HASH(0x324fe64)', 'Moose::Meta::Class=HASH(0x283c9a4)', 'HASH(0x1bc1424)') called at C:\Strawberry282\perl\site\lib\Moose\Meta\Role.pm line 472
	Moose::Meta::Role::apply('Moose::Meta::Role=HASH(0x324fe64)', 'Moose::Meta::Class=HASH(0x283c9a4)') called at C:\Strawberry282\perl\site\lib\Moose\Util.pm line 171
	Moose::Util::_apply_all_roles('Moose::Meta::Class=HASH(0x283c9a4)', undef, 'DBIx::Class::Graph::Role::ResultSet') called at C:\Strawberry282\perl\site\lib\Moose\Util.pm line 113
	Moose::Util::apply_all_roles('Moose::Meta::Class=HASH(0x283c9a4)', 'DBIx::Class::Graph::Role::ResultSet') called at C:\Strawberry282\perl\site\lib\Moose.pm line 57
	Moose::with('Moose::Meta::Class=HASH(0x283c9a4)', 'DBIx::Class::Graph::Role::ResultSet') called at C:\Strawberry282\perl\site\lib\Moose\Exporter.pm line 419
	Moose::with('DBIx::Class::Graph::Role::ResultSet') called at lib\DBIx\Class\ResultSet\Graph.pm line 19
	require DBIx/Class/ResultSet/Graph.pm at C:\Strawberry282\perl\site\lib\Class\C3\Componentised.pm line 146
	eval {...} at C:\Strawberry282\perl\site\lib\Class\C3\Componentised.pm line 146
	Class::C3::Componentised::ensure_class_loaded('DBIx::Class::ResultSource::Table=HASH(0x9ab88c)', 'DBIx::Class::ResultSet::Graph') called at C:\Strawberry282\perl\site\lib\DBIx\Class\AccessorGroup.pm line 19
	DBIx::Class::AccessorGroup::get_component_class('DBIx::Class::ResultSource::Table=HASH(0x9ab88c)', 'resultset_class') called at (eval 253) line 2
	DBIx::Class::ResultSource::resultset_class('DBIx::Class::ResultSource::Table=HASH(0x9ab88c)') called at C:\Strawberry282\perl\site\lib\DBIx\Class\ResultSource.pm line 1135
	DBIx::Class::ResultSource::resultset('DBIx::Class::ResultSource::Table=HASH(0x9ab88c)') called at C:\Strawberry282\perl\site\lib\DBIx\Class\Schema.pm line 547
	DBIx::Class::Schema::resultset('TestLib::Schema=HASH(0x3fd0e4)', 'Simple') called at C:\Strawberry282\perl\site\lib\DBIx\Class\Schema.pm line 769
	DBIx::Class::Schema::populate('TestLib::Schema=HASH(0x3fd0e4)', 'Simple', 'ARRAY(0x2a75954)') called at t\lib\TestLib.pm line 20
	TestLib::new('TestLib') called at t\simple02.t line 7
Compilation failed in require at C:/Strawberry282/perl/site/lib/Class/C3/Componentised.pm line 146. at C:/Strawberry282/perl/site/lib/Class/C3/Componentised.pm line 151
t/simple02.t .................. 
Dubious, test returned 255 (wstat 65280, 0xff00)
No subtests run 
{UNKNOWN}: Could not generate inline handles for _graph->("" because : Failed to compile source: syntax error at (eval 815) line 21, near """( "


source:
#line 1 "inline delegation in DBIx::Class::ResultSet::Graph for _graph->("" (attribute declared in C:\STRAWB~1\cpan\build\DBIx-Class-Graph-1.05-0\blib\lib/DBIx/Class/Graph/Role/ResultSet.pm at line 22)"
sub {
    my $self = shift;

    my $proxy = $self->_graph;
    if ( !defined $proxy ) {
        die Module::Runtime::use_module("Moose::Exception::AttributeValueIsNotDefined")->new(method    => $self->meta->find_method_by_name("(\"\""),
instance  => $self,
attribute => $self->meta->find_attribute_by_name("_graph"),
);
    }
    elsif ( ref $proxy && !Scalar::Util::blessed($proxy) ) {
        die Module::Runtime::use_module("Moose::Exception::AttributeValueIsNotAnObject")->new(method      => $self->meta->find_method_by_name("(\"\""),
instance    => $self,
attribute   => $self->meta->find_attribute_by_name("_graph"),
given_value => $proxy,
);
    }
    return $proxy->(""( @_ );
}
 at C:/Strawberry282/perl/site/lib/Class/MOP/Method/Generated.pm line 56.
 at C:\Strawberry282\perl\site\lib\Moose\Meta\Method\Delegation.pm line 154
	Moose::Meta::Method::Delegation::catch {...} ('Failed to compile source: syntax error at (eval 815) line 21, near """( "^J^J^Jsource:^J#line 1 "inline delegation in DBIx::Class::ResultSet::Graph for _graph->("" (attribute declared in C:\STRAWB~1\cpan\build\DBIx-Class-Graph-1.05-0\blib\lib/DBIx/Class/Graph/Role/ResultSet.pm at line 22)"^Jsub {^J    my $self = shift;^J^J    my $proxy = $self->_graph;^J    if ( !defined $proxy ) {^J        die Module::Runtime::use_module("Moose::Exception::AttributeValueIsNotDefined")->new(method    => $self->meta->find_method_by_name("(\"\""),^Jinstance  => $self,^Jattribute => $self->meta->find_attribute_by_name("_graph"),^J);^J    }^J    elsif ( ref $proxy && !Scalar::Util::blessed($proxy) ) {^J        die Module::Runtime::use_module("Moose::Exception::AttributeValueIsNotAnObject")->new(method      => $self->meta->find_method_by_name("(\"\""),^Jinstance    => $self,^Jattribute   => $self->meta->find_attribute_by_name("_graph"),^Jgiven_value => $proxy,^J);^J    }^J    return $proxy->(""( @_ );^J}^J at C:/Strawberry282/perl/site/lib/Class/MOP/Method/Generated.pm line 56.^J') called at C:\Strawberry282\perl\vendor\lib\Try\Tiny.pm line 123
	Try::Tiny::try('CODE(0x3316f74)', 'Try::Tiny::Catch=REF(0x2b346b4)') called at C:\Strawberry282\perl\site\lib\Moose\Meta\Method\Delegation.pm line 160
	Moose::Meta::Method::Delegation::_generate_inline_method('Moose::Meta::Method::Delegation=HASH(0x176c3bc)') called at C:\Strawberry282\perl\site\lib\Moose\Meta\Method\Delegation.pm line 82
	Moose::Meta::Method::Delegation::_initialize_body('Moose::Meta::Method::Delegation=HASH(0x176c3bc)') called at C:\Strawberry282\perl\site\lib\Moose\Meta\Method\Delegation.pm line 54
	Moose::Meta::Method::Delegation::new('Moose::Meta::Method::Delegation', 'name', '(""', 'package_name', 'DBIx::Class::ResultSet::Graph', 'attribute', 'Moose::Meta::Attribute=HASH(0x32dfd3c)', 'delegate_to_method', '(""', 'curried_arguments', 'ARRAY(0x198599c)') called at C:\Strawberry282\perl\site\lib\Moose\Meta\Attribute.pm line 1299
	Moose::Meta::Attribute::_make_delegation_method('Moose::Meta::Attribute=HASH(0x32dfd3c)', '(""', '(""') called at C:\Strawberry282\perl\site\lib\Moose\Meta\Attribute.pm line 1166
	Moose::Meta::Attribute::install_delegation('Moose::Meta::Attribute=HASH(0x32dfd3c)') called at C:\Strawberry282\perl\site\lib\Moose\Meta\Attribute.pm line 1015
	Moose::Meta::Attribute::install_accessors('Moose::Meta::Attribute=HASH(0x32dfd3c)') called at C:\Strawberry282\perl\site\lib\Class\MOP\Class.pm line 899
	Class::MOP::Class::try {...}  at C:\Strawberry282\perl\vendor\lib\Try\Tiny.pm line 102
	eval {...} at C:\Strawberry282\perl\vendor\lib\Try\Tiny.pm line 93
	Try::Tiny::try('CODE(0x32df724)', 'Try::Tiny::Catch=REF(0x32df964)') called at C:\Strawberry282\perl\site\lib\Class\MOP\Class.pm line 904
	Class::MOP::Class::_post_add_attribute('Moose::Meta::Class=HASH(0x2b13a8c)', 'Moose::Meta::Attribute=HASH(0x32dfd3c)') called at C:\Strawberry282\perl\site\lib\Class\MOP\Mixin\HasAttributes.pm line 39
	Class::MOP::Mixin::HasAttributes::add_attribute('Moose::Meta::Class=HASH(0x2b13a8c)', 'Moose::Meta::Attribute=HASH(0x32dfd3c)') called at C:\Strawberry282\perl\site\lib\Moose\Meta\Class.pm line 585
	Moose::Meta::Class::add_attribute('Moose::Meta::Class=HASH(0x2b13a8c)', 'Moose::Meta::Attribute=HASH(0x32dfd3c)') called at C:\Strawberry282\perl\site\lib\Moose\Meta\Role\Application\ToClass.pm line 126
	Moose::Meta::Role::Application::ToClass::apply_attributes('Moose::Meta::Role::Application::ToClass=HASH(0x2b09f34)', 'Moose::Meta::Role=HASH(0x2e438ec)', 'Moose::Meta::Class=HASH(0x2b13a8c)') called at C:\Strawberry282\perl\site\lib\Moose\Meta\Role\Application.pm line 59
	Moose::Meta::Role::Application::apply('Moose::Meta::Role::Application::ToClass=HASH(0x2b09f34)', 'Moose::Meta::Role=HASH(0x2e438ec)', 'Moose::Meta::Class=HASH(0x2b13a8c)') called at C:\Strawberry282\perl\site\lib\Moose\Meta\Role\Application\ToClass.pm line 31
	Moose::Meta::Role::Application::ToClass::apply('Moose::Meta::Role::Application::ToClass=HASH(0x2b09f34)', 'Moose::Meta::Role=HASH(0x2e438ec)', 'Moose::Meta::Class=HASH(0x2b13a8c)', 'HASH(0x1bc0fac)') called at C:\Strawberry282\perl\site\lib\Moose\Meta\Role.pm line 472
	Moose::Meta::Role::apply('Moose::Meta::Role=HASH(0x2e438ec)', 'Moose::Meta::Class=HASH(0x2b13a8c)') called at C:\Strawberry282\perl\site\lib\Moose\Util.pm line 171
	Moose::Util::_apply_all_roles('Moose::Meta::Class=HASH(0x2b13a8c)', undef, 'DBIx::Class::Graph::Role::ResultSet') called at C:\Strawberry282\perl\site\lib\Moose\Util.pm line 113
	Moose::Util::apply_all_roles('Moose::Meta::Class=HASH(0x2b13a8c)', 'DBIx::Class::Graph::Role::ResultSet') called at C:\Strawberry282\perl\site\lib\Moose.pm line 57
	Moose::with('Moose::Meta::Class=HASH(0x2b13a8c)', 'DBIx::Class::Graph::Role::ResultSet') called at C:\Strawberry282\perl\site\lib\Moose\Exporter.pm line 419
	Moose::with('DBIx::Class::Graph::Role::ResultSet') called at C:\STRAWB~1\cpan\build\DBIx-Class-Graph-1.05-0\blib\lib\DBIx\Class\ResultSet\Graph.pm line 19
	require DBIx/Class/ResultSet/Graph.pm at C:\Strawberry282\perl\site\lib\Class\C3\Componentised.pm line 146
	eval {...} at C:\Strawberry282\perl\site\lib\Class\C3\Componentised.pm line 146
	Class::C3::Componentised::ensure_class_loaded('DBIx::Class::ResultSource::Table=HASH(0x9ab844)', 'DBIx::Class::ResultSet::Graph') called at C:\Strawberry282\perl\site\lib\DBIx\Class\AccessorGroup.pm line 19
	DBIx::Class::AccessorGroup::get_component_class('DBIx::Class::ResultSource::Table=HASH(0x9ab844)', 'resultset_class') called at (eval 253) line 2
	DBIx::Class::ResultSource::resultset_class('DBIx::Class::ResultSource::Table=HASH(0x9ab844)') called at C:\Strawberry282\perl\site\lib\DBIx\Class\ResultSource.pm line 1135
	DBIx::Class::ResultSource::resultset('DBIx::Class::ResultSource::Table=HASH(0x9ab844)') called at C:\Strawberry282\perl\site\lib\DBIx\Class\Schema.pm line 547
	DBIx::Class::Schema::resultset('TestLib::Schema=HASH(0x3fd0e4)', 'Simple') called at C:\Strawberry282\perl\site\lib\DBIx\Class\Schema.pm line 769
	DBIx::Class::Schema::populate('TestLib::Schema=HASH(0x3fd0e4)', 'Simple', 'ARRAY(0x2b31684)') called at t\lib\TestLib.pm line 20
	TestLib::new('TestLib') called at t\simplesucc.t line 7
Compilation failed in require at C:/Strawberry282/perl/site/lib/Class/C3/Componentised.pm line 146. at C:/Strawberry282/perl/site/lib/Class/C3/Componentised.pm line 151
t/simplesucc.t ................ 
Dubious, test returned 255 (wstat 65280, 0xff00)
No subtests run 
{UNKNOWN}: Could not generate inline handles for _graph->("" because : Failed to compile source: syntax error at (eval 815) line 21, near """( "


source:
#line 1 "inline delegation in DBIx::Class::ResultSet::Graph for _graph->("" (attribute declared in C:\STRAWB~1\cpan\build\DBIx-Class-Graph-1.05-0\blib\lib/DBIx/Class/Graph/Role/ResultSet.pm at line 22)"
sub {
    my $self = shift;

    my $proxy = $self->_graph;
    if ( !defined $proxy ) {
        die Module::Runtime::use_module("Moose::Exception::AttributeValueIsNotDefined")->new(method    => $self->meta->find_method_by_name("(\"\""),
instance  => $self,
attribute => $self->meta->find_attribute_by_name("_graph"),
);
    }
    elsif ( ref $proxy && !Scalar::Util::blessed($proxy) ) {
        die Module::Runtime::use_module("Moose::Exception::AttributeValueIsNotAnObject")->new(method      => $self->meta->find_method_by_name("(\"\""),
instance    => $self,
attribute   => $self->meta->find_attribute_by_name("_graph"),
given_value => $proxy,
);
    }
    return $proxy->(""( @_ );
}
 at C:/Strawberry282/perl/site/lib/Class/MOP/Method/Generated.pm line 56.
 at C:\Strawberry282\perl\site\lib\Moose\Meta\Method\Delegation.pm line 154
	Moose::Meta::Method::Delegation::catch {...} ('Failed to compile source: syntax error at (eval 815) line 21, near """( "^J^J^Jsource:^J#line 1 "inline delegation in DBIx::Class::ResultSet::Graph for _graph->("" (attribute declared in C:\STRAWB~1\cpan\build\DBIx-Class-Graph-1.05-0\blib\lib/DBIx/Class/Graph/Role/ResultSet.pm at line 22)"^Jsub {^J    my $self = shift;^J^J    my $proxy = $self->_graph;^J    if ( !defined $proxy ) {^J        die Module::Runtime::use_module("Moose::Exception::AttributeValueIsNotDefined")->new(method    => $self->meta->find_method_by_name("(\"\""),^Jinstance  => $self,^Jattribute => $self->meta->find_attribute_by_name("_graph"),^J);^J    }^J    elsif ( ref $proxy && !Scalar::Util::blessed($proxy) ) {^J        die Module::Runtime::use_module("Moose::Exception::AttributeValueIsNotAnObject")->new(method      => $self->meta->find_method_by_name("(\"\""),^Jinstance    => $self,^Jattribute   => $self->meta->find_attribute_by_name("_graph"),^Jgiven_value => $proxy,^J);^J    }^J    return $proxy->(""( @_ );^J}^J at C:/Strawberry282/perl/site/lib/Class/MOP/Method/Generated.pm line 56.^J') called at C:\Strawberry282\perl\vendor\lib\Try\Tiny.pm line 123
	Try::Tiny::try('CODE(0x32f0194)', 'Try::Tiny::Catch=REF(0x2b34b0c)') called at C:\Strawberry282\perl\site\lib\Moose\Meta\Method\Delegation.pm line 160
	Moose::Meta::Method::Delegation::_generate_inline_method('Moose::Meta::Method::Delegation=HASH(0x176c17c)') called at C:\Strawberry282\perl\site\lib\Moose\Meta\Method\Delegation.pm line 82
	Moose::Meta::Method::Delegation::_initialize_body('Moose::Meta::Method::Delegation=HASH(0x176c17c)') called at C:\Strawberry282\perl\site\lib\Moose\Meta\Method\Delegation.pm line 54
	Moose::Meta::Method::Delegation::new('Moose::Meta::Method::Delegation', 'name', '(""', 'package_name', 'DBIx::Class::ResultSet::Graph', 'attribute', 'Moose::Meta::Attribute=HASH(0x2b33f84)', 'delegate_to_method', '(""', 'curried_arguments', 'ARRAY(0x1983f4c)') called at C:\Strawberry282\perl\site\lib\Moose\Meta\Attribute.pm line 1299
	Moose::Meta::Attribute::_make_delegation_method('Moose::Meta::Attribute=HASH(0x2b33f84)', '(""', '(""') called at C:\Strawberry282\perl\site\lib\Moose\Meta\Attribute.pm line 1166
	Moose::Meta::Attribute::install_delegation('Moose::Meta::Attribute=HASH(0x2b33f84)') called at C:\Strawberry282\perl\site\lib\Moose\Meta\Attribute.pm line 1015
	Moose::Meta::Attribute::install_accessors('Moose::Meta::Attribute=HASH(0x2b33f84)') called at C:\Strawberry282\perl\site\lib\Class\MOP\Class.pm line 899
	Class::MOP::Class::try {...}  at C:\Strawberry282\perl\vendor\lib\Try\Tiny.pm line 102
	eval {...} at C:\Strawberry282\perl\vendor\lib\Try\Tiny.pm line 93
	Try::Tiny::try('CODE(0x32dffd4)', 'Try::Tiny::Catch=REF(0x32e06c4)') called at C:\Strawberry282\perl\site\lib\Class\MOP\Class.pm line 904
	Class::MOP::Class::_post_add_attribute('Moose::Meta::Class=HASH(0x2b32794)', 'Moose::Meta::Attribute=HASH(0x2b33f84)') called at C:\Strawberry282\perl\site\lib\Class\MOP\Mixin\HasAttributes.pm line 39
	Class::MOP::Mixin::HasAttributes::add_attribute('Moose::Meta::Class=HASH(0x2b32794)', 'Moose::Meta::Attribute=HASH(0x2b33f84)') called at C:\Strawberry282\perl\site\lib\Moose\Meta\Class.pm line 585
	Moose::Meta::Class::add_attribute('Moose::Meta::Class=HASH(0x2b32794)', 'Moose::Meta::Attribute=HASH(0x2b33f84)') called at C:\Strawberry282\perl\site\lib\Moose\Meta\Role\Application\ToClass.pm line 126
	Moose::Meta::Role::Application::ToClass::apply_attributes('Moose::Meta::Role::Application::ToClass=HASH(0x2b111f4)', 'Moose::Meta::Role=HASH(0x32cabcc)', 'Moose::Meta::Class=HASH(0x2b32794)') called at C:\Strawberry282\perl\site\lib\Moose\Meta\Role\Application.pm line 59
	Moose::Meta::Role::Application::apply('Moose::Meta::Role::Application::ToClass=HASH(0x2b111f4)', 'Moose::Meta::Role=HASH(0x32cabcc)', 'Moose::Meta::Class=HASH(0x2b32794)') called at C:\Strawberry282\perl\site\lib\Moose\Meta\Role\Application\ToClass.pm line 31
	Moose::Meta::Role::Application::ToClass::apply('Moose::Meta::Role::Application::ToClass=HASH(0x2b111f4)', 'Moose::Meta::Role=HASH(0x32cabcc)', 'Moose::Meta::Class=HASH(0x2b32794)', 'HASH(0x1bc1bcc)') called at C:\Strawberry282\perl\site\lib\Moose\Meta\Role.pm line 472
	Moose::Meta::Role::apply('Moose::Meta::Role=HASH(0x32cabcc)', 'Moose::Meta::Class=HASH(0x2b32794)') called at C:\Strawberry282\perl\site\lib\Moose\Util.pm line 171
	Moose::Util::_apply_all_roles('Moose::Meta::Class=HASH(0x2b32794)', undef, 'DBIx::Class::Graph::Role::ResultSet') called at C:\Strawberry282\perl\site\lib\Moose\Util.pm line 113
	Moose::Util::apply_all_roles('Moose::Meta::Class=HASH(0x2b32794)', 'DBIx::Class::Graph::Role::ResultSet') called at C:\Strawberry282\perl\site\lib\Moose.pm line 57
	Moose::with('Moose::Meta::Class=HASH(0x2b32794)', 'DBIx::Class::Graph::Role::ResultSet') called at C:\Strawberry282\perl\site\lib\Moose\Exporter.pm line 419
	Moose::with('DBIx::Class::Graph::Role::ResultSet') called at C:\STRAWB~1\cpan\build\DBIx-Class-Graph-1.05-0\blib\lib\DBIx\Class\ResultSet\Graph.pm line 19
	require DBIx/Class/ResultSet/Graph.pm at C:\Strawberry282\perl\site\lib\Class\C3\Componentised.pm line 146
	eval {...} at C:\Strawberry282\perl\site\lib\Class\C3\Componentised.pm line 146
	Class::C3::Componentised::ensure_class_loaded('DBIx::Class::ResultSource::Table=HASH(0x9ab824)', 'DBIx::Class::ResultSet::Graph') called at C:\Strawberry282\perl\site\lib\DBIx\Class\AccessorGroup.pm line 19
	DBIx::Class::AccessorGroup::get_component_class('DBIx::Class::ResultSource::Table=HASH(0x9ab824)', 'resultset_class') called at (eval 253) line 2
	DBIx::Class::ResultSource::resultset_class('DBIx::Class::ResultSource::Table=HASH(0x9ab824)') called at C:\Strawberry282\perl\site\lib\DBIx\Class\ResultSource.pm line 1135
	DBIx::Class::ResultSource::resultset('DBIx::Class::ResultSource::Table=HASH(0x9ab824)') called at C:\Strawberry282\perl\site\lib\DBIx\Class\Schema.pm line 547
	DBIx::Class::Schema::resultset('TestLib::Schema=HASH(0x3fd0e4)', 'Simple') called at C:\Strawberry282\perl\site\lib\DBIx\Class\Schema.pm line 769
	DBIx::Class::Schema::populate('TestLib::Schema=HASH(0x3fd0e4)', 'Simple', 'ARRAY(0x2a7fbdc)') called at t\lib\TestLib.pm line 20
	TestLib::new('TestLib') called at t\wrapper.t line 7
Compilation failed in require at C:/Strawberry282/perl/site/lib/Class/C3/Componentised.pm line 146. at C:/Strawberry282/perl/site/lib/Class/C3/Componentised.pm line 151
t/wrapper.t ................... 
Dubious, test returned 255 (wstat 65280, 0xff00)
No subtests run 

Test Summary Report
-------------------
t/00-compile.t              (Wstat: 256 Tests: 5 Failed: 1)
  Failed test:  5
  Non-zero exit status: 1
t/complex.t                 (Wstat: 65280 Tests: 0 Failed: 0)
  Non-zero exit status: 255
  Parse errors: No plan found in TAP output
t/leak.t                    (Wstat: 65280 Tests: 0 Failed: 0)
  Non-zero exit status: 255
  Parse errors: No plan found in TAP output
t/result.t                  (Wstat: 65280 Tests: 0 Failed: 0)
  Non-zero exit status: 255
  Parse errors: No plan found in TAP output
t/resultset.t               (Wstat: 65280 Tests: 0 Failed: 0)
  Non-zero exit status: 255
  Parse errors: No plan found in TAP output
t/simple01.t                (Wstat: 65280 Tests: 0 Failed: 0)
  Non-zero exit status: 255
  Parse errors: No plan found in TAP output
t/simple02.t                (Wstat: 65280 Tests: 0 Failed: 0)
  Non-zero exit status: 255
  Parse errors: No plan found in TAP output
t/simplesucc.t              (Wstat: 65280 Tests: 0 Failed: 0)
  Non-zero exit status: 255
  Parse errors: No plan found in TAP output
t/wrapper.t                 (Wstat: 65280 Tests: 0 Failed: 0)
  Non-zero exit status: 255
  Parse errors: No plan found in TAP output
Files=15, Tests=6, 47 wallclock secs ( 0.11 usr +  0.05 sys =  0.16 CPU)
Result: FAIL
Failed 9/15 test programs. 1/6 subtests failed.

------------------------------
PREREQUISITES
------------------------------

Prerequisite modules loaded:

requires:

    Module                 Need   Have    
    ---------------------- ------ --------
    base                   0      2.27    
    Class::C3              0      0.34    
    DBIx::Class            0      0.082841
    DBIx::Class::ResultSet 0      0       
    Graph                  0.94   0.9704  
    List::MoreUtils        0      0.428   
    Moose                  0      2.2011  
    Moose::Role            0      2.2011  
    Scalar::Util           0      1.50    
    strict                 0      1.11    
    warnings               0      1.42    

build_requires:

    Module                 Need   Have    
    ---------------------- ------ --------
    DBIx::Class::Schema    0      0       
    File::Find             0      1.34    
    File::Temp             0      0.2309  
    Module::Build          0.3601 0.4229  
    Test::Memory::Cycle    0      1.06    
    Test::More             0.88   1.302162

configure_requires:

    Module                 Need   Have    
    ---------------------- ------ --------
    Module::Build          0.3601 0.4229  


------------------------------
ENVIRONMENT AND OTHER CONTEXT
------------------------------

Environment variables:

    AUTOMATED_TESTING = 1
    COMSPEC = C:\WINDOWS\system32\cmd.exe
    NUMBER_OF_PROCESSORS = 1
    PATH = C:\WINDOWS\system32;C:\WINDOWS;C:\WINDOWS\System32\Wbem;C:\Git\cmd;C:\Strawberry282\c\bin;C:\Strawberry282\perl\site\bin;C:\Strawberry282\perl\bin
    PERL5LIB = 
    PERL5OPT = 
    PERL5_CPANPLUS_IS_RUNNING = 1040
    PERL5_CPAN_IS_RUNNING = 1040
    PERL5_CPAN_IS_RUNNING_IN_RECURSION = 1596,1040
    PERL_CR_SMOKER_CURRENT = DBIx-Class-Graph-1.05
    PERL_CR_SMOKER_RUNONCE = 1
    PERL_EXTUTILS_AUTOINSTALL = --defaultdeps
    PERL_MM_USE_DEFAULT = 1
    PERL_USE_UNSAFE_INC = 1
    PROCESSOR_IDENTIFIER = x86 Family 16 Model 5 Stepping 3, AuthenticAMD
    TEMP = C:\DOCUME~1\a\LOCALS~1\Temp

Perl special variables (and OS-specific diagnostics, for MSWin32):

    $^X = C:\Strawberry282\perl\bin\perl.exe
    $UID/$EUID = 0 / 0
    $GID = 0
    $EGID = 0
    Win32::GetOSName = WinXP/.Net
    Win32::GetOSVersion = Service Pack 3, 5, 1, 2600, 2, 3, 0, 256, 1
    Win32::FsType = NTFS
    Win32::IsAdminUser = 1

Perl module toolchain versions installed:

    Module              Have    
    ------------------- --------
    CPAN                2.26    
    CPAN::Meta          2.150010
    Cwd                 3.75    
    ExtUtils::CBuilder  0.280231
    ExtUtils::Command   7.34    
    ExtUtils::Install   2.14    
    ExtUtils::MakeMaker 7.34    
    ExtUtils::Manifest  1.72    
    ExtUtils::ParseXS   3.39    
    File::Spec          3.75    
    JSON                4.02    
    JSON::PP            4.02    
    Module::Build       0.4229  
    Module::Signature   n/a     
    Parse::CPAN::Meta   2.150010
    Test::Harness       3.42    
    Test::More          1.302162
    YAML                1.27    
    YAML::Syck          1.31    
    version             0.9924  


--

Summary of my perl5 (revision 5 version 28 subversion 2) configuration:
   
  Platform:
    osname=MSWin32
    osvers=5.1.2600
    archname=MSWin32-x86-multi-thread-64int
    uname='Win32 strawberry-perl 5.28.2.1 #1 Mon Apr 22 21:59:01 2019 i386'
    config_args='undef'
    hint=recommended
    useposix=true
    d_sigaction=undef
    useithreads=define
    usemultiplicity=define
    use64bitint=define
    use64bitall=undef
    uselongdouble=undef
    usemymalloc=n
    default_inc_excludes_dot=define
    bincompat5005=undef
  Compiler:
    cc='gcc'
    ccflags =' -s -O2 -DWIN32 -D__USE_MINGW_ANSI_STDIO -DPERL_TEXTMODE_SCRIPTS -DPERL_IMPLICIT_CONTEXT -DPERL_IMPLICIT_SYS -DUSE_PERLIO -fwrapv -fno-strict-aliasing -mms-bitfields'
    optimize='-s -O2'
    cppflags='-DWIN32'
    ccversion=''
    gccversion='7.1.0'
    gccosandvers=''
    intsize=4
    longsize=4
    ptrsize=4
    doublesize=8
    byteorder=12345678
    doublekind=3
    d_longlong=define
    longlongsize=8
    d_longdbl=define
    longdblsize=12
    longdblkind=3
    ivtype='long long'
    ivsize=8
    nvtype='double'
    nvsize=8
    Off_t='long long'
    lseeksize=8
    alignbytes=8
    prototype=define
  Linker and Libraries:
    ld='g++'
    ldflags ='-s -L"C:\STRAWB~1\perl\lib\CORE" -L"C:\STRAWB~1\c\lib"'
    libpth=C:\STRAWB~1\c\lib C:\STRAWB~1\c\i686-w64-mingw32\lib C:\STRAWB~1\c\lib\gcc\i686-w64-mingw32\7.1.0
    libs= -lmoldname -lkernel32 -luser32 -lgdi32 -lwinspool -lcomdlg32 -ladvapi32 -lshell32 -lole32 -loleaut32 -lnetapi32 -luuid -lws2_32 -lmpr -lwinmm -lversion -lodbc32 -lodbccp32 -lcomctl32
    perllibs= -lmoldname -lkernel32 -luser32 -lgdi32 -lwinspool -lcomdlg32 -ladvapi32 -lshell32 -lole32 -loleaut32 -lnetapi32 -luuid -lws2_32 -lmpr -lwinmm -lversion -lodbc32 -lodbccp32 -lcomctl32
    libc=
    so=dll
    useshrplib=true
    libperl=libperl528.a
    gnulibc_version=''
  Dynamic Linking:
    dlsrc=dl_win32.xs
    dlext=xs.dll
    d_dlsymun=undef
    ccdlflags=' '
    cccdlflags=' '
    lddlflags='-mdll -s -L"C:\STRAWB~1\perl\lib\CORE" -L"C:\STRAWB~1\c\lib"'


Characteristics of this binary (from libperl): 
  Compile-time options:
    HAS_TIMES
    HAVE_INTERP_INTERN
    MULTIPLICITY
    PERLIO_LAYERS
    PERL_COPY_ON_WRITE
    PERL_DONT_CREATE_GVSV
    PERL_IMPLICIT_CONTEXT
    PERL_IMPLICIT_SYS
    PERL_MALLOC_WRAP
    PERL_OP_PARENT
    PERL_PRESERVE_IVUV
    USE_64_BIT_INT
    USE_ITHREADS
    USE_LARGE_FILES
    USE_LOCALE
    USE_LOCALE_COLLATE
    USE_LOCALE_CTYPE
    USE_LOCALE_NUMERIC
    USE_LOCALE_TIME
    USE_PERLIO
    USE_PERL_ATOF
  Built under MSWin32
  Compiled at Apr 22 2019 22:09:26
  %ENV:
    PERL5_CPANPLUS_IS_RUNNING="1040"
    PERL5_CPAN_IS_RUNNING="1040"
    PERL5_CPAN_IS_RUNNING_IN_RECURSION="1596,1040"
    PERL_CR_SMOKER_CURRENT="DBIx-Class-Graph-1.05"
    PERL_CR_SMOKER_RUNONCE="1"
    PERL_EXTUTILS_AUTOINSTALL="--defaultdeps"
    PERL_MM_USE_DEFAULT="1"
    PERL_USE_UNSAFE_INC="1"
  @INC:
    C:/Strawberry282/perl/site/lib
    C:/Strawberry282/perl/vendor/lib
    C:/Strawberry282/perl/lib
    .